Jun 24 00:24:28.493527 np0000003500 nova-scheduler[96181]: DEBUG cotyledon.oslo_config_glue [-] profiler.connection_string = messaging:// {{(pid=96181) log_opt_values /opt/stack/data/venv/lib/python3.12/site-packages/oslo_config/cfg.py:3253}}
Jun 24 00:24:28.493527 np0000003500 nova-scheduler[96181]: DEBUG cotyledon.oslo_config_glue [-] profiler.enabled = False {{(pid=96181) log_opt_values /opt/stack/data/venv/lib/python3.12/site-packages/oslo_config/cfg.py:3253}}
Jun 24 00:24:28.493527 np0000003500 nova-scheduler[96181]: DEBUG cotyledon.oslo_config_glue [-] profiler.es_doc_type = notification {{(pid=96181) log_opt_values /opt/stack/data/venv/lib/python3.12/site-packages/oslo_config/cfg.py:3253}}
Jun 24 00:24:28.493527 np0000003500 nova-scheduler[96181]: DEBUG cotyledon.oslo_config_glue [-] profiler.es_scroll_size = 10000 {{(pid=96181) log_opt_values /opt/stack/data/venv/lib/python3.12/site-packages/oslo_config/cfg.py:3253}}
Jun 24 00:24:28.493527 np0000003500 nova-scheduler[96181]: DEBUG cotyledon.oslo_config_glue [-] profiler.es_scroll_time = 2m {{(pid=96181) log_opt_values /opt/stack/data/venv/lib/python3.12/site-packages/oslo_config/cfg.py:3253}}
Jun 24 00:24:28.493527 np0000003500 nova-scheduler[96181]: DEBUG cotyledon.oslo_config_glue [-] profiler.filter_error_trace = False {{(pid=96181) log_opt_values /opt/stack/data/venv/lib/python3.12/site-packages/oslo_config/cfg.py:3253}}
Jun 24 00:24:28.493527 np0000003500 nova-scheduler[96181]: DEBUG cotyledon.oslo_config_glue [-] profiler.hmac_keys = **** {{(pid=96181) log_opt_values /opt/stack/data/venv/lib/python3.12/site-packages/oslo_config/cfg.py:3253}}
Jun 24 00:24:28.493527 np0000003500 nova-scheduler[96181]: DEBUG cotyledon.oslo_config_glue [-] profiler.sentinel_service_name = mymaster {{(pid=96181) log_opt_values /opt/stack/data/venv/lib/python3.12/site-packages/oslo_config/cfg.py:3253}}
Jun 24 00:24:28.493527 np0000003500 nova-scheduler[96181]: DEBUG cotyledon.oslo_config_glue [-] profiler.socket_timeout = 0.1 {{(pid=96181) log_opt_values /opt/stack/data/venv/lib/python3.12/site-packages/oslo_config/cfg.py:3253}}
Jun 24 00:24:28.493878 np0000003500 nova-scheduler[96181]: DEBUG cotyledon.oslo_config_glue [-] profiler.trace_requests = False {{(pid=96181) log_opt_values /opt/stack/data/venv/lib/python3.12/site-packages/oslo_config/cfg.py:3253}}
Jun 24 00:24:28.493878 np0000003500 nova-scheduler[96181]: DEBUG cotyledon.oslo_config_glue [-] profiler.trace_sqlalchemy = False {{(pid=96181) log_opt_values /opt/stack/data/venv/lib/python3.12/site-packages/oslo_config/cfg.py:3253}}
Jun 24 00:24:28.493878 np0000003500 nova-scheduler[96181]: DEBUG cotyledon.oslo_config_glue [-] profiler_jaeger.process_tags = {} {{(pid=96181) log_opt_values /opt/stack/data/venv/lib/python3.12/site-packages/oslo_config/cfg.py:3253}}
Jun 24 00:24:28.493878 np0000003500 nova-scheduler[96181]: DEBUG cotyledon.oslo_config_glue [-] profiler_jaeger.service_name_prefix = None {{(pid=96181) log_opt_values /opt/stack/data/venv/lib/python3.12/site-packages/oslo_config/cfg.py:3253}}
Jun 24 00:24:28.493878 np0000003500 nova-scheduler[96181]: DEBUG cotyledon.oslo_config_glue [-] profiler_otlp.service_name_prefix = None {{(pid=96181) log_opt_values /opt/stack/data/venv/lib/python3.12/site-packages/oslo_config/cfg.py:3253}}
Jun 24 00:24:28.493878 np0000003500 nova-scheduler[96181]: DEBUG cotyledon.oslo_config_glue [-] oslo_messaging_rabbit.amqp_auto_delete = False {{(pid=96181) log_opt_values /opt/stack/data/venv/lib/python3.12/site-packages/oslo_config/cfg.py:3253}}
Jun 24 00:24:28.493878 np0000003500 nova-scheduler[96181]: DEBUG cotyledon.oslo_config_glue [-] oslo_messaging_rabbit.amqp_durable_queues = False {{(pid=96181) log_opt_values /opt/stack/data/venv/lib/python3.12/site-packages/oslo_config/cfg.py:3253}}
Jun 24 00:24:28.493878 np0000003500 nova-scheduler[96181]: DEBUG cotyledon.oslo_config_glue [-] oslo_messaging_rabbit.conn_pool_min_size = 2 {{(pid=96181) log_opt_values /opt/stack/data/venv/lib/python3.12/site-packages/oslo_config/cfg.py:3253}}
Jun 24 00:24:28.493878 np0000003500 nova-scheduler[96181]: DEBUG cotyledon.oslo_config_glue [-] oslo_messaging_rabbit.conn_pool_ttl = 1200 {{(pid=96181) log_opt_values /opt/stack/data/venv/lib/python3.12/site-packages/oslo_config/cfg.py:3253}}
Jun 24 00:24:28.494166 np0000003500 nova-scheduler[96181]: DEBUG cotyledon.oslo_config_glue [-] oslo_messaging_rabbit.direct_mandatory_flag = True {{(pid=96181) log_opt_values /opt/stack/data/venv/lib/python3.12/site-packages/oslo_config/cfg.py:3253}}
Jun 24 00:24:28.494166 np0000003500 nova-scheduler[96181]: DEBUG cotyledon.oslo_config_glue [-] oslo_messaging_rabbit.enable_cancel_on_failover = False {{(pid=96181) log_opt_values /opt/stack/data/venv/lib/python3.12/site-packages/oslo_config/cfg.py:3253}}
Jun 24 00:24:28.494166 np0000003500 nova-scheduler[96181]: DEBUG cotyledon.oslo_config_glue [-] oslo_messaging_rabbit.heartbeat_rate = 3 {{(pid=96181) log_opt_values /opt/stack/data/venv/lib/python3.12/site-packages/oslo_config/cfg.py:3253}}
Jun 24 00:24:28.494166 np0000003500 nova-scheduler[96181]: DEBUG cotyledon.oslo_config_glue [-] oslo_messaging_rabbit.heartbeat_timeout_threshold = 60 {{(pid=96181) log_opt_values /opt/stack/data/venv/lib/python3.12/site-packages/oslo_config/cfg.py:3253}}
Jun 24 00:24:28.494166 np0000003500 nova-scheduler[96181]: DEBUG cotyledon.oslo_config_glue [-] oslo_messaging_rabbit.hostname = np0000003500 {{(pid=96181) log_opt_values /opt/stack/data/venv/lib/python3.12/site-packages/oslo_config/cfg.py:3253}}
Jun 24 00:24:28.494166 np0000003500 nova-scheduler[96181]: DEBUG cotyledon.oslo_config_glue [-] oslo_messaging_rabbit.kombu_compression = None {{(pid=96181) log_opt_values /opt/stack/data/venv/lib/python3.12/site-packages/oslo_config/cfg.py:3253}}
Jun 24 00:24:28.494166 np0000003500 nova-scheduler[96181]: DEBUG cotyledon.oslo_config_glue [-] oslo_messaging_rabbit.kombu_failover_strategy = round-robin {{(pid=96181) log_opt_values /opt/stack/data/venv/lib/python3.12/site-packages/oslo_config/cfg.py:3253}}
Jun 24 00:24:28.494166 np0000003500 nova-scheduler[96181]: DEBUG cotyledon.oslo_config_glue [-] oslo_messaging_rabbit.kombu_missing_consumer_retry_timeout = 60 {{(pid=96181) log_opt_values /opt/stack/data/venv/lib/python3.12/site-packages/oslo_config/cfg.py:3253}}
Jun 24 00:24:28.494166 np0000003500 nova-scheduler[96181]: DEBUG cotyledon.oslo_config_glue [-] oslo_messaging_rabbit.kombu_reconnect_delay = 1.0 {{(pid=96181) log_opt_values /opt/stack/data/venv/lib/python3.12/site-packages/oslo_config/cfg.py:3253}}
Jun 24 00:24:28.494475 np0000003500 nova-scheduler[96181]: DEBUG cotyledon.oslo_config_glue [-] oslo_messaging_rabbit.kombu_reconnect_splay = 0.0 {{(pid=96181) log_opt_values /opt/stack/data/venv/lib/python3.12/site-packages/oslo_config/cfg.py:3253}}
Jun 24 00:24:28.494475 np0000003500 nova-scheduler[96181]: DEBUG cotyledon.oslo_config_glue [-] oslo_messaging_rabbit.processname = nova-scheduler {{(pid=96181) log_opt_values /opt/stack/data/venv/lib/python3.12/site-packages/oslo_config/cfg.py:3253}}
Jun 24 00:24:28.494475 np0000003500 nova-scheduler[96181]: DEBUG cotyledon.oslo_config_glue [-] oslo_messaging_rabbit.rabbit_ha_queues = False {{(pid=96181) log_opt_values /opt/stack/data/venv/lib/python3.12/site-packages/oslo_config/cfg.py:3253}}
Jun 24 00:24:28.494475 np0000003500 nova-scheduler[96181]: DEBUG cotyledon.oslo_config_glue [-] oslo_messaging_rabbit.rabbit_interval_max = 30 {{(pid=96181) log_opt_values /opt/stack/data/venv/lib/python3.12/site-packages/oslo_config/cfg.py:3253}}
Jun 24 00:24:28.494475 np0000003500 nova-scheduler[96181]: DEBUG cotyledon.oslo_config_glue [-] oslo_messaging_rabbit.rabbit_login_method = AMQPLAIN {{(pid=96181) log_opt_values /opt/stack/data/venv/lib/python3.12/site-packages/oslo_config/cfg.py:3253}}
Jun 24 00:24:28.494475 np0000003500 nova-scheduler[96181]: DEBUG cotyledon.oslo_config_glue [-] oslo_messaging_rabbit.rabbit_qos_prefetch_count = 0 {{(pid=96181) log_opt_values /opt/stack/data/venv/lib/python3.12/site-packages/oslo_config/cfg.py:3253}}
Jun 24 00:24:28.494475 np0000003500 nova-scheduler[96181]: DEBUG cotyledon.oslo_config_glue [-] oslo_messaging_rabbit.rabbit_quorum_delivery_limit = 0 {{(pid=96181) log_opt_values /opt/stack/data/venv/lib/python3.12/site-packages/oslo_config/cfg.py:3253}}
Jun 24 00:24:28.494475 np0000003500 nova-scheduler[96181]: DEBUG cotyledon.oslo_config_glue [-] oslo_messaging_rabbit.rabbit_quorum_max_memory_bytes = 0 {{(pid=96181) log_opt_values /opt/stack/data/venv/lib/python3.12/site-packages/oslo_config/cfg.py:3253}}
Jun 24 00:24:28.494475 np0000003500 nova-scheduler[96181]: DEBUG cotyledon.oslo_config_glue [-] oslo_messaging_rabbit.rabbit_quorum_max_memory_length = 0 {{(pid=96181) log_opt_values /opt/stack/data/venv/lib/python3.12/site-packages/oslo_config/cfg.py:3253}}
Jun 24 00:24:28.494784 np0000003500 nova-scheduler[96181]: DEBUG cotyledon.oslo_config_glue [-] oslo_messaging_rabbit.rabbit_quorum_queue = False {{(pid=96181) log_opt_values /opt/stack/data/venv/lib/python3.12/site-packages/oslo_config/cfg.py:3253}}
Jun 24 00:24:28.494784 np0000003500 nova-scheduler[96181]: DEBUG cotyledon.oslo_config_glue [-] oslo_messaging_rabbit.rabbit_retry_backoff = 2 {{(pid=96181) log_opt_values /opt/stack/data/venv/lib/python3.12/site-packages/oslo_config/cfg.py:3253}}
Jun 24 00:24:28.494784 np0000003500 nova-scheduler[96181]: DEBUG cotyledon.oslo_config_glue [-] oslo_messaging_rabbit.rabbit_retry_interval = 1 {{(pid=96181) log_opt_values /opt/stack/data/venv/lib/python3.12/site-packages/oslo_config/cfg.py:3253}}
Jun 24 00:24:28.494784 np0000003500 nova-scheduler[96181]: DEBUG cotyledon.oslo_config_glue [-] oslo_messaging_rabbit.rabbit_stream_fanout = False {{(pid=96181) log_opt_values /opt/stack/data/venv/lib/python3.12/site-packages/oslo_config/cfg.py:3253}}
Jun 24 00:24:28.494784 np0000003500 nova-scheduler[96181]: DEBUG cotyledon.oslo_config_glue [-] oslo_messaging_rabbit.rabbit_transient_queues_ttl = 1800 {{(pid=96181) log_opt_values /opt/stack/data/venv/lib/python3.12/site-packages/oslo_config/cfg.py:3253}}
Jun 24 00:24:28.494784 np0000003500 nova-scheduler[96181]: DEBUG cotyledon.oslo_config_glue [-] oslo_messaging_rabbit.rabbit_transient_quorum_queue = False {{(pid=96181) log_opt_values /opt/stack/data/venv/lib/python3.12/site-packages/oslo_config/cfg.py:3253}}
Jun 24 00:24:28.494784 np0000003500 nova-scheduler[96181]: DEBUG cotyledon.oslo_config_glue [-] oslo_messaging_rabbit.rpc_conn_pool_size = 30 {{(pid=96181) log_opt_values /opt/stack/data/venv/lib/python3.12/site-packages/oslo_config/cfg.py:3253}}
Jun 24 00:24:28.494784 np0000003500 nova-scheduler[96181]: DEBUG cotyledon.oslo_config_glue [-] oslo_messaging_rabbit.ssl = False {{(pid=96181) log_opt_values /opt/stack/data/venv/lib/python3.12/site-packages/oslo_config/cfg.py:3253}}
Jun 24 00:24:28.494784 np0000003500 nova-scheduler[96181]: DEBUG cotyledon.oslo_config_glue [-] oslo_messaging_rabbit.ssl_ca_file = {{(pid=96181) log_opt_values /opt/stack/data/venv/lib/python3.12/site-packages/oslo_config/cfg.py:3253}}
Jun 24 00:24:28.495137 np0000003500 nova-scheduler[96181]: DEBUG cotyledon.oslo_config_glue [-] oslo_messaging_rabbit.ssl_cert_file = {{(pid=96181) log_opt_values /opt/stack/data/venv/lib/python3.12/site-packages/oslo_config/cfg.py:3253}}
Jun 24 00:24:28.495137 np0000003500 nova-scheduler[96181]: DEBUG cotyledon.oslo_config_glue [-] oslo_messaging_rabbit.ssl_enforce_fips_mode = False {{(pid=96181) log_opt_values /opt/stack/data/venv/lib/python3.12/site-packages/oslo_config/cfg.py:3253}}
Jun 24 00:24:28.495137 np0000003500 nova-scheduler[96181]: DEBUG cotyledon.oslo_config_glue [-] oslo_messaging_rabbit.ssl_enforce_hostname_verification = True {{(pid=96181) log_opt_values /opt/stack/data/venv/lib/python3.12/site-packages/oslo_config/cfg.py:3253}}
Jun 24 00:24:28.495137 np0000003500 nova-scheduler[96181]: DEBUG cotyledon.oslo_config_glue [-] oslo_messaging_rabbit.ssl_key_file = {{(pid=96181) log_opt_values /opt/stack/data/venv/lib/python3.12/site-packages/oslo_config/cfg.py:3253}}
Jun 24 00:24:28.495137 np0000003500 nova-scheduler[96181]: DEBUG cotyledon.oslo_config_glue [-] oslo_messaging_rabbit.ssl_version = {{(pid=96181) log_opt_values /opt/stack/data/venv/lib/python3.12/site-packages/oslo_config/cfg.py:3253}}
Jun 24 00:24:28.495137 np0000003500 nova-scheduler[96181]: DEBUG cotyledon.oslo_config_glue [-] oslo_messaging_rabbit.use_queue_manager = False {{(pid=96181) log_opt_values /opt/stack/data/venv/lib/python3.12/site-packages/oslo_config/cfg.py:3253}}
Jun 24 00:24:28.495137 np0000003500 nova-scheduler[96181]: DEBUG cotyledon.oslo_config_glue [-] oslo_messaging_notifications.driver = ['messagingv2'] {{(pid=96181) log_opt_values /opt/stack/data/venv/lib/python3.12/site-packages/oslo_config/cfg.py:3253}}
Jun 24 00:24:28.495137 np0000003500 nova-scheduler[96181]: DEBUG cotyledon.oslo_config_glue [-] oslo_messaging_notifications.retry = -1 {{(pid=96181) log_opt_values /opt/stack/data/venv/lib/python3.12/site-packages/oslo_config/cfg.py:3253}}
Jun 24 00:24:28.495137 np0000003500 nova-scheduler[96181]: DEBUG cotyledon.oslo_config_glue [-] oslo_messaging_notifications.topics = ['notifications'] {{(pid=96181) log_opt_values /opt/stack/data/venv/lib/python3.12/site-packages/oslo_config/cfg.py:3253}}
Jun 24 00:24:28.495456 np0000003500 nova-scheduler[96181]: DEBUG cotyledon.oslo_config_glue [-] oslo_messaging_notifications.transport_url = **** {{(pid=96181) log_opt_values /opt/stack/data/venv/lib/python3.12/site-packages/oslo_config/cfg.py:3253}}
Jun 24 00:24:28.495456 np0000003500 nova-scheduler[96181]: DEBUG cotyledon.oslo_config_glue [-] oslo_limit.auth_section = None {{(pid=96181) log_opt_values /opt/stack/data/venv/lib/python3.12/site-packages/oslo_config/cfg.py:3253}}
Jun 24 00:24:28.495456 np0000003500 nova-scheduler[96181]: DEBUG cotyledon.oslo_config_glue [-] oslo_limit.auth_type = None {{(pid=96181) log_opt_values /opt/stack/data/venv/lib/python3.12/site-packages/oslo_config/cfg.py:3253}}
Jun 24 00:24:28.495456 np0000003500 nova-scheduler[96181]: DEBUG cotyledon.oslo_config_glue [-] oslo_limit.cafile = None {{(pid=96181) log_opt_values /opt/stack/data/venv/lib/python3.12/site-packages/oslo_config/cfg.py:3253}}
Jun 24 00:24:28.495456 np0000003500 nova-scheduler[96181]: DEBUG cotyledon.oslo_config_glue [-] oslo_limit.certfile = None {{(pid=96181) log_opt_values /opt/stack/data/venv/lib/python3.12/site-packages/oslo_config/cfg.py:3253}}
Jun 24 00:24:28.495456 np0000003500 nova-scheduler[96181]: DEBUG cotyledon.oslo_config_glue [-] oslo_limit.collect_timing = False {{(pid=96181) log_opt_values /opt/stack/data/venv/lib/python3.12/site-packages/oslo_config/cfg.py:3253}}
Jun 24 00:24:28.495456 np0000003500 nova-scheduler[96181]: DEBUG cotyledon.oslo_config_glue [-] oslo_limit.connect_retries = None {{(pid=96181) log_opt_values /opt/stack/data/venv/lib/python3.12/site-packages/oslo_config/cfg.py:3253}}
Jun 24 00:24:28.495456 np0000003500 nova-scheduler[96181]: DEBUG cotyledon.oslo_config_glue [-] oslo_limit.connect_retry_delay = None {{(pid=96181) log_opt_values /opt/stack/data/venv/lib/python3.12/site-packages/oslo_config/cfg.py:3253}}
Jun 24 00:24:28.495456 np0000003500 nova-scheduler[96181]: DEBUG cotyledon.oslo_config_glue [-] oslo_limit.endpoint_id = None {{(pid=96181) log_opt_values /opt/stack/data/venv/lib/python3.12/site-packages/oslo_config/cfg.py:3253}}
Jun 24 00:24:28.495795 np0000003500 nova-scheduler[96181]: DEBUG cotyledon.oslo_config_glue [-] oslo_limit.endpoint_interface = public {{(pid=96181) log_opt_values /opt/stack/data/venv/lib/python3.12/site-packages/oslo_config/cfg.py:3253}}
Jun 24 00:24:28.495795 np0000003500 nova-scheduler[96181]: DEBUG cotyledon.oslo_config_glue [-] oslo_limit.endpoint_override = None {{(pid=96181) log_opt_values /opt/stack/data/venv/lib/python3.12/site-packages/oslo_config/cfg.py:3253}}
Jun 24 00:24:28.495795 np0000003500 nova-scheduler[96181]: DEBUG cotyledon.oslo_config_glue [-] oslo_limit.endpoint_region_name = None {{(pid=96181) log_opt_values /opt/stack/data/venv/lib/python3.12/site-packages/oslo_config/cfg.py:3253}}
Jun 24 00:24:28.495914 np0000003500 nova-scheduler[96175]: DEBUG dbcounter [-] [96175] Writer thread running {{(pid=96175) stat_writer /opt/stack/data/venv/lib/python3.12/site-packages/dbcounter.py:102}}
Jun 24 00:24:28.495960 np0000003500 nova-scheduler[96181]: DEBUG cotyledon.oslo_config_glue [-] oslo_limit.endpoint_service_name = None {{(pid=96181) log_opt_values /opt/stack/data/venv/lib/python3.12/site-packages/oslo_config/cfg.py:3253}}
Jun 24 00:24:28.495960 np0000003500 nova-scheduler[96181]: DEBUG cotyledon.oslo_config_glue [-] oslo_limit.endpoint_service_type = None {{(pid=96181) log_opt_values /opt/stack/data/venv/lib/python3.12/site-packages/oslo_config/cfg.py:3253}}
Jun 24 00:24:28.495960 np0000003500 nova-scheduler[96181]: DEBUG cotyledon.oslo_config_glue [-] oslo_limit.insecure = False {{(pid=96181) log_opt_values /opt/stack/data/venv/lib/python3.12/site-packages/oslo_config/cfg.py:3253}}
Jun 24 00:24:28.495960 np0000003500 nova-scheduler[96181]: DEBUG cotyledon.oslo_config_glue [-] oslo_limit.keyfile = None {{(pid=96181) log_opt_values /opt/stack/data/venv/lib/python3.12/site-packages/oslo_config/cfg.py:3253}}
Jun 24 00:24:28.495960 np0000003500 nova-scheduler[96181]: DEBUG cotyledon.oslo_config_glue [-] oslo_limit.max_version = None {{(pid=96181) log_opt_values /opt/stack/data/venv/lib/python3.12/site-packages/oslo_config/cfg.py:3253}}
Jun 24 00:24:28.495960 np0000003500 nova-scheduler[96181]: DEBUG cotyledon.oslo_config_glue [-] oslo_limit.min_version = None {{(pid=96181) log_opt_values /opt/stack/data/venv/lib/python3.12/site-packages/oslo_config/cfg.py:3253}}
Jun 24 00:24:28.495960 np0000003500 nova-scheduler[96181]: DEBUG cotyledon.oslo_config_glue [-] oslo_limit.region_name = None {{(pid=96181) log_opt_values /opt/stack/data/venv/lib/python3.12/site-packages/oslo_config/cfg.py:3253}}
Jun 24 00:24:28.495960 np0000003500 nova-scheduler[96181]: DEBUG cotyledon.oslo_config_glue [-] oslo_limit.retriable_status_codes = None {{(pid=96181) log_opt_values /opt/stack/data/venv/lib/python3.12/site-packages/oslo_config/cfg.py:3253}}
Jun 24 00:24:28.495960 np0000003500 nova-scheduler[96181]: DEBUG cotyledon.oslo_config_glue [-] oslo_limit.service_name = None {{(pid=96181) log_opt_values /opt/stack/data/venv/lib/python3.12/site-packages/oslo_config/cfg.py:3253}}
Jun 24 00:24:28.496256 np0000003500 nova-scheduler[96181]: DEBUG cotyledon.oslo_config_glue [-] oslo_limit.service_type = None {{(pid=96181) log_opt_values /opt/stack/data/venv/lib/python3.12/site-packages/oslo_config/cfg.py:3253}}
Jun 24 00:24:28.496256 np0000003500 nova-scheduler[96181]: DEBUG cotyledon.oslo_config_glue [-] oslo_limit.split_loggers = False {{(pid=96181) log_opt_values /opt/stack/data/venv/lib/python3.12/site-packages/oslo_config/cfg.py:3253}}
Jun 24 00:24:28.496256 np0000003500 nova-scheduler[96181]: DEBUG cotyledon.oslo_config_glue [-] oslo_limit.status_code_retries = None {{(pid=96181) log_opt_values /opt/stack/data/venv/lib/python3.12/site-packages/oslo_config/cfg.py:3253}}
Jun 24 00:24:28.496256 np0000003500 nova-scheduler[96181]: DEBUG cotyledon.oslo_config_glue [-] oslo_limit.status_code_retry_delay = None {{(pid=96181) log_opt_values /opt/stack/data/venv/lib/python3.12/site-packages/oslo_config/cfg.py:3253}}
Jun 24 00:24:28.496256 np0000003500 nova-scheduler[96181]: DEBUG cotyledon.oslo_config_glue [-] oslo_limit.timeout = None {{(pid=96181) log_opt_values /opt/stack/data/venv/lib/python3.12/site-packages/oslo_config/cfg.py:3253}}
Jun 24 00:24:28.496256 np0000003500 nova-scheduler[96181]: DEBUG cotyledon.oslo_config_glue [-] oslo_limit.valid_interfaces = None {{(pid=96181) log_opt_values /opt/stack/data/venv/lib/python3.12/site-packages/oslo_config/cfg.py:3253}}
Jun 24 00:24:28.496256 np0000003500 nova-scheduler[96181]: DEBUG cotyledon.oslo_config_glue [-] oslo_limit.version = None {{(pid=96181) log_opt_values /opt/stack/data/venv/lib/python3.12/site-packages/oslo_config/cfg.py:3253}}
Jun 24 00:24:28.496256 np0000003500 nova-scheduler[96181]: DEBUG cotyledon.oslo_config_glue [-] oslo_reports.file_event_handler = None {{(pid=96181) log_opt_values /opt/stack/data/venv/lib/python3.12/site-packages/oslo_config/cfg.py:3253}}
Jun 24 00:24:28.496256 np0000003500 nova-scheduler[96181]: DEBUG cotyledon.oslo_config_glue [-] oslo_reports.file_event_handler_interval = 1 {{(pid=96181) log_opt_values /opt/stack/data/venv/lib/python3.12/site-packages/oslo_config/cfg.py:3253}}
Jun 24 00:24:28.496599 np0000003500 nova-scheduler[96181]: DEBUG cotyledon.oslo_config_glue [-] oslo_reports.log_dir = None {{(pid=96181) log_opt_values /opt/stack/data/venv/lib/python3.12/site-packages/oslo_config/cfg.py:3253}}
Jun 24 00:24:28.496599 np0000003500 nova-scheduler[96181]: DEBUG cotyledon.oslo_config_glue [-] ******************************************************************************** {{(pid=96181) log_opt_values /opt/stack/data/venv/lib/python3.12/site-packages/oslo_config/cfg.py:3260}}
Jun 24 00:24:28.496599 np0000003500 nova-scheduler[96181]: DEBUG cotyledon._service_worker [-] Run service ServiceWrapper(3) [96181] {{(pid=96181) wait_forever /opt/stack/data/venv/lib/python3.12/site-packages/cotyledon/_service_worker.py:218}}
Jun 24 00:24:28.496599 np0000003500 nova-scheduler[96181]: INFO nova.service [-] Starting scheduler node (version 33.1.0)
Jun 24 00:24:28.496599 np0000003500 nova-scheduler[96181]: INFO dbcounter [None req-42fa2036-fadb-4a14-88cf-46a960121eac None None] Registered counter for database nova_cell0
Jun 24 00:24:28.496824 np0000003500 nova-scheduler[96177]: DEBUG oslo_db.sqlalchemy.engines [None req-e6041393-f250-4ee9-a00b-cb8ac71214d9 None None] MySQL server mode set to STRICT_TRANS_TABLES,STRICT_ALL_TABLES,NO_ZERO_IN_DATE,NO_ZERO_DATE,ERROR_FOR_DIVISION_BY_ZERO,TRADITIONAL,NO_ENGINE_SUBSTITUTION {{(pid=96177) _check_effective_sql_mode /opt/stack/data/venv/lib/python3.12/site-packages/oslo_db/sqlalchemy/engines.py:325}}
Jun 24 00:24:28.496877 np0000003500 nova-scheduler[96175]: DEBUG nova.service [None req-e9d83e2a-2b53-41df-90d2-b656b63cbc62 None None] Creating RPC server for service: nova-scheduler on topic: scheduler {{(pid=96175) start /opt/stack/nova/nova/service.py:196}}
Jun 24 00:24:28.496923 np0000003500 nova-scheduler[96177]: DEBUG dbcounter [-] [96177] Writer thread running {{(pid=96177) stat_writer /opt/stack/data/venv/lib/python3.12/site-packages/dbcounter.py:102}}
Jun 24 00:24:28.496923 np0000003500 nova-scheduler[96177]: DEBUG nova.service [None req-e6041393-f250-4ee9-a00b-cb8ac71214d9 None None] Creating RPC server for service: nova-scheduler on topic: scheduler {{(pid=96177) start /opt/stack/nova/nova/service.py:196}}
Jun 24 00:24:28.497322 np0000003500 nova-scheduler[96179]: DEBUG oslo_db.sqlalchemy.engines [None req-16ec4900-b596-413f-b106-9e527ef69907 None None] MySQL server mode set to STRICT_TRANS_TABLES,STRICT_ALL_TABLES,NO_ZERO_IN_DATE,NO_ZERO_DATE,ERROR_FOR_DIVISION_BY_ZERO,TRADITIONAL,NO_ENGINE_SUBSTITUTION {{(pid=96179) _check_effective_sql_mode /opt/stack/data/venv/lib/python3.12/site-packages/oslo_db/sqlalchemy/engines.py:325}}
Jun 24 00:24:28.500162 np0000003500 nova-scheduler[96175]: DEBUG nova.service [None req-e9d83e2a-2b53-41df-90d2-b656b63cbc62 None None] Join ServiceGroup membership for this service scheduler {{(pid=96175) start /opt/stack/nova/nova/service.py:222}}
Jun 24 00:24:28.500434 np0000003500 nova-scheduler[96175]: DEBUG nova.servicegroup.drivers.db [None req-e9d83e2a-2b53-41df-90d2-b656b63cbc62 None None] DB_Driver: join new ServiceGroup member np0000003500 to the scheduler group, service = {{(pid=96175) join /opt/stack/nova/nova/servicegroup/drivers/db.py:44}}
Jun 24 00:24:28.500671 np0000003500 nova-scheduler[96181]: DEBUG oslo_db.sqlalchemy.engines [None req-42fa2036-fadb-4a14-88cf-46a960121eac None None] MySQL server mode set to STRICT_TRANS_TABLES,STRICT_ALL_TABLES,NO_ZERO_IN_DATE,NO_ZERO_DATE,ERROR_FOR_DIVISION_BY_ZERO,TRADITIONAL,NO_ENGINE_SUBSTITUTION {{(pid=96181) _check_effective_sql_mode /opt/stack/data/venv/lib/python3.12/site-packages/oslo_db/sqlalchemy/engines.py:325}}
Jun 24 00:24:28.505083 np0000003500 nova-scheduler[96177]: DEBUG nova.service [None req-e6041393-f250-4ee9-a00b-cb8ac71214d9 None None] Join ServiceGroup membership for this service scheduler {{(pid=96177) start /opt/stack/nova/nova/service.py:222}}
Jun 24 00:24:28.505241 np0000003500 nova-scheduler[96177]: DEBUG nova.servicegroup.drivers.db [None req-e6041393-f250-4ee9-a00b-cb8ac71214d9 None None] DB_Driver: join new ServiceGroup member np0000003500 to the scheduler group, service = {{(pid=96177) join /opt/stack/nova/nova/servicegroup/drivers/db.py:44}}
Jun 24 00:24:28.507710 np0000003500 nova-scheduler[96179]: DEBUG dbcounter [-] [96179] Writer thread running {{(pid=96179) stat_writer /opt/stack/data/venv/lib/python3.12/site-packages/dbcounter.py:102}}
Jun 24 00:24:28.510640 np0000003500 nova-scheduler[96181]: DEBUG dbcounter [-] [96181] Writer thread running {{(pid=96181) stat_writer /opt/stack/data/venv/lib/python3.12/site-packages/dbcounter.py:102}}
Jun 24 00:24:28.510781 np0000003500 nova-scheduler[96179]: DEBUG nova.service [None req-16ec4900-b596-413f-b106-9e527ef69907 None None] Creating RPC server for service: nova-scheduler on topic: scheduler {{(pid=96179) start /opt/stack/nova/nova/service.py:196}}
Jun 24 00:24:28.514612 np0000003500 nova-scheduler[96181]: DEBUG nova.service [None req-42fa2036-fadb-4a14-88cf-46a960121eac None None] Creating RPC server for service: nova-scheduler on topic: scheduler {{(pid=96181) start /opt/stack/nova/nova/service.py:196}}
Jun 24 00:24:28.534945 np0000003500 nova-scheduler[96179]: DEBUG nova.service [None req-16ec4900-b596-413f-b106-9e527ef69907 None None] Join ServiceGroup membership for this service scheduler {{(pid=96179) start /opt/stack/nova/nova/service.py:222}}
Jun 24 00:24:28.535123 np0000003500 nova-scheduler[96179]: DEBUG nova.servicegroup.drivers.db [None req-16ec4900-b596-413f-b106-9e527ef69907 None None] DB_Driver: join new ServiceGroup member np0000003500 to the scheduler group, service = {{(pid=96179) join /opt/stack/nova/nova/servicegroup/drivers/db.py:44}}
Jun 24 00:24:28.538089 np0000003500 nova-scheduler[96181]: DEBUG nova.service [None req-42fa2036-fadb-4a14-88cf-46a960121eac None None] Join ServiceGroup membership for this service scheduler {{(pid=96181) start /opt/stack/nova/nova/service.py:222}}
Jun 24 00:24:28.538259 np0000003500 nova-scheduler[96181]: DEBUG nova.servicegroup.drivers.db [None req-42fa2036-fadb-4a14-88cf-46a960121eac None None] DB_Driver: join new ServiceGroup member np0000003500 to the scheduler group, service = {{(pid=96181) join /opt/stack/nova/nova/servicegroup/drivers/db.py:44}}
Jun 24 00:24:33.516225 np0000003500 nova-scheduler[96175]: DEBUG oslo.service.backend._threading.loopingcall [-] Fixed interval looping call 'nova.servicegroup.drivers.db.DbDriver._report_state' sleeping for 119.99 seconds {{(pid=96175) _run_loop /opt/stack/data/venv/lib/python3.12/site-packages/oslo_service/backend/_threading/loopingcall.py:125}}
Jun 24 00:24:33.521580 np0000003500 nova-scheduler[96177]: DEBUG oslo.service.backend._threading.loopingcall [-] Fixed interval looping call 'nova.servicegroup.drivers.db.DbDriver._report_state' sleeping for 119.99 seconds {{(pid=96177) _run_loop /opt/stack/data/venv/lib/python3.12/site-packages/oslo_service/backend/_threading/loopingcall.py:125}}
Jun 24 00:24:33.549916 np0000003500 nova-scheduler[96179]: DEBUG oslo.service.backend._threading.loopingcall [-] Fixed interval looping call 'nova.servicegroup.drivers.db.DbDriver._report_state' sleeping for 119.99 seconds {{(pid=96179) _run_loop /opt/stack/data/venv/lib/python3.12/site-packages/oslo_service/backend/_threading/loopingcall.py:125}}
Jun 24 00:24:33.550335 np0000003500 nova-scheduler[96181]: DEBUG oslo.service.backend._threading.loopingcall [-] Fixed interval looping call 'nova.servicegroup.drivers.db.DbDriver._report_state' sleeping for 119.99 seconds {{(pid=96181) _run_loop /opt/stack/data/venv/lib/python3.12/site-packages/oslo_service/backend/_threading/loopingcall.py:125}}
Jun 24 00:24:37.071445 np0000003500 nova-scheduler[94979]: DEBUG dbcounter [-] [94979] Writing DB stats nova_api:SELECT=3 {{(pid=94979) stat_writer /opt/stack/data/venv/lib/python3.12/site-packages/dbcounter.py:115}}
Jun 24 00:24:37.195831 np0000003500 nova-scheduler[94979]: DEBUG dbcounter [-] [94979] Writing DB stats nova_cell1:SELECT=1 {{(pid=94979) stat_writer /opt/stack/data/venv/lib/python3.12/site-packages/dbcounter.py:115}}
Jun 24 00:24:37.201110 np0000003500 nova-scheduler[94979]: DEBUG dbcounter [-] [94979] Writing DB stats nova_cell0:SELECT=1 {{(pid=94979) stat_writer /opt/stack/data/venv/lib/python3.12/site-packages/dbcounter.py:115}}
Jun 24 00:24:39.502840 np0000003500 nova-scheduler[96175]: DEBUG oslo.service.backend._threading.loopingcall [None req-4c8586fd-150c-4cfd-88a4-2e8d4b4cca7c None None] Dynamic interval looping call 'nova.service.Service.periodic_tasks' sleeping for 60.00 seconds {{(pid=96175) _run_loop /opt/stack/data/venv/lib/python3.12/site-packages/oslo_service/backend/_threading/loopingcall.py:125}}
Jun 24 00:24:39.507517 np0000003500 nova-scheduler[96177]: DEBUG oslo.service.backend._threading.loopingcall [None req-193869e7-667a-4f6a-a3b3-0afaa7c39bcf None None] Dynamic interval looping call 'nova.service.Service.periodic_tasks' sleeping for 60.00 seconds {{(pid=96177) _run_loop /opt/stack/data/venv/lib/python3.12/site-packages/oslo_service/backend/_threading/loopingcall.py:125}}
Jun 24 00:24:43.511663 np0000003500 nova-scheduler[96175]: DEBUG dbcounter [-] [96175] Writing DB stats nova_cell0:SELECT=4,nova_cell0:INSERT=1,nova_cell0:UPDATE=1 {{(pid=96175) stat_writer /opt/stack/data/venv/lib/python3.12/site-packages/dbcounter.py:115}}
Jun 24 00:24:43.513718 np0000003500 nova-scheduler[96177]: DEBUG dbcounter [-] [96177] Writing DB stats nova_cell0:SELECT=3 {{(pid=96177) stat_writer /opt/stack/data/venv/lib/python3.12/site-packages/dbcounter.py:115}}
Jun 24 00:24:43.547166 np0000003500 nova-scheduler[96181]: DEBUG dbcounter [-] [96181] Writing DB stats nova_cell0:SELECT=3 {{(pid=96181) stat_writer /opt/stack/data/venv/lib/python3.12/site-packages/dbcounter.py:115}}
Jun 24 00:24:43.549243 np0000003500 nova-scheduler[96179]: DEBUG dbcounter [-] [96179] Writing DB stats nova_cell0:SELECT=3 {{(pid=96179) stat_writer /opt/stack/data/venv/lib/python3.12/site-packages/dbcounter.py:115}}
Jun 24 00:24:56.540260 np0000003500 nova-scheduler[96181]: DEBUG oslo.service.backend._threading.loopingcall [None req-d282b7be-9464-4ede-89f6-f2f84bc5159b None None] Dynamic interval looping call 'nova.service.Service.periodic_tasks' sleeping for 60.00 seconds {{(pid=96181) _run_loop /opt/stack/data/venv/lib/python3.12/site-packages/oslo_service/backend/_threading/loopingcall.py:125}}
Jun 24 00:25:12.537099 np0000003500 nova-scheduler[96179]: DEBUG oslo.service.backend._threading.loopingcall [None req-83a67a0b-8797-42b3-803e-a75846aa7342 None None] Dynamic interval looping call 'nova.service.Service.periodic_tasks' sleeping for 60.00 seconds {{(pid=96179) _run_loop /opt/stack/data/venv/lib/python3.12/site-packages/oslo_service/backend/_threading/loopingcall.py:125}}
Jun 24 00:25:39.503970 np0000003500 nova-scheduler[96175]: DEBUG oslo.service.backend._threading.loopingcall [None req-4c8586fd-150c-4cfd-88a4-2e8d4b4cca7c None None] Dynamic interval looping call 'nova.service.Service.periodic_tasks' sleeping for 60.00 seconds {{(pid=96175) _run_loop /opt/stack/data/venv/lib/python3.12/site-packages/oslo_service/backend/_threading/loopingcall.py:125}}
Jun 24 00:25:39.507991 np0000003500 nova-scheduler[96177]: DEBUG oslo.service.backend._threading.loopingcall [None req-193869e7-667a-4f6a-a3b3-0afaa7c39bcf None None] Dynamic interval looping call 'nova.service.Service.periodic_tasks' sleeping for 60.00 seconds {{(pid=96177) _run_loop /opt/stack/data/venv/lib/python3.12/site-packages/oslo_service/backend/_threading/loopingcall.py:125}}
Jun 24 00:25:56.540719 np0000003500 nova-scheduler[96181]: DEBUG oslo.service.backend._threading.loopingcall [None req-d282b7be-9464-4ede-89f6-f2f84bc5159b None None] Dynamic interval looping call 'nova.service.Service.periodic_tasks' sleeping for 60.00 seconds {{(pid=96181) _run_loop /opt/stack/data/venv/lib/python3.12/site-packages/oslo_service/backend/_threading/loopingcall.py:125}}
Jun 24 00:26:12.537578 np0000003500 nova-scheduler[96179]: DEBUG oslo.service.backend._threading.loopingcall [None req-83a67a0b-8797-42b3-803e-a75846aa7342 None None] Dynamic interval looping call 'nova.service.Service.periodic_tasks' sleeping for 60.00 seconds {{(pid=96179) _run_loop /opt/stack/data/venv/lib/python3.12/site-packages/oslo_service/backend/_threading/loopingcall.py:125}}
Jun 24 00:26:33.515753 np0000003500 nova-scheduler[96175]: DEBUG oslo.service.backend._threading.loopingcall [-] Fixed interval looping call 'nova.servicegroup.drivers.db.DbDriver._report_state' sleeping for 119.99 seconds {{(pid=96175) _run_loop /opt/stack/data/venv/lib/python3.12/site-packages/oslo_service/backend/_threading/loopingcall.py:125}}
Jun 24 00:26:33.517464 np0000003500 nova-scheduler[96177]: DEBUG oslo.service.backend._threading.loopingcall [-] Fixed interval looping call 'nova.servicegroup.drivers.db.DbDriver._report_state' sleeping for 119.99 seconds {{(pid=96177) _run_loop /opt/stack/data/venv/lib/python3.12/site-packages/oslo_service/backend/_threading/loopingcall.py:125}}
Jun 24 00:26:33.543555 np0000003500 nova-scheduler[96179]: DEBUG oslo.service.backend._threading.loopingcall [-] Fixed interval looping call 'nova.servicegroup.drivers.db.DbDriver._report_state' sleeping for 120.00 seconds {{(pid=96179) _run_loop /opt/stack/data/venv/lib/python3.12/site-packages/oslo_service/backend/_threading/loopingcall.py:125}}
Jun 24 00:26:33.544012 np0000003500 nova-scheduler[96181]: DEBUG oslo.service.backend._threading.loopingcall [-] Fixed interval looping call 'nova.servicegroup.drivers.db.DbDriver._report_state' sleeping for 120.00 seconds {{(pid=96181) _run_loop /opt/stack/data/venv/lib/python3.12/site-packages/oslo_service/backend/_threading/loopingcall.py:125}}
Jun 24 00:26:39.504461 np0000003500 nova-scheduler[96175]: DEBUG oslo.service.backend._threading.loopingcall [None req-4c8586fd-150c-4cfd-88a4-2e8d4b4cca7c None None] Dynamic interval looping call 'nova.service.Service.periodic_tasks' sleeping for 60.00 seconds {{(pid=96175) _run_loop /opt/stack/data/venv/lib/python3.12/site-packages/oslo_service/backend/_threading/loopingcall.py:125}}
Jun 24 00:26:39.508350 np0000003500 nova-scheduler[96177]: DEBUG oslo.service.backend._threading.loopingcall [None req-193869e7-667a-4f6a-a3b3-0afaa7c39bcf None None] Dynamic interval looping call 'nova.service.Service.periodic_tasks' sleeping for 60.00 seconds {{(pid=96177) _run_loop /opt/stack/data/venv/lib/python3.12/site-packages/oslo_service/backend/_threading/loopingcall.py:125}}
Jun 24 00:26:43.509809 np0000003500 nova-scheduler[96175]: DEBUG dbcounter [-] [96175] Writing DB stats nova_cell0:SELECT=1,nova_cell0:UPDATE=1 {{(pid=96175) stat_writer /opt/stack/data/venv/lib/python3.12/site-packages/dbcounter.py:115}}
Jun 24 00:26:43.516794 np0000003500 nova-scheduler[96177]: DEBUG dbcounter [-] [96177] Writing DB stats nova_cell0:SELECT=1,nova_cell0:UPDATE=1 {{(pid=96177) stat_writer /opt/stack/data/venv/lib/python3.12/site-packages/dbcounter.py:115}}
Jun 24 00:26:43.541911 np0000003500 nova-scheduler[96179]: DEBUG dbcounter [-] [96179] Writing DB stats nova_cell0:SELECT=1 {{(pid=96179) stat_writer /opt/stack/data/venv/lib/python3.12/site-packages/dbcounter.py:115}}
Jun 24 00:26:43.542877 np0000003500 nova-scheduler[96181]: DEBUG dbcounter [-] [96181] Writing DB stats nova_cell0:SELECT=1 {{(pid=96181) stat_writer /opt/stack/data/venv/lib/python3.12/site-packages/dbcounter.py:115}}
Jun 24 00:26:56.541232 np0000003500 nova-scheduler[96181]: DEBUG oslo.service.backend._threading.loopingcall [None req-d282b7be-9464-4ede-89f6-f2f84bc5159b None None] Dynamic interval looping call 'nova.service.Service.periodic_tasks' sleeping for 60.00 seconds {{(pid=96181) _run_loop /opt/stack/data/venv/lib/python3.12/site-packages/oslo_service/backend/_threading/loopingcall.py:125}}
Jun 24 00:27:05.159464 np0000003500 nova-scheduler[96175]: DEBUG nova.scheduler.manager [None req-d3f1bef2-a4f9-49be-87a5-72c400e6cd3b tempest-ServerBootFromVolumeStableRescueTest-1866225711 tempest-ServerBootFromVolumeStableRescueTest-1866225711-project-member] Starting to schedule for instances: ['1075b6b8-4167-4b82-af8c-54e4ba24a225'] {{(pid=96175) select_destinations /opt/stack/nova/nova/scheduler/manager.py:210}}
Jun 24 00:27:05.159918 np0000003500 nova-scheduler[96175]: DEBUG nova.scheduler.request_filter [None req-d3f1bef2-a4f9-49be-87a5-72c400e6cd3b tempest-ServerBootFromVolumeStableRescueTest-1866225711 tempest-ServerBootFromVolumeStableRescueTest-1866225711-project-member] compute_status_filter request filter added forbidden trait COMPUTE_STATUS_DISABLED {{(pid=96175) compute_status_filter /opt/stack/nova/nova/scheduler/request_filter.py:253}}
Jun 24 00:27:05.160071 np0000003500 nova-scheduler[96175]: DEBUG nova.scheduler.request_filter [None req-d3f1bef2-a4f9-49be-87a5-72c400e6cd3b tempest-ServerBootFromVolumeStableRescueTest-1866225711 tempest-ServerBootFromVolumeStableRescueTest-1866225711-project-member] Request filter 'compute_status_filter' took 0.0 seconds {{(pid=96175) wrapper /opt/stack/nova/nova/scheduler/request_filter.py:46}}
Jun 24 00:27:05.160272 np0000003500 nova-scheduler[96175]: DEBUG nova.scheduler.request_filter [None req-d3f1bef2-a4f9-49be-87a5-72c400e6cd3b tempest-ServerBootFromVolumeStableRescueTest-1866225711 tempest-ServerBootFromVolumeStableRescueTest-1866225711-project-member] Request filter 'accelerators_filter' took 0.0 seconds {{(pid=96175) wrapper /opt/stack/nova/nova/scheduler/request_filter.py:46}}
Jun 24 00:27:05.160434 np0000003500 nova-scheduler[96175]: DEBUG nova.scheduler.request_filter [None req-d3f1bef2-a4f9-49be-87a5-72c400e6cd3b tempest-ServerBootFromVolumeStableRescueTest-1866225711 tempest-ServerBootFromVolumeStableRescueTest-1866225711-project-member] Request filter 'packed_virtqueue_filter' took 0.0 seconds {{(pid=96175) wrapper /opt/stack/nova/nova/scheduler/request_filter.py:46}}
Jun 24 00:27:05.160680 np0000003500 nova-scheduler[96175]: DEBUG nova.scheduler.request_filter [None req-d3f1bef2-a4f9-49be-87a5-72c400e6cd3b tempest-ServerBootFromVolumeStableRescueTest-1866225711 tempest-ServerBootFromVolumeStableRescueTest-1866225711-project-member] Request filter 'remote_managed_ports_filter' took 0.0 seconds {{(pid=96175) wrapper /opt/stack/nova/nova/scheduler/request_filter.py:46}}
Jun 24 00:27:05.161647 np0000003500 nova-scheduler[96175]: DEBUG nova.scheduler.request_filter [None req-d3f1bef2-a4f9-49be-87a5-72c400e6cd3b tempest-ServerBootFromVolumeStableRescueTest-1866225711 tempest-ServerBootFromVolumeStableRescueTest-1866225711-project-member] ephemeral_encryption_filter skipped {{(pid=96175) ephemeral_encryption_filter /opt/stack/nova/nova/scheduler/request_filter.py:426}}
Jun 24 00:27:05.161981 np0000003500 nova-scheduler[96175]: DEBUG nova.scheduler.request_filter [None req-d3f1bef2-a4f9-49be-87a5-72c400e6cd3b tempest-ServerBootFromVolumeStableRescueTest-1866225711 tempest-ServerBootFromVolumeStableRescueTest-1866225711-project-member] virtio_sound_filter skipped {{(pid=96175) virtio_sound_filter /opt/stack/nova/nova/scheduler/request_filter.py:460}}
Jun 24 00:27:05.162670 np0000003500 nova-scheduler[96175]: DEBUG nova.scheduler.request_filter [None req-d3f1bef2-a4f9-49be-87a5-72c400e6cd3b tempest-ServerBootFromVolumeStableRescueTest-1866225711 tempest-ServerBootFromVolumeStableRescueTest-1866225711-project-member] tpm_secret_security_filter skipped {{(pid=96175) tpm_secret_security_filter /opt/stack/nova/nova/scheduler/request_filter.py:477}}
Jun 24 00:27:05.254587 np0000003500 nova-scheduler[96177]: DEBUG nova.scheduler.manager [None req-0499e103-5336-4546-9ac1-7ca1af12fa2d tempest-ServerActionsTestOtherA-604199765 tempest-ServerActionsTestOtherA-604199765-project-member] Starting to schedule for instances: ['93c2f2f0-7aa8-4cbe-abd4-5a470c041a28'] {{(pid=96177) select_destinations /opt/stack/nova/nova/scheduler/manager.py:210}}
Jun 24 00:27:05.255179 np0000003500 nova-scheduler[96177]: DEBUG nova.scheduler.request_filter [None req-0499e103-5336-4546-9ac1-7ca1af12fa2d tempest-ServerActionsTestOtherA-604199765 tempest-ServerActionsTestOtherA-604199765-project-member] compute_status_filter request filter added forbidden trait COMPUTE_STATUS_DISABLED {{(pid=96177) compute_status_filter /opt/stack/nova/nova/scheduler/request_filter.py:253}}
Jun 24 00:27:05.255336 np0000003500 nova-scheduler[96177]: DEBUG nova.scheduler.request_filter [None req-0499e103-5336-4546-9ac1-7ca1af12fa2d tempest-ServerActionsTestOtherA-604199765 tempest-ServerActionsTestOtherA-604199765-project-member] Request filter 'compute_status_filter' took 0.0 seconds {{(pid=96177) wrapper /opt/stack/nova/nova/scheduler/request_filter.py:46}}
Jun 24 00:27:05.255550 np0000003500 nova-scheduler[96177]: DEBUG nova.scheduler.request_filter [None req-0499e103-5336-4546-9ac1-7ca1af12fa2d tempest-ServerActionsTestOtherA-604199765 tempest-ServerActionsTestOtherA-604199765-project-member] Request filter 'accelerators_filter' took 0.0 seconds {{(pid=96177) wrapper /opt/stack/nova/nova/scheduler/request_filter.py:46}}
Jun 24 00:27:05.255797 np0000003500 nova-scheduler[96177]: DEBUG nova.scheduler.request_filter [None req-0499e103-5336-4546-9ac1-7ca1af12fa2d tempest-ServerActionsTestOtherA-604199765 tempest-ServerActionsTestOtherA-604199765-project-member] Request filter 'packed_virtqueue_filter' took 0.0 seconds {{(pid=96177) wrapper /opt/stack/nova/nova/scheduler/request_filter.py:46}}
Jun 24 00:27:05.256080 np0000003500 nova-scheduler[96177]: DEBUG nova.scheduler.request_filter [None req-0499e103-5336-4546-9ac1-7ca1af12fa2d tempest-ServerActionsTestOtherA-604199765 tempest-ServerActionsTestOtherA-604199765-project-member] Request filter 'remote_managed_ports_filter' took 0.0 seconds {{(pid=96177) wrapper /opt/stack/nova/nova/scheduler/request_filter.py:46}}
Jun 24 00:27:05.256235 np0000003500 nova-scheduler[96177]: DEBUG nova.scheduler.request_filter [None req-0499e103-5336-4546-9ac1-7ca1af12fa2d tempest-ServerActionsTestOtherA-604199765 tempest-ServerActionsTestOtherA-604199765-project-member] ephemeral_encryption_filter skipped {{(pid=96177) ephemeral_encryption_filter /opt/stack/nova/nova/scheduler/request_filter.py:426}}
Jun 24 00:27:05.256348 np0000003500 nova-scheduler[96177]: DEBUG nova.scheduler.request_filter [None req-0499e103-5336-4546-9ac1-7ca1af12fa2d tempest-ServerActionsTestOtherA-604199765 tempest-ServerActionsTestOtherA-604199765-project-member] virtio_sound_filter skipped {{(pid=96177) virtio_sound_filter /opt/stack/nova/nova/scheduler/request_filter.py:460}}
Jun 24 00:27:05.256465 np0000003500 nova-scheduler[96177]: DEBUG nova.scheduler.request_filter [None req-0499e103-5336-4546-9ac1-7ca1af12fa2d tempest-ServerActionsTestOtherA-604199765 tempest-ServerActionsTestOtherA-604199765-project-member] tpm_secret_security_filter skipped {{(pid=96177) tpm_secret_security_filter /opt/stack/nova/nova/scheduler/request_filter.py:477}}
Jun 24 00:27:05.364107 np0000003500 nova-scheduler[96179]: DEBUG nova.scheduler.manager [None req-a3237b96-3f7a-4d67-87c4-c2db5ad578ad tempest-AttachVolumeNegativeTest-1148889890 tempest-AttachVolumeNegativeTest-1148889890-project-member] Starting to schedule for instances: ['45fd1492-d9eb-4699-904a-30ea95cd17a4'] {{(pid=96179) select_destinations /opt/stack/nova/nova/scheduler/manager.py:210}}
Jun 24 00:27:05.364647 np0000003500 nova-scheduler[96179]: DEBUG nova.scheduler.request_filter [None req-a3237b96-3f7a-4d67-87c4-c2db5ad578ad tempest-AttachVolumeNegativeTest-1148889890 tempest-AttachVolumeNegativeTest-1148889890-project-member] compute_status_filter request filter added forbidden trait COMPUTE_STATUS_DISABLED {{(pid=96179) compute_status_filter /opt/stack/nova/nova/scheduler/request_filter.py:253}}
Jun 24 00:27:05.364833 np0000003500 nova-scheduler[96179]: DEBUG nova.scheduler.request_filter [None req-a3237b96-3f7a-4d67-87c4-c2db5ad578ad tempest-AttachVolumeNegativeTest-1148889890 tempest-AttachVolumeNegativeTest-1148889890-project-member] Request filter 'compute_status_filter' took 0.0 seconds {{(pid=96179) wrapper /opt/stack/nova/nova/scheduler/request_filter.py:46}}
Jun 24 00:27:05.365113 np0000003500 nova-scheduler[96179]: DEBUG nova.scheduler.request_filter [None req-a3237b96-3f7a-4d67-87c4-c2db5ad578ad tempest-AttachVolumeNegativeTest-1148889890 tempest-AttachVolumeNegativeTest-1148889890-project-member] Request filter 'accelerators_filter' took 0.0 seconds {{(pid=96179) wrapper /opt/stack/nova/nova/scheduler/request_filter.py:46}}
Jun 24 00:27:05.365595 np0000003500 nova-scheduler[96179]: DEBUG nova.scheduler.request_filter [None req-a3237b96-3f7a-4d67-87c4-c2db5ad578ad tempest-AttachVolumeNegativeTest-1148889890 tempest-AttachVolumeNegativeTest-1148889890-project-member] Request filter 'packed_virtqueue_filter' took 0.0 seconds {{(pid=96179) wrapper /opt/stack/nova/nova/scheduler/request_filter.py:46}}
Jun 24 00:27:05.365981 np0000003500 nova-scheduler[96179]: DEBUG nova.scheduler.request_filter [None req-a3237b96-3f7a-4d67-87c4-c2db5ad578ad tempest-AttachVolumeNegativeTest-1148889890 tempest-AttachVolumeNegativeTest-1148889890-project-member] Request filter 'remote_managed_ports_filter' took 0.0 seconds {{(pid=96179) wrapper /opt/stack/nova/nova/scheduler/request_filter.py:46}}
Jun 24 00:27:05.366168 np0000003500 nova-scheduler[96179]: DEBUG nova.scheduler.request_filter [None req-a3237b96-3f7a-4d67-87c4-c2db5ad578ad tempest-AttachVolumeNegativeTest-1148889890 tempest-AttachVolumeNegativeTest-1148889890-project-member] ephemeral_encryption_filter skipped {{(pid=96179) ephemeral_encryption_filter /opt/stack/nova/nova/scheduler/request_filter.py:426}}
Jun 24 00:27:05.367213 np0000003500 nova-scheduler[96179]: DEBUG nova.scheduler.request_filter [None req-a3237b96-3f7a-4d67-87c4-c2db5ad578ad tempest-AttachVolumeNegativeTest-1148889890 tempest-AttachVolumeNegativeTest-1148889890-project-member] virtio_sound_filter skipped {{(pid=96179) virtio_sound_filter /opt/stack/nova/nova/scheduler/request_filter.py:460}}
Jun 24 00:27:05.367213 np0000003500 nova-scheduler[96179]: DEBUG nova.scheduler.request_filter [None req-a3237b96-3f7a-4d67-87c4-c2db5ad578ad tempest-AttachVolumeNegativeTest-1148889890 tempest-AttachVolumeNegativeTest-1148889890-project-member] tpm_secret_security_filter skipped {{(pid=96179) tpm_secret_security_filter /opt/stack/nova/nova/scheduler/request_filter.py:477}}
Jun 24 00:27:05.671073 np0000003500 nova-scheduler[96175]: INFO nova.utils [None req-d3f1bef2-a4f9-49be-87a5-72c400e6cd3b tempest-ServerBootFromVolumeStableRescueTest-1866225711 tempest-ServerBootFromVolumeStableRescueTest-1866225711-project-member] The cell worker thread pool ForkProcess-1.cell_worker is initialized
Jun 24 00:27:05.671433 np0000003500 nova-scheduler[96175]: DEBUG oslo_concurrency.lockutils [None req-d3f1bef2-a4f9-49be-87a5-72c400e6cd3b tempest-ServerBootFromVolumeStableRescueTest-1866225711 tempest-ServerBootFromVolumeStableRescueTest-1866225711-project-member] Acquiring lock "38818dfd-a965-4588-be91-777960bc4696" by "nova.context.set_target_cell..get_or_set_cached_cell_and_set_connections" {{(pid=96175) inner /opt/stack/data/venv/lib/python3.12/site-packages/oslo_concurrency/lockutils.py:511}}
Jun 24 00:27:05.671617 np0000003500 nova-scheduler[96175]: DEBUG oslo_concurrency.lockutils [None req-d3f1bef2-a4f9-49be-87a5-72c400e6cd3b tempest-ServerBootFromVolumeStableRescueTest-1866225711 tempest-ServerBootFromVolumeStableRescueTest-1866225711-project-member] Lock "38818dfd-a965-4588-be91-777960bc4696" acquired by "nova.context.set_target_cell..get_or_set_cached_cell_and_set_connections" :: waited 0.000s {{(pid=96175) inner /opt/stack/data/venv/lib/python3.12/site-packages/oslo_concurrency/lockutils.py:524}}
Jun 24 00:27:05.673001 np0000003500 nova-scheduler[96175]: DEBUG oslo_concurrency.lockutils [None req-d3f1bef2-a4f9-49be-87a5-72c400e6cd3b tempest-ServerBootFromVolumeStableRescueTest-1866225711 tempest-ServerBootFromVolumeStableRescueTest-1866225711-project-member] Lock "38818dfd-a965-4588-be91-777960bc4696" "released" by "nova.context.set_target_cell..get_or_set_cached_cell_and_set_connections" :: held 0.001s {{(pid=96175) inner /opt/stack/data/venv/lib/python3.12/site-packages/oslo_concurrency/lockutils.py:543}}
Jun 24 00:27:05.674431 np0000003500 nova-scheduler[96177]: INFO nova.utils [None req-0499e103-5336-4546-9ac1-7ca1af12fa2d tempest-ServerActionsTestOtherA-604199765 tempest-ServerActionsTestOtherA-604199765-project-member] The cell worker thread pool ForkProcess-2.cell_worker is initialized
Jun 24 00:27:05.674809 np0000003500 nova-scheduler[96177]: DEBUG oslo_concurrency.lockutils [None req-0499e103-5336-4546-9ac1-7ca1af12fa2d tempest-ServerActionsTestOtherA-604199765 tempest-ServerActionsTestOtherA-604199765-project-member] Acquiring lock "38818dfd-a965-4588-be91-777960bc4696" by "nova.context.set_target_cell..get_or_set_cached_cell_and_set_connections" {{(pid=96177) inner /opt/stack/data/venv/lib/python3.12/site-packages/oslo_concurrency/lockutils.py:511}}
