Jun 24 00:24:33.668337 np0000003500 nova-conductor[98710]: DEBUG cotyledon.oslo_config_glue [-] profiler.es_scroll_size = 10000 {{(pid=98710) log_opt_values /opt/stack/data/venv/lib/python3.12/site-packages/oslo_config/cfg.py:3253}}
Jun 24 00:24:33.668337 np0000003500 nova-conductor[98710]: DEBUG cotyledon.oslo_config_glue [-] profiler.es_scroll_time = 2m {{(pid=98710) log_opt_values /opt/stack/data/venv/lib/python3.12/site-packages/oslo_config/cfg.py:3253}}
Jun 24 00:24:33.668337 np0000003500 nova-conductor[98710]: DEBUG cotyledon.oslo_config_glue [-] profiler.filter_error_trace = False {{(pid=98710) log_opt_values /opt/stack/data/venv/lib/python3.12/site-packages/oslo_config/cfg.py:3253}}
Jun 24 00:24:33.668337 np0000003500 nova-conductor[98710]: DEBUG cotyledon.oslo_config_glue [-] profiler.hmac_keys = **** {{(pid=98710) log_opt_values /opt/stack/data/venv/lib/python3.12/site-packages/oslo_config/cfg.py:3253}}
Jun 24 00:24:33.668337 np0000003500 nova-conductor[98710]: DEBUG cotyledon.oslo_config_glue [-] profiler.sentinel_service_name = mymaster {{(pid=98710) log_opt_values /opt/stack/data/venv/lib/python3.12/site-packages/oslo_config/cfg.py:3253}}
Jun 24 00:24:33.668337 np0000003500 nova-conductor[98710]: DEBUG cotyledon.oslo_config_glue [-] profiler.socket_timeout = 0.1 {{(pid=98710) log_opt_values /opt/stack/data/venv/lib/python3.12/site-packages/oslo_config/cfg.py:3253}}
Jun 24 00:24:33.668554 np0000003500 nova-conductor[98710]: DEBUG cotyledon.oslo_config_glue [-] profiler.trace_requests = False {{(pid=98710) log_opt_values /opt/stack/data/venv/lib/python3.12/site-packages/oslo_config/cfg.py:3253}}
Jun 24 00:24:33.668554 np0000003500 nova-conductor[98710]: DEBUG cotyledon.oslo_config_glue [-] profiler.trace_sqlalchemy = False {{(pid=98710) log_opt_values /opt/stack/data/venv/lib/python3.12/site-packages/oslo_config/cfg.py:3253}}
Jun 24 00:24:33.668554 np0000003500 nova-conductor[98710]: DEBUG cotyledon.oslo_config_glue [-] profiler_jaeger.process_tags = {} {{(pid=98710) log_opt_values /opt/stack/data/venv/lib/python3.12/site-packages/oslo_config/cfg.py:3253}}
Jun 24 00:24:33.668554 np0000003500 nova-conductor[98710]: DEBUG cotyledon.oslo_config_glue [-] profiler_jaeger.service_name_prefix = None {{(pid=98710) log_opt_values /opt/stack/data/venv/lib/python3.12/site-packages/oslo_config/cfg.py:3253}}
Jun 24 00:24:33.668554 np0000003500 nova-conductor[98710]: DEBUG cotyledon.oslo_config_glue [-] profiler_otlp.service_name_prefix = None {{(pid=98710) log_opt_values /opt/stack/data/venv/lib/python3.12/site-packages/oslo_config/cfg.py:3253}}
Jun 24 00:24:33.668554 np0000003500 nova-conductor[98710]: DEBUG cotyledon.oslo_config_glue [-] oslo_messaging_rabbit.amqp_auto_delete = False {{(pid=98710) log_opt_values /opt/stack/data/venv/lib/python3.12/site-packages/oslo_config/cfg.py:3253}}
Jun 24 00:24:33.668554 np0000003500 nova-conductor[98710]: DEBUG cotyledon.oslo_config_glue [-] oslo_messaging_rabbit.amqp_durable_queues = False {{(pid=98710) log_opt_values /opt/stack/data/venv/lib/python3.12/site-packages/oslo_config/cfg.py:3253}}
Jun 24 00:24:33.668554 np0000003500 nova-conductor[98710]: DEBUG cotyledon.oslo_config_glue [-] oslo_messaging_rabbit.conn_pool_min_size = 2 {{(pid=98710) log_opt_values /opt/stack/data/venv/lib/python3.12/site-packages/oslo_config/cfg.py:3253}}
Jun 24 00:24:33.668554 np0000003500 nova-conductor[98710]: DEBUG cotyledon.oslo_config_glue [-] oslo_messaging_rabbit.conn_pool_ttl = 1200 {{(pid=98710) log_opt_values /opt/stack/data/venv/lib/python3.12/site-packages/oslo_config/cfg.py:3253}}
Jun 24 00:24:33.668903 np0000003500 nova-conductor[98710]: DEBUG cotyledon.oslo_config_glue [-] oslo_messaging_rabbit.direct_mandatory_flag = True {{(pid=98710) log_opt_values /opt/stack/data/venv/lib/python3.12/site-packages/oslo_config/cfg.py:3253}}
Jun 24 00:24:33.668903 np0000003500 nova-conductor[98710]: DEBUG cotyledon.oslo_config_glue [-] oslo_messaging_rabbit.enable_cancel_on_failover = False {{(pid=98710) log_opt_values /opt/stack/data/venv/lib/python3.12/site-packages/oslo_config/cfg.py:3253}}
Jun 24 00:24:33.668903 np0000003500 nova-conductor[98710]: DEBUG cotyledon.oslo_config_glue [-] oslo_messaging_rabbit.heartbeat_rate = 3 {{(pid=98710) log_opt_values /opt/stack/data/venv/lib/python3.12/site-packages/oslo_config/cfg.py:3253}}
Jun 24 00:24:33.668903 np0000003500 nova-conductor[98710]: DEBUG cotyledon.oslo_config_glue [-] oslo_messaging_rabbit.heartbeat_timeout_threshold = 60 {{(pid=98710) log_opt_values /opt/stack/data/venv/lib/python3.12/site-packages/oslo_config/cfg.py:3253}}
Jun 24 00:24:33.668903 np0000003500 nova-conductor[98710]: DEBUG cotyledon.oslo_config_glue [-] oslo_messaging_rabbit.hostname = np0000003500 {{(pid=98710) log_opt_values /opt/stack/data/venv/lib/python3.12/site-packages/oslo_config/cfg.py:3253}}
Jun 24 00:24:33.668903 np0000003500 nova-conductor[98710]: DEBUG cotyledon.oslo_config_glue [-] oslo_messaging_rabbit.kombu_compression = None {{(pid=98710) log_opt_values /opt/stack/data/venv/lib/python3.12/site-packages/oslo_config/cfg.py:3253}}
Jun 24 00:24:33.668903 np0000003500 nova-conductor[98710]: DEBUG cotyledon.oslo_config_glue [-] oslo_messaging_rabbit.kombu_failover_strategy = round-robin {{(pid=98710) log_opt_values /opt/stack/data/venv/lib/python3.12/site-packages/oslo_config/cfg.py:3253}}
Jun 24 00:24:33.668903 np0000003500 nova-conductor[98710]: DEBUG cotyledon.oslo_config_glue [-] oslo_messaging_rabbit.kombu_missing_consumer_retry_timeout = 60 {{(pid=98710) log_opt_values /opt/stack/data/venv/lib/python3.12/site-packages/oslo_config/cfg.py:3253}}
Jun 24 00:24:33.668903 np0000003500 nova-conductor[98710]: DEBUG cotyledon.oslo_config_glue [-] oslo_messaging_rabbit.kombu_reconnect_delay = 1.0 {{(pid=98710) log_opt_values /opt/stack/data/venv/lib/python3.12/site-packages/oslo_config/cfg.py:3253}}
Jun 24 00:24:33.669099 np0000003500 nova-conductor[98710]: DEBUG cotyledon.oslo_config_glue [-] oslo_messaging_rabbit.kombu_reconnect_splay = 0.0 {{(pid=98710) log_opt_values /opt/stack/data/venv/lib/python3.12/site-packages/oslo_config/cfg.py:3253}}
Jun 24 00:24:33.669099 np0000003500 nova-conductor[98710]: DEBUG cotyledon.oslo_config_glue [-] oslo_messaging_rabbit.processname = nova-conductor {{(pid=98710) log_opt_values /opt/stack/data/venv/lib/python3.12/site-packages/oslo_config/cfg.py:3253}}
Jun 24 00:24:33.669099 np0000003500 nova-conductor[98710]: DEBUG cotyledon.oslo_config_glue [-] oslo_messaging_rabbit.rabbit_ha_queues = False {{(pid=98710) log_opt_values /opt/stack/data/venv/lib/python3.12/site-packages/oslo_config/cfg.py:3253}}
Jun 24 00:24:33.669099 np0000003500 nova-conductor[98710]: DEBUG cotyledon.oslo_config_glue [-] oslo_messaging_rabbit.rabbit_interval_max = 30 {{(pid=98710) log_opt_values /opt/stack/data/venv/lib/python3.12/site-packages/oslo_config/cfg.py:3253}}
Jun 24 00:24:33.669099 np0000003500 nova-conductor[98710]: DEBUG cotyledon.oslo_config_glue [-] oslo_messaging_rabbit.rabbit_login_method = AMQPLAIN {{(pid=98710) log_opt_values /opt/stack/data/venv/lib/python3.12/site-packages/oslo_config/cfg.py:3253}}
Jun 24 00:24:33.669099 np0000003500 nova-conductor[98710]: DEBUG cotyledon.oslo_config_glue [-] oslo_messaging_rabbit.rabbit_qos_prefetch_count = 0 {{(pid=98710) log_opt_values /opt/stack/data/venv/lib/python3.12/site-packages/oslo_config/cfg.py:3253}}
Jun 24 00:24:33.669099 np0000003500 nova-conductor[98710]: DEBUG cotyledon.oslo_config_glue [-] oslo_messaging_rabbit.rabbit_quorum_delivery_limit = 0 {{(pid=98710) log_opt_values /opt/stack/data/venv/lib/python3.12/site-packages/oslo_config/cfg.py:3253}}
Jun 24 00:24:33.669099 np0000003500 nova-conductor[98710]: DEBUG cotyledon.oslo_config_glue [-] oslo_messaging_rabbit.rabbit_quorum_max_memory_bytes = 0 {{(pid=98710) log_opt_values /opt/stack/data/venv/lib/python3.12/site-packages/oslo_config/cfg.py:3253}}
Jun 24 00:24:33.669099 np0000003500 nova-conductor[98710]: DEBUG cotyledon.oslo_config_glue [-] oslo_messaging_rabbit.rabbit_quorum_max_memory_length = 0 {{(pid=98710) log_opt_values /opt/stack/data/venv/lib/python3.12/site-packages/oslo_config/cfg.py:3253}}
Jun 24 00:24:33.669273 np0000003500 nova-conductor[98710]: DEBUG cotyledon.oslo_config_glue [-] oslo_messaging_rabbit.rabbit_quorum_queue = False {{(pid=98710) log_opt_values /opt/stack/data/venv/lib/python3.12/site-packages/oslo_config/cfg.py:3253}}
Jun 24 00:24:33.669273 np0000003500 nova-conductor[98710]: DEBUG cotyledon.oslo_config_glue [-] oslo_messaging_rabbit.rabbit_retry_backoff = 2 {{(pid=98710) log_opt_values /opt/stack/data/venv/lib/python3.12/site-packages/oslo_config/cfg.py:3253}}
Jun 24 00:24:33.669273 np0000003500 nova-conductor[98710]: DEBUG cotyledon.oslo_config_glue [-] oslo_messaging_rabbit.rabbit_retry_interval = 1 {{(pid=98710) log_opt_values /opt/stack/data/venv/lib/python3.12/site-packages/oslo_config/cfg.py:3253}}
Jun 24 00:24:33.669273 np0000003500 nova-conductor[98710]: DEBUG cotyledon.oslo_config_glue [-] oslo_messaging_rabbit.rabbit_stream_fanout = False {{(pid=98710) log_opt_values /opt/stack/data/venv/lib/python3.12/site-packages/oslo_config/cfg.py:3253}}
Jun 24 00:24:33.669273 np0000003500 nova-conductor[98710]: DEBUG cotyledon.oslo_config_glue [-] oslo_messaging_rabbit.rabbit_transient_queues_ttl = 1800 {{(pid=98710) log_opt_values /opt/stack/data/venv/lib/python3.12/site-packages/oslo_config/cfg.py:3253}}
Jun 24 00:24:33.669273 np0000003500 nova-conductor[98710]: DEBUG cotyledon.oslo_config_glue [-] oslo_messaging_rabbit.rabbit_transient_quorum_queue = False {{(pid=98710) log_opt_values /opt/stack/data/venv/lib/python3.12/site-packages/oslo_config/cfg.py:3253}}
Jun 24 00:24:33.669273 np0000003500 nova-conductor[98710]: DEBUG cotyledon.oslo_config_glue [-] oslo_messaging_rabbit.rpc_conn_pool_size = 30 {{(pid=98710) log_opt_values /opt/stack/data/venv/lib/python3.12/site-packages/oslo_config/cfg.py:3253}}
Jun 24 00:24:33.669273 np0000003500 nova-conductor[98710]: DEBUG cotyledon.oslo_config_glue [-] oslo_messaging_rabbit.ssl = False {{(pid=98710) log_opt_values /opt/stack/data/venv/lib/python3.12/site-packages/oslo_config/cfg.py:3253}}
Jun 24 00:24:33.669273 np0000003500 nova-conductor[98710]: DEBUG cotyledon.oslo_config_glue [-] oslo_messaging_rabbit.ssl_ca_file = {{(pid=98710) log_opt_values /opt/stack/data/venv/lib/python3.12/site-packages/oslo_config/cfg.py:3253}}
Jun 24 00:24:33.669527 np0000003500 nova-conductor[98710]: DEBUG cotyledon.oslo_config_glue [-] oslo_messaging_rabbit.ssl_cert_file = {{(pid=98710) log_opt_values /opt/stack/data/venv/lib/python3.12/site-packages/oslo_config/cfg.py:3253}}
Jun 24 00:24:33.669527 np0000003500 nova-conductor[98710]: DEBUG cotyledon.oslo_config_glue [-] oslo_messaging_rabbit.ssl_enforce_fips_mode = False {{(pid=98710) log_opt_values /opt/stack/data/venv/lib/python3.12/site-packages/oslo_config/cfg.py:3253}}
Jun 24 00:24:33.669527 np0000003500 nova-conductor[98710]: DEBUG cotyledon.oslo_config_glue [-] oslo_messaging_rabbit.ssl_enforce_hostname_verification = True {{(pid=98710) log_opt_values /opt/stack/data/venv/lib/python3.12/site-packages/oslo_config/cfg.py:3253}}
Jun 24 00:24:33.669527 np0000003500 nova-conductor[98710]: DEBUG cotyledon.oslo_config_glue [-] oslo_messaging_rabbit.ssl_key_file = {{(pid=98710) log_opt_values /opt/stack/data/venv/lib/python3.12/site-packages/oslo_config/cfg.py:3253}}
Jun 24 00:24:33.669527 np0000003500 nova-conductor[98710]: DEBUG cotyledon.oslo_config_glue [-] oslo_messaging_rabbit.ssl_version = {{(pid=98710) log_opt_values /opt/stack/data/venv/lib/python3.12/site-packages/oslo_config/cfg.py:3253}}
Jun 24 00:24:33.669527 np0000003500 nova-conductor[98710]: DEBUG cotyledon.oslo_config_glue [-] oslo_messaging_rabbit.use_queue_manager = False {{(pid=98710) log_opt_values /opt/stack/data/venv/lib/python3.12/site-packages/oslo_config/cfg.py:3253}}
Jun 24 00:24:33.669527 np0000003500 nova-conductor[98710]: DEBUG cotyledon.oslo_config_glue [-] oslo_messaging_notifications.driver = ['messagingv2'] {{(pid=98710) log_opt_values /opt/stack/data/venv/lib/python3.12/site-packages/oslo_config/cfg.py:3253}}
Jun 24 00:24:33.669527 np0000003500 nova-conductor[98710]: DEBUG cotyledon.oslo_config_glue [-] oslo_messaging_notifications.retry = -1 {{(pid=98710) log_opt_values /opt/stack/data/venv/lib/python3.12/site-packages/oslo_config/cfg.py:3253}}
Jun 24 00:24:33.669527 np0000003500 nova-conductor[98710]: DEBUG cotyledon.oslo_config_glue [-] oslo_messaging_notifications.topics = ['notifications'] {{(pid=98710) log_opt_values /opt/stack/data/venv/lib/python3.12/site-packages/oslo_config/cfg.py:3253}}
Jun 24 00:24:33.670320 np0000003500 nova-conductor[98710]: DEBUG cotyledon.oslo_config_glue [-] oslo_messaging_notifications.transport_url = **** {{(pid=98710) log_opt_values /opt/stack/data/venv/lib/python3.12/site-packages/oslo_config/cfg.py:3253}}
Jun 24 00:24:33.670320 np0000003500 nova-conductor[98710]: DEBUG cotyledon.oslo_config_glue [-] oslo_limit.auth_section = None {{(pid=98710) log_opt_values /opt/stack/data/venv/lib/python3.12/site-packages/oslo_config/cfg.py:3253}}
Jun 24 00:24:33.670320 np0000003500 nova-conductor[98710]: DEBUG cotyledon.oslo_config_glue [-] oslo_limit.auth_type = None {{(pid=98710) log_opt_values /opt/stack/data/venv/lib/python3.12/site-packages/oslo_config/cfg.py:3253}}
Jun 24 00:24:33.670320 np0000003500 nova-conductor[98710]: DEBUG cotyledon.oslo_config_glue [-] oslo_limit.cafile = None {{(pid=98710) log_opt_values /opt/stack/data/venv/lib/python3.12/site-packages/oslo_config/cfg.py:3253}}
Jun 24 00:24:33.670320 np0000003500 nova-conductor[98710]: DEBUG cotyledon.oslo_config_glue [-] oslo_limit.certfile = None {{(pid=98710) log_opt_values /opt/stack/data/venv/lib/python3.12/site-packages/oslo_config/cfg.py:3253}}
Jun 24 00:24:33.670320 np0000003500 nova-conductor[98710]: DEBUG cotyledon.oslo_config_glue [-] oslo_limit.collect_timing = False {{(pid=98710) log_opt_values /opt/stack/data/venv/lib/python3.12/site-packages/oslo_config/cfg.py:3253}}
Jun 24 00:24:33.670320 np0000003500 nova-conductor[98710]: DEBUG cotyledon.oslo_config_glue [-] oslo_limit.connect_retries = None {{(pid=98710) log_opt_values /opt/stack/data/venv/lib/python3.12/site-packages/oslo_config/cfg.py:3253}}
Jun 24 00:24:33.670320 np0000003500 nova-conductor[98710]: DEBUG cotyledon.oslo_config_glue [-] oslo_limit.connect_retry_delay = None {{(pid=98710) log_opt_values /opt/stack/data/venv/lib/python3.12/site-packages/oslo_config/cfg.py:3253}}
Jun 24 00:24:33.670320 np0000003500 nova-conductor[98710]: DEBUG cotyledon.oslo_config_glue [-] oslo_limit.endpoint_id = None {{(pid=98710) log_opt_values /opt/stack/data/venv/lib/python3.12/site-packages/oslo_config/cfg.py:3253}}
Jun 24 00:24:33.670561 np0000003500 nova-conductor[98710]: DEBUG cotyledon.oslo_config_glue [-] oslo_limit.endpoint_interface = public {{(pid=98710) log_opt_values /opt/stack/data/venv/lib/python3.12/site-packages/oslo_config/cfg.py:3253}}
Jun 24 00:24:33.670561 np0000003500 nova-conductor[98710]: DEBUG cotyledon.oslo_config_glue [-] oslo_limit.endpoint_override = None {{(pid=98710) log_opt_values /opt/stack/data/venv/lib/python3.12/site-packages/oslo_config/cfg.py:3253}}
Jun 24 00:24:33.670561 np0000003500 nova-conductor[98710]: DEBUG cotyledon.oslo_config_glue [-] oslo_limit.endpoint_region_name = None {{(pid=98710) log_opt_values /opt/stack/data/venv/lib/python3.12/site-packages/oslo_config/cfg.py:3253}}
Jun 24 00:24:33.670561 np0000003500 nova-conductor[98710]: DEBUG cotyledon.oslo_config_glue [-] oslo_limit.endpoint_service_name = None {{(pid=98710) log_opt_values /opt/stack/data/venv/lib/python3.12/site-packages/oslo_config/cfg.py:3253}}
Jun 24 00:24:33.670561 np0000003500 nova-conductor[98710]: DEBUG cotyledon.oslo_config_glue [-] oslo_limit.endpoint_service_type = None {{(pid=98710) log_opt_values /opt/stack/data/venv/lib/python3.12/site-packages/oslo_config/cfg.py:3253}}
Jun 24 00:24:33.670561 np0000003500 nova-conductor[98710]: DEBUG cotyledon.oslo_config_glue [-] oslo_limit.insecure = False {{(pid=98710) log_opt_values /opt/stack/data/venv/lib/python3.12/site-packages/oslo_config/cfg.py:3253}}
Jun 24 00:24:33.670561 np0000003500 nova-conductor[98710]: DEBUG cotyledon.oslo_config_glue [-] oslo_limit.keyfile = None {{(pid=98710) log_opt_values /opt/stack/data/venv/lib/python3.12/site-packages/oslo_config/cfg.py:3253}}
Jun 24 00:24:33.670561 np0000003500 nova-conductor[98710]: DEBUG cotyledon.oslo_config_glue [-] oslo_limit.max_version = None {{(pid=98710) log_opt_values /opt/stack/data/venv/lib/python3.12/site-packages/oslo_config/cfg.py:3253}}
Jun 24 00:24:33.670561 np0000003500 nova-conductor[98710]: DEBUG cotyledon.oslo_config_glue [-] oslo_limit.min_version = None {{(pid=98710) log_opt_values /opt/stack/data/venv/lib/python3.12/site-packages/oslo_config/cfg.py:3253}}
Jun 24 00:24:33.670838 np0000003500 nova-conductor[98710]: DEBUG cotyledon.oslo_config_glue [-] oslo_limit.region_name = None {{(pid=98710) log_opt_values /opt/stack/data/venv/lib/python3.12/site-packages/oslo_config/cfg.py:3253}}
Jun 24 00:24:33.670838 np0000003500 nova-conductor[98710]: DEBUG cotyledon.oslo_config_glue [-] oslo_limit.retriable_status_codes = None {{(pid=98710) log_opt_values /opt/stack/data/venv/lib/python3.12/site-packages/oslo_config/cfg.py:3253}}
Jun 24 00:24:33.670838 np0000003500 nova-conductor[98710]: DEBUG cotyledon.oslo_config_glue [-] oslo_limit.service_name = None {{(pid=98710) log_opt_values /opt/stack/data/venv/lib/python3.12/site-packages/oslo_config/cfg.py:3253}}
Jun 24 00:24:33.670838 np0000003500 nova-conductor[98710]: DEBUG cotyledon.oslo_config_glue [-] oslo_limit.service_type = None {{(pid=98710) log_opt_values /opt/stack/data/venv/lib/python3.12/site-packages/oslo_config/cfg.py:3253}}
Jun 24 00:24:33.670838 np0000003500 nova-conductor[98710]: DEBUG cotyledon.oslo_config_glue [-] oslo_limit.split_loggers = False {{(pid=98710) log_opt_values /opt/stack/data/venv/lib/python3.12/site-packages/oslo_config/cfg.py:3253}}
Jun 24 00:24:33.670838 np0000003500 nova-conductor[98710]: DEBUG cotyledon.oslo_config_glue [-] oslo_limit.status_code_retries = None {{(pid=98710) log_opt_values /opt/stack/data/venv/lib/python3.12/site-packages/oslo_config/cfg.py:3253}}
Jun 24 00:24:33.670838 np0000003500 nova-conductor[98710]: DEBUG cotyledon.oslo_config_glue [-] oslo_limit.status_code_retry_delay = None {{(pid=98710) log_opt_values /opt/stack/data/venv/lib/python3.12/site-packages/oslo_config/cfg.py:3253}}
Jun 24 00:24:33.670838 np0000003500 nova-conductor[98710]: DEBUG cotyledon.oslo_config_glue [-] oslo_limit.timeout = None {{(pid=98710) log_opt_values /opt/stack/data/venv/lib/python3.12/site-packages/oslo_config/cfg.py:3253}}
Jun 24 00:24:33.670838 np0000003500 nova-conductor[98710]: DEBUG cotyledon.oslo_config_glue [-] oslo_limit.valid_interfaces = None {{(pid=98710) log_opt_values /opt/stack/data/venv/lib/python3.12/site-packages/oslo_config/cfg.py:3253}}
Jun 24 00:24:33.671022 np0000003500 nova-conductor[98710]: DEBUG cotyledon.oslo_config_glue [-] oslo_limit.version = None {{(pid=98710) log_opt_values /opt/stack/data/venv/lib/python3.12/site-packages/oslo_config/cfg.py:3253}}
Jun 24 00:24:33.671022 np0000003500 nova-conductor[98710]: DEBUG cotyledon.oslo_config_glue [-] oslo_reports.file_event_handler = None {{(pid=98710) log_opt_values /opt/stack/data/venv/lib/python3.12/site-packages/oslo_config/cfg.py:3253}}
Jun 24 00:24:33.671022 np0000003500 nova-conductor[98710]: DEBUG cotyledon.oslo_config_glue [-] oslo_reports.file_event_handler_interval = 1 {{(pid=98710) log_opt_values /opt/stack/data/venv/lib/python3.12/site-packages/oslo_config/cfg.py:3253}}
Jun 24 00:24:33.671022 np0000003500 nova-conductor[98710]: DEBUG cotyledon.oslo_config_glue [-] oslo_reports.log_dir = None {{(pid=98710) log_opt_values /opt/stack/data/venv/lib/python3.12/site-packages/oslo_config/cfg.py:3253}}
Jun 24 00:24:33.671022 np0000003500 nova-conductor[98710]: DEBUG cotyledon.oslo_config_glue [-] ******************************************************************************** {{(pid=98710) log_opt_values /opt/stack/data/venv/lib/python3.12/site-packages/oslo_config/cfg.py:3260}}
Jun 24 00:24:33.671022 np0000003500 nova-conductor[98710]: DEBUG cotyledon._service_worker [-] Run service ServiceWrapper(3) [98710] {{(pid=98710) wait_forever /opt/stack/data/venv/lib/python3.12/site-packages/cotyledon/_service_worker.py:218}}
Jun 24 00:24:33.671022 np0000003500 nova-conductor[98710]: INFO nova.service [-] Starting conductor node (version 33.1.0)
Jun 24 00:24:33.671022 np0000003500 nova-conductor[98710]: INFO dbcounter [None req-b751c4dc-d8f1-4d4f-bab1-5b3e3f88d81f None None] Registered counter for database nova_cell0
Jun 24 00:24:33.671221 np0000003500 nova-conductor[98693]: DEBUG oslo_db.sqlalchemy.engines [None req-e7c63bf8-91e2-411d-be2d-05a1bbe4a9fc None None] MySQL server mode set to STRICT_TRANS_TABLES,STRICT_ALL_TABLES,NO_ZERO_IN_DATE,NO_ZERO_DATE,ERROR_FOR_DIVISION_BY_ZERO,TRADITIONAL,NO_ENGINE_SUBSTITUTION {{(pid=98693) _check_effective_sql_mode /opt/stack/data/venv/lib/python3.12/site-packages/oslo_db/sqlalchemy/engines.py:325}}
Jun 24 00:24:33.671221 np0000003500 nova-conductor[98693]: DEBUG dbcounter [-] [98693] Writer thread running {{(pid=98693) stat_writer /opt/stack/data/venv/lib/python3.12/site-packages/dbcounter.py:102}}
Jun 24 00:24:33.671289 np0000003500 nova-conductor[98697]: DEBUG oslo_db.sqlalchemy.engines [None req-41e19eef-e72b-44ea-9899-db4bbd3d36ec None None] MySQL server mode set to STRICT_TRANS_TABLES,STRICT_ALL_TABLES,NO_ZERO_IN_DATE,NO_ZERO_DATE,ERROR_FOR_DIVISION_BY_ZERO,TRADITIONAL,NO_ENGINE_SUBSTITUTION {{(pid=98697) _check_effective_sql_mode /opt/stack/data/venv/lib/python3.12/site-packages/oslo_db/sqlalchemy/engines.py:325}}
Jun 24 00:24:33.671341 np0000003500 nova-conductor[98695]: DEBUG oslo_db.sqlalchemy.engines [None req-75a2335d-0a47-4010-a69c-85d672ac22bb None None] MySQL server mode set to STRICT_TRANS_TABLES,STRICT_ALL_TABLES,NO_ZERO_IN_DATE,NO_ZERO_DATE,ERROR_FOR_DIVISION_BY_ZERO,TRADITIONAL,NO_ENGINE_SUBSTITUTION {{(pid=98695) _check_effective_sql_mode /opt/stack/data/venv/lib/python3.12/site-packages/oslo_db/sqlalchemy/engines.py:325}}
Jun 24 00:24:33.674934 np0000003500 nova-conductor[98693]: DEBUG nova.service [None req-e7c63bf8-91e2-411d-be2d-05a1bbe4a9fc None None] Creating RPC server for service: nova-conductor on topic: conductor {{(pid=98693) start /opt/stack/nova/nova/service.py:196}}
Jun 24 00:24:33.675671 np0000003500 nova-conductor[98697]: DEBUG dbcounter [-] [98697] Writer thread running {{(pid=98697) stat_writer /opt/stack/data/venv/lib/python3.12/site-packages/dbcounter.py:102}}
Jun 24 00:24:33.678302 np0000003500 nova-conductor[98697]: DEBUG nova.service [None req-41e19eef-e72b-44ea-9899-db4bbd3d36ec None None] Creating RPC server for service: nova-conductor on topic: conductor {{(pid=98697) start /opt/stack/nova/nova/service.py:196}}
Jun 24 00:24:33.679325 np0000003500 nova-conductor[98695]: DEBUG dbcounter [-] [98695] Writer thread running {{(pid=98695) stat_writer /opt/stack/data/venv/lib/python3.12/site-packages/dbcounter.py:102}}
Jun 24 00:24:33.682378 np0000003500 nova-conductor[98695]: DEBUG nova.service [None req-75a2335d-0a47-4010-a69c-85d672ac22bb None None] Creating RPC server for service: nova-conductor on topic: conductor {{(pid=98695) start /opt/stack/nova/nova/service.py:196}}
Jun 24 00:24:33.692925 np0000003500 nova-conductor[98710]: DEBUG oslo_db.sqlalchemy.engines [None req-b751c4dc-d8f1-4d4f-bab1-5b3e3f88d81f None None] MySQL server mode set to STRICT_TRANS_TABLES,STRICT_ALL_TABLES,NO_ZERO_IN_DATE,NO_ZERO_DATE,ERROR_FOR_DIVISION_BY_ZERO,TRADITIONAL,NO_ENGINE_SUBSTITUTION {{(pid=98710) _check_effective_sql_mode /opt/stack/data/venv/lib/python3.12/site-packages/oslo_db/sqlalchemy/engines.py:325}}
Jun 24 00:24:33.702226 np0000003500 nova-conductor[98710]: DEBUG dbcounter [-] [98710] Writer thread running {{(pid=98710) stat_writer /opt/stack/data/venv/lib/python3.12/site-packages/dbcounter.py:102}}
Jun 24 00:24:33.703094 np0000003500 nova-conductor[98695]: DEBUG nova.service [None req-75a2335d-0a47-4010-a69c-85d672ac22bb None None] Join ServiceGroup membership for this service conductor {{(pid=98695) start /opt/stack/nova/nova/service.py:222}}
Jun 24 00:24:33.703353 np0000003500 nova-conductor[98695]: DEBUG nova.servicegroup.drivers.db [None req-75a2335d-0a47-4010-a69c-85d672ac22bb None None] DB_Driver: join new ServiceGroup member np0000003500 to the conductor group, service = {{(pid=98695) join /opt/stack/nova/nova/servicegroup/drivers/db.py:44}}
Jun 24 00:24:33.705585 np0000003500 nova-conductor[98710]: DEBUG nova.service [None req-b751c4dc-d8f1-4d4f-bab1-5b3e3f88d81f None None] Creating RPC server for service: nova-conductor on topic: conductor {{(pid=98710) start /opt/stack/nova/nova/service.py:196}}
Jun 24 00:24:33.706824 np0000003500 nova-conductor[98697]: DEBUG nova.service [None req-41e19eef-e72b-44ea-9899-db4bbd3d36ec None None] Join ServiceGroup membership for this service conductor {{(pid=98697) start /opt/stack/nova/nova/service.py:222}}
Jun 24 00:24:33.706866 np0000003500 nova-conductor[98693]: DEBUG nova.service [None req-e7c63bf8-91e2-411d-be2d-05a1bbe4a9fc None None] Join ServiceGroup membership for this service conductor {{(pid=98693) start /opt/stack/nova/nova/service.py:222}}
Jun 24 00:24:33.706985 np0000003500 nova-conductor[98697]: DEBUG nova.servicegroup.drivers.db [None req-41e19eef-e72b-44ea-9899-db4bbd3d36ec None None] DB_Driver: join new ServiceGroup member np0000003500 to the conductor group, service = {{(pid=98697) join /opt/stack/nova/nova/servicegroup/drivers/db.py:44}}
Jun 24 00:24:33.707026 np0000003500 nova-conductor[98693]: DEBUG nova.servicegroup.drivers.db [None req-e7c63bf8-91e2-411d-be2d-05a1bbe4a9fc None None] DB_Driver: join new ServiceGroup member np0000003500 to the conductor group, service = {{(pid=98693) join /opt/stack/nova/nova/servicegroup/drivers/db.py:44}}
Jun 24 00:24:33.721550 np0000003500 nova-conductor[98710]: DEBUG nova.service [None req-b751c4dc-d8f1-4d4f-bab1-5b3e3f88d81f None None] Join ServiceGroup membership for this service conductor {{(pid=98710) start /opt/stack/nova/nova/service.py:222}}
Jun 24 00:24:33.721779 np0000003500 nova-conductor[98710]: DEBUG nova.servicegroup.drivers.db [None req-b751c4dc-d8f1-4d4f-bab1-5b3e3f88d81f None None] DB_Driver: join new ServiceGroup member np0000003500 to the conductor group, service = {{(pid=98710) join /opt/stack/nova/nova/servicegroup/drivers/db.py:44}}
Jun 24 00:24:38.719868 np0000003500 nova-conductor[98695]: DEBUG oslo.service.backend._threading.loopingcall [-] Fixed interval looping call 'nova.servicegroup.drivers.db.DbDriver._report_state' sleeping for 119.99 seconds {{(pid=98695) _run_loop /opt/stack/data/venv/lib/python3.12/site-packages/oslo_service/backend/_threading/loopingcall.py:125}}
Jun 24 00:24:38.720434 np0000003500 nova-conductor[98693]: DEBUG oslo.service.backend._threading.loopingcall [-] Fixed interval looping call 'nova.servicegroup.drivers.db.DbDriver._report_state' sleeping for 119.99 seconds {{(pid=98693) _run_loop /opt/stack/data/venv/lib/python3.12/site-packages/oslo_service/backend/_threading/loopingcall.py:125}}
Jun 24 00:24:38.721436 np0000003500 nova-conductor[98697]: DEBUG oslo.service.backend._threading.loopingcall [-] Fixed interval looping call 'nova.servicegroup.drivers.db.DbDriver._report_state' sleeping for 119.99 seconds {{(pid=98697) _run_loop /opt/stack/data/venv/lib/python3.12/site-packages/oslo_service/backend/_threading/loopingcall.py:125}}
Jun 24 00:24:38.736819 np0000003500 nova-conductor[98710]: DEBUG oslo.service.backend._threading.loopingcall [-] Fixed interval looping call 'nova.servicegroup.drivers.db.DbDriver._report_state' sleeping for 119.99 seconds {{(pid=98710) _run_loop /opt/stack/data/venv/lib/python3.12/site-packages/oslo_service/backend/_threading/loopingcall.py:125}}
Jun 24 00:24:42.279713 np0000003500 nova-conductor[97123]: DEBUG dbcounter [-] [97123] Writing DB stats nova_api:SELECT=1 {{(pid=97123) stat_writer /opt/stack/data/venv/lib/python3.12/site-packages/dbcounter.py:115}}
Jun 24 00:24:42.395885 np0000003500 nova-conductor[97123]: DEBUG dbcounter [-] [97123] Writing DB stats nova_cell0:SELECT=1 {{(pid=97123) stat_writer /opt/stack/data/venv/lib/python3.12/site-packages/dbcounter.py:115}}
Jun 24 00:24:42.399926 np0000003500 nova-conductor[97123]: DEBUG dbcounter [-] [97123] Writing DB stats nova_cell1:SELECT=1 {{(pid=97123) stat_writer /opt/stack/data/venv/lib/python3.12/site-packages/dbcounter.py:115}}
Jun 24 00:24:47.709150 np0000003500 nova-conductor[98697]: DEBUG oslo.service.backend._threading.loopingcall [None req-4884b37a-a1ad-4f60-a5b9-e0d4229d4d22 None None] Dynamic interval looping call 'nova.service.Service.periodic_tasks' sleeping for 60.00 seconds {{(pid=98697) _run_loop /opt/stack/data/venv/lib/python3.12/site-packages/oslo_service/backend/_threading/loopingcall.py:125}}
Jun 24 00:24:48.715880 np0000003500 nova-conductor[98695]: DEBUG dbcounter [-] [98695] Writing DB stats nova_cell0:SELECT=3,nova_cell0:UPDATE=1 {{(pid=98695) stat_writer /opt/stack/data/venv/lib/python3.12/site-packages/dbcounter.py:115}}
Jun 24 00:24:48.716466 np0000003500 nova-conductor[98693]: DEBUG dbcounter [-] [98693] Writing DB stats nova_cell0:SELECT=4,nova_cell0:INSERT=1,nova_cell0:UPDATE=1 {{(pid=98693) stat_writer /opt/stack/data/venv/lib/python3.12/site-packages/dbcounter.py:115}}
Jun 24 00:24:48.719941 np0000003500 nova-conductor[98697]: DEBUG dbcounter [-] [98697] Writing DB stats nova_cell0:SELECT=3,nova_cell0:UPDATE=1 {{(pid=98697) stat_writer /opt/stack/data/venv/lib/python3.12/site-packages/dbcounter.py:115}}
Jun 24 00:24:48.733915 np0000003500 nova-conductor[98710]: DEBUG dbcounter [-] [98710] Writing DB stats nova_cell0:SELECT=3 {{(pid=98710) stat_writer /opt/stack/data/venv/lib/python3.12/site-packages/dbcounter.py:115}}
Jun 24 00:25:17.705723 np0000003500 nova-conductor[98695]: DEBUG oslo.service.backend._threading.loopingcall [None req-b4e2a08f-0fca-4058-8b01-933bcf5efd11 None None] Dynamic interval looping call 'nova.service.Service.periodic_tasks' sleeping for 60.00 seconds {{(pid=98695) _run_loop /opt/stack/data/venv/lib/python3.12/site-packages/oslo_service/backend/_threading/loopingcall.py:125}}
Jun 24 00:25:27.708868 np0000003500 nova-conductor[98693]: DEBUG oslo.service.backend._threading.loopingcall [None req-c80452cd-6715-41b2-8dc9-d6867c3e35c8 None None] Dynamic interval looping call 'nova.service.Service.periodic_tasks' sleeping for 60.00 seconds {{(pid=98693) _run_loop /opt/stack/data/venv/lib/python3.12/site-packages/oslo_service/backend/_threading/loopingcall.py:125}}
Jun 24 00:25:31.723631 np0000003500 nova-conductor[98710]: DEBUG oslo.service.backend._threading.loopingcall [None req-5bd83528-4fef-4f9a-9572-490eb7795944 None None] Dynamic interval looping call 'nova.service.Service.periodic_tasks' sleeping for 60.00 seconds {{(pid=98710) _run_loop /opt/stack/data/venv/lib/python3.12/site-packages/oslo_service/backend/_threading/loopingcall.py:125}}
Jun 24 00:25:47.709725 np0000003500 nova-conductor[98697]: DEBUG oslo.service.backend._threading.loopingcall [None req-4884b37a-a1ad-4f60-a5b9-e0d4229d4d22 None None] Dynamic interval looping call 'nova.service.Service.periodic_tasks' sleeping for 60.00 seconds {{(pid=98697) _run_loop /opt/stack/data/venv/lib/python3.12/site-packages/oslo_service/backend/_threading/loopingcall.py:125}}
Jun 24 00:26:17.706133 np0000003500 nova-conductor[98695]: DEBUG oslo.service.backend._threading.loopingcall [None req-b4e2a08f-0fca-4058-8b01-933bcf5efd11 None None] Dynamic interval looping call 'nova.service.Service.periodic_tasks' sleeping for 60.00 seconds {{(pid=98695) _run_loop /opt/stack/data/venv/lib/python3.12/site-packages/oslo_service/backend/_threading/loopingcall.py:125}}
Jun 24 00:26:27.709269 np0000003500 nova-conductor[98693]: DEBUG oslo.service.backend._threading.loopingcall [None req-c80452cd-6715-41b2-8dc9-d6867c3e35c8 None None] Dynamic interval looping call 'nova.service.Service.periodic_tasks' sleeping for 60.00 seconds {{(pid=98693) _run_loop /opt/stack/data/venv/lib/python3.12/site-packages/oslo_service/backend/_threading/loopingcall.py:125}}
Jun 24 00:26:31.724154 np0000003500 nova-conductor[98710]: DEBUG oslo.service.backend._threading.loopingcall [None req-5bd83528-4fef-4f9a-9572-490eb7795944 None None] Dynamic interval looping call 'nova.service.Service.periodic_tasks' sleeping for 60.00 seconds {{(pid=98710) _run_loop /opt/stack/data/venv/lib/python3.12/site-packages/oslo_service/backend/_threading/loopingcall.py:125}}
Jun 24 00:26:38.717814 np0000003500 nova-conductor[98695]: DEBUG oslo.service.backend._threading.loopingcall [-] Fixed interval looping call 'nova.servicegroup.drivers.db.DbDriver._report_state' sleeping for 119.99 seconds {{(pid=98695) _run_loop /opt/stack/data/venv/lib/python3.12/site-packages/oslo_service/backend/_threading/loopingcall.py:125}}
Jun 24 00:26:38.718481 np0000003500 nova-conductor[98693]: DEBUG oslo.service.backend._threading.loopingcall [-] Fixed interval looping call 'nova.servicegroup.drivers.db.DbDriver._report_state' sleeping for 119.99 seconds {{(pid=98693) _run_loop /opt/stack/data/venv/lib/python3.12/site-packages/oslo_service/backend/_threading/loopingcall.py:125}}
Jun 24 00:26:38.719180 np0000003500 nova-conductor[98697]: DEBUG oslo.service.backend._threading.loopingcall [-] Fixed interval looping call 'nova.servicegroup.drivers.db.DbDriver._report_state' sleeping for 119.99 seconds {{(pid=98697) _run_loop /opt/stack/data/venv/lib/python3.12/site-packages/oslo_service/backend/_threading/loopingcall.py:125}}
Jun 24 00:26:38.730018 np0000003500 nova-conductor[98710]: DEBUG oslo.service.backend._threading.loopingcall [-] Fixed interval looping call 'nova.servicegroup.drivers.db.DbDriver._report_state' sleeping for 120.00 seconds {{(pid=98710) _run_loop /opt/stack/data/venv/lib/python3.12/site-packages/oslo_service/backend/_threading/loopingcall.py:125}}
Jun 24 00:26:47.710076 np0000003500 nova-conductor[98697]: DEBUG oslo.service.backend._threading.loopingcall [None req-4884b37a-a1ad-4f60-a5b9-e0d4229d4d22 None None] Dynamic interval looping call 'nova.service.Service.periodic_tasks' sleeping for 60.00 seconds {{(pid=98697) _run_loop /opt/stack/data/venv/lib/python3.12/site-packages/oslo_service/backend/_threading/loopingcall.py:125}}
Jun 24 00:26:48.713320 np0000003500 nova-conductor[98695]: DEBUG dbcounter [-] [98695] Writing DB stats nova_cell0:SELECT=1,nova_cell0:UPDATE=1 {{(pid=98695) stat_writer /opt/stack/data/venv/lib/python3.12/site-packages/dbcounter.py:115}}
Jun 24 00:26:48.714588 np0000003500 nova-conductor[98697]: DEBUG dbcounter [-] [98697] Writing DB stats nova_cell0:SELECT=1,nova_cell0:UPDATE=1 {{(pid=98697) stat_writer /opt/stack/data/venv/lib/python3.12/site-packages/dbcounter.py:115}}
Jun 24 00:26:48.715013 np0000003500 nova-conductor[98693]: DEBUG dbcounter [-] [98693] Writing DB stats nova_cell0:SELECT=1,nova_cell0:UPDATE=1 {{(pid=98693) stat_writer /opt/stack/data/venv/lib/python3.12/site-packages/dbcounter.py:115}}
Jun 24 00:26:48.728499 np0000003500 nova-conductor[98710]: DEBUG dbcounter [-] [98710] Writing DB stats nova_cell0:SELECT=1 {{(pid=98710) stat_writer /opt/stack/data/venv/lib/python3.12/site-packages/dbcounter.py:115}}
Jun 24 00:27:05.057268 np0000003500 nova-conductor[98695]: DEBUG oslo_db.sqlalchemy.engines [None req-d3f1bef2-a4f9-49be-87a5-72c400e6cd3b tempest-ServerBootFromVolumeStableRescueTest-1866225711 tempest-ServerBootFromVolumeStableRescueTest-1866225711-project-member] Parent process 97123 forked (98695) with an open database connection, which is being discarded and recreated. {{(pid=98695) checkout /opt/stack/data/venv/lib/python3.12/site-packages/oslo_db/sqlalchemy/engines.py:402}}
Jun 24 00:27:05.113090 np0000003500 nova-conductor[98695]: DEBUG dbcounter [-] [98695] Writer thread running {{(pid=98695) stat_writer /opt/stack/data/venv/lib/python3.12/site-packages/dbcounter.py:102}}
Jun 24 00:27:05.194167 np0000003500 nova-conductor[98693]: DEBUG dbcounter [-] [98693] Writer thread running {{(pid=98693) stat_writer /opt/stack/data/venv/lib/python3.12/site-packages/dbcounter.py:102}}
Jun 24 00:27:05.313651 np0000003500 nova-conductor[98697]: DEBUG dbcounter [-] [98697] Writer thread running {{(pid=98697) stat_writer /opt/stack/data/venv/lib/python3.12/site-packages/dbcounter.py:102}}
Jun 24 00:27:06.156017 np0000003500 nova-conductor[98695]: DEBUG nova.conductor.manager [None req-d3f1bef2-a4f9-49be-87a5-72c400e6cd3b tempest-ServerBootFromVolumeStableRescueTest-1866225711 tempest-ServerBootFromVolumeStableRescueTest-1866225711-project-member] Took 1.04 seconds to select destinations for 1 instance(s). {{(pid=98695) _schedule_instances /opt/stack/nova/nova/conductor/manager.py:968}}
Jun 24 00:27:06.182478 np0000003500 nova-conductor[98695]: DEBUG oslo_concurrency.lockutils [None req-d3f1bef2-a4f9-49be-87a5-72c400e6cd3b tempest-ServerBootFromVolumeStableRescueTest-1866225711 tempest-ServerBootFromVolumeStableRescueTest-1866225711-project-member] Acquiring lock "38818dfd-a965-4588-be91-777960bc4696" by "nova.context.set_target_cell..get_or_set_cached_cell_and_set_connections" {{(pid=98695) inner /opt/stack/data/venv/lib/python3.12/site-packages/oslo_concurrency/lockutils.py:511}}
Jun 24 00:27:06.182699 np0000003500 nova-conductor[98695]: DEBUG oslo_concurrency.lockutils [None req-d3f1bef2-a4f9-49be-87a5-72c400e6cd3b tempest-ServerBootFromVolumeStableRescueTest-1866225711 tempest-ServerBootFromVolumeStableRescueTest-1866225711-project-member] Lock "38818dfd-a965-4588-be91-777960bc4696" acquired by "nova.context.set_target_cell..get_or_set_cached_cell_and_set_connections" :: waited 0.000s {{(pid=98695) inner /opt/stack/data/venv/lib/python3.12/site-packages/oslo_concurrency/lockutils.py:524}}
Jun 24 00:27:06.184175 np0000003500 nova-conductor[98695]: DEBUG oslo_concurrency.lockutils [None req-d3f1bef2-a4f9-49be-87a5-72c400e6cd3b tempest-ServerBootFromVolumeStableRescueTest-1866225711 tempest-ServerBootFromVolumeStableRescueTest-1866225711-project-member] Lock "38818dfd-a965-4588-be91-777960bc4696" "released" by "nova.context.set_target_cell..get_or_set_cached_cell_and_set_connections" :: held 0.001s {{(pid=98695) inner /opt/stack/data/venv/lib/python3.12/site-packages/oslo_concurrency/lockutils.py:543}}
Jun 24 00:27:06.185803 np0000003500 nova-conductor[98695]: INFO dbcounter [None req-d3f1bef2-a4f9-49be-87a5-72c400e6cd3b tempest-ServerBootFromVolumeStableRescueTest-1866225711 tempest-ServerBootFromVolumeStableRescueTest-1866225711-project-member] Registered counter for database nova_cell1
Jun 24 00:27:06.225355 np0000003500 nova-conductor[98695]: DEBUG oslo_db.sqlalchemy.engines [None req-d3f1bef2-a4f9-49be-87a5-72c400e6cd3b tempest-ServerBootFromVolumeStableRescueTest-1866225711 tempest-ServerBootFromVolumeStableRescueTest-1866225711-project-member] MySQL server mode set to STRICT_TRANS_TABLES,STRICT_ALL_TABLES,NO_ZERO_IN_DATE,NO_ZERO_DATE,ERROR_FOR_DIVISION_BY_ZERO,TRADITIONAL,NO_ENGINE_SUBSTITUTION {{(pid=98695) _check_effective_sql_mode /opt/stack/data/venv/lib/python3.12/site-packages/oslo_db/sqlalchemy/engines.py:325}}
Jun 24 00:27:06.231429 np0000003500 nova-conductor[98695]: DEBUG dbcounter [-] [98695] Writer thread running {{(pid=98695) stat_writer /opt/stack/data/venv/lib/python3.12/site-packages/dbcounter.py:102}}
Jun 24 00:27:06.249009 np0000003500 nova-conductor[98693]: DEBUG nova.conductor.manager [None req-0499e103-5336-4546-9ac1-7ca1af12fa2d tempest-ServerActionsTestOtherA-604199765 tempest-ServerActionsTestOtherA-604199765-project-member] Took 1.05 seconds to select destinations for 1 instance(s). {{(pid=98693) _schedule_instances /opt/stack/nova/nova/conductor/manager.py:968}}
Jun 24 00:27:06.278097 np0000003500 nova-conductor[98693]: DEBUG oslo_concurrency.lockutils [None req-0499e103-5336-4546-9ac1-7ca1af12fa2d tempest-ServerActionsTestOtherA-604199765 tempest-ServerActionsTestOtherA-604199765-project-member] Acquiring lock "38818dfd-a965-4588-be91-777960bc4696" by "nova.context.set_target_cell..get_or_set_cached_cell_and_set_connections" {{(pid=98693) inner /opt/stack/data/venv/lib/python3.12/site-packages/oslo_concurrency/lockutils.py:511}}
Jun 24 00:27:06.278316 np0000003500 nova-conductor[98693]: DEBUG oslo_concurrency.lockutils [None req-0499e103-5336-4546-9ac1-7ca1af12fa2d tempest-ServerActionsTestOtherA-604199765 tempest-ServerActionsTestOtherA-604199765-project-member] Lock "38818dfd-a965-4588-be91-777960bc4696" acquired by "nova.context.set_target_cell..get_or_set_cached_cell_and_set_connections" :: waited 0.000s {{(pid=98693) inner /opt/stack/data/venv/lib/python3.12/site-packages/oslo_concurrency/lockutils.py:524}}
Jun 24 00:27:06.279799 np0000003500 nova-conductor[98693]: DEBUG oslo_concurrency.lockutils [None req-0499e103-5336-4546-9ac1-7ca1af12fa2d tempest-ServerActionsTestOtherA-604199765 tempest-ServerActionsTestOtherA-604199765-project-member] Lock "38818dfd-a965-4588-be91-777960bc4696" "released" by "nova.context.set_target_cell..get_or_set_cached_cell_and_set_connections" :: held 0.001s {{(pid=98693) inner /opt/stack/data/venv/lib/python3.12/site-packages/oslo_concurrency/lockutils.py:543}}
Jun 24 00:27:06.281702 np0000003500 nova-conductor[98693]: INFO dbcounter [None req-0499e103-5336-4546-9ac1-7ca1af12fa2d tempest-ServerActionsTestOtherA-604199765 tempest-ServerActionsTestOtherA-604199765-project-member] Registered counter for database nova_cell1
Jun 24 00:27:06.301482 np0000003500 nova-conductor[98695]: INFO nova.utils [None req-d3f1bef2-a4f9-49be-87a5-72c400e6cd3b tempest-ServerBootFromVolumeStableRescueTest-1866225711 tempest-ServerBootFromVolumeStableRescueTest-1866225711-project-member] The cell worker thread pool ForkProcess-2.cell_worker is initialized
Jun 24 00:27:06.301638 np0000003500 nova-conductor[98695]: DEBUG oslo_concurrency.lockutils [None req-d3f1bef2-a4f9-49be-87a5-72c400e6cd3b tempest-ServerBootFromVolumeStableRescueTest-1866225711 tempest-ServerBootFromVolumeStableRescueTest-1866225711-project-member] Acquiring lock "00000000-0000-0000-0000-000000000000" by "nova.context.set_target_cell..get_or_set_cached_cell_and_set_connections" {{(pid=98695) inner /opt/stack/data/venv/lib/python3.12/site-packages/oslo_concurrency/lockutils.py:511}}
Jun 24 00:27:06.301845 np0000003500 nova-conductor[98695]: DEBUG oslo_concurrency.lockutils [None req-d3f1bef2-a4f9-49be-87a5-72c400e6cd3b tempest-ServerBootFromVolumeStableRescueTest-1866225711 tempest-ServerBootFromVolumeStableRescueTest-1866225711-project-member] Lock "00000000-0000-0000-0000-000000000000" acquired by "nova.context.set_target_cell..get_or_set_cached_cell_and_set_connections" :: waited 0.000s {{(pid=98695) inner /opt/stack/data/venv/lib/python3.12/site-packages/oslo_concurrency/lockutils.py:524}}
Jun 24 00:27:06.302202 np0000003500 nova-conductor[98695]: DEBUG oslo_concurrency.lockutils [None req-d3f1bef2-a4f9-49be-87a5-72c400e6cd3b tempest-ServerBootFromVolumeStableRescueTest-1866225711 tempest-ServerBootFromVolumeStableRescueTest-1866225711-project-member] Lock "00000000-0000-0000-0000-000000000000" "released" by "nova.context.set_target_cell..get_or_set_cached_cell_and_set_connections" :: held 0.000s {{(pid=98695) inner /opt/stack/data/venv/lib/python3.12/site-packages/oslo_concurrency/lockutils.py:543}}
Jun 24 00:27:06.302796 np0000003500 nova-conductor[98695]: DEBUG oslo_concurrency.lockutils [None req-d3f1bef2-a4f9-49be-87a5-72c400e6cd3b tempest-ServerBootFromVolumeStableRescueTest-1866225711 tempest-ServerBootFromVolumeStableRescueTest-1866225711-project-member] Acquiring lock "38818dfd-a965-4588-be91-777960bc4696" by "nova.context.set_target_cell..get_or_set_cached_cell_and_set_connections" {{(pid=98695) inner /opt/stack/data/venv/lib/python3.12/site-packages/oslo_concurrency/lockutils.py:511}}
Jun 24 00:27:06.302932 np0000003500 nova-conductor[98695]: DEBUG oslo_concurrency.lockutils [None req-d3f1bef2-a4f9-49be-87a5-72c400e6cd3b tempest-ServerBootFromVolumeStableRescueTest-1866225711 tempest-ServerBootFromVolumeStableRescueTest-1866225711-project-member] Lock "38818dfd-a965-4588-be91-777960bc4696" acquired by "nova.context.set_target_cell..get_or_set_cached_cell_and_set_connections" :: waited 0.000s {{(pid=98695) inner /opt/stack/data/venv/lib/python3.12/site-packages/oslo_concurrency/lockutils.py:524}}
Jun 24 00:27:06.303039 np0000003500 nova-conductor[98695]: DEBUG oslo_concurrency.lockutils [None req-d3f1bef2-a4f9-49be-87a5-72c400e6cd3b tempest-ServerBootFromVolumeStableRescueTest-1866225711 tempest-ServerBootFromVolumeStableRescueTest-1866225711-project-member] Lock "38818dfd-a965-4588-be91-777960bc4696" "released" by "nova.context.set_target_cell..get_or_set_cached_cell_and_set_connections" :: held 0.000s {{(pid=98695) inner /opt/stack/data/venv/lib/python3.12/site-packages/oslo_concurrency/lockutils.py:543}}
Jun 24 00:27:06.304465 np0000003500 nova-conductor[98695]: INFO dbcounter [None req-d3f1bef2-a4f9-49be-87a5-72c400e6cd3b tempest-ServerBootFromVolumeStableRescueTest-1866225711 tempest-ServerBootFromVolumeStableRescueTest-1866225711-project-member] Registered counter for database nova_cell0
Jun 24 00:27:06.314995 np0000003500 nova-conductor[98693]: DEBUG oslo_db.sqlalchemy.engines [None req-0499e103-5336-4546-9ac1-7ca1af12fa2d tempest-ServerActionsTestOtherA-604199765 tempest-ServerActionsTestOtherA-604199765-project-member] MySQL server mode set to STRICT_TRANS_TABLES,STRICT_ALL_TABLES,NO_ZERO_IN_DATE,NO_ZERO_DATE,ERROR_FOR_DIVISION_BY_ZERO,TRADITIONAL,NO_ENGINE_SUBSTITUTION {{(pid=98693) _check_effective_sql_mode /opt/stack/data/venv/lib/python3.12/site-packages/oslo_db/sqlalchemy/engines.py:325}}
Jun 24 00:27:06.320881 np0000003500 nova-conductor[98693]: DEBUG dbcounter [-] [98693] Writer thread running {{(pid=98693) stat_writer /opt/stack/data/venv/lib/python3.12/site-packages/dbcounter.py:102}}
Jun 24 00:27:06.351968 np0000003500 nova-conductor[98695]: DEBUG oslo_db.sqlalchemy.engines [None req-d3f1bef2-a4f9-49be-87a5-72c400e6cd3b tempest-ServerBootFromVolumeStableRescueTest-1866225711 tempest-ServerBootFromVolumeStableRescueTest-1866225711-project-member] MySQL server mode set to STRICT_TRANS_TABLES,STRICT_ALL_TABLES,NO_ZERO_IN_DATE,NO_ZERO_DATE,ERROR_FOR_DIVISION_BY_ZERO,TRADITIONAL,NO_ENGINE_SUBSTITUTION {{(pid=98695) _check_effective_sql_mode /opt/stack/data/venv/lib/python3.12/site-packages/oslo_db/sqlalchemy/engines.py:325}}
Jun 24 00:27:06.356495 np0000003500 nova-conductor[98697]: DEBUG nova.conductor.manager [None req-a3237b96-3f7a-4d67-87c4-c2db5ad578ad tempest-AttachVolumeNegativeTest-1148889890 tempest-AttachVolumeNegativeTest-1148889890-project-member] Took 1.04 seconds to select destinations for 1 instance(s). {{(pid=98697) _schedule_instances /opt/stack/nova/nova/conductor/manager.py:968}}
Jun 24 00:27:06.359016 np0000003500 nova-conductor[98695]: DEBUG dbcounter [-] [98695] Writer thread running {{(pid=98695) stat_writer /opt/stack/data/venv/lib/python3.12/site-packages/dbcounter.py:102}}
Jun 24 00:27:06.369505 np0000003500 nova-conductor[98695]: DEBUG nova.quota [None req-d3f1bef2-a4f9-49be-87a5-72c400e6cd3b tempest-ServerBootFromVolumeStableRescueTest-1866225711 tempest-ServerBootFromVolumeStableRescueTest-1866225711-project-member] Getting quotas for project c9402f2e47ba4026bfc6a527c90b690d. Resources: {'ram', 'instances', 'cores'} {{(pid=98695) _get_quotas /opt/stack/nova/nova/quota.py:392}}
Jun 24 00:27:06.370720 np0000003500 nova-conductor[98693]: INFO nova.utils [None req-0499e103-5336-4546-9ac1-7ca1af12fa2d tempest-ServerActionsTestOtherA-604199765 tempest-ServerActionsTestOtherA-604199765-project-member] The cell worker thread pool ForkProcess-1.cell_worker is initialized
Jun 24 00:27:06.371454 np0000003500 nova-conductor[98693]: DEBUG oslo_concurrency.lockutils [None req-0499e103-5336-4546-9ac1-7ca1af12fa2d tempest-ServerActionsTestOtherA-604199765 tempest-ServerActionsTestOtherA-604199765-project-member] Acquiring lock "00000000-0000-0000-0000-000000000000" by "nova.context.set_target_cell..get_or_set_cached_cell_and_set_connections" {{(pid=98693) inner /opt/stack/data/venv/lib/python3.12/site-packages/oslo_concurrency/lockutils.py:511}}
Jun 24 00:27:06.371454 np0000003500 nova-conductor[98693]: DEBUG oslo_concurrency.lockutils [None req-0499e103-5336-4546-9ac1-7ca1af12fa2d tempest-ServerActionsTestOtherA-604199765 tempest-ServerActionsTestOtherA-604199765-project-member] Lock "00000000-0000-0000-0000-000000000000" acquired by "nova.context.set_target_cell..get_or_set_cached_cell_and_set_connections" :: waited 0.000s {{(pid=98693) inner /opt/stack/data/venv/lib/python3.12/site-packages/oslo_concurrency/lockutils.py:524}}
Jun 24 00:27:06.371643 np0000003500 nova-conductor[98693]: DEBUG oslo_concurrency.lockutils [None req-0499e103-5336-4546-9ac1-7ca1af12fa2d tempest-ServerActionsTestOtherA-604199765 tempest-ServerActionsTestOtherA-604199765-project-member] Lock "00000000-0000-0000-0000-000000000000" "released" by "nova.context.set_target_cell..get_or_set_cached_cell_and_set_connections" :: held 0.000s {{(pid=98693) inner /opt/stack/data/venv/lib/python3.12/site-packages/oslo_concurrency/lockutils.py:543}}
Jun 24 00:27:06.372212 np0000003500 nova-conductor[98693]: DEBUG oslo_concurrency.lockutils [None req-0499e103-5336-4546-9ac1-7ca1af12fa2d tempest-ServerActionsTestOtherA-604199765 tempest-ServerActionsTestOtherA-604199765-project-member] Acquiring lock "38818dfd-a965-4588-be91-777960bc4696" by "nova.context.set_target_cell..get_or_set_cached_cell_and_set_connections" {{(pid=98693) inner /opt/stack/data/venv/lib/python3.12/site-packages/oslo_concurrency/lockutils.py:511}}
