Jun 24 00:24:03.499058 np0000003500 devstack@neutron-api.service[90377]: INFO neutron.api.extensions [None req-64ab6a81-b252-4c24-a833-6279bc2d989c None None] Extension ip_allocation not supported by any of loaded plugins
Jun 24 00:24:03.499188 np0000003500 devstack@neutron-api.service[90379]: DEBUG neutron_lib.callbacks.manager [None req-8018583c-bda4-4868-ab15-bdfb4025b997 None None] Subscribe: > router precommit_create 55550000, False {{(pid=90379) subscribe /opt/stack/data/venv/lib/python3.12/site-packages/neutron_lib/callbacks/manager.py:52}}
Jun 24 00:24:03.499331 np0000003500 devstack@neutron-api.service[90377]: DEBUG neutron.api.extensions [None req-64ab6a81-b252-4c24-a833-6279bc2d989c None None] Loading extension file: ip_substring_port_filtering.py {{(pid=90377) _load_all_extensions_from_path /opt/stack/neutron/neutron/api/extensions.py:449}}
Jun 24 00:24:03.499454 np0000003500 devstack@neutron-api.service[90379]: DEBUG neutron_lib.callbacks.manager [None req-8018583c-bda4-4868-ab15-bdfb4025b997 None None] Subscribe: > router precommit_create 55550000, False {{(pid=90379) subscribe /opt/stack/data/venv/lib/python3.12/site-packages/neutron_lib/callbacks/manager.py:52}}
Jun 24 00:24:03.499454 np0000003500 devstack@neutron-api.service[90379]: DEBUG neutron_lib.callbacks.manager [None req-8018583c-bda4-4868-ab15-bdfb4025b997 None None] Subscribe: > router precommit_update 55550000, False {{(pid=90379) subscribe /opt/stack/data/venv/lib/python3.12/site-packages/neutron_lib/callbacks/manager.py:52}}
Jun 24 00:24:03.499454 np0000003500 devstack@neutron-api.service[90379]: DEBUG neutron_lib.callbacks.manager [None req-8018583c-bda4-4868-ab15-bdfb4025b997 None None] Subscribe: subnet after_update 55550000, False {{(pid=90379) subscribe /opt/stack/data/venv/lib/python3.12/site-packages/neutron_lib/callbacks/manager.py:52}}
Jun 24 00:24:03.499701 np0000003500 devstack@neutron-api.service[90377]: DEBUG neutron.api.extensions [None req-64ab6a81-b252-4c24-a833-6279bc2d989c None None] Ext name="IP address substring filtering" alias="ip-substring-filtering" description="Provides IP address substring filtering when listing ports" updated="2017-11-28T09:00:00-00:00" {{(pid=90377) _check_extension /opt/stack/neutron/neutron/api/extensions.py:415}}
Jun 24 00:24:03.499701 np0000003500 devstack@neutron-api.service[90377]: INFO neutron.api.extensions [None req-64ab6a81-b252-4c24-a833-6279bc2d989c None None] Extension ip-substring-filtering not supported by any of loaded plugins
Jun 24 00:24:03.499840 np0000003500 devstack@neutron-api.service[90379]: DEBUG neutron.quota.resource_registry [None req-8018583c-bda4-4868-ab15-bdfb4025b997 None None] Tracking information for resource: router configured {{(pid=90379) set_tracked_resource /opt/stack/neutron/neutron/quota/resource_registry.py:203}}
Jun 24 00:24:03.499983 np0000003500 devstack@neutron-api.service[90377]: DEBUG neutron.api.extensions [None req-64ab6a81-b252-4c24-a833-6279bc2d989c None None] Loading extension file: l2_adjacency.py {{(pid=90377) _load_all_extensions_from_path /opt/stack/neutron/neutron/api/extensions.py:449}}
Jun 24 00:24:03.500076 np0000003500 devstack@neutron-api.service[90379]: DEBUG neutron.quota.resource_registry [None req-8018583c-bda4-4868-ab15-bdfb4025b997 None None] Tracking information for resource: floatingip configured {{(pid=90379) set_tracked_resource /opt/stack/neutron/neutron/quota/resource_registry.py:203}}
Jun 24 00:24:03.500076 np0000003500 devstack@neutron-api.service[90379]: INFO neutron.services.ovn_l3.plugin [None req-8018583c-bda4-4868-ab15-bdfb4025b997 None None] Starting OVNL3RouterPlugin
Jun 24 00:24:03.500178 np0000003500 devstack@neutron-api.service[90377]: DEBUG neutron.api.extensions [None req-64ab6a81-b252-4c24-a833-6279bc2d989c None None] Ext name="L2 Adjacency" alias="l2_adjacency" description="Display L2 Adjacency for Neutron Networks." updated="2016-04-12T16:00:00-00:00" {{(pid=90377) _check_extension /opt/stack/neutron/neutron/api/extensions.py:415}}
Jun 24 00:24:03.500289 np0000003500 devstack@neutron-api.service[90379]: DEBUG neutron_lib.callbacks.manager [None req-8018583c-bda4-4868-ab15-bdfb4025b997 None None] Subscribe: > port_forwarding_plugin after_init 55550000, False {{(pid=90379) subscribe /opt/stack/data/venv/lib/python3.12/site-packages/neutron_lib/callbacks/manager.py:52}}
Jun 24 00:24:03.500362 np0000003500 devstack@neutron-api.service[90377]: INFO neutron.api.extensions [None req-64ab6a81-b252-4c24-a833-6279bc2d989c None None] Extension l2_adjacency not supported by any of loaded plugins
Jun 24 00:24:03.500362 np0000003500 devstack@neutron-api.service[90377]: DEBUG neutron.api.extensions [None req-64ab6a81-b252-4c24-a833-6279bc2d989c None None] Loading extension file: l3.py {{(pid=90377) _load_all_extensions_from_path /opt/stack/neutron/neutron/api/extensions.py:449}}
Jun 24 00:24:03.500471 np0000003500 devstack@neutron-api.service[90379]: DEBUG neutron_lib.callbacks.manager [None req-8018583c-bda4-4868-ab15-bdfb4025b997 None None] Subscribe: > router before_create 55550100, False {{(pid=90379) subscribe /opt/stack/data/venv/lib/python3.12/site-packages/neutron_lib/callbacks/manager.py:52}}
Jun 24 00:24:03.500471 np0000003500 devstack@neutron-api.service[90379]: DEBUG neutron_lib.callbacks.manager [None req-8018583c-bda4-4868-ab15-bdfb4025b997 None None] Subscribe: > router precommit_delete 55550100, False {{(pid=90379) subscribe /opt/stack/data/venv/lib/python3.12/site-packages/neutron_lib/callbacks/manager.py:52}}
Jun 24 00:24:03.500471 np0000003500 devstack@neutron-api.service[90379]: DEBUG neutron_lib.callbacks.manager [None req-8018583c-bda4-4868-ab15-bdfb4025b997 None None] Subscribe: > router precommit_create 55550100, False {{(pid=90379) subscribe /opt/stack/data/venv/lib/python3.12/site-packages/neutron_lib/callbacks/manager.py:52}}
Jun 24 00:24:03.500471 np0000003500 devstack@neutron-api.service[90379]: DEBUG neutron_lib.callbacks.manager [None req-8018583c-bda4-4868-ab15-bdfb4025b997 None None] Subscribe: > router precommit_update 55550100, False {{(pid=90379) subscribe /opt/stack/data/venv/lib/python3.12/site-packages/neutron_lib/callbacks/manager.py:52}}
Jun 24 00:24:03.500636 np0000003500 devstack@neutron-api.service[90377]: DEBUG neutron.api.extensions [None req-64ab6a81-b252-4c24-a833-6279bc2d989c None None] Ext name="Neutron L3 Router" alias="router" description="Router abstraction for basic L3 forwarding between L2 Neutron networks and access to external networks via a NAT gateway." updated="2012-07-20T10:00:00-00:00" {{(pid=90377) _check_extension /opt/stack/neutron/neutron/api/extensions.py:415}}
Jun 24 00:24:03.500825 np0000003500 devstack@neutron-api.service[90376]: DEBUG neutron.api.extensions [None req-3cf8edeb-299f-4ae0-b9bb-19fef016cbe0 None None] Ext name="security-group" alias="security-group" description="The security groups extension." updated="2012-10-05T10:00:00-00:00" {{(pid=90376) _check_extension /opt/stack/neutron/neutron/api/extensions.py:415}}
Jun 24 00:24:03.500970 np0000003500 devstack@neutron-api.service[90377]: INFO neutron.api.extensions [None req-64ab6a81-b252-4c24-a833-6279bc2d989c None None] Loaded extension: router
Jun 24 00:24:03.500970 np0000003500 devstack@neutron-api.service[90377]: DEBUG neutron.api.extensions [None req-64ab6a81-b252-4c24-a833-6279bc2d989c None None] Loading extension file: l3_agent_scheduler_ha_chassis_priority.py {{(pid=90377) _load_all_extensions_from_path /opt/stack/neutron/neutron/api/extensions.py:449}}
Jun 24 00:24:03.501106 np0000003500 devstack@neutron-api.service[90376]: INFO neutron.api.extensions [None req-3cf8edeb-299f-4ae0-b9bb-19fef016cbe0 None None] Loaded extension: security-group
Jun 24 00:24:03.501106 np0000003500 devstack@neutron-api.service[90376]: DEBUG neutron.api.extensions [None req-3cf8edeb-299f-4ae0-b9bb-19fef016cbe0 None None] Loading extension file: segment.py {{(pid=90376) _load_all_extensions_from_path /opt/stack/neutron/neutron/api/extensions.py:449}}
Jun 24 00:24:03.501237 np0000003500 devstack@neutron-api.service[90377]: DEBUG neutron.api.extensions [None req-64ab6a81-b252-4c24-a833-6279bc2d989c None None] Ext name="L3 Agent Scheduler HA Chassis Priority" alias="l3-agent-scheduler-ha-chassis-priority" description="Exposes the HA_Chassis priority in the L3 Agent Scheduler API responses and allows setting priority when scheduling a router to a chassis." updated="2026-03-31T00:00:00-00:00" {{(pid=90377) _check_extension /opt/stack/neutron/neutron/api/extensions.py:415}}
Jun 24 00:24:03.501237 np0000003500 devstack@neutron-api.service[90377]: INFO neutron.api.extensions [None req-64ab6a81-b252-4c24-a833-6279bc2d989c None None] Loaded extension: l3-agent-scheduler-ha-chassis-priority
Jun 24 00:24:03.501338 np0000003500 devstack@neutron-api.service[90376]: DEBUG neutron.api.extensions [None req-3cf8edeb-299f-4ae0-b9bb-19fef016cbe0 None None] Ext name="Segment" alias="segment" description="Segments extension." updated="2016-02-24T17:00:00-00:00" {{(pid=90376) _check_extension /opt/stack/neutron/neutron/api/extensions.py:415}}
Jun 24 00:24:03.501411 np0000003500 devstack@neutron-api.service[90377]: DEBUG neutron.api.extensions [None req-64ab6a81-b252-4c24-a833-6279bc2d989c None None] Loading extension file: l3_conntrack_helper.py {{(pid=90377) _load_all_extensions_from_path /opt/stack/neutron/neutron/api/extensions.py:449}}
Jun 24 00:24:03.501517 np0000003500 devstack@neutron-api.service[90376]: INFO neutron.api.extensions [None req-3cf8edeb-299f-4ae0-b9bb-19fef016cbe0 None None] Extension segment not supported by any of loaded plugins
Jun 24 00:24:03.501517 np0000003500 devstack@neutron-api.service[90376]: DEBUG neutron.api.extensions [None req-3cf8edeb-299f-4ae0-b9bb-19fef016cbe0 None None] Loading extension file: segments_peer_subnet_host_routes.py {{(pid=90376) _load_all_extensions_from_path /opt/stack/neutron/neutron/api/extensions.py:449}}
Jun 24 00:24:03.501517 np0000003500 devstack@neutron-api.service[90376]: DEBUG neutron.api.extensions [None req-3cf8edeb-299f-4ae0-b9bb-19fef016cbe0 None None] Ext name="Segments peer-subnet host routes" alias="segments-peer-subnet-host-routes" description="Add host routes to subnets on a routed network (segments)" updated="2018-06-12T10:00:00-00:00" {{(pid=90376) _check_extension /opt/stack/neutron/neutron/api/extensions.py:415}}
Jun 24 00:24:03.501517 np0000003500 devstack@neutron-api.service[90376]: INFO neutron.api.extensions [None req-3cf8edeb-299f-4ae0-b9bb-19fef016cbe0 None None] Extension segments-peer-subnet-host-routes not supported by any of loaded plugins
Jun 24 00:24:03.501517 np0000003500 devstack@neutron-api.service[90376]: DEBUG neutron.api.extensions [None req-3cf8edeb-299f-4ae0-b9bb-19fef016cbe0 None None] Loading extension file: servicetype.py {{(pid=90376) _load_all_extensions_from_path /opt/stack/neutron/neutron/api/extensions.py:449}}
Jun 24 00:24:03.501747 np0000003500 devstack@neutron-api.service[90377]: DEBUG neutron.api.extensions [None req-64ab6a81-b252-4c24-a833-6279bc2d989c None None] Ext name="L3 Conntrack helper" alias="l3-conntrack-helper" description="Allow adding CT target rules for conntrack helper" updated="2019-04-04T10:00:00-00:00" {{(pid=90377) _check_extension /opt/stack/neutron/neutron/api/extensions.py:415}}
Jun 24 00:24:03.501747 np0000003500 devstack@neutron-api.service[90377]: INFO neutron.api.extensions [None req-64ab6a81-b252-4c24-a833-6279bc2d989c None None] Extension l3-conntrack-helper not supported by any of loaded plugins
Jun 24 00:24:03.501877 np0000003500 devstack@neutron-api.service[90376]: DEBUG neutron.api.extensions [None req-3cf8edeb-299f-4ae0-b9bb-19fef016cbe0 None None] Ext name="Neutron Service Type Management" alias="service-type" description="API for retrieving service providers for Neutron advanced services" updated="2013-01-20T00:00:00-00:00" {{(pid=90376) _check_extension /opt/stack/neutron/neutron/api/extensions.py:415}}
Jun 24 00:24:03.501965 np0000003500 devstack@neutron-api.service[90377]: DEBUG neutron.api.extensions [None req-64ab6a81-b252-4c24-a833-6279bc2d989c None None] Loading extension file: l3_enable_default_route_bfd.py {{(pid=90377) _load_all_extensions_from_path /opt/stack/neutron/neutron/api/extensions.py:449}}
Jun 24 00:24:03.502131 np0000003500 devstack@neutron-api.service[90376]: INFO neutron.api.extensions [None req-3cf8edeb-299f-4ae0-b9bb-19fef016cbe0 None None] Loaded extension: service-type
Jun 24 00:24:03.502131 np0000003500 devstack@neutron-api.service[90376]: DEBUG neutron.api.extensions [None req-3cf8edeb-299f-4ae0-b9bb-19fef016cbe0 None None] Loading extension file: sorting.py {{(pid=90376) _load_all_extensions_from_path /opt/stack/neutron/neutron/api/extensions.py:449}}
Jun 24 00:24:03.502278 np0000003500 devstack@neutron-api.service[90377]: DEBUG neutron.api.extensions [None req-64ab6a81-b252-4c24-a833-6279bc2d989c None None] Ext name="Enable Default Route BFD" alias="enable-default-route-bfd" description="Enables configurable BFD behavior for default routes" updated="2023-02-27T00:00:00-00:00" {{(pid=90377) _check_extension /opt/stack/neutron/neutron/api/extensions.py:415}}
Jun 24 00:24:03.502393 np0000003500 devstack@neutron-api.service[90376]: DEBUG neutron.api.extensions [None req-3cf8edeb-299f-4ae0-b9bb-19fef016cbe0 None None] Ext name="Sorting support" alias="sorting" description="Extension that indicates that sorting is enabled." updated="2016-06-12T00:00:00-00:00" {{(pid=90376) _check_extension /opt/stack/neutron/neutron/api/extensions.py:415}}
Jun 24 00:24:03.502470 np0000003500 devstack@neutron-api.service[90377]: INFO neutron.api.extensions [None req-64ab6a81-b252-4c24-a833-6279bc2d989c None None] Loaded extension: enable-default-route-bfd
Jun 24 00:24:03.502579 np0000003500 devstack@neutron-api.service[90376]: INFO neutron.api.extensions [None req-3cf8edeb-299f-4ae0-b9bb-19fef016cbe0 None None] Loaded extension: sorting
Jun 24 00:24:03.502681 np0000003500 devstack@neutron-api.service[90377]: DEBUG neutron.api.extensions [None req-64ab6a81-b252-4c24-a833-6279bc2d989c None None] Loading extension file: l3_enable_default_route_ecmp.py {{(pid=90377) _load_all_extensions_from_path /opt/stack/neutron/neutron/api/extensions.py:449}}
Jun 24 00:24:03.502789 np0000003500 devstack@neutron-api.service[90376]: DEBUG neutron.api.extensions [None req-3cf8edeb-299f-4ae0-b9bb-19fef016cbe0 None None] Loading extension file: standard_attr_segment.py {{(pid=90376) _load_all_extensions_from_path /opt/stack/neutron/neutron/api/extensions.py:449}}
Jun 24 00:24:03.502868 np0000003500 devstack@neutron-api.service[90377]: DEBUG neutron.api.extensions [None req-64ab6a81-b252-4c24-a833-6279bc2d989c None None] Ext name="Enable Default Route ECMP" alias="enable-default-route-ecmp" description="Enables configurable ECMP behavior for default routes" updated="2023-02-27T00:00:00-00:00" {{(pid=90377) _check_extension /opt/stack/neutron/neutron/api/extensions.py:415}}
Jun 24 00:24:03.502956 np0000003500 devstack@neutron-api.service[90376]: DEBUG neutron.api.extensions [None req-3cf8edeb-299f-4ae0-b9bb-19fef016cbe0 None None] Ext name="Standard Attribute Segment Extension" alias="standard-attr-segment" description="Add standard attributes to Segment resource" updated="2018-04-09T10:00:00-00:00" {{(pid=90376) _check_extension /opt/stack/neutron/neutron/api/extensions.py:415}}
Jun 24 00:24:03.503047 np0000003500 devstack@neutron-api.service[90377]: INFO neutron.api.extensions [None req-64ab6a81-b252-4c24-a833-6279bc2d989c None None] Loaded extension: enable-default-route-ecmp
Jun 24 00:24:03.503147 np0000003500 devstack@neutron-api.service[90376]: INFO neutron.api.extensions [None req-3cf8edeb-299f-4ae0-b9bb-19fef016cbe0 None None] Extension standard-attr-segment not supported by any of loaded plugins
Jun 24 00:24:03.503236 np0000003500 devstack@neutron-api.service[90377]: DEBUG neutron.api.extensions [None req-64ab6a81-b252-4c24-a833-6279bc2d989c None None] Loading extension file: l3_ext_gw_mode.py {{(pid=90377) _load_all_extensions_from_path /opt/stack/neutron/neutron/api/extensions.py:449}}
Jun 24 00:24:03.503376 np0000003500 devstack@neutron-api.service[90376]: DEBUG neutron.api.extensions [None req-3cf8edeb-299f-4ae0-b9bb-19fef016cbe0 None None] Loading extension file: standardattrdescription.py {{(pid=90376) _load_all_extensions_from_path /opt/stack/neutron/neutron/api/extensions.py:449}}
Jun 24 00:24:03.503520 np0000003500 devstack@neutron-api.service[90377]: DEBUG neutron.api.extensions [None req-64ab6a81-b252-4c24-a833-6279bc2d989c None None] Ext name="Neutron L3 Configurable external gateway mode" alias="ext-gw-mode" description="Extension of the router abstraction for specifying whether SNAT should occur on the external gateway" updated="2013-03-28T10:00:00-00:00" {{(pid=90377) _check_extension /opt/stack/neutron/neutron/api/extensions.py:415}}
Jun 24 00:24:03.503772 np0000003500 devstack@neutron-api.service[90376]: DEBUG neutron.api.extensions [None req-3cf8edeb-299f-4ae0-b9bb-19fef016cbe0 None None] Ext name="standard-attr-description" alias="standard-attr-description" description="Extension to add descriptions to standard attributes" updated="2016-02-10T10:00:00-00:00" {{(pid=90376) _check_extension /opt/stack/neutron/neutron/api/extensions.py:415}}
Jun 24 00:24:03.503930 np0000003500 devstack@neutron-api.service[90377]: INFO neutron.api.extensions [None req-64ab6a81-b252-4c24-a833-6279bc2d989c None None] Loaded extension: ext-gw-mode
Jun 24 00:24:03.503930 np0000003500 devstack@neutron-api.service[90377]: DEBUG neutron.api.extensions [None req-64ab6a81-b252-4c24-a833-6279bc2d989c None None] Loading extension file: l3_ext_ha_mode.py {{(pid=90377) _load_all_extensions_from_path /opt/stack/neutron/neutron/api/extensions.py:449}}
Jun 24 00:24:03.504070 np0000003500 devstack@neutron-api.service[90376]: INFO neutron.api.extensions [None req-3cf8edeb-299f-4ae0-b9bb-19fef016cbe0 None None] Loaded extension: standard-attr-description
Jun 24 00:24:03.504156 np0000003500 devstack@neutron-api.service[90379]: DEBUG neutron.services.provider_configuration [None req-8018583c-bda4-4868-ab15-bdfb4025b997 None None] Service providers = [] {{(pid=90379) parse_service_provider_opt /opt/stack/neutron/neutron/services/provider_configuration.py:170}}
Jun 24 00:24:03.504242 np0000003500 devstack@neutron-api.service[90376]: DEBUG neutron.api.extensions [None req-3cf8edeb-299f-4ae0-b9bb-19fef016cbe0 None None] Loading extension file: stateful_security_group.py {{(pid=90376) _load_all_extensions_from_path /opt/stack/neutron/neutron/api/extensions.py:449}}
Jun 24 00:24:03.504336 np0000003500 devstack@neutron-api.service[90377]: DEBUG neutron.api.extensions [None req-64ab6a81-b252-4c24-a833-6279bc2d989c None None] Ext name="HA Router extension" alias="l3-ha" description="Adds HA capability to routers." updated="2014-04-26T00:00:00-00:00" {{(pid=90377) _check_extension /opt/stack/neutron/neutron/api/extensions.py:415}}
Jun 24 00:24:03.504441 np0000003500 devstack@neutron-api.service[90379]: DEBUG neutron.db.servicetype_db [None req-8018583c-bda4-4868-ab15-bdfb4025b997 None None] Adding provider configuration for service L3_ROUTER_NAT {{(pid=90379) add_provider_configuration /opt/stack/neutron/neutron/db/servicetype_db.py:45}}
Jun 24 00:24:03.504576 np0000003500 devstack@neutron-api.service[90377]: INFO neutron.api.extensions [None req-64ab6a81-b252-4c24-a833-6279bc2d989c None None] Loaded extension: l3-ha
Jun 24 00:24:03.504741 np0000003500 devstack@neutron-api.service[90376]: DEBUG neutron.api.extensions [None req-3cf8edeb-299f-4ae0-b9bb-19fef016cbe0 None None] Ext name="Stateful security group" alias="stateful-security-group" description="Indicates if the security group is stateful or not" updated="2019-11-26T09:00:00-00:00" {{(pid=90376) _check_extension /opt/stack/neutron/neutron/api/extensions.py:415}}
Jun 24 00:24:03.504855 np0000003500 devstack@neutron-api.service[90377]: DEBUG neutron.api.extensions [None req-64ab6a81-b252-4c24-a833-6279bc2d989c None None] Loading extension file: l3_ext_ndp_proxy.py {{(pid=90377) _load_all_extensions_from_path /opt/stack/neutron/neutron/api/extensions.py:449}}
Jun 24 00:24:03.504949 np0000003500 devstack@neutron-api.service[90376]: INFO neutron.api.extensions [None req-3cf8edeb-299f-4ae0-b9bb-19fef016cbe0 None None] Loaded extension: stateful-security-group
Jun 24 00:24:03.505039 np0000003500 devstack@neutron-api.service[90377]: DEBUG neutron.api.extensions [None req-64ab6a81-b252-4c24-a833-6279bc2d989c None None] Ext name="Router support to enable NDP proxy" alias="l3-ext-ndp-proxy" description="Router extension to enable ndp proxy" updated="2020-08-25T00:00:00-00:00" {{(pid=90377) _check_extension /opt/stack/neutron/neutron/api/extensions.py:415}}
Jun 24 00:24:03.505149 np0000003500 devstack@neutron-api.service[90376]: DEBUG neutron.api.extensions [None req-3cf8edeb-299f-4ae0-b9bb-19fef016cbe0 None None] Loading extension file: stdattrs_common.py {{(pid=90376) _load_all_extensions_from_path /opt/stack/neutron/neutron/api/extensions.py:449}}
Jun 24 00:24:03.505237 np0000003500 devstack@neutron-api.service[90377]: INFO neutron.api.extensions [None req-64ab6a81-b252-4c24-a833-6279bc2d989c None None] Extension l3-ext-ndp-proxy not supported by any of loaded plugins
Jun 24 00:24:03.505237 np0000003500 devstack@neutron-api.service[90377]: DEBUG neutron.api.extensions [None req-64ab6a81-b252-4c24-a833-6279bc2d989c None None] Loading extension file: l3_extra_gws.py {{(pid=90377) _load_all_extensions_from_path /opt/stack/neutron/neutron/api/extensions.py:449}}
Jun 24 00:24:03.505337 np0000003500 devstack@neutron-api.service[90376]: WARNING neutron.api.extensions [None req-3cf8edeb-299f-4ae0-b9bb-19fef016cbe0 None None] Did not find expected name "Stdattrs_common" in /opt/stack/neutron/neutron/extensions/stdattrs_common.py
Jun 24 00:24:03.505337 np0000003500 devstack@neutron-api.service[90376]: DEBUG neutron.api.extensions [None req-3cf8edeb-299f-4ae0-b9bb-19fef016cbe0 None None] Loading extension file: subnet_dns_publish_fixed_ip.py {{(pid=90376) _load_all_extensions_from_path /opt/stack/neutron/neutron/api/extensions.py:449}}
Jun 24 00:24:03.505442 np0000003500 devstack@neutron-api.service[90377]: DEBUG neutron.api.extensions [None req-64ab6a81-b252-4c24-a833-6279bc2d989c None None] Ext name="Neutron L3 External Gateway Multihoming" alias="external-gateway-multihoming" description="Allow multiple external gateway ports per router" updated="2023-01-18T00:00:00-00:00" {{(pid=90377) _check_extension /opt/stack/neutron/neutron/api/extensions.py:415}}
Jun 24 00:24:03.505442 np0000003500 devstack@neutron-api.service[90377]: INFO neutron.api.extensions [None req-64ab6a81-b252-4c24-a833-6279bc2d989c None None] Loaded extension: external-gateway-multihoming
Jun 24 00:24:03.505591 np0000003500 devstack@neutron-api.service[90376]: DEBUG neutron.api.extensions [None req-3cf8edeb-299f-4ae0-b9bb-19fef016cbe0 None None] Ext name="Subnet DNS publish fixed IP" alias="subnet-dns-publish-fixed-ip" description="Support choosing to publish DNS records for IPs from a subnet" updated="2019-05-24T10:00:00-00:00" {{(pid=90376) _check_extension /opt/stack/neutron/neutron/api/extensions.py:415}}
Jun 24 00:24:03.505672 np0000003500 devstack@neutron-api.service[90377]: DEBUG neutron.api.extensions [None req-64ab6a81-b252-4c24-a833-6279bc2d989c None None] Loading extension file: l3_flavors.py {{(pid=90377) _load_all_extensions_from_path /opt/stack/neutron/neutron/api/extensions.py:449}}
Jun 24 00:24:03.505788 np0000003500 devstack@neutron-api.service[90376]: INFO neutron.api.extensions [None req-3cf8edeb-299f-4ae0-b9bb-19fef016cbe0 None None] Loaded extension: subnet-dns-publish-fixed-ip
Jun 24 00:24:03.505788 np0000003500 devstack@neutron-api.service[90376]: DEBUG neutron.api.extensions [None req-3cf8edeb-299f-4ae0-b9bb-19fef016cbe0 None None] Loading extension file: subnet_external_network.py {{(pid=90376) _load_all_extensions_from_path /opt/stack/neutron/neutron/api/extensions.py:449}}
Jun 24 00:24:03.505895 np0000003500 devstack@neutron-api.service[90377]: DEBUG neutron.api.extensions [None req-64ab6a81-b252-4c24-a833-6279bc2d989c None None] Ext name="Router Flavor Extension" alias="l3-flavors" description="Flavor support for routers." updated="2016-05-17T00:00:00-00:00" {{(pid=90377) _check_extension /opt/stack/neutron/neutron/api/extensions.py:415}}
Jun 24 00:24:03.505987 np0000003500 devstack@neutron-api.service[90376]: DEBUG neutron.api.extensions [None req-3cf8edeb-299f-4ae0-b9bb-19fef016cbe0 None None] Ext name="Subnet belongs to an external network" alias="subnet-external-network" description="Informs if the subnet belongs to an external network" updated="2024-02-05T18:00:00-00:00" {{(pid=90376) _check_extension /opt/stack/neutron/neutron/api/extensions.py:415}}
Jun 24 00:24:03.506073 np0000003500 devstack@neutron-api.service[90377]: INFO neutron.api.extensions [None req-64ab6a81-b252-4c24-a833-6279bc2d989c None None] Loaded extension: l3-flavors
Jun 24 00:24:03.506073 np0000003500 devstack@neutron-api.service[90377]: DEBUG neutron.api.extensions [None req-64ab6a81-b252-4c24-a833-6279bc2d989c None None] Loading extension file: l3_ndp_proxy.py {{(pid=90377) _load_all_extensions_from_path /opt/stack/neutron/neutron/api/extensions.py:449}}
Jun 24 00:24:03.506256 np0000003500 devstack@neutron-api.service[90376]: INFO neutron.api.extensions [None req-3cf8edeb-299f-4ae0-b9bb-19fef016cbe0 None None] Loaded extension: subnet-external-network
Jun 24 00:24:03.506256 np0000003500 devstack@neutron-api.service[90376]: DEBUG neutron.api.extensions [None req-3cf8edeb-299f-4ae0-b9bb-19fef016cbe0 None None] Loading extension file: subnet_onboard.py {{(pid=90376) _load_all_extensions_from_path /opt/stack/neutron/neutron/api/extensions.py:449}}
Jun 24 00:24:03.506352 np0000003500 devstack@neutron-api.service[90379]: DEBUG neutron_lib.callbacks.manager [None req-8018583c-bda4-4868-ab15-bdfb4025b997 None None] Subscribe: > router precommit_create 55549900, False {{(pid=90379) subscribe /opt/stack/data/venv/lib/python3.12/site-packages/neutron_lib/callbacks/manager.py:52}}
Jun 24 00:24:03.506505 np0000003500 devstack@neutron-api.service[90377]: DEBUG neutron.api.extensions [None req-64ab6a81-b252-4c24-a833-6279bc2d989c None None] Ext name="name" alias="l3-ndp-proxy" description="description" updated="2021-06-29T10:00:00-00:00" {{(pid=90377) _check_extension /opt/stack/neutron/neutron/api/extensions.py:415}}
Jun 24 00:24:03.506655 np0000003500 devstack@neutron-api.service[90379]: DEBUG neutron_lib.callbacks.manager [None req-8018583c-bda4-4868-ab15-bdfb4025b997 None None] Subscribe: > router_interface after_create 55550000, False {{(pid=90379) subscribe /opt/stack/data/venv/lib/python3.12/site-packages/neutron_lib/callbacks/manager.py:52}}
Jun 24 00:24:03.506818 np0000003500 devstack@neutron-api.service[90376]: DEBUG neutron.api.extensions [None req-3cf8edeb-299f-4ae0-b9bb-19fef016cbe0 None None] Ext name="Subnet Onboard" alias="subnet_onboard" description="Provides support for onboarding subnets into subnet pools" updated="2018-12-18T09:00:00-00:00" {{(pid=90376) _check_extension /opt/stack/neutron/neutron/api/extensions.py:415}}
Jun 24 00:24:03.506912 np0000003500 devstack@neutron-api.service[90377]: INFO neutron.api.extensions [None req-64ab6a81-b252-4c24-a833-6279bc2d989c None None] Extension l3-ndp-proxy not supported by any of loaded plugins
Jun 24 00:24:03.507134 np0000003500 devstack@neutron-api.service[90379]: DEBUG neutron_lib.callbacks.manager [None req-8018583c-bda4-4868-ab15-bdfb4025b997 None None] Subscribe: > floatingip after_create 55550000, False {{(pid=90379) subscribe /opt/stack/data/venv/lib/python3.12/site-packages/neutron_lib/callbacks/manager.py:52}}
Jun 24 00:24:03.507238 np0000003500 devstack@neutron-api.service[90377]: DEBUG neutron.api.extensions [None req-64ab6a81-b252-4c24-a833-6279bc2d989c None None] Loading extension file: l3_port_ip_change_not_allowed.py {{(pid=90377) _load_all_extensions_from_path /opt/stack/neutron/neutron/api/extensions.py:449}}
Jun 24 00:24:03.507330 np0000003500 devstack@neutron-api.service[90376]: INFO neutron.api.extensions [None req-3cf8edeb-299f-4ae0-b9bb-19fef016cbe0 None None] Loaded extension: subnet_onboard
Jun 24 00:24:03.507415 np0000003500 devstack@neutron-api.service[90379]: DEBUG neutron_lib.callbacks.manager [None req-8018583c-bda4-4868-ab15-bdfb4025b997 None None] Subscribe: > floatingip precommit_create 55550000, False {{(pid=90379) subscribe /opt/stack/data/venv/lib/python3.12/site-packages/neutron_lib/callbacks/manager.py:52}}
Jun 24 00:24:03.507530 np0000003500 devstack@neutron-api.service[90376]: DEBUG neutron.api.extensions [None req-3cf8edeb-299f-4ae0-b9bb-19fef016cbe0 None None] Loading extension file: subnet_segmentid_writable.py {{(pid=90376) _load_all_extensions_from_path /opt/stack/neutron/neutron/api/extensions.py:449}}
Jun 24 00:24:03.507609 np0000003500 devstack@neutron-api.service[90379]: DEBUG neutron_lib.callbacks.manager [None req-8018583c-bda4-4868-ab15-bdfb4025b997 None None] Subscribe: > floatingip precommit_update 55550000, False {{(pid=90379) subscribe /opt/stack/data/venv/lib/python3.12/site-packages/neutron_lib/callbacks/manager.py:52}}
Jun 24 00:24:03.507698 np0000003500 devstack@neutron-api.service[90377]: DEBUG neutron.api.extensions [None req-64ab6a81-b252-4c24-a833-6279bc2d989c None None] Ext name="Prevent L3 router ports IP address change extension" alias="l3-port-ip-change-not-allowed" description="Prevent change of IP address for some L3 router ports" updated="2018-10-09T10:00:00-00:00" {{(pid=90377) _check_extension /opt/stack/neutron/neutron/api/extensions.py:415}}
Jun 24 00:24:03.507817 np0000003500 devstack@neutron-api.service[90379]: DEBUG neutron_lib.callbacks.manager [None req-8018583c-bda4-4868-ab15-bdfb4025b997 None None] Subscribe: > floatingip after_delete 55550000, False {{(pid=90379) subscribe /opt/stack/data/venv/lib/python3.12/site-packages/neutron_lib/callbacks/manager.py:52}}
Jun 24 00:24:03.507904 np0000003500 devstack@neutron-api.service[90377]: INFO neutron.api.extensions [None req-64ab6a81-b252-4c24-a833-6279bc2d989c None None] Extension l3-port-ip-change-not-allowed not supported by any of loaded plugins
Jun 24 00:24:03.508186 np0000003500 devstack@neutron-api.service[90379]: DEBUG neutron_lib.callbacks.manager [None req-8018583c-bda4-4868-ab15-bdfb4025b997 None None] Subscribe: > floatingip after_status_update 55550000, False {{(pid=90379) subscribe /opt/stack/data/venv/lib/python3.12/site-packages/neutron_lib/callbacks/manager.py:52}}
Jun 24 00:24:03.508326 np0000003500 devstack@neutron-api.service[90376]: DEBUG neutron.api.extensions [None req-3cf8edeb-299f-4ae0-b9bb-19fef016cbe0 None None] Ext name="Subnet SegmentID (writable)" alias="subnet-segmentid-writable" description="Provides a writable segment_id attribute for a subnet resource." updated="2018-03-12T00:00:00-00:00" {{(pid=90376) _check_extension /opt/stack/neutron/neutron/api/extensions.py:415}}
Jun 24 00:24:03.508434 np0000003500 devstack@neutron-api.service[90377]: DEBUG neutron.api.extensions [None req-64ab6a81-b252-4c24-a833-6279bc2d989c None None] Loading extension file: l3agentscheduler.py {{(pid=90377) _load_all_extensions_from_path /opt/stack/neutron/neutron/api/extensions.py:449}}
Jun 24 00:24:03.508604 np0000003500 devstack@neutron-api.service[90379]: DEBUG neutron_lib.callbacks.manager [None req-8018583c-bda4-4868-ab15-bdfb4025b997 None None] Subscribe: > floatingip after_update 55550000, False {{(pid=90379) subscribe /opt/stack/data/venv/lib/python3.12/site-packages/neutron_lib/callbacks/manager.py:52}}
Jun 24 00:24:03.508604 np0000003500 devstack@neutron-api.service[90379]: DEBUG neutron_lib.callbacks.manager [None req-8018583c-bda4-4868-ab15-bdfb4025b997 None None] Subscribe: > port_forwarding after_create 55550000, False {{(pid=90379) subscribe /opt/stack/data/venv/lib/python3.12/site-packages/neutron_lib/callbacks/manager.py:52}}
Jun 24 00:24:03.508833 np0000003500 devstack@neutron-api.service[90376]: INFO neutron.api.extensions [None req-3cf8edeb-299f-4ae0-b9bb-19fef016cbe0 None None] Extension subnet-segmentid-writable not supported by any of loaded plugins
Jun 24 00:24:03.508914 np0000003500 devstack@neutron-api.service[90379]: DEBUG neutron_lib.callbacks.manager [None req-8018583c-bda4-4868-ab15-bdfb4025b997 None None] Subscribe: > router_interface after_delete 55550000, False {{(pid=90379) subscribe /opt/stack/data/venv/lib/python3.12/site-packages/neutron_lib/callbacks/manager.py:52}}
Jun 24 00:24:03.509169 np0000003500 devstack@neutron-api.service[90376]: DEBUG neutron.api.extensions [None req-3cf8edeb-299f-4ae0-b9bb-19fef016cbe0 None None] Loading extension file: subnet_service_types.py {{(pid=90376) _load_all_extensions_from_path /opt/stack/neutron/neutron/api/extensions.py:449}}
Jun 24 00:24:03.509298 np0000003500 devstack@neutron-api.service[90379]: DEBUG neutron_lib.callbacks.manager [None req-8018583c-bda4-4868-ab15-bdfb4025b997 None None] Subscribe: > router after_create 55550000, False {{(pid=90379) subscribe /opt/stack/data/venv/lib/python3.12/site-packages/neutron_lib/callbacks/manager.py:52}}
Jun 24 00:24:03.509381 np0000003500 devstack@neutron-api.service[90376]: DEBUG neutron.api.extensions [None req-3cf8edeb-299f-4ae0-b9bb-19fef016cbe0 None None] Ext name="Subnet service types" alias="subnet-service-types" description="Provides ability to set the subnet service_types field" updated="2016-03-15T18:00:00-00:00" {{(pid=90376) _check_extension /opt/stack/neutron/neutron/api/extensions.py:415}}
Jun 24 00:24:03.509457 np0000003500 devstack@neutron-api.service[90379]: DEBUG neutron_lib.callbacks.manager [None req-8018583c-bda4-4868-ab15-bdfb4025b997 None None] Subscribe: > router precommit_create 55550000, False {{(pid=90379) subscribe /opt/stack/data/venv/lib/python3.12/site-packages/neutron_lib/callbacks/manager.py:52}}
Jun 24 00:24:03.509549 np0000003500 devstack@neutron-api.service[90377]: DEBUG neutron.api.extensions [None req-64ab6a81-b252-4c24-a833-6279bc2d989c None None] Ext name="L3 Agent Scheduler" alias="l3_agent_scheduler" description="Schedule routers among l3 agents" updated="2013-02-07T10:00:00-00:00" {{(pid=90377) _check_extension /opt/stack/neutron/neutron/api/extensions.py:415}}
Jun 24 00:24:03.509736 np0000003500 devstack@neutron-api.service[90376]: INFO neutron.api.extensions [None req-3cf8edeb-299f-4ae0-b9bb-19fef016cbe0 None None] Loaded extension: subnet-service-types
Jun 24 00:24:03.509931 np0000003500 devstack@neutron-api.service[90379]: DEBUG neutron_lib.callbacks.manager [None req-8018583c-bda4-4868-ab15-bdfb4025b997 None None] Subscribe: > router after_delete 55550000, False {{(pid=90379) subscribe /opt/stack/data/venv/lib/python3.12/site-packages/neutron_lib/callbacks/manager.py:52}}
Jun 24 00:24:03.510112 np0000003500 devstack@neutron-api.service[90376]: DEBUG neutron.api.extensions [None req-3cf8edeb-299f-4ae0-b9bb-19fef016cbe0 None None] Loading extension file: subnetallocation.py {{(pid=90376) _load_all_extensions_from_path /opt/stack/neutron/neutron/api/extensions.py:449}}
Jun 24 00:24:03.510428 np0000003500 devstack@neutron-api.service[90377]: INFO neutron.api.extensions [None req-64ab6a81-b252-4c24-a833-6279bc2d989c None None] Loaded extension: l3_agent_scheduler
Jun 24 00:24:03.510591 np0000003500 devstack@neutron-api.service[90379]: DEBUG neutron_lib.callbacks.manager [None req-8018583c-bda4-4868-ab15-bdfb4025b997 None None] Subscribe: > router after_update 55550000, False {{(pid=90379) subscribe /opt/stack/data/venv/lib/python3.12/site-packages/neutron_lib/callbacks/manager.py:52}}
Jun 24 00:24:03.510732 np0000003500 devstack@neutron-api.service[90377]: DEBUG neutron.api.extensions [None req-64ab6a81-b252-4c24-a833-6279bc2d989c None None] Loading extension file: local_ip.py {{(pid=90377) _load_all_extensions_from_path /opt/stack/neutron/neutron/api/extensions.py:449}}
Jun 24 00:24:03.510868 np0000003500 devstack@neutron-api.service[90379]: DEBUG neutron.services.service_base [None req-8018583c-bda4-4868-ab15-bdfb4025b997 None None] Loaded 'neutron.services.ovn_l3.service_providers.ovn.OvnDriver' provider for service L3_ROUTER_NAT {{(pid=90379) load_drivers /opt/stack/neutron/neutron/services/service_base.py:49}}
Jun 24 00:24:03.510948 np0000003500 devstack@neutron-api.service[90376]: DEBUG neutron.api.extensions [None req-3cf8edeb-299f-4ae0-b9bb-19fef016cbe0 None None] Ext name="Subnet Allocation" alias="subnet_allocation" description="Enables allocation of subnets from a subnet pool" updated="2015-03-30T10:00:00-00:00" {{(pid=90376) _check_extension /opt/stack/neutron/neutron/api/extensions.py:415}}
Jun 24 00:24:03.511030 np0000003500 devstack@neutron-api.service[90379]: DEBUG neutron_lib.callbacks.manager [None req-8018583c-bda4-4868-ab15-bdfb4025b997 None None] Subscribe: > process after_init 55550001, True {{(pid=90379) subscribe /opt/stack/data/venv/lib/python3.12/site-packages/neutron_lib/callbacks/manager.py:52}}
Jun 24 00:24:03.511141 np0000003500 devstack@neutron-api.service[90377]: DEBUG neutron.api.extensions [None req-64ab6a81-b252-4c24-a833-6279bc2d989c None None] Ext name="Local IP" alias="local_ip" description="Support Node Local Virtual IP" updated="2021-07-26T10:00:00-00:00" {{(pid=90377) _check_extension /opt/stack/neutron/neutron/api/extensions.py:415}}
Jun 24 00:24:03.511277 np0000003500 devstack@neutron-api.service[90376]: INFO neutron.api.extensions [None req-3cf8edeb-299f-4ae0-b9bb-19fef016cbe0 None None] Loaded extension: subnet_allocation
Jun 24 00:24:03.511349 np0000003500 devstack@neutron-api.service[90379]: DEBUG neutron.manager [None req-8018583c-bda4-4868-ab15-bdfb4025b997 None None] Successfully loaded L3_ROUTER_NAT plugin. Description: L3 Router Service Plugin for basic L3 forwarding using OVN {{(pid=90379) _create_and_add_service_plugin /opt/stack/neutron/neutron/manager.py:236}}
Jun 24 00:24:03.511446 np0000003500 devstack@neutron-api.service[90376]: DEBUG neutron.api.extensions [None req-3cf8edeb-299f-4ae0-b9bb-19fef016cbe0 None None] Loading extension file: subnetpool_prefix_ops.py {{(pid=90376) _load_all_extensions_from_path /opt/stack/neutron/neutron/api/extensions.py:449}}
Jun 24 00:24:03.511574 np0000003500 devstack@neutron-api.service[90379]: INFO neutron.manager [None req-8018583c-bda4-4868-ab15-bdfb4025b997 None None] Loading Plugin: auto_allocate
Jun 24 00:24:03.511945 np0000003500 devstack@neutron-api.service[90377]: INFO neutron.api.extensions [None req-64ab6a81-b252-4c24-a833-6279bc2d989c None None] Extension local_ip not supported by any of loaded plugins
Jun 24 00:24:03.511945 np0000003500 devstack@neutron-api.service[90377]: DEBUG neutron.api.extensions [None req-64ab6a81-b252-4c24-a833-6279bc2d989c None None] Loading extension file: logging.py {{(pid=90377) _load_all_extensions_from_path /opt/stack/neutron/neutron/api/extensions.py:449}}
Jun 24 00:24:03.512110 np0000003500 devstack@neutron-api.service[90376]: DEBUG neutron.api.extensions [None req-3cf8edeb-299f-4ae0-b9bb-19fef016cbe0 None None] Ext name="Subnet Pool Prefix Operations" alias="subnetpool-prefix-ops" description="Provides support for adjusting the prefix list of subnet pools" updated="2019-02-08T10:00:00-00:00" {{(pid=90376) _check_extension /opt/stack/neutron/neutron/api/extensions.py:415}}
Jun 24 00:24:03.512332 np0000003500 devstack@neutron-api.service[90377]: DEBUG neutron.api.extensions [None req-64ab6a81-b252-4c24-a833-6279bc2d989c None None] Ext name="Logging API Extension" alias="logging" description="Provides a logging API for resources such as security group and firewall." updated="2017-01-01T10:00:00-00:00" {{(pid=90377) _check_extension /opt/stack/neutron/neutron/api/extensions.py:415}}
Jun 24 00:24:03.512456 np0000003500 devstack@neutron-api.service[90376]: INFO neutron.api.extensions [None req-3cf8edeb-299f-4ae0-b9bb-19fef016cbe0 None None] Loaded extension: subnetpool-prefix-ops
Jun 24 00:24:03.512456 np0000003500 devstack@neutron-api.service[90376]: DEBUG neutron.api.extensions [None req-3cf8edeb-299f-4ae0-b9bb-19fef016cbe0 None None] Loading extension file: tag_creation.py {{(pid=90376) _load_all_extensions_from_path /opt/stack/neutron/neutron/api/extensions.py:449}}
Jun 24 00:24:03.512564 np0000003500 devstack@neutron-api.service[90377]: INFO neutron.api.extensions [None req-64ab6a81-b252-4c24-a833-6279bc2d989c None None] Extension logging not supported by any of loaded plugins
Jun 24 00:24:03.512564 np0000003500 devstack@neutron-api.service[90377]: DEBUG neutron.api.extensions [None req-64ab6a81-b252-4c24-a833-6279bc2d989c None None] Loading extension file: metering.py {{(pid=90377) _load_all_extensions_from_path /opt/stack/neutron/neutron/api/extensions.py:449}}
Jun 24 00:24:03.512698 np0000003500 devstack@neutron-api.service[90376]: DEBUG neutron.api.extensions [None req-3cf8edeb-299f-4ae0-b9bb-19fef016cbe0 None None] Ext name="Tag creation extension" alias="tag-creation" description="Allow to create multiple tags for a resource" updated="2024-23-07T10:00:00-00:00" {{(pid=90376) _check_extension /opt/stack/neutron/neutron/api/extensions.py:415}}
Jun 24 00:24:03.512830 np0000003500 devstack@neutron-api.service[90377]: DEBUG neutron.api.extensions [None req-64ab6a81-b252-4c24-a833-6279bc2d989c None None] Ext name="Neutron Metering" alias="metering" description="Neutron Metering extension." updated="2013-06-12T10:00:00-00:00" {{(pid=90377) _check_extension /opt/stack/neutron/neutron/api/extensions.py:415}}
Jun 24 00:24:03.512946 np0000003500 devstack@neutron-api.service[90376]: INFO neutron.api.extensions [None req-3cf8edeb-299f-4ae0-b9bb-19fef016cbe0 None None] Loaded extension: tag-creation
Jun 24 00:24:03.512946 np0000003500 devstack@neutron-api.service[90376]: DEBUG neutron.api.extensions [None req-3cf8edeb-299f-4ae0-b9bb-19fef016cbe0 None None] Loading extension file: tag_ports_during_bulk_creation.py {{(pid=90376) _load_all_extensions_from_path /opt/stack/neutron/neutron/api/extensions.py:449}}
Jun 24 00:24:03.513095 np0000003500 devstack@neutron-api.service[90379]: DEBUG neutron_lib.callbacks.manager [None req-8018583c-bda4-4868-ab15-bdfb4025b997 None None] Subscribe: network precommit_update 55550000, False {{(pid=90379) subscribe /opt/stack/data/venv/lib/python3.12/site-packages/neutron_lib/callbacks/manager.py:52}}
Jun 24 00:24:03.513176 np0000003500 devstack@neutron-api.service[90377]: INFO neutron.api.extensions [None req-64ab6a81-b252-4c24-a833-6279bc2d989c None None] Extension metering not supported by any of loaded plugins
Jun 24 00:24:03.513176 np0000003500 devstack@neutron-api.service[90377]: DEBUG neutron.api.extensions [None req-64ab6a81-b252-4c24-a833-6279bc2d989c None None] Loading extension file: metering_source_and_destination_fields.py {{(pid=90377) _load_all_extensions_from_path /opt/stack/neutron/neutron/api/extensions.py:449}}
Jun 24 00:24:03.513320 np0000003500 devstack@neutron-api.service[90379]: DEBUG neutron_lib.callbacks.manager [None req-8018583c-bda4-4868-ab15-bdfb4025b997 None None] Subscribe: network precommit_create 55550000, False {{(pid=90379) subscribe /opt/stack/data/venv/lib/python3.12/site-packages/neutron_lib/callbacks/manager.py:52}}
Jun 24 00:24:03.513470 np0000003500 devstack@neutron-api.service[90376]: DEBUG neutron.api.extensions [None req-3cf8edeb-299f-4ae0-b9bb-19fef016cbe0 None None] Ext name="Tag Ports During Bulk Creation" alias="tag-ports-during-bulk-creation" description="Allow to tag ports during bulk creation" updated="2019-12-29T19:00:00-00:00" {{(pid=90376) _check_extension /opt/stack/neutron/neutron/api/extensions.py:415}}
Jun 24 00:24:03.513842 np0000003500 devstack@neutron-api.service[90379]: DEBUG neutron.manager [None req-8018583c-bda4-4868-ab15-bdfb4025b997 None None] Successfully loaded auto-allocated-topology plugin. Description: Auto Allocated Topology - aka get me a network. {{(pid=90379) _create_and_add_service_plugin /opt/stack/neutron/neutron/manager.py:236}}
Jun 24 00:24:03.514018 np0000003500 devstack@neutron-api.service[90377]: DEBUG neutron.api.extensions [None req-64ab6a81-b252-4c24-a833-6279bc2d989c None None] Ext name="Neutron Metering with source and destination filtering" alias="metering_source_and_destination_fields" description="Neutron Metering extension that enables the use of source and destination IP prefixes to create metering label rules." updated="2020-08-21T08:12:00-00:00" {{(pid=90377) _check_extension /opt/stack/neutron/neutron/api/extensions.py:415}}
Jun 24 00:24:03.514106 np0000003500 devstack@neutron-api.service[90376]: INFO neutron.api.extensions [None req-3cf8edeb-299f-4ae0-b9bb-19fef016cbe0 None None] Extension tag-ports-during-bulk-creation not supported by any of loaded plugins
Jun 24 00:24:03.514198 np0000003500 devstack@neutron-api.service[90379]: INFO neutron.manager [None req-8018583c-bda4-4868-ab15-bdfb4025b997 None None] Loading Plugin: tag
Jun 24 00:24:03.514325 np0000003500 devstack@neutron-api.service[90377]: INFO neutron.api.extensions [None req-64ab6a81-b252-4c24-a833-6279bc2d989c None None] Extension metering_source_and_destination_fields not supported by any of loaded plugins
Jun 24 00:24:03.514448 np0000003500 devstack@neutron-api.service[90376]: DEBUG neutron.api.extensions [None req-3cf8edeb-299f-4ae0-b9bb-19fef016cbe0 None None] Loading extension file: tagging.py {{(pid=90376) _load_all_extensions_from_path /opt/stack/neutron/neutron/api/extensions.py:449}}
Jun 24 00:24:03.514553 np0000003500 devstack@neutron-api.service[90377]: DEBUG neutron.api.extensions [None req-64ab6a81-b252-4c24-a833-6279bc2d989c None None] Loading extension file: multiprovidernet.py {{(pid=90377) _load_all_extensions_from_path /opt/stack/neutron/neutron/api/extensions.py:449}}
Jun 24 00:24:03.514553 np0000003500 devstack@neutron-api.service[90377]: DEBUG neutron.api.extensions [None req-64ab6a81-b252-4c24-a833-6279bc2d989c None None] Ext name="Multi Provider Network" alias="multi-provider" description="Expose mapping of virtual networks to multiple physical networks" updated="2013-06-27T10:00:00-00:00" {{(pid=90377) _check_extension /opt/stack/neutron/neutron/api/extensions.py:415}}
Jun 24 00:24:03.514553 np0000003500 devstack@neutron-api.service[90377]: INFO neutron.api.extensions [None req-64ab6a81-b252-4c24-a833-6279bc2d989c None None] Loaded extension: multi-provider
Jun 24 00:24:03.514553 np0000003500 devstack@neutron-api.service[90377]: DEBUG neutron.api.extensions [None req-64ab6a81-b252-4c24-a833-6279bc2d989c None None] Loading extension file: netmtu.py {{(pid=90377) _load_all_extensions_from_path /opt/stack/neutron/neutron/api/extensions.py:449}}
Jun 24 00:24:03.514553 np0000003500 devstack@neutron-api.service[90377]: DEBUG neutron.api.extensions [None req-64ab6a81-b252-4c24-a833-6279bc2d989c None None] Ext name="Network MTU" alias="net-mtu" description="Provides MTU attribute for a network resource." updated="2015-03-25T10:00:00-00:00" {{(pid=90377) _check_extension /opt/stack/neutron/neutron/api/extensions.py:415}}
Jun 24 00:24:03.514553 np0000003500 devstack@neutron-api.service[90377]: INFO neutron.api.extensions [None req-64ab6a81-b252-4c24-a833-6279bc2d989c None None] Loaded extension: net-mtu
Jun 24 00:24:03.514553 np0000003500 devstack@neutron-api.service[90377]: DEBUG neutron.api.extensions [None req-64ab6a81-b252-4c24-a833-6279bc2d989c None None] Loading extension file: netmtu_writable.py {{(pid=90377) _load_all_extensions_from_path /opt/stack/neutron/neutron/api/extensions.py:449}}
Jun 24 00:24:03.514791 np0000003500 devstack@neutron-api.service[90376]: DEBUG neutron.api.extensions [None req-3cf8edeb-299f-4ae0-b9bb-19fef016cbe0 None None] Ext name="Tag support for resources with standard attribute: port, subnet, subnetpool, network, security_group, router, floatingip, policy, trunk, network_segment_range" alias="standard-attr-tag" description="Enables to set tag on resources with standard attribute." updated="2017-01-01T00:00:00-00:00" {{(pid=90376) _check_extension /opt/stack/neutron/neutron/api/extensions.py:415}}
Jun 24 00:24:03.514950 np0000003500 devstack@neutron-api.service[90377]: DEBUG neutron.api.extensions [None req-64ab6a81-b252-4c24-a833-6279bc2d989c None None] Ext name="Network MTU (writable)" alias="net-mtu-writable" description="Provides a writable MTU attribute for a network resource." updated="2017-07-12T00:00:00-00:00" {{(pid=90377) _check_extension /opt/stack/neutron/neutron/api/extensions.py:415}}
Jun 24 00:24:03.515025 np0000003500 devstack@neutron-api.service[90376]: INFO neutron.api.extensions [None req-3cf8edeb-299f-4ae0-b9bb-19fef016cbe0 None None] Loaded extension: standard-attr-tag
Jun 24 00:24:03.515025 np0000003500 devstack@neutron-api.service[90376]: DEBUG neutron.api.extensions [None req-3cf8edeb-299f-4ae0-b9bb-19fef016cbe0 None None] Loading extension file: timestamp.py {{(pid=90376) _load_all_extensions_from_path /opt/stack/neutron/neutron/api/extensions.py:449}}
Jun 24 00:24:03.515143 np0000003500 devstack@neutron-api.service[90377]: INFO neutron.api.extensions [None req-64ab6a81-b252-4c24-a833-6279bc2d989c None None] Loaded extension: net-mtu-writable
Jun 24 00:24:03.515143 np0000003500 devstack@neutron-api.service[90377]: DEBUG neutron.api.extensions [None req-64ab6a81-b252-4c24-a833-6279bc2d989c None None] Loading extension file: network_availability_zone.py {{(pid=90377) _load_all_extensions_from_path /opt/stack/neutron/neutron/api/extensions.py:449}}
Jun 24 00:24:03.515263 np0000003500 devstack@neutron-api.service[90376]: DEBUG neutron.api.extensions [None req-3cf8edeb-299f-4ae0-b9bb-19fef016cbe0 None None] Ext name="Resource timestamps" alias="standard-attr-timestamp" description="Adds created_at and updated_at fields to all Neutron resources that have Neutron standard attributes." updated="2016-09-12T10:00:00-00:00" {{(pid=90376) _check_extension /opt/stack/neutron/neutron/api/extensions.py:415}}
