Jul 08 05:47:12.136038 np0000004784 nova-conductor[98811]: DEBUG cotyledon.oslo_config_glue [-] oslo_messaging_rabbit.processname = nova-conductor {{(pid=98811) log_opt_values /opt/stack/data/venv/lib/python3.12/site-packages/oslo_config/cfg.py:3253}}
Jul 08 05:47:12.136038 np0000004784 nova-conductor[98811]: DEBUG cotyledon.oslo_config_glue [-] oslo_messaging_rabbit.rabbit_ha_queues = False {{(pid=98811) log_opt_values /opt/stack/data/venv/lib/python3.12/site-packages/oslo_config/cfg.py:3253}}
Jul 08 05:47:12.136038 np0000004784 nova-conductor[98811]: DEBUG cotyledon.oslo_config_glue [-] oslo_messaging_rabbit.rabbit_interval_max = 30 {{(pid=98811) log_opt_values /opt/stack/data/venv/lib/python3.12/site-packages/oslo_config/cfg.py:3253}}
Jul 08 05:47:12.136279 np0000004784 nova-conductor[98811]: DEBUG cotyledon.oslo_config_glue [-] oslo_messaging_rabbit.rabbit_login_method = AMQPLAIN {{(pid=98811) log_opt_values /opt/stack/data/venv/lib/python3.12/site-packages/oslo_config/cfg.py:3253}}
Jul 08 05:47:12.136279 np0000004784 nova-conductor[98811]: DEBUG cotyledon.oslo_config_glue [-] oslo_messaging_rabbit.rabbit_qos_prefetch_count = 0 {{(pid=98811) log_opt_values /opt/stack/data/venv/lib/python3.12/site-packages/oslo_config/cfg.py:3253}}
Jul 08 05:47:12.136279 np0000004784 nova-conductor[98811]: DEBUG cotyledon.oslo_config_glue [-] oslo_messaging_rabbit.rabbit_quorum_delivery_limit = 0 {{(pid=98811) log_opt_values /opt/stack/data/venv/lib/python3.12/site-packages/oslo_config/cfg.py:3253}}
Jul 08 05:47:12.136279 np0000004784 nova-conductor[98811]: DEBUG cotyledon.oslo_config_glue [-] oslo_messaging_rabbit.rabbit_quorum_max_memory_bytes = 0 {{(pid=98811) log_opt_values /opt/stack/data/venv/lib/python3.12/site-packages/oslo_config/cfg.py:3253}}
Jul 08 05:47:12.136279 np0000004784 nova-conductor[98811]: DEBUG cotyledon.oslo_config_glue [-] oslo_messaging_rabbit.rabbit_quorum_max_memory_length = 0 {{(pid=98811) log_opt_values /opt/stack/data/venv/lib/python3.12/site-packages/oslo_config/cfg.py:3253}}
Jul 08 05:47:12.136279 np0000004784 nova-conductor[98811]: DEBUG cotyledon.oslo_config_glue [-] oslo_messaging_rabbit.rabbit_quorum_queue = False {{(pid=98811) log_opt_values /opt/stack/data/venv/lib/python3.12/site-packages/oslo_config/cfg.py:3253}}
Jul 08 05:47:12.136279 np0000004784 nova-conductor[98811]: DEBUG cotyledon.oslo_config_glue [-] oslo_messaging_rabbit.rabbit_retry_backoff = 2 {{(pid=98811) log_opt_values /opt/stack/data/venv/lib/python3.12/site-packages/oslo_config/cfg.py:3253}}
Jul 08 05:47:12.136279 np0000004784 nova-conductor[98811]: DEBUG cotyledon.oslo_config_glue [-] oslo_messaging_rabbit.rabbit_retry_interval = 1 {{(pid=98811) log_opt_values /opt/stack/data/venv/lib/python3.12/site-packages/oslo_config/cfg.py:3253}}
Jul 08 05:47:12.136279 np0000004784 nova-conductor[98811]: DEBUG cotyledon.oslo_config_glue [-] oslo_messaging_rabbit.rabbit_stream_fanout = False {{(pid=98811) log_opt_values /opt/stack/data/venv/lib/python3.12/site-packages/oslo_config/cfg.py:3253}}
Jul 08 05:47:12.136550 np0000004784 nova-conductor[98811]: DEBUG cotyledon.oslo_config_glue [-] oslo_messaging_rabbit.rabbit_transient_queues_ttl = 1800 {{(pid=98811) log_opt_values /opt/stack/data/venv/lib/python3.12/site-packages/oslo_config/cfg.py:3253}}
Jul 08 05:47:12.136550 np0000004784 nova-conductor[98811]: DEBUG cotyledon.oslo_config_glue [-] oslo_messaging_rabbit.rabbit_transient_quorum_queue = False {{(pid=98811) log_opt_values /opt/stack/data/venv/lib/python3.12/site-packages/oslo_config/cfg.py:3253}}
Jul 08 05:47:12.136550 np0000004784 nova-conductor[98811]: DEBUG cotyledon.oslo_config_glue [-] oslo_messaging_rabbit.rpc_conn_pool_size = 30 {{(pid=98811) log_opt_values /opt/stack/data/venv/lib/python3.12/site-packages/oslo_config/cfg.py:3253}}
Jul 08 05:47:12.136550 np0000004784 nova-conductor[98811]: DEBUG cotyledon.oslo_config_glue [-] oslo_messaging_rabbit.ssl = False {{(pid=98811) log_opt_values /opt/stack/data/venv/lib/python3.12/site-packages/oslo_config/cfg.py:3253}}
Jul 08 05:47:12.136550 np0000004784 nova-conductor[98811]: DEBUG cotyledon.oslo_config_glue [-] oslo_messaging_rabbit.ssl_ca_file = {{(pid=98811) log_opt_values /opt/stack/data/venv/lib/python3.12/site-packages/oslo_config/cfg.py:3253}}
Jul 08 05:47:12.136550 np0000004784 nova-conductor[98811]: DEBUG cotyledon.oslo_config_glue [-] oslo_messaging_rabbit.ssl_cert_file = {{(pid=98811) log_opt_values /opt/stack/data/venv/lib/python3.12/site-packages/oslo_config/cfg.py:3253}}
Jul 08 05:47:12.136550 np0000004784 nova-conductor[98811]: DEBUG cotyledon.oslo_config_glue [-] oslo_messaging_rabbit.ssl_enforce_fips_mode = False {{(pid=98811) log_opt_values /opt/stack/data/venv/lib/python3.12/site-packages/oslo_config/cfg.py:3253}}
Jul 08 05:47:12.136550 np0000004784 nova-conductor[98811]: DEBUG cotyledon.oslo_config_glue [-] oslo_messaging_rabbit.ssl_enforce_hostname_verification = True {{(pid=98811) log_opt_values /opt/stack/data/venv/lib/python3.12/site-packages/oslo_config/cfg.py:3253}}
Jul 08 05:47:12.136550 np0000004784 nova-conductor[98811]: DEBUG cotyledon.oslo_config_glue [-] oslo_messaging_rabbit.ssl_key_file = {{(pid=98811) log_opt_values /opt/stack/data/venv/lib/python3.12/site-packages/oslo_config/cfg.py:3253}}
Jul 08 05:47:12.137144 np0000004784 nova-conductor[98811]: DEBUG cotyledon.oslo_config_glue [-] oslo_messaging_rabbit.ssl_version = {{(pid=98811) log_opt_values /opt/stack/data/venv/lib/python3.12/site-packages/oslo_config/cfg.py:3253}}
Jul 08 05:47:12.137144 np0000004784 nova-conductor[98811]: DEBUG cotyledon.oslo_config_glue [-] oslo_messaging_rabbit.use_queue_manager = False {{(pid=98811) log_opt_values /opt/stack/data/venv/lib/python3.12/site-packages/oslo_config/cfg.py:3253}}
Jul 08 05:47:12.137144 np0000004784 nova-conductor[98811]: DEBUG cotyledon.oslo_config_glue [-] oslo_messaging_notifications.driver = [] {{(pid=98811) log_opt_values /opt/stack/data/venv/lib/python3.12/site-packages/oslo_config/cfg.py:3253}}
Jul 08 05:47:12.137144 np0000004784 nova-conductor[98811]: DEBUG cotyledon.oslo_config_glue [-] oslo_messaging_notifications.retry = -1 {{(pid=98811) log_opt_values /opt/stack/data/venv/lib/python3.12/site-packages/oslo_config/cfg.py:3253}}
Jul 08 05:47:12.137144 np0000004784 nova-conductor[98811]: DEBUG cotyledon.oslo_config_glue [-] oslo_messaging_notifications.topics = ['notifications'] {{(pid=98811) log_opt_values /opt/stack/data/venv/lib/python3.12/site-packages/oslo_config/cfg.py:3253}}
Jul 08 05:47:12.137144 np0000004784 nova-conductor[98811]: DEBUG cotyledon.oslo_config_glue [-] oslo_messaging_notifications.transport_url = **** {{(pid=98811) log_opt_values /opt/stack/data/venv/lib/python3.12/site-packages/oslo_config/cfg.py:3253}}
Jul 08 05:47:12.137144 np0000004784 nova-conductor[98811]: DEBUG cotyledon.oslo_config_glue [-] oslo_limit.auth_section = None {{(pid=98811) log_opt_values /opt/stack/data/venv/lib/python3.12/site-packages/oslo_config/cfg.py:3253}}
Jul 08 05:47:12.137144 np0000004784 nova-conductor[98811]: DEBUG cotyledon.oslo_config_glue [-] oslo_limit.auth_type = None {{(pid=98811) log_opt_values /opt/stack/data/venv/lib/python3.12/site-packages/oslo_config/cfg.py:3253}}
Jul 08 05:47:12.137144 np0000004784 nova-conductor[98811]: DEBUG cotyledon.oslo_config_glue [-] oslo_limit.cafile = None {{(pid=98811) log_opt_values /opt/stack/data/venv/lib/python3.12/site-packages/oslo_config/cfg.py:3253}}
Jul 08 05:47:12.137406 np0000004784 nova-conductor[98811]: DEBUG cotyledon.oslo_config_glue [-] oslo_limit.certfile = None {{(pid=98811) log_opt_values /opt/stack/data/venv/lib/python3.12/site-packages/oslo_config/cfg.py:3253}}
Jul 08 05:47:12.137406 np0000004784 nova-conductor[98811]: DEBUG cotyledon.oslo_config_glue [-] oslo_limit.collect_timing = False {{(pid=98811) log_opt_values /opt/stack/data/venv/lib/python3.12/site-packages/oslo_config/cfg.py:3253}}
Jul 08 05:47:12.137406 np0000004784 nova-conductor[98811]: DEBUG cotyledon.oslo_config_glue [-] oslo_limit.connect_retries = None {{(pid=98811) log_opt_values /opt/stack/data/venv/lib/python3.12/site-packages/oslo_config/cfg.py:3253}}
Jul 08 05:47:12.137406 np0000004784 nova-conductor[98811]: DEBUG cotyledon.oslo_config_glue [-] oslo_limit.connect_retry_delay = None {{(pid=98811) log_opt_values /opt/stack/data/venv/lib/python3.12/site-packages/oslo_config/cfg.py:3253}}
Jul 08 05:47:12.137406 np0000004784 nova-conductor[98811]: DEBUG cotyledon.oslo_config_glue [-] oslo_limit.endpoint_id = None {{(pid=98811) log_opt_values /opt/stack/data/venv/lib/python3.12/site-packages/oslo_config/cfg.py:3253}}
Jul 08 05:47:12.137406 np0000004784 nova-conductor[98811]: DEBUG cotyledon.oslo_config_glue [-] oslo_limit.endpoint_interface = public {{(pid=98811) log_opt_values /opt/stack/data/venv/lib/python3.12/site-packages/oslo_config/cfg.py:3253}}
Jul 08 05:47:12.137406 np0000004784 nova-conductor[98811]: DEBUG cotyledon.oslo_config_glue [-] oslo_limit.endpoint_override = None {{(pid=98811) log_opt_values /opt/stack/data/venv/lib/python3.12/site-packages/oslo_config/cfg.py:3253}}
Jul 08 05:47:12.137406 np0000004784 nova-conductor[98811]: DEBUG cotyledon.oslo_config_glue [-] oslo_limit.endpoint_region_name = None {{(pid=98811) log_opt_values /opt/stack/data/venv/lib/python3.12/site-packages/oslo_config/cfg.py:3253}}
Jul 08 05:47:12.137406 np0000004784 nova-conductor[98811]: DEBUG cotyledon.oslo_config_glue [-] oslo_limit.endpoint_service_name = None {{(pid=98811) log_opt_values /opt/stack/data/venv/lib/python3.12/site-packages/oslo_config/cfg.py:3253}}
Jul 08 05:47:12.137704 np0000004784 nova-conductor[98811]: DEBUG cotyledon.oslo_config_glue [-] oslo_limit.endpoint_service_type = None {{(pid=98811) log_opt_values /opt/stack/data/venv/lib/python3.12/site-packages/oslo_config/cfg.py:3253}}
Jul 08 05:47:12.137704 np0000004784 nova-conductor[98811]: DEBUG cotyledon.oslo_config_glue [-] oslo_limit.insecure = False {{(pid=98811) log_opt_values /opt/stack/data/venv/lib/python3.12/site-packages/oslo_config/cfg.py:3253}}
Jul 08 05:47:12.137704 np0000004784 nova-conductor[98811]: DEBUG cotyledon.oslo_config_glue [-] oslo_limit.keyfile = None {{(pid=98811) log_opt_values /opt/stack/data/venv/lib/python3.12/site-packages/oslo_config/cfg.py:3253}}
Jul 08 05:47:12.137704 np0000004784 nova-conductor[98811]: DEBUG cotyledon.oslo_config_glue [-] oslo_limit.max_version = None {{(pid=98811) log_opt_values /opt/stack/data/venv/lib/python3.12/site-packages/oslo_config/cfg.py:3253}}
Jul 08 05:47:12.137704 np0000004784 nova-conductor[98811]: DEBUG cotyledon.oslo_config_glue [-] oslo_limit.min_version = None {{(pid=98811) log_opt_values /opt/stack/data/venv/lib/python3.12/site-packages/oslo_config/cfg.py:3253}}
Jul 08 05:47:12.137704 np0000004784 nova-conductor[98811]: DEBUG cotyledon.oslo_config_glue [-] oslo_limit.region_name = None {{(pid=98811) log_opt_values /opt/stack/data/venv/lib/python3.12/site-packages/oslo_config/cfg.py:3253}}
Jul 08 05:47:12.137704 np0000004784 nova-conductor[98811]: DEBUG cotyledon.oslo_config_glue [-] oslo_limit.retriable_status_codes = None {{(pid=98811) log_opt_values /opt/stack/data/venv/lib/python3.12/site-packages/oslo_config/cfg.py:3253}}
Jul 08 05:47:12.137704 np0000004784 nova-conductor[98811]: DEBUG cotyledon.oslo_config_glue [-] oslo_limit.service_name = None {{(pid=98811) log_opt_values /opt/stack/data/venv/lib/python3.12/site-packages/oslo_config/cfg.py:3253}}
Jul 08 05:47:12.137704 np0000004784 nova-conductor[98811]: DEBUG cotyledon.oslo_config_glue [-] oslo_limit.service_type = None {{(pid=98811) log_opt_values /opt/stack/data/venv/lib/python3.12/site-packages/oslo_config/cfg.py:3253}}
Jul 08 05:47:12.138255 np0000004784 nova-conductor[98811]: DEBUG cotyledon.oslo_config_glue [-] oslo_limit.split_loggers = False {{(pid=98811) log_opt_values /opt/stack/data/venv/lib/python3.12/site-packages/oslo_config/cfg.py:3253}}
Jul 08 05:47:12.138255 np0000004784 nova-conductor[98811]: DEBUG cotyledon.oslo_config_glue [-] oslo_limit.status_code_retries = None {{(pid=98811) log_opt_values /opt/stack/data/venv/lib/python3.12/site-packages/oslo_config/cfg.py:3253}}
Jul 08 05:47:12.138255 np0000004784 nova-conductor[98811]: DEBUG cotyledon.oslo_config_glue [-] oslo_limit.status_code_retry_delay = None {{(pid=98811) log_opt_values /opt/stack/data/venv/lib/python3.12/site-packages/oslo_config/cfg.py:3253}}
Jul 08 05:47:12.138255 np0000004784 nova-conductor[98811]: DEBUG cotyledon.oslo_config_glue [-] oslo_limit.timeout = None {{(pid=98811) log_opt_values /opt/stack/data/venv/lib/python3.12/site-packages/oslo_config/cfg.py:3253}}
Jul 08 05:47:12.138255 np0000004784 nova-conductor[98811]: DEBUG cotyledon.oslo_config_glue [-] oslo_limit.valid_interfaces = None {{(pid=98811) log_opt_values /opt/stack/data/venv/lib/python3.12/site-packages/oslo_config/cfg.py:3253}}
Jul 08 05:47:12.138255 np0000004784 nova-conductor[98811]: DEBUG cotyledon.oslo_config_glue [-] oslo_limit.version = None {{(pid=98811) log_opt_values /opt/stack/data/venv/lib/python3.12/site-packages/oslo_config/cfg.py:3253}}
Jul 08 05:47:12.138255 np0000004784 nova-conductor[98811]: DEBUG cotyledon.oslo_config_glue [-] oslo_reports.file_event_handler = None {{(pid=98811) log_opt_values /opt/stack/data/venv/lib/python3.12/site-packages/oslo_config/cfg.py:3253}}
Jul 08 05:47:12.138255 np0000004784 nova-conductor[98811]: DEBUG cotyledon.oslo_config_glue [-] oslo_reports.file_event_handler_interval = 1 {{(pid=98811) log_opt_values /opt/stack/data/venv/lib/python3.12/site-packages/oslo_config/cfg.py:3253}}
Jul 08 05:47:12.138255 np0000004784 nova-conductor[98811]: DEBUG cotyledon.oslo_config_glue [-] oslo_reports.log_dir = None {{(pid=98811) log_opt_values /opt/stack/data/venv/lib/python3.12/site-packages/oslo_config/cfg.py:3253}}
Jul 08 05:47:12.138529 np0000004784 nova-conductor[98811]: DEBUG cotyledon.oslo_config_glue [-] ******************************************************************************** {{(pid=98811) log_opt_values /opt/stack/data/venv/lib/python3.12/site-packages/oslo_config/cfg.py:3260}}
Jul 08 05:47:12.138529 np0000004784 nova-conductor[98811]: DEBUG cotyledon._service_worker [-] Run service ServiceWrapper(3) [98811] {{(pid=98811) wait_forever /opt/stack/data/venv/lib/python3.12/site-packages/cotyledon/_service_worker.py:218}}
Jul 08 05:47:12.138529 np0000004784 nova-conductor[98811]: INFO nova.service [-] Starting conductor node (version 33.1.0)
Jul 08 05:47:12.138622 np0000004784 nova-conductor[98805]: DEBUG dbcounter [-] [98805] Writer thread running {{(pid=98805) stat_writer /opt/stack/data/venv/lib/python3.12/site-packages/dbcounter.py:102}}
Jul 08 05:47:12.138657 np0000004784 nova-conductor[98807]: DEBUG dbcounter [-] [98807] Writer thread running {{(pid=98807) stat_writer /opt/stack/data/venv/lib/python3.12/site-packages/dbcounter.py:102}}
Jul 08 05:47:12.138695 np0000004784 nova-conductor[98805]: DEBUG nova.service [None req-58c3c111-7152-45f1-81f4-02f2dadf18b9 None None] Creating RPC server for service: nova-conductor on topic: conductor {{(pid=98805) start /opt/stack/nova/nova/service.py:196}}
Jul 08 05:47:12.138725 np0000004784 nova-conductor[98809]: DEBUG dbcounter [-] [98809] Writer thread running {{(pid=98809) stat_writer /opt/stack/data/venv/lib/python3.12/site-packages/dbcounter.py:102}}
Jul 08 05:47:12.138764 np0000004784 nova-conductor[98807]: DEBUG nova.service [None req-156e02eb-05f3-4ee3-8d6f-aa954756ddba None None] Creating RPC server for service: nova-conductor on topic: conductor {{(pid=98807) start /opt/stack/nova/nova/service.py:196}}
Jul 08 05:47:12.138799 np0000004784 nova-conductor[98809]: DEBUG nova.service [None req-40ff01bd-6cff-4d63-b4cc-22810f2489d2 None None] Creating RPC server for service: nova-conductor on topic: conductor {{(pid=98809) start /opt/stack/nova/nova/service.py:196}}
Jul 08 05:47:12.138840 np0000004784 nova-conductor[98811]: DEBUG dbcounter [-] [98811] Writer thread running {{(pid=98811) stat_writer /opt/stack/data/venv/lib/python3.12/site-packages/dbcounter.py:102}}
Jul 08 05:47:12.138840 np0000004784 nova-conductor[98811]: DEBUG nova.service [None req-60dc9264-3ac4-4b11-b8a9-dc852e2585e6 None None] Creating RPC server for service: nova-conductor on topic: conductor {{(pid=98811) start /opt/stack/nova/nova/service.py:196}}
Jul 08 05:47:12.154001 np0000004784 nova-conductor[98805]: DEBUG nova.service [None req-58c3c111-7152-45f1-81f4-02f2dadf18b9 None None] Join ServiceGroup membership for this service conductor {{(pid=98805) start /opt/stack/nova/nova/service.py:222}}
Jul 08 05:47:12.154133 np0000004784 nova-conductor[98805]: DEBUG nova.servicegroup.drivers.db [None req-58c3c111-7152-45f1-81f4-02f2dadf18b9 None None] DB_Driver: join new ServiceGroup member np0000004784 to the conductor group, service = {{(pid=98805) join /opt/stack/nova/nova/servicegroup/drivers/db.py:44}}
Jul 08 05:47:12.156110 np0000004784 nova-conductor[98811]: DEBUG nova.service [None req-60dc9264-3ac4-4b11-b8a9-dc852e2585e6 None None] Join ServiceGroup membership for this service conductor {{(pid=98811) start /opt/stack/nova/nova/service.py:222}}
Jul 08 05:47:12.156337 np0000004784 nova-conductor[98811]: DEBUG nova.servicegroup.drivers.db [None req-60dc9264-3ac4-4b11-b8a9-dc852e2585e6 None None] DB_Driver: join new ServiceGroup member np0000004784 to the conductor group, service = {{(pid=98811) join /opt/stack/nova/nova/servicegroup/drivers/db.py:44}}
Jul 08 05:47:12.157243 np0000004784 nova-conductor[98807]: DEBUG nova.service [None req-156e02eb-05f3-4ee3-8d6f-aa954756ddba None None] Join ServiceGroup membership for this service conductor {{(pid=98807) start /opt/stack/nova/nova/service.py:222}}
Jul 08 05:47:12.157481 np0000004784 nova-conductor[98807]: DEBUG nova.servicegroup.drivers.db [None req-156e02eb-05f3-4ee3-8d6f-aa954756ddba None None] DB_Driver: join new ServiceGroup member np0000004784 to the conductor group, service = {{(pid=98807) join /opt/stack/nova/nova/servicegroup/drivers/db.py:44}}
Jul 08 05:47:12.158412 np0000004784 nova-conductor[98809]: DEBUG nova.service [None req-40ff01bd-6cff-4d63-b4cc-22810f2489d2 None None] Join ServiceGroup membership for this service conductor {{(pid=98809) start /opt/stack/nova/nova/service.py:222}}
Jul 08 05:47:12.158663 np0000004784 nova-conductor[98809]: DEBUG nova.servicegroup.drivers.db [None req-40ff01bd-6cff-4d63-b4cc-22810f2489d2 None None] DB_Driver: join new ServiceGroup member np0000004784 to the conductor group, service = {{(pid=98809) join /opt/stack/nova/nova/servicegroup/drivers/db.py:44}}
Jul 08 05:47:13.159678 np0000004784 nova-conductor[98807]: DEBUG oslo.service.backend._threading.loopingcall [None req-21417177-f941-4033-bf1f-d12f57f50b51 None None] Dynamic interval looping call 'nova.service.Service.periodic_tasks' sleeping for 60.00 seconds {{(pid=98807) _run_loop /opt/stack/data/venv/lib/python3.12/site-packages/oslo_service/backend/_threading/loopingcall.py:125}}
Jul 08 05:47:17.172778 np0000004784 nova-conductor[98805]: DEBUG oslo.service.backend._threading.loopingcall [-] Fixed interval looping call 'nova.servicegroup.drivers.db.DbDriver._report_state' sleeping for 9.98 seconds {{(pid=98805) _run_loop /opt/stack/data/venv/lib/python3.12/site-packages/oslo_service/backend/_threading/loopingcall.py:125}}
Jul 08 05:47:17.176894 np0000004784 nova-conductor[98807]: DEBUG oslo.service.backend._threading.loopingcall [-] Fixed interval looping call 'nova.servicegroup.drivers.db.DbDriver._report_state' sleeping for 9.98 seconds {{(pid=98807) _run_loop /opt/stack/data/venv/lib/python3.12/site-packages/oslo_service/backend/_threading/loopingcall.py:125}}
Jul 08 05:47:17.180420 np0000004784 nova-conductor[98811]: DEBUG oslo.service.backend._threading.loopingcall [-] Fixed interval looping call 'nova.servicegroup.drivers.db.DbDriver._report_state' sleeping for 9.98 seconds {{(pid=98811) _run_loop /opt/stack/data/venv/lib/python3.12/site-packages/oslo_service/backend/_threading/loopingcall.py:125}}
Jul 08 05:47:17.182706 np0000004784 nova-conductor[98809]: DEBUG oslo.service.backend._threading.loopingcall [-] Fixed interval looping call 'nova.servicegroup.drivers.db.DbDriver._report_state' sleeping for 9.98 seconds {{(pid=98809) _run_loop /opt/stack/data/venv/lib/python3.12/site-packages/oslo_service/backend/_threading/loopingcall.py:125}}
Jul 08 05:47:21.158549 np0000004784 nova-conductor[98811]: DEBUG oslo.service.backend._threading.loopingcall [None req-f7b4d479-a53e-4416-a1da-b668d8863142 None None] Dynamic interval looping call 'nova.service.Service.periodic_tasks' sleeping for 60.00 seconds {{(pid=98811) _run_loop /opt/stack/data/venv/lib/python3.12/site-packages/oslo_service/backend/_threading/loopingcall.py:125}}
Jul 08 05:47:21.891884 np0000004784 nova-conductor[97734]: DEBUG dbcounter [-] [97734] Writing DB stats nova_cell1:SELECT=1 {{(pid=97734) stat_writer /opt/stack/data/venv/lib/python3.12/site-packages/dbcounter.py:115}}
Jul 08 05:47:27.162427 np0000004784 nova-conductor[98805]: DEBUG oslo.service.backend._threading.loopingcall [-] Fixed interval looping call 'nova.servicegroup.drivers.db.DbDriver._report_state' sleeping for 9.99 seconds {{(pid=98805) _run_loop /opt/stack/data/venv/lib/python3.12/site-packages/oslo_service/backend/_threading/loopingcall.py:125}}
Jul 08 05:47:27.165090 np0000004784 nova-conductor[98807]: DEBUG oslo.service.backend._threading.loopingcall [-] Fixed interval looping call 'nova.servicegroup.drivers.db.DbDriver._report_state' sleeping for 9.99 seconds {{(pid=98807) _run_loop /opt/stack/data/venv/lib/python3.12/site-packages/oslo_service/backend/_threading/loopingcall.py:125}}
Jul 08 05:47:27.165636 np0000004784 nova-conductor[98811]: DEBUG oslo.service.backend._threading.loopingcall [-] Fixed interval looping call 'nova.servicegroup.drivers.db.DbDriver._report_state' sleeping for 9.99 seconds {{(pid=98811) _run_loop /opt/stack/data/venv/lib/python3.12/site-packages/oslo_service/backend/_threading/loopingcall.py:125}}
Jul 08 05:47:27.168829 np0000004784 nova-conductor[98809]: DEBUG oslo.service.backend._threading.loopingcall [-] Fixed interval looping call 'nova.servicegroup.drivers.db.DbDriver._report_state' sleeping for 9.99 seconds {{(pid=98809) _run_loop /opt/stack/data/venv/lib/python3.12/site-packages/oslo_service/backend/_threading/loopingcall.py:125}}
Jul 08 05:47:37.160478 np0000004784 nova-conductor[98805]: DEBUG oslo.service.backend._threading.loopingcall [-] Fixed interval looping call 'nova.servicegroup.drivers.db.DbDriver._report_state' sleeping for 9.99 seconds {{(pid=98805) _run_loop /opt/stack/data/venv/lib/python3.12/site-packages/oslo_service/backend/_threading/loopingcall.py:125}}
Jul 08 05:47:37.160965 np0000004784 nova-conductor[98807]: DEBUG oslo.service.backend._threading.loopingcall [-] Fixed interval looping call 'nova.servicegroup.drivers.db.DbDriver._report_state' sleeping for 9.99 seconds {{(pid=98807) _run_loop /opt/stack/data/venv/lib/python3.12/site-packages/oslo_service/backend/_threading/loopingcall.py:125}}
Jul 08 05:47:37.161272 np0000004784 nova-conductor[98811]: DEBUG oslo.service.backend._threading.loopingcall [-] Fixed interval looping call 'nova.servicegroup.drivers.db.DbDriver._report_state' sleeping for 9.99 seconds {{(pid=98811) _run_loop /opt/stack/data/venv/lib/python3.12/site-packages/oslo_service/backend/_threading/loopingcall.py:125}}
Jul 08 05:47:37.162447 np0000004784 nova-conductor[98809]: DEBUG oslo.service.backend._threading.loopingcall [-] Fixed interval looping call 'nova.servicegroup.drivers.db.DbDriver._report_state' sleeping for 10.00 seconds {{(pid=98809) _run_loop /opt/stack/data/venv/lib/python3.12/site-packages/oslo_service/backend/_threading/loopingcall.py:125}}
Jul 08 05:47:47.156646 np0000004784 nova-conductor[98805]: DEBUG oslo.service.backend._threading.loopingcall [-] Fixed interval looping call 'nova.servicegroup.drivers.db.DbDriver._report_state' sleeping for 9.99 seconds {{(pid=98805) _run_loop /opt/stack/data/venv/lib/python3.12/site-packages/oslo_service/backend/_threading/loopingcall.py:125}}
Jul 08 05:47:47.157611 np0000004784 nova-conductor[98811]: DEBUG oslo.service.backend._threading.loopingcall [-] Fixed interval looping call 'nova.servicegroup.drivers.db.DbDriver._report_state' sleeping for 9.99 seconds {{(pid=98811) _run_loop /opt/stack/data/venv/lib/python3.12/site-packages/oslo_service/backend/_threading/loopingcall.py:125}}
Jul 08 05:47:47.157867 np0000004784 nova-conductor[98807]: DEBUG oslo.service.backend._threading.loopingcall [-] Fixed interval looping call 'nova.servicegroup.drivers.db.DbDriver._report_state' sleeping for 9.99 seconds {{(pid=98807) _run_loop /opt/stack/data/venv/lib/python3.12/site-packages/oslo_service/backend/_threading/loopingcall.py:125}}
Jul 08 05:47:47.160665 np0000004784 nova-conductor[98809]: DEBUG dbcounter [-] [98809] Writing DB stats nova_cell1:SELECT=8,nova_cell1:UPDATE=1,nova_cell1:INSERT=1 {{(pid=98809) stat_writer /opt/stack/data/venv/lib/python3.12/site-packages/dbcounter.py:115}}
Jul 08 05:47:47.166035 np0000004784 nova-conductor[98809]: DEBUG oslo.service.backend._threading.loopingcall [-] Fixed interval looping call 'nova.servicegroup.drivers.db.DbDriver._report_state' sleeping for 10.00 seconds {{(pid=98809) _run_loop /opt/stack/data/venv/lib/python3.12/site-packages/oslo_service/backend/_threading/loopingcall.py:125}}
Jul 08 05:47:49.156218 np0000004784 nova-conductor[98805]: DEBUG oslo.service.backend._threading.loopingcall [None req-6e3f4dd1-8fed-4a2f-961c-e8f75000f6f2 None None] Dynamic interval looping call 'nova.service.Service.periodic_tasks' sleeping for 60.00 seconds {{(pid=98805) _run_loop /opt/stack/data/venv/lib/python3.12/site-packages/oslo_service/backend/_threading/loopingcall.py:125}}
Jul 08 05:47:57.153048 np0000004784 nova-conductor[98805]: DEBUG oslo.service.backend._threading.loopingcall [-] Fixed interval looping call 'nova.servicegroup.drivers.db.DbDriver._report_state' sleeping for 9.99 seconds {{(pid=98805) _run_loop /opt/stack/data/venv/lib/python3.12/site-packages/oslo_service/backend/_threading/loopingcall.py:125}}
Jul 08 05:47:57.153581 np0000004784 nova-conductor[98807]: DEBUG oslo.service.backend._threading.loopingcall [-] Fixed interval looping call 'nova.servicegroup.drivers.db.DbDriver._report_state' sleeping for 9.99 seconds {{(pid=98807) _run_loop /opt/stack/data/venv/lib/python3.12/site-packages/oslo_service/backend/_threading/loopingcall.py:125}}
Jul 08 05:47:57.154177 np0000004784 nova-conductor[98811]: DEBUG oslo.service.backend._threading.loopingcall [-] Fixed interval looping call 'nova.servicegroup.drivers.db.DbDriver._report_state' sleeping for 9.99 seconds {{(pid=98811) _run_loop /opt/stack/data/venv/lib/python3.12/site-packages/oslo_service/backend/_threading/loopingcall.py:125}}
Jul 08 05:47:57.169556 np0000004784 nova-conductor[98809]: DEBUG oslo.service.backend._threading.loopingcall [-] Fixed interval looping call 'nova.servicegroup.drivers.db.DbDriver._report_state' sleeping for 10.00 seconds {{(pid=98809) _run_loop /opt/stack/data/venv/lib/python3.12/site-packages/oslo_service/backend/_threading/loopingcall.py:125}}
Jul 08 05:48:00.160727 np0000004784 nova-conductor[98809]: DEBUG oslo.service.backend._threading.loopingcall [None req-6bebcf17-0132-4bb2-a42d-bf4d6452ca35 None None] Dynamic interval looping call 'nova.service.Service.periodic_tasks' sleeping for 60.00 seconds {{(pid=98809) _run_loop /opt/stack/data/venv/lib/python3.12/site-packages/oslo_service/backend/_threading/loopingcall.py:125}}
Jul 08 05:48:07.149545 np0000004784 nova-conductor[98805]: DEBUG oslo.service.backend._threading.loopingcall [-] Fixed interval looping call 'nova.servicegroup.drivers.db.DbDriver._report_state' sleeping for 9.99 seconds {{(pid=98805) _run_loop /opt/stack/data/venv/lib/python3.12/site-packages/oslo_service/backend/_threading/loopingcall.py:125}}
Jul 08 05:48:07.149936 np0000004784 nova-conductor[98807]: DEBUG oslo.service.backend._threading.loopingcall [-] Fixed interval looping call 'nova.servicegroup.drivers.db.DbDriver._report_state' sleeping for 9.99 seconds {{(pid=98807) _run_loop /opt/stack/data/venv/lib/python3.12/site-packages/oslo_service/backend/_threading/loopingcall.py:125}}
Jul 08 05:48:07.150408 np0000004784 nova-conductor[98811]: DEBUG oslo.service.backend._threading.loopingcall [-] Fixed interval looping call 'nova.servicegroup.drivers.db.DbDriver._report_state' sleeping for 9.99 seconds {{(pid=98811) _run_loop /opt/stack/data/venv/lib/python3.12/site-packages/oslo_service/backend/_threading/loopingcall.py:125}}
Jul 08 05:48:07.168125 np0000004784 nova-conductor[98809]: DEBUG dbcounter [-] [98809] Writing DB stats nova_cell1:SELECT=2 {{(pid=98809) stat_writer /opt/stack/data/venv/lib/python3.12/site-packages/dbcounter.py:115}}
Jul 08 05:48:07.173508 np0000004784 nova-conductor[98809]: DEBUG oslo.service.backend._threading.loopingcall [-] Fixed interval looping call 'nova.servicegroup.drivers.db.DbDriver._report_state' sleeping for 10.00 seconds {{(pid=98809) _run_loop /opt/stack/data/venv/lib/python3.12/site-packages/oslo_service/backend/_threading/loopingcall.py:125}}
Jul 08 05:48:13.160113 np0000004784 nova-conductor[98807]: DEBUG oslo.service.backend._threading.loopingcall [None req-21417177-f941-4033-bf1f-d12f57f50b51 None None] Dynamic interval looping call 'nova.service.Service.periodic_tasks' sleeping for 60.00 seconds {{(pid=98807) _run_loop /opt/stack/data/venv/lib/python3.12/site-packages/oslo_service/backend/_threading/loopingcall.py:125}}
Jul 08 05:48:14.971903 np0000004784 nova-conductor[98805]: DEBUG dbcounter [-] [98805] Writing DB stats nova_cell1:SELECT=14,nova_cell1:INSERT=2,nova_cell1:UPDATE=7 {{(pid=98805) stat_writer /opt/stack/data/venv/lib/python3.12/site-packages/dbcounter.py:115}}
Jul 08 05:48:15.480544 np0000004784 nova-conductor[98811]: DEBUG dbcounter [-] [98811] Writing DB stats nova_cell1:SELECT=14,nova_cell1:UPDATE=6 {{(pid=98811) stat_writer /opt/stack/data/venv/lib/python3.12/site-packages/dbcounter.py:115}}
Jul 08 05:48:16.062749 np0000004784 nova-conductor[98807]: DEBUG dbcounter [-] [98807] Writing DB stats nova_cell1:SELECT=17,nova_cell1:INSERT=1,nova_cell1:UPDATE=6 {{(pid=98807) stat_writer /opt/stack/data/venv/lib/python3.12/site-packages/dbcounter.py:115}}
Jul 08 05:48:17.148100 np0000004784 nova-conductor[98807]: DEBUG oslo.service.backend._threading.loopingcall [-] Fixed interval looping call 'nova.servicegroup.drivers.db.DbDriver._report_state' sleeping for 9.99 seconds {{(pid=98807) _run_loop /opt/stack/data/venv/lib/python3.12/site-packages/oslo_service/backend/_threading/loopingcall.py:125}}
Jul 08 05:48:17.148569 np0000004784 nova-conductor[98805]: DEBUG oslo.service.backend._threading.loopingcall [-] Fixed interval looping call 'nova.servicegroup.drivers.db.DbDriver._report_state' sleeping for 9.99 seconds {{(pid=98805) _run_loop /opt/stack/data/venv/lib/python3.12/site-packages/oslo_service/backend/_threading/loopingcall.py:125}}
Jul 08 05:48:17.149018 np0000004784 nova-conductor[98811]: DEBUG oslo.service.backend._threading.loopingcall [-] Fixed interval looping call 'nova.servicegroup.drivers.db.DbDriver._report_state' sleeping for 9.99 seconds {{(pid=98811) _run_loop /opt/stack/data/venv/lib/python3.12/site-packages/oslo_service/backend/_threading/loopingcall.py:125}}
Jul 08 05:48:17.177160 np0000004784 nova-conductor[98809]: DEBUG oslo.service.backend._threading.loopingcall [-] Fixed interval looping call 'nova.servicegroup.drivers.db.DbDriver._report_state' sleeping for 10.00 seconds {{(pid=98809) _run_loop /opt/stack/data/venv/lib/python3.12/site-packages/oslo_service/backend/_threading/loopingcall.py:125}}
Jul 08 05:48:21.159085 np0000004784 nova-conductor[98811]: DEBUG oslo.service.backend._threading.loopingcall [None req-f7b4d479-a53e-4416-a1da-b668d8863142 None None] Dynamic interval looping call 'nova.service.Service.periodic_tasks' sleeping for 60.00 seconds {{(pid=98811) _run_loop /opt/stack/data/venv/lib/python3.12/site-packages/oslo_service/backend/_threading/loopingcall.py:125}}
Jul 08 05:48:27.144159 np0000004784 nova-conductor[98807]: DEBUG oslo.service.backend._threading.loopingcall [-] Fixed interval looping call 'nova.servicegroup.drivers.db.DbDriver._report_state' sleeping for 9.99 seconds {{(pid=98807) _run_loop /opt/stack/data/venv/lib/python3.12/site-packages/oslo_service/backend/_threading/loopingcall.py:125}}
Jul 08 05:48:27.144689 np0000004784 nova-conductor[98805]: DEBUG oslo.service.backend._threading.loopingcall [-] Fixed interval looping call 'nova.servicegroup.drivers.db.DbDriver._report_state' sleeping for 9.99 seconds {{(pid=98805) _run_loop /opt/stack/data/venv/lib/python3.12/site-packages/oslo_service/backend/_threading/loopingcall.py:125}}
Jul 08 05:48:27.145029 np0000004784 nova-conductor[98811]: DEBUG oslo.service.backend._threading.loopingcall [-] Fixed interval looping call 'nova.servicegroup.drivers.db.DbDriver._report_state' sleeping for 9.99 seconds {{(pid=98811) _run_loop /opt/stack/data/venv/lib/python3.12/site-packages/oslo_service/backend/_threading/loopingcall.py:125}}
Jul 08 05:48:27.175418 np0000004784 nova-conductor[98809]: DEBUG dbcounter [-] [98809] Writing DB stats nova_cell1:SELECT=4,nova_cell1:UPDATE=1 {{(pid=98809) stat_writer /opt/stack/data/venv/lib/python3.12/site-packages/dbcounter.py:115}}
Jul 08 05:48:27.180807 np0000004784 nova-conductor[98809]: DEBUG oslo.service.backend._threading.loopingcall [-] Fixed interval looping call 'nova.servicegroup.drivers.db.DbDriver._report_state' sleeping for 10.00 seconds {{(pid=98809) _run_loop /opt/stack/data/venv/lib/python3.12/site-packages/oslo_service/backend/_threading/loopingcall.py:125}}
Jul 08 05:48:37.154476 np0000004784 nova-conductor[98807]: DEBUG oslo.service.backend._threading.loopingcall [-] Fixed interval looping call 'nova.servicegroup.drivers.db.DbDriver._report_state' sleeping for 9.98 seconds {{(pid=98807) _run_loop /opt/stack/data/venv/lib/python3.12/site-packages/oslo_service/backend/_threading/loopingcall.py:125}}
Jul 08 05:48:37.155332 np0000004784 nova-conductor[98805]: DEBUG oslo.service.backend._threading.loopingcall [-] Fixed interval looping call 'nova.servicegroup.drivers.db.DbDriver._report_state' sleeping for 9.98 seconds {{(pid=98805) _run_loop /opt/stack/data/venv/lib/python3.12/site-packages/oslo_service/backend/_threading/loopingcall.py:125}}
Jul 08 05:48:37.155595 np0000004784 nova-conductor[98811]: DEBUG oslo.service.backend._threading.loopingcall [-] Fixed interval looping call 'nova.servicegroup.drivers.db.DbDriver._report_state' sleeping for 9.98 seconds {{(pid=98811) _run_loop /opt/stack/data/venv/lib/python3.12/site-packages/oslo_service/backend/_threading/loopingcall.py:125}}
Jul 08 05:48:37.181266 np0000004784 nova-conductor[98809]: DEBUG dbcounter [-] [98809] Writing DB stats nova_cell1:SELECT=1 {{(pid=98809) stat_writer /opt/stack/data/venv/lib/python3.12/site-packages/dbcounter.py:115}}
Jul 08 05:48:37.184625 np0000004784 nova-conductor[98809]: DEBUG oslo.service.backend._threading.loopingcall [-] Fixed interval looping call 'nova.servicegroup.drivers.db.DbDriver._report_state' sleeping for 10.00 seconds {{(pid=98809) _run_loop /opt/stack/data/venv/lib/python3.12/site-packages/oslo_service/backend/_threading/loopingcall.py:125}}
Jul 08 05:48:47.144550 np0000004784 nova-conductor[98807]: DEBUG oslo.service.backend._threading.loopingcall [-] Fixed interval looping call 'nova.servicegroup.drivers.db.DbDriver._report_state' sleeping for 9.99 seconds {{(pid=98807) _run_loop /opt/stack/data/venv/lib/python3.12/site-packages/oslo_service/backend/_threading/loopingcall.py:125}}
Jul 08 05:48:47.145013 np0000004784 nova-conductor[98805]: DEBUG oslo.service.backend._threading.loopingcall [-] Fixed interval looping call 'nova.servicegroup.drivers.db.DbDriver._report_state' sleeping for 9.99 seconds {{(pid=98805) _run_loop /opt/stack/data/venv/lib/python3.12/site-packages/oslo_service/backend/_threading/loopingcall.py:125}}
Jul 08 05:48:47.145553 np0000004784 nova-conductor[98811]: DEBUG oslo.service.backend._threading.loopingcall [-] Fixed interval looping call 'nova.servicegroup.drivers.db.DbDriver._report_state' sleeping for 9.99 seconds {{(pid=98811) _run_loop /opt/stack/data/venv/lib/python3.12/site-packages/oslo_service/backend/_threading/loopingcall.py:125}}
Jul 08 05:48:47.188562 np0000004784 nova-conductor[98809]: DEBUG oslo.service.backend._threading.loopingcall [-] Fixed interval looping call 'nova.servicegroup.drivers.db.DbDriver._report_state' sleeping for 10.00 seconds {{(pid=98809) _run_loop /opt/stack/data/venv/lib/python3.12/site-packages/oslo_service/backend/_threading/loopingcall.py:125}}
Jul 08 05:48:49.156825 np0000004784 nova-conductor[98805]: DEBUG oslo.service.backend._threading.loopingcall [None req-6e3f4dd1-8fed-4a2f-961c-e8f75000f6f2 None None] Dynamic interval looping call 'nova.service.Service.periodic_tasks' sleeping for 60.00 seconds {{(pid=98805) _run_loop /opt/stack/data/venv/lib/python3.12/site-packages/oslo_service/backend/_threading/loopingcall.py:125}}
Jul 08 05:48:57.146411 np0000004784 nova-conductor[98807]: DEBUG oslo.service.backend._threading.loopingcall [-] Fixed interval looping call 'nova.servicegroup.drivers.db.DbDriver._report_state' sleeping for 9.99 seconds {{(pid=98807) _run_loop /opt/stack/data/venv/lib/python3.12/site-packages/oslo_service/backend/_threading/loopingcall.py:125}}
Jul 08 05:48:57.147169 np0000004784 nova-conductor[98811]: DEBUG oslo.service.backend._threading.loopingcall [-] Fixed interval looping call 'nova.servicegroup.drivers.db.DbDriver._report_state' sleeping for 9.99 seconds {{(pid=98811) _run_loop /opt/stack/data/venv/lib/python3.12/site-packages/oslo_service/backend/_threading/loopingcall.py:125}}
Jul 08 05:48:57.147656 np0000004784 nova-conductor[98805]: DEBUG oslo.service.backend._threading.loopingcall [-] Fixed interval looping call 'nova.servicegroup.drivers.db.DbDriver._report_state' sleeping for 9.99 seconds {{(pid=98805) _run_loop /opt/stack/data/venv/lib/python3.12/site-packages/oslo_service/backend/_threading/loopingcall.py:125}}
Jul 08 05:48:57.186487 np0000004784 nova-conductor[98809]: DEBUG dbcounter [-] [98809] Writing DB stats nova_cell1:SELECT=2 {{(pid=98809) stat_writer /opt/stack/data/venv/lib/python3.12/site-packages/dbcounter.py:115}}
Jul 08 05:48:57.193568 np0000004784 nova-conductor[98809]: DEBUG oslo.service.backend._threading.loopingcall [-] Fixed interval looping call 'nova.servicegroup.drivers.db.DbDriver._report_state' sleeping for 10.00 seconds {{(pid=98809) _run_loop /opt/stack/data/venv/lib/python3.12/site-packages/oslo_service/backend/_threading/loopingcall.py:125}}
Jul 08 05:49:00.161161 np0000004784 nova-conductor[98809]: DEBUG oslo.service.backend._threading.loopingcall [None req-6bebcf17-0132-4bb2-a42d-bf4d6452ca35 None None] Dynamic interval looping call 'nova.service.Service.periodic_tasks' sleeping for 60.00 seconds {{(pid=98809) _run_loop /opt/stack/data/venv/lib/python3.12/site-packages/oslo_service/backend/_threading/loopingcall.py:125}}
Jul 08 05:49:07.152456 np0000004784 nova-conductor[98807]: DEBUG oslo.service.backend._threading.loopingcall [-] Fixed interval looping call 'nova.servicegroup.drivers.db.DbDriver._report_state' sleeping for 9.99 seconds {{(pid=98807) _run_loop /opt/stack/data/venv/lib/python3.12/site-packages/oslo_service/backend/_threading/loopingcall.py:125}}
Jul 08 05:49:07.154604 np0000004784 nova-conductor[98805]: DEBUG oslo.service.backend._threading.loopingcall [-] Fixed interval looping call 'nova.servicegroup.drivers.db.DbDriver._report_state' sleeping for 9.98 seconds {{(pid=98805) _run_loop /opt/stack/data/venv/lib/python3.12/site-packages/oslo_service/backend/_threading/loopingcall.py:125}}
Jul 08 05:49:07.155006 np0000004784 nova-conductor[98811]: DEBUG oslo.service.backend._threading.loopingcall [-] Fixed interval looping call 'nova.servicegroup.drivers.db.DbDriver._report_state' sleeping for 9.98 seconds {{(pid=98811) _run_loop /opt/stack/data/venv/lib/python3.12/site-packages/oslo_service/backend/_threading/loopingcall.py:125}}
Jul 08 05:49:07.190706 np0000004784 nova-conductor[98809]: DEBUG dbcounter [-] [98809] Writing DB stats nova_cell1:SELECT=1 {{(pid=98809) stat_writer /opt/stack/data/venv/lib/python3.12/site-packages/dbcounter.py:115}}
Jul 08 05:49:07.202589 np0000004784 nova-conductor[98809]: DEBUG oslo.service.backend._threading.loopingcall [-] Fixed interval looping call 'nova.servicegroup.drivers.db.DbDriver._report_state' sleeping for 9.99 seconds {{(pid=98809) _run_loop /opt/stack/data/venv/lib/python3.12/site-packages/oslo_service/backend/_threading/loopingcall.py:125}}
Jul 08 05:49:13.160635 np0000004784 nova-conductor[98807]: DEBUG oslo.service.backend._threading.loopingcall [None req-21417177-f941-4033-bf1f-d12f57f50b51 None None] Dynamic interval looping call 'nova.service.Service.periodic_tasks' sleeping for 60.00 seconds {{(pid=98807) _run_loop /opt/stack/data/venv/lib/python3.12/site-packages/oslo_service/backend/_threading/loopingcall.py:125}}
Jul 08 05:49:17.071531 np0000004784 nova-conductor[98805]: DEBUG dbcounter [-] [98805] Writing DB stats nova_cell1:SELECT=7,nova_cell1:UPDATE=6 {{(pid=98805) stat_writer /opt/stack/data/venv/lib/python3.12/site-packages/dbcounter.py:115}}
Jul 08 05:49:17.137062 np0000004784 nova-conductor[98811]: DEBUG dbcounter [-] [98811] Writing DB stats nova_cell1:SELECT=7,nova_cell1:UPDATE=6 {{(pid=98811) stat_writer /opt/stack/data/venv/lib/python3.12/site-packages/dbcounter.py:115}}
Jul 08 05:49:17.141694 np0000004784 nova-conductor[98807]: DEBUG dbcounter [-] [98807] Writing DB stats nova_cell1:SELECT=6,nova_cell1:UPDATE=6 {{(pid=98807) stat_writer /opt/stack/data/venv/lib/python3.12/site-packages/dbcounter.py:115}}
Jul 08 05:49:17.144097 np0000004784 nova-conductor[98811]: DEBUG oslo.service.backend._threading.loopingcall [-] Fixed interval looping call 'nova.servicegroup.drivers.db.DbDriver._report_state' sleeping for 9.99 seconds {{(pid=98811) _run_loop /opt/stack/data/venv/lib/python3.12/site-packages/oslo_service/backend/_threading/loopingcall.py:125}}
Jul 08 05:49:17.144370 np0000004784 nova-conductor[98805]: DEBUG oslo.service.backend._threading.loopingcall [-] Fixed interval looping call 'nova.servicegroup.drivers.db.DbDriver._report_state' sleeping for 9.99 seconds {{(pid=98805) _run_loop /opt/stack/data/venv/lib/python3.12/site-packages/oslo_service/backend/_threading/loopingcall.py:125}}
Jul 08 05:49:17.144544 np0000004784 nova-conductor[98807]: DEBUG oslo.service.backend._threading.loopingcall [-] Fixed interval looping call 'nova.servicegroup.drivers.db.DbDriver._report_state' sleeping for 10.00 seconds {{(pid=98807) _run_loop /opt/stack/data/venv/lib/python3.12/site-packages/oslo_service/backend/_threading/loopingcall.py:125}}
Jul 08 05:49:17.197048 np0000004784 nova-conductor[98809]: DEBUG oslo.service.backend._threading.loopingcall [-] Fixed interval looping call 'nova.servicegroup.drivers.db.DbDriver._report_state' sleeping for 10.00 seconds {{(pid=98809) _run_loop /opt/stack/data/venv/lib/python3.12/site-packages/oslo_service/backend/_threading/loopingcall.py:125}}
Jul 08 05:49:21.159799 np0000004784 nova-conductor[98811]: DEBUG oslo.service.backend._threading.loopingcall [None req-f7b4d479-a53e-4416-a1da-b668d8863142 None None] Dynamic interval looping call 'nova.service.Service.periodic_tasks' sleeping for 60.00 seconds {{(pid=98811) _run_loop /opt/stack/data/venv/lib/python3.12/site-packages/oslo_service/backend/_threading/loopingcall.py:125}}
Jul 08 05:49:27.142920 np0000004784 nova-conductor[98811]: DEBUG oslo.service.backend._threading.loopingcall [-] Fixed interval looping call 'nova.servicegroup.drivers.db.DbDriver._report_state' sleeping for 9.99 seconds {{(pid=98811) _run_loop /opt/stack/data/venv/lib/python3.12/site-packages/oslo_service/backend/_threading/loopingcall.py:125}}
Jul 08 05:49:27.144048 np0000004784 nova-conductor[98805]: DEBUG oslo.service.backend._threading.loopingcall [-] Fixed interval looping call 'nova.servicegroup.drivers.db.DbDriver._report_state' sleeping for 9.99 seconds {{(pid=98805) _run_loop /opt/stack/data/venv/lib/python3.12/site-packages/oslo_service/backend/_threading/loopingcall.py:125}}
Jul 08 05:49:27.148709 np0000004784 nova-conductor[98807]: DEBUG oslo.service.backend._threading.loopingcall [-] Fixed interval looping call 'nova.servicegroup.drivers.db.DbDriver._report_state' sleeping for 10.00 seconds {{(pid=98807) _run_loop /opt/stack/data/venv/lib/python3.12/site-packages/oslo_service/backend/_threading/loopingcall.py:125}}
Jul 08 05:49:27.200856 np0000004784 nova-conductor[98809]: DEBUG oslo.service.backend._threading.loopingcall [-] Fixed interval looping call 'nova.servicegroup.drivers.db.DbDriver._report_state' sleeping for 10.00 seconds {{(pid=98809) _run_loop /opt/stack/data/venv/lib/python3.12/site-packages/oslo_service/backend/_threading/loopingcall.py:125}}
Jul 08 05:49:37.150418 np0000004784 nova-conductor[98805]: DEBUG oslo.service.backend._threading.loopingcall [-] Fixed interval looping call 'nova.servicegroup.drivers.db.DbDriver._report_state' sleeping for 9.98 seconds {{(pid=98805) _run_loop /opt/stack/data/venv/lib/python3.12/site-packages/oslo_service/backend/_threading/loopingcall.py:125}}
Jul 08 05:49:37.152473 np0000004784 nova-conductor[98811]: DEBUG oslo.service.backend._threading.loopingcall [-] Fixed interval looping call 'nova.servicegroup.drivers.db.DbDriver._report_state' sleeping for 9.98 seconds {{(pid=98811) _run_loop /opt/stack/data/venv/lib/python3.12/site-packages/oslo_service/backend/_threading/loopingcall.py:125}}
Jul 08 05:49:37.161071 np0000004784 nova-conductor[98807]: DEBUG oslo.service.backend._threading.loopingcall [-] Fixed interval looping call 'nova.servicegroup.drivers.db.DbDriver._report_state' sleeping for 9.99 seconds {{(pid=98807) _run_loop /opt/stack/data/venv/lib/python3.12/site-packages/oslo_service/backend/_threading/loopingcall.py:125}}
Jul 08 05:49:37.206977 np0000004784 nova-conductor[98809]: DEBUG oslo.service.backend._threading.loopingcall [-] Fixed interval looping call 'nova.servicegroup.drivers.db.DbDriver._report_state' sleeping for 10.00 seconds {{(pid=98809) _run_loop /opt/stack/data/venv/lib/python3.12/site-packages/oslo_service/backend/_threading/loopingcall.py:125}}
Jul 08 05:49:47.149911 np0000004784 nova-conductor[98811]: DEBUG oslo.service.backend._threading.loopingcall [-] Fixed interval looping call 'nova.servicegroup.drivers.db.DbDriver._report_state' sleeping for 9.98 seconds {{(pid=98811) _run_loop /opt/stack/data/venv/lib/python3.12/site-packages/oslo_service/backend/_threading/loopingcall.py:125}}
Jul 08 05:49:47.151694 np0000004784 nova-conductor[98805]: DEBUG oslo.service.backend._threading.loopingcall [-] Fixed interval looping call 'nova.servicegroup.drivers.db.DbDriver._report_state' sleeping for 9.98 seconds {{(pid=98805) _run_loop /opt/stack/data/venv/lib/python3.12/site-packages/oslo_service/backend/_threading/loopingcall.py:125}}
Jul 08 05:49:47.160074 np0000004784 nova-conductor[98807]: DEBUG oslo.service.backend._threading.loopingcall [-] Fixed interval looping call 'nova.servicegroup.drivers.db.DbDriver._report_state' sleeping for 9.99 seconds {{(pid=98807) _run_loop /opt/stack/data/venv/lib/python3.12/site-packages/oslo_service/backend/_threading/loopingcall.py:125}}
Jul 08 05:49:47.214092 np0000004784 nova-conductor[98809]: DEBUG oslo.service.backend._threading.loopingcall [-] Fixed interval looping call 'nova.servicegroup.drivers.db.DbDriver._report_state' sleeping for 10.00 seconds {{(pid=98809) _run_loop /opt/stack/data/venv/lib/python3.12/site-packages/oslo_service/backend/_threading/loopingcall.py:125}}
Jul 08 05:49:49.160822 np0000004784 nova-conductor[98805]: DEBUG oslo.service.backend._threading.loopingcall [None req-6e3f4dd1-8fed-4a2f-961c-e8f75000f6f2 None None] Dynamic interval looping call 'nova.service.Service.periodic_tasks' sleeping for 60.00 seconds {{(pid=98805) _run_loop /opt/stack/data/venv/lib/python3.12/site-packages/oslo_service/backend/_threading/loopingcall.py:125}}
Jul 08 05:49:57.138703 np0000004784 nova-conductor[98811]: DEBUG oslo.service.backend._threading.loopingcall [-] Fixed interval looping call 'nova.servicegroup.drivers.db.DbDriver._report_state' sleeping for 9.99 seconds {{(pid=98811) _run_loop /opt/stack/data/venv/lib/python3.12/site-packages/oslo_service/backend/_threading/loopingcall.py:125}}
Jul 08 05:49:57.139117 np0000004784 nova-conductor[98805]: DEBUG oslo.service.backend._threading.loopingcall [-] Fixed interval looping call 'nova.servicegroup.drivers.db.DbDriver._report_state' sleeping for 9.99 seconds {{(pid=98805) _run_loop /opt/stack/data/venv/lib/python3.12/site-packages/oslo_service/backend/_threading/loopingcall.py:125}}
Jul 08 05:49:57.153940 np0000004784 nova-conductor[98807]: DEBUG oslo.service.backend._threading.loopingcall [-] Fixed interval looping call 'nova.servicegroup.drivers.db.DbDriver._report_state' sleeping for 10.00 seconds {{(pid=98807) _run_loop /opt/stack/data/venv/lib/python3.12/site-packages/oslo_service/backend/_threading/loopingcall.py:125}}
Jul 08 05:49:57.218467 np0000004784 nova-conductor[98809]: DEBUG oslo.service.backend._threading.loopingcall [-] Fixed interval looping call 'nova.servicegroup.drivers.db.DbDriver._report_state' sleeping for 10.00 seconds {{(pid=98809) _run_loop /opt/stack/data/venv/lib/python3.12/site-packages/oslo_service/backend/_threading/loopingcall.py:125}}
Jul 08 05:50:00.161857 np0000004784 nova-conductor[98809]: DEBUG oslo.service.backend._threading.loopingcall [None req-6bebcf17-0132-4bb2-a42d-bf4d6452ca35 None None] Dynamic interval looping call 'nova.service.Service.periodic_tasks' sleeping for 60.00 seconds {{(pid=98809) _run_loop /opt/stack/data/venv/lib/python3.12/site-packages/oslo_service/backend/_threading/loopingcall.py:125}}
