Aug 23 18:08:07.528177 np0000007940 nova-conductor[95935]: DEBUG cotyledon.oslo_config_glue [-] oslo_messaging_rabbit.rabbit_qos_prefetch_count = 0 {{(pid=95935) log_opt_values /opt/stack/data/venv/lib/python3.12/site-packages/oslo_config/cfg.py:3560}}
Aug 23 18:08:07.528177 np0000007940 nova-conductor[95935]: DEBUG cotyledon.oslo_config_glue [-] oslo_messaging_rabbit.rabbit_quorum_delivery_limit = 0 {{(pid=95935) log_opt_values /opt/stack/data/venv/lib/python3.12/site-packages/oslo_config/cfg.py:3560}}
Aug 23 18:08:07.528177 np0000007940 nova-conductor[95935]: DEBUG cotyledon.oslo_config_glue [-] oslo_messaging_rabbit.rabbit_quorum_max_memory_bytes = 0 {{(pid=95935) log_opt_values /opt/stack/data/venv/lib/python3.12/site-packages/oslo_config/cfg.py:3560}}
Aug 23 18:08:07.528177 np0000007940 nova-conductor[95935]: DEBUG cotyledon.oslo_config_glue [-] oslo_messaging_rabbit.rabbit_quorum_max_memory_length = 0 {{(pid=95935) log_opt_values /opt/stack/data/venv/lib/python3.12/site-packages/oslo_config/cfg.py:3560}}
Aug 23 18:08:07.528177 np0000007940 nova-conductor[95935]: DEBUG cotyledon.oslo_config_glue [-] oslo_messaging_rabbit.rabbit_quorum_queue = False {{(pid=95935) log_opt_values /opt/stack/data/venv/lib/python3.12/site-packages/oslo_config/cfg.py:3560}}
Aug 23 18:08:07.528177 np0000007940 nova-conductor[95935]: DEBUG cotyledon.oslo_config_glue [-] oslo_messaging_rabbit.rabbit_retry_backoff = 2 {{(pid=95935) log_opt_values /opt/stack/data/venv/lib/python3.12/site-packages/oslo_config/cfg.py:3560}}
Aug 23 18:08:07.528177 np0000007940 nova-conductor[95935]: DEBUG cotyledon.oslo_config_glue [-] oslo_messaging_rabbit.rabbit_retry_interval = 1 {{(pid=95935) log_opt_values /opt/stack/data/venv/lib/python3.12/site-packages/oslo_config/cfg.py:3560}}
Aug 23 18:08:07.528177 np0000007940 nova-conductor[95935]: DEBUG cotyledon.oslo_config_glue [-] oslo_messaging_rabbit.rabbit_stream_fanout = False {{(pid=95935) log_opt_values /opt/stack/data/venv/lib/python3.12/site-packages/oslo_config/cfg.py:3560}}
Aug 23 18:08:07.528528 np0000007940 nova-conductor[95935]: DEBUG cotyledon.oslo_config_glue [-] oslo_messaging_rabbit.rabbit_transient_queues_ttl = 1800 {{(pid=95935) log_opt_values /opt/stack/data/venv/lib/python3.12/site-packages/oslo_config/cfg.py:3560}}
Aug 23 18:08:07.528528 np0000007940 nova-conductor[95935]: DEBUG cotyledon.oslo_config_glue [-] oslo_messaging_rabbit.rabbit_transient_quorum_queue = False {{(pid=95935) log_opt_values /opt/stack/data/venv/lib/python3.12/site-packages/oslo_config/cfg.py:3560}}
Aug 23 18:08:07.528528 np0000007940 nova-conductor[95935]: DEBUG cotyledon.oslo_config_glue [-] oslo_messaging_rabbit.rpc_conn_pool_size = 30 {{(pid=95935) log_opt_values /opt/stack/data/venv/lib/python3.12/site-packages/oslo_config/cfg.py:3560}}
Aug 23 18:08:07.528528 np0000007940 nova-conductor[95935]: DEBUG cotyledon.oslo_config_glue [-] oslo_messaging_rabbit.ssl = False {{(pid=95935) log_opt_values /opt/stack/data/venv/lib/python3.12/site-packages/oslo_config/cfg.py:3560}}
Aug 23 18:08:07.528528 np0000007940 nova-conductor[95935]: DEBUG cotyledon.oslo_config_glue [-] oslo_messaging_rabbit.ssl_ca_file = {{(pid=95935) log_opt_values /opt/stack/data/venv/lib/python3.12/site-packages/oslo_config/cfg.py:3560}}
Aug 23 18:08:07.528528 np0000007940 nova-conductor[95935]: DEBUG cotyledon.oslo_config_glue [-] oslo_messaging_rabbit.ssl_cert_file = {{(pid=95935) log_opt_values /opt/stack/data/venv/lib/python3.12/site-packages/oslo_config/cfg.py:3560}}
Aug 23 18:08:07.528528 np0000007940 nova-conductor[95935]: DEBUG cotyledon.oslo_config_glue [-] oslo_messaging_rabbit.ssl_enforce_fips_mode = False {{(pid=95935) log_opt_values /opt/stack/data/venv/lib/python3.12/site-packages/oslo_config/cfg.py:3560}}
Aug 23 18:08:07.528528 np0000007940 nova-conductor[95935]: DEBUG cotyledon.oslo_config_glue [-] oslo_messaging_rabbit.ssl_enforce_hostname_verification = True {{(pid=95935) log_opt_values /opt/stack/data/venv/lib/python3.12/site-packages/oslo_config/cfg.py:3560}}
Aug 23 18:08:07.528528 np0000007940 nova-conductor[95935]: DEBUG cotyledon.oslo_config_glue [-] oslo_messaging_rabbit.ssl_key_file = {{(pid=95935) log_opt_values /opt/stack/data/venv/lib/python3.12/site-packages/oslo_config/cfg.py:3560}}
Aug 23 18:08:07.528860 np0000007940 nova-conductor[95935]: DEBUG cotyledon.oslo_config_glue [-] oslo_messaging_rabbit.ssl_version = {{(pid=95935) log_opt_values /opt/stack/data/venv/lib/python3.12/site-packages/oslo_config/cfg.py:3560}}
Aug 23 18:08:07.528860 np0000007940 nova-conductor[95935]: DEBUG cotyledon.oslo_config_glue [-] oslo_messaging_rabbit.use_queue_manager = False {{(pid=95935) log_opt_values /opt/stack/data/venv/lib/python3.12/site-packages/oslo_config/cfg.py:3560}}
Aug 23 18:08:07.528860 np0000007940 nova-conductor[95935]: DEBUG cotyledon.oslo_config_glue [-] oslo_messaging_notifications.driver = ['messagingv2'] {{(pid=95935) log_opt_values /opt/stack/data/venv/lib/python3.12/site-packages/oslo_config/cfg.py:3560}}
Aug 23 18:08:07.528860 np0000007940 nova-conductor[95935]: DEBUG cotyledon.oslo_config_glue [-] oslo_messaging_notifications.retry = -1 {{(pid=95935) log_opt_values /opt/stack/data/venv/lib/python3.12/site-packages/oslo_config/cfg.py:3560}}
Aug 23 18:08:07.528860 np0000007940 nova-conductor[95935]: DEBUG cotyledon.oslo_config_glue [-] oslo_messaging_notifications.topics = ['notifications'] {{(pid=95935) log_opt_values /opt/stack/data/venv/lib/python3.12/site-packages/oslo_config/cfg.py:3560}}
Aug 23 18:08:07.528860 np0000007940 nova-conductor[95935]: DEBUG cotyledon.oslo_config_glue [-] oslo_messaging_notifications.transport_url = **** {{(pid=95935) log_opt_values /opt/stack/data/venv/lib/python3.12/site-packages/oslo_config/cfg.py:3560}}
Aug 23 18:08:07.528860 np0000007940 nova-conductor[95935]: DEBUG cotyledon.oslo_config_glue [-] oslo_limit.auth_section = None {{(pid=95935) log_opt_values /opt/stack/data/venv/lib/python3.12/site-packages/oslo_config/cfg.py:3560}}
Aug 23 18:08:07.528860 np0000007940 nova-conductor[95935]: DEBUG cotyledon.oslo_config_glue [-] oslo_limit.auth_type = None {{(pid=95935) log_opt_values /opt/stack/data/venv/lib/python3.12/site-packages/oslo_config/cfg.py:3560}}
Aug 23 18:08:07.528860 np0000007940 nova-conductor[95935]: DEBUG cotyledon.oslo_config_glue [-] oslo_limit.cafile = None {{(pid=95935) log_opt_values /opt/stack/data/venv/lib/python3.12/site-packages/oslo_config/cfg.py:3560}}
Aug 23 18:08:07.529228 np0000007940 nova-conductor[95935]: DEBUG cotyledon.oslo_config_glue [-] oslo_limit.certfile = None {{(pid=95935) log_opt_values /opt/stack/data/venv/lib/python3.12/site-packages/oslo_config/cfg.py:3560}}
Aug 23 18:08:07.529228 np0000007940 nova-conductor[95935]: DEBUG cotyledon.oslo_config_glue [-] oslo_limit.collect_timing = False {{(pid=95935) log_opt_values /opt/stack/data/venv/lib/python3.12/site-packages/oslo_config/cfg.py:3560}}
Aug 23 18:08:07.529228 np0000007940 nova-conductor[95935]: DEBUG cotyledon.oslo_config_glue [-] oslo_limit.connect_retries = None {{(pid=95935) log_opt_values /opt/stack/data/venv/lib/python3.12/site-packages/oslo_config/cfg.py:3560}}
Aug 23 18:08:07.529228 np0000007940 nova-conductor[95935]: DEBUG cotyledon.oslo_config_glue [-] oslo_limit.connect_retry_delay = None {{(pid=95935) log_opt_values /opt/stack/data/venv/lib/python3.12/site-packages/oslo_config/cfg.py:3560}}
Aug 23 18:08:07.529228 np0000007940 nova-conductor[95935]: DEBUG cotyledon.oslo_config_glue [-] oslo_limit.endpoint_id = None {{(pid=95935) log_opt_values /opt/stack/data/venv/lib/python3.12/site-packages/oslo_config/cfg.py:3560}}
Aug 23 18:08:07.529228 np0000007940 nova-conductor[95935]: DEBUG cotyledon.oslo_config_glue [-] oslo_limit.endpoint_interface = public {{(pid=95935) log_opt_values /opt/stack/data/venv/lib/python3.12/site-packages/oslo_config/cfg.py:3560}}
Aug 23 18:08:07.529228 np0000007940 nova-conductor[95935]: DEBUG cotyledon.oslo_config_glue [-] oslo_limit.endpoint_override = None {{(pid=95935) log_opt_values /opt/stack/data/venv/lib/python3.12/site-packages/oslo_config/cfg.py:3560}}
Aug 23 18:08:07.529228 np0000007940 nova-conductor[95935]: DEBUG cotyledon.oslo_config_glue [-] oslo_limit.endpoint_region_name = None {{(pid=95935) log_opt_values /opt/stack/data/venv/lib/python3.12/site-packages/oslo_config/cfg.py:3560}}
Aug 23 18:08:07.529228 np0000007940 nova-conductor[95935]: DEBUG cotyledon.oslo_config_glue [-] oslo_limit.endpoint_service_name = None {{(pid=95935) log_opt_values /opt/stack/data/venv/lib/python3.12/site-packages/oslo_config/cfg.py:3560}}
Aug 23 18:08:07.529554 np0000007940 nova-conductor[95935]: DEBUG cotyledon.oslo_config_glue [-] oslo_limit.endpoint_service_type = None {{(pid=95935) log_opt_values /opt/stack/data/venv/lib/python3.12/site-packages/oslo_config/cfg.py:3560}}
Aug 23 18:08:07.529554 np0000007940 nova-conductor[95935]: DEBUG cotyledon.oslo_config_glue [-] oslo_limit.insecure = False {{(pid=95935) log_opt_values /opt/stack/data/venv/lib/python3.12/site-packages/oslo_config/cfg.py:3560}}
Aug 23 18:08:07.529554 np0000007940 nova-conductor[95935]: DEBUG cotyledon.oslo_config_glue [-] oslo_limit.keyfile = None {{(pid=95935) log_opt_values /opt/stack/data/venv/lib/python3.12/site-packages/oslo_config/cfg.py:3560}}
Aug 23 18:08:07.529554 np0000007940 nova-conductor[95935]: DEBUG cotyledon.oslo_config_glue [-] oslo_limit.max_version = None {{(pid=95935) log_opt_values /opt/stack/data/venv/lib/python3.12/site-packages/oslo_config/cfg.py:3560}}
Aug 23 18:08:07.529554 np0000007940 nova-conductor[95935]: DEBUG cotyledon.oslo_config_glue [-] oslo_limit.min_version = None {{(pid=95935) log_opt_values /opt/stack/data/venv/lib/python3.12/site-packages/oslo_config/cfg.py:3560}}
Aug 23 18:08:07.529554 np0000007940 nova-conductor[95935]: DEBUG cotyledon.oslo_config_glue [-] oslo_limit.region_name = None {{(pid=95935) log_opt_values /opt/stack/data/venv/lib/python3.12/site-packages/oslo_config/cfg.py:3560}}
Aug 23 18:08:07.529554 np0000007940 nova-conductor[95935]: DEBUG cotyledon.oslo_config_glue [-] oslo_limit.retriable_status_codes = None {{(pid=95935) log_opt_values /opt/stack/data/venv/lib/python3.12/site-packages/oslo_config/cfg.py:3560}}
Aug 23 18:08:07.529554 np0000007940 nova-conductor[95935]: DEBUG cotyledon.oslo_config_glue [-] oslo_limit.service_name = None {{(pid=95935) log_opt_values /opt/stack/data/venv/lib/python3.12/site-packages/oslo_config/cfg.py:3560}}
Aug 23 18:08:07.529554 np0000007940 nova-conductor[95935]: DEBUG cotyledon.oslo_config_glue [-] oslo_limit.service_type = None {{(pid=95935) log_opt_values /opt/stack/data/venv/lib/python3.12/site-packages/oslo_config/cfg.py:3560}}
Aug 23 18:08:07.529887 np0000007940 nova-conductor[95935]: DEBUG cotyledon.oslo_config_glue [-] oslo_limit.split_loggers = False {{(pid=95935) log_opt_values /opt/stack/data/venv/lib/python3.12/site-packages/oslo_config/cfg.py:3560}}
Aug 23 18:08:07.529887 np0000007940 nova-conductor[95935]: DEBUG cotyledon.oslo_config_glue [-] oslo_limit.status_code_retries = None {{(pid=95935) log_opt_values /opt/stack/data/venv/lib/python3.12/site-packages/oslo_config/cfg.py:3560}}
Aug 23 18:08:07.529887 np0000007940 nova-conductor[95935]: DEBUG cotyledon.oslo_config_glue [-] oslo_limit.status_code_retry_delay = None {{(pid=95935) log_opt_values /opt/stack/data/venv/lib/python3.12/site-packages/oslo_config/cfg.py:3560}}
Aug 23 18:08:07.529887 np0000007940 nova-conductor[95935]: DEBUG cotyledon.oslo_config_glue [-] oslo_limit.timeout = None {{(pid=95935) log_opt_values /opt/stack/data/venv/lib/python3.12/site-packages/oslo_config/cfg.py:3560}}
Aug 23 18:08:07.529887 np0000007940 nova-conductor[95935]: DEBUG cotyledon.oslo_config_glue [-] oslo_limit.valid_interfaces = None {{(pid=95935) log_opt_values /opt/stack/data/venv/lib/python3.12/site-packages/oslo_config/cfg.py:3560}}
Aug 23 18:08:07.529887 np0000007940 nova-conductor[95935]: DEBUG cotyledon.oslo_config_glue [-] oslo_limit.version = None {{(pid=95935) log_opt_values /opt/stack/data/venv/lib/python3.12/site-packages/oslo_config/cfg.py:3560}}
Aug 23 18:08:07.529887 np0000007940 nova-conductor[95935]: DEBUG cotyledon.oslo_config_glue [-] oslo_reports.file_event_handler = None {{(pid=95935) log_opt_values /opt/stack/data/venv/lib/python3.12/site-packages/oslo_config/cfg.py:3560}}
Aug 23 18:08:07.529887 np0000007940 nova-conductor[95935]: DEBUG cotyledon.oslo_config_glue [-] oslo_reports.file_event_handler_interval = 1 {{(pid=95935) log_opt_values /opt/stack/data/venv/lib/python3.12/site-packages/oslo_config/cfg.py:3560}}
Aug 23 18:08:07.529887 np0000007940 nova-conductor[95935]: DEBUG cotyledon.oslo_config_glue [-] oslo_reports.log_dir = None {{(pid=95935) log_opt_values /opt/stack/data/venv/lib/python3.12/site-packages/oslo_config/cfg.py:3560}}
Aug 23 18:08:07.530278 np0000007940 nova-conductor[95935]: DEBUG cotyledon.oslo_config_glue [-] ******************************************************************************** {{(pid=95935) log_opt_values /opt/stack/data/venv/lib/python3.12/site-packages/oslo_config/cfg.py:3567}}
Aug 23 18:08:07.530278 np0000007940 nova-conductor[95935]: DEBUG cotyledon._service_worker [-] Run service ServiceWrapper(2) [95935] {{(pid=95935) wait_forever /opt/stack/data/venv/lib/python3.12/site-packages/cotyledon/_service_worker.py:218}}
Aug 23 18:08:07.530278 np0000007940 nova-conductor[95935]: INFO nova.service [-] Starting conductor node (version 33.1.0)
Aug 23 18:08:07.530278 np0000007940 nova-conductor[95935]: INFO dbcounter [None req-b9d1b803-9f69-468d-b782-08574245c7bc None None] Registered counter for database nova_cell0
Aug 23 18:08:07.530426 np0000007940 nova-conductor[95911]: DEBUG oslo_db.sqlalchemy.engines [None req-ec92813c-c641-4aa8-b062-d2220448669d None None] MySQL server mode set to STRICT_TRANS_TABLES,STRICT_ALL_TABLES,NO_ZERO_IN_DATE,NO_ZERO_DATE,ERROR_FOR_DIVISION_BY_ZERO,TRADITIONAL,NO_ENGINE_SUBSTITUTION {{(pid=95911) _check_effective_sql_mode /opt/stack/data/venv/lib/python3.12/site-packages/oslo_db/sqlalchemy/engines.py:325}}
Aug 23 18:08:07.530480 np0000007940 nova-conductor[95919]: DEBUG oslo_db.sqlalchemy.engines [None req-f968c9e5-fad1-4ac8-9798-704f516e0dc8 None None] MySQL server mode set to STRICT_TRANS_TABLES,STRICT_ALL_TABLES,NO_ZERO_IN_DATE,NO_ZERO_DATE,ERROR_FOR_DIVISION_BY_ZERO,TRADITIONAL,NO_ENGINE_SUBSTITUTION {{(pid=95919) _check_effective_sql_mode /opt/stack/data/venv/lib/python3.12/site-packages/oslo_db/sqlalchemy/engines.py:325}}
Aug 23 18:08:07.530535 np0000007940 nova-conductor[95911]: DEBUG dbcounter [-] [95911] Writer thread running {{(pid=95911) stat_writer /opt/stack/data/venv/lib/python3.12/site-packages/dbcounter.py:102}}
Aug 23 18:08:07.530574 np0000007940 nova-conductor[95919]: DEBUG dbcounter [-] [95919] Writer thread running {{(pid=95919) stat_writer /opt/stack/data/venv/lib/python3.12/site-packages/dbcounter.py:102}}
Aug 23 18:08:07.530619 np0000007940 nova-conductor[95935]: DEBUG oslo_db.sqlalchemy.engines [None req-b9d1b803-9f69-468d-b782-08574245c7bc None None] MySQL server mode set to STRICT_TRANS_TABLES,STRICT_ALL_TABLES,NO_ZERO_IN_DATE,NO_ZERO_DATE,ERROR_FOR_DIVISION_BY_ZERO,TRADITIONAL,NO_ENGINE_SUBSTITUTION {{(pid=95935) _check_effective_sql_mode /opt/stack/data/venv/lib/python3.12/site-packages/oslo_db/sqlalchemy/engines.py:325}}
Aug 23 18:08:07.530665 np0000007940 nova-conductor[95911]: DEBUG nova.service [None req-ec92813c-c641-4aa8-b062-d2220448669d None None] Creating RPC server for service: nova-conductor on topic: conductor {{(pid=95911) start /opt/stack/nova/nova/service.py:262}}
Aug 23 18:08:07.530714 np0000007940 nova-conductor[95935]: DEBUG dbcounter [-] [95935] Writer thread running {{(pid=95935) stat_writer /opt/stack/data/venv/lib/python3.12/site-packages/dbcounter.py:102}}
Aug 23 18:08:07.530714 np0000007940 nova-conductor[95935]: DEBUG nova.service [None req-b9d1b803-9f69-468d-b782-08574245c7bc None None] Creating RPC server for service: nova-conductor on topic: conductor {{(pid=95935) start /opt/stack/nova/nova/service.py:262}}
Aug 23 18:08:07.530796 np0000007940 nova-conductor[95919]: DEBUG nova.service [None req-f968c9e5-fad1-4ac8-9798-704f516e0dc8 None None] Creating RPC server for service: nova-conductor on topic: conductor {{(pid=95919) start /opt/stack/nova/nova/service.py:262}}
Aug 23 18:08:07.538091 np0000007940 nova-conductor[95911]: DEBUG nova.service [None req-ec92813c-c641-4aa8-b062-d2220448669d None None] Join ServiceGroup membership for this service conductor {{(pid=95911) start /opt/stack/nova/nova/service.py:288}}
Aug 23 18:08:07.538295 np0000007940 nova-conductor[95911]: DEBUG nova.servicegroup.drivers.db [None req-ec92813c-c641-4aa8-b062-d2220448669d None None] DB_Driver: join new ServiceGroup member np0000007940 to the conductor group, service = {{(pid=95911) join /opt/stack/nova/nova/servicegroup/drivers/db.py:44}}
Aug 23 18:08:07.555548 np0000007940 nova-conductor[95919]: DEBUG nova.service [None req-f968c9e5-fad1-4ac8-9798-704f516e0dc8 None None] Join ServiceGroup membership for this service conductor {{(pid=95919) start /opt/stack/nova/nova/service.py:288}}
Aug 23 18:08:07.555807 np0000007940 nova-conductor[95919]: DEBUG nova.servicegroup.drivers.db [None req-f968c9e5-fad1-4ac8-9798-704f516e0dc8 None None] DB_Driver: join new ServiceGroup member np0000007940 to the conductor group, service = {{(pid=95919) join /opt/stack/nova/nova/servicegroup/drivers/db.py:44}}
Aug 23 18:08:07.556013 np0000007940 nova-conductor[95935]: DEBUG nova.service [None req-b9d1b803-9f69-468d-b782-08574245c7bc None None] Join ServiceGroup membership for this service conductor {{(pid=95935) start /opt/stack/nova/nova/service.py:288}}
Aug 23 18:08:07.556252 np0000007940 nova-conductor[95935]: DEBUG nova.servicegroup.drivers.db [None req-b9d1b803-9f69-468d-b782-08574245c7bc None None] DB_Driver: join new ServiceGroup member np0000007940 to the conductor group, service = {{(pid=95935) join /opt/stack/nova/nova/servicegroup/drivers/db.py:44}}
Aug 23 18:08:09.559210 np0000007940 nova-conductor[95935]: DEBUG oslo.service.backend._threading.loopingcall [None req-57d39ccb-7dc2-4bbf-91db-1899505c88d4 None None] Dynamic interval looping call 'nova.service.Service.periodic_tasks' sleeping for 60.00 seconds {{(pid=95935) _run_loop /opt/stack/data/venv/lib/python3.12/site-packages/oslo_service/backend/_threading/loopingcall.py:125}}
Aug 23 18:08:12.549852 np0000007940 nova-conductor[95911]: DEBUG oslo.service.backend._threading.loopingcall [-] Fixed interval looping call 'nova.servicegroup.drivers.db.DbDriver._report_state' sleeping for 119.99 seconds {{(pid=95911) _run_loop /opt/stack/data/venv/lib/python3.12/site-packages/oslo_service/backend/_threading/loopingcall.py:125}}
Aug 23 18:08:12.561643 np0000007940 nova-conductor[95919]: DEBUG oslo.service.backend._threading.loopingcall [-] Fixed interval looping call 'nova.servicegroup.drivers.db.DbDriver._report_state' sleeping for 120.00 seconds {{(pid=95919) _run_loop /opt/stack/data/venv/lib/python3.12/site-packages/oslo_service/backend/_threading/loopingcall.py:125}}
Aug 23 18:08:12.568126 np0000007940 nova-conductor[95935]: DEBUG oslo.service.backend._threading.loopingcall [-] Fixed interval looping call 'nova.servicegroup.drivers.db.DbDriver._report_state' sleeping for 119.99 seconds {{(pid=95935) _run_loop /opt/stack/data/venv/lib/python3.12/site-packages/oslo_service/backend/_threading/loopingcall.py:125}}
Aug 23 18:08:16.144252 np0000007940 nova-conductor[94433]: DEBUG dbcounter [-] [94433] Writing DB stats nova_api:SELECT=1 {{(pid=94433) stat_writer /opt/stack/data/venv/lib/python3.12/site-packages/dbcounter.py:115}}
Aug 23 18:08:16.264477 np0000007940 nova-conductor[94433]: DEBUG dbcounter [-] [94433] Writing DB stats nova_cell0:SELECT=1 {{(pid=94433) stat_writer /opt/stack/data/venv/lib/python3.12/site-packages/dbcounter.py:115}}
Aug 23 18:08:16.270049 np0000007940 nova-conductor[94433]: DEBUG dbcounter [-] [94433] Writing DB stats nova_cell1:SELECT=1 {{(pid=94433) stat_writer /opt/stack/data/venv/lib/python3.12/site-packages/dbcounter.py:115}}
Aug 23 18:08:22.546780 np0000007940 nova-conductor[95911]: DEBUG dbcounter [-] [95911] Writing DB stats nova_cell0:SELECT=4,nova_cell0:INSERT=1,nova_cell0:UPDATE=1 {{(pid=95911) stat_writer /opt/stack/data/venv/lib/python3.12/site-packages/dbcounter.py:115}}
Aug 23 18:08:22.559442 np0000007940 nova-conductor[95919]: DEBUG dbcounter [-] [95919] Writing DB stats nova_cell0:SELECT=4,nova_cell0:INSERT=1 {{(pid=95919) stat_writer /opt/stack/data/venv/lib/python3.12/site-packages/dbcounter.py:115}}
Aug 23 18:08:22.565210 np0000007940 nova-conductor[95935]: DEBUG dbcounter [-] [95935] Writing DB stats nova_cell0:SELECT=3 {{(pid=95935) stat_writer /opt/stack/data/venv/lib/python3.12/site-packages/dbcounter.py:115}}
Aug 23 18:08:28.540426 np0000007940 nova-conductor[95911]: DEBUG oslo.service.backend._threading.loopingcall [None req-7ae1574f-d1a0-4e27-875c-e3333cadedce None None] Dynamic interval looping call 'nova.service.Service.periodic_tasks' sleeping for 60.00 seconds {{(pid=95911) _run_loop /opt/stack/data/venv/lib/python3.12/site-packages/oslo_service/backend/_threading/loopingcall.py:125}}
Aug 23 18:08:48.558118 np0000007940 nova-conductor[95919]: DEBUG oslo.service.backend._threading.loopingcall [None req-c8af8f3a-e90d-4b88-b298-1f81a4f7245e None None] Dynamic interval looping call 'nova.service.Service.periodic_tasks' sleeping for 60.00 seconds {{(pid=95919) _run_loop /opt/stack/data/venv/lib/python3.12/site-packages/oslo_service/backend/_threading/loopingcall.py:125}}
Aug 23 18:09:09.559651 np0000007940 nova-conductor[95935]: DEBUG oslo.service.backend._threading.loopingcall [None req-57d39ccb-7dc2-4bbf-91db-1899505c88d4 None None] Dynamic interval looping call 'nova.service.Service.periodic_tasks' sleeping for 60.00 seconds {{(pid=95935) _run_loop /opt/stack/data/venv/lib/python3.12/site-packages/oslo_service/backend/_threading/loopingcall.py:125}}
Aug 23 18:09:28.541377 np0000007940 nova-conductor[95911]: DEBUG oslo.service.backend._threading.loopingcall [None req-7ae1574f-d1a0-4e27-875c-e3333cadedce None None] Dynamic interval looping call 'nova.service.Service.periodic_tasks' sleeping for 60.00 seconds {{(pid=95911) _run_loop /opt/stack/data/venv/lib/python3.12/site-packages/oslo_service/backend/_threading/loopingcall.py:125}}
Aug 23 18:09:48.558509 np0000007940 nova-conductor[95919]: DEBUG oslo.service.backend._threading.loopingcall [None req-c8af8f3a-e90d-4b88-b298-1f81a4f7245e None None] Dynamic interval looping call 'nova.service.Service.periodic_tasks' sleeping for 60.00 seconds {{(pid=95919) _run_loop /opt/stack/data/venv/lib/python3.12/site-packages/oslo_service/backend/_threading/loopingcall.py:125}}
Aug 23 18:10:09.560486 np0000007940 nova-conductor[95935]: DEBUG oslo.service.backend._threading.loopingcall [None req-57d39ccb-7dc2-4bbf-91db-1899505c88d4 None None] Dynamic interval looping call 'nova.service.Service.periodic_tasks' sleeping for 60.00 seconds {{(pid=95935) _run_loop /opt/stack/data/venv/lib/python3.12/site-packages/oslo_service/backend/_threading/loopingcall.py:125}}
Aug 23 18:10:12.546088 np0000007940 nova-conductor[95911]: DEBUG oslo.service.backend._threading.loopingcall [-] Fixed interval looping call 'nova.servicegroup.drivers.db.DbDriver._report_state' sleeping for 119.99 seconds {{(pid=95911) _run_loop /opt/stack/data/venv/lib/python3.12/site-packages/oslo_service/backend/_threading/loopingcall.py:125}}
Aug 23 18:10:12.562168 np0000007940 nova-conductor[95935]: DEBUG oslo.service.backend._threading.loopingcall [-] Fixed interval looping call 'nova.servicegroup.drivers.db.DbDriver._report_state' sleeping for 120.00 seconds {{(pid=95935) _run_loop /opt/stack/data/venv/lib/python3.12/site-packages/oslo_service/backend/_threading/loopingcall.py:125}}
Aug 23 18:10:12.565796 np0000007940 nova-conductor[95919]: DEBUG oslo.service.backend._threading.loopingcall [-] Fixed interval looping call 'nova.servicegroup.drivers.db.DbDriver._report_state' sleeping for 120.00 seconds {{(pid=95919) _run_loop /opt/stack/data/venv/lib/python3.12/site-packages/oslo_service/backend/_threading/loopingcall.py:125}}
Aug 23 18:10:22.466139 np0000007940 nova-conductor[95911]: DEBUG oslo_db.sqlalchemy.engines [None req-4483f574-8755-43ea-9411-5bdd58f62298 tempest-ServerRescueNegativeTestJSON-378953889 tempest-ServerRescueNegativeTestJSON-378953889-project-member] Parent process 94433 forked (95911) with an open database connection, which is being discarded and recreated. {{(pid=95911) checkout /opt/stack/data/venv/lib/python3.12/site-packages/oslo_db/sqlalchemy/engines.py:402}}
Aug 23 18:10:22.497388 np0000007940 nova-conductor[95911]: DEBUG dbcounter [-] [95911] Writer thread running {{(pid=95911) stat_writer /opt/stack/data/venv/lib/python3.12/site-packages/dbcounter.py:102}}
Aug 23 18:10:22.543675 np0000007940 nova-conductor[95911]: DEBUG dbcounter [-] [95911] Writing DB stats nova_cell0:SELECT=1,nova_cell0:UPDATE=1 {{(pid=95911) stat_writer /opt/stack/data/venv/lib/python3.12/site-packages/dbcounter.py:115}}
Aug 23 18:10:22.562599 np0000007940 nova-conductor[95935]: DEBUG dbcounter [-] [95935] Writing DB stats nova_cell0:SELECT=1 {{(pid=95935) stat_writer /opt/stack/data/venv/lib/python3.12/site-packages/dbcounter.py:115}}
Aug 23 18:10:22.565207 np0000007940 nova-conductor[95919]: DEBUG dbcounter [-] [95919] Writing DB stats nova_cell0:SELECT=1 {{(pid=95919) stat_writer /opt/stack/data/venv/lib/python3.12/site-packages/dbcounter.py:115}}
Aug 23 18:10:23.340835 np0000007940 nova-conductor[95911]: DEBUG nova.conductor.manager [None req-4483f574-8755-43ea-9411-5bdd58f62298 tempest-ServerRescueNegativeTestJSON-378953889 tempest-ServerRescueNegativeTestJSON-378953889-project-member] Took 0.84 seconds to select destinations for 1 instance(s). {{(pid=95911) _schedule_instances /opt/stack/nova/nova/conductor/manager.py:957}}
Aug 23 18:10:23.370224 np0000007940 nova-conductor[95911]: DEBUG oslo_concurrency.lockutils [None req-4483f574-8755-43ea-9411-5bdd58f62298 tempest-ServerRescueNegativeTestJSON-378953889 tempest-ServerRescueNegativeTestJSON-378953889-project-member] Acquiring lock "f826baf4-af4f-4c4f-ba91-5c2211cf0f92" by "nova.context.set_target_cell..get_or_set_cached_cell_and_set_connections" {{(pid=95911) inner /opt/stack/data/venv/lib/python3.12/site-packages/oslo_concurrency/lockutils.py:512}}
Aug 23 18:10:23.370705 np0000007940 nova-conductor[95911]: DEBUG oslo_concurrency.lockutils [None req-4483f574-8755-43ea-9411-5bdd58f62298 tempest-ServerRescueNegativeTestJSON-378953889 tempest-ServerRescueNegativeTestJSON-378953889-project-member] Lock "f826baf4-af4f-4c4f-ba91-5c2211cf0f92" acquired by "nova.context.set_target_cell..get_or_set_cached_cell_and_set_connections" :: waited 0.001s {{(pid=95911) inner /opt/stack/data/venv/lib/python3.12/site-packages/oslo_concurrency/lockutils.py:525}}
Aug 23 18:10:23.372513 np0000007940 nova-conductor[95911]: DEBUG oslo_concurrency.lockutils [None req-4483f574-8755-43ea-9411-5bdd58f62298 tempest-ServerRescueNegativeTestJSON-378953889 tempest-ServerRescueNegativeTestJSON-378953889-project-member] Lock "f826baf4-af4f-4c4f-ba91-5c2211cf0f92" "released" by "nova.context.set_target_cell..get_or_set_cached_cell_and_set_connections" :: held 0.002s {{(pid=95911) inner /opt/stack/data/venv/lib/python3.12/site-packages/oslo_concurrency/lockutils.py:544}}
Aug 23 18:10:23.377732 np0000007940 nova-conductor[95911]: INFO dbcounter [None req-4483f574-8755-43ea-9411-5bdd58f62298 tempest-ServerRescueNegativeTestJSON-378953889 tempest-ServerRescueNegativeTestJSON-378953889-project-member] Registered counter for database nova_cell1
Aug 23 18:10:23.413207 np0000007940 nova-conductor[95911]: DEBUG oslo_db.sqlalchemy.engines [None req-4483f574-8755-43ea-9411-5bdd58f62298 tempest-ServerRescueNegativeTestJSON-378953889 tempest-ServerRescueNegativeTestJSON-378953889-project-member] MySQL server mode set to STRICT_TRANS_TABLES,STRICT_ALL_TABLES,NO_ZERO_IN_DATE,NO_ZERO_DATE,ERROR_FOR_DIVISION_BY_ZERO,TRADITIONAL,NO_ENGINE_SUBSTITUTION {{(pid=95911) _check_effective_sql_mode /opt/stack/data/venv/lib/python3.12/site-packages/oslo_db/sqlalchemy/engines.py:325}}
Aug 23 18:10:23.422362 np0000007940 nova-conductor[95911]: DEBUG dbcounter [-] [95911] Writer thread running {{(pid=95911) stat_writer /opt/stack/data/venv/lib/python3.12/site-packages/dbcounter.py:102}}
Aug 23 18:10:23.487221 np0000007940 nova-conductor[95911]: DEBUG oslo_concurrency.lockutils [None req-4483f574-8755-43ea-9411-5bdd58f62298 tempest-ServerRescueNegativeTestJSON-378953889 tempest-ServerRescueNegativeTestJSON-378953889-project-member] Acquiring lock "00000000-0000-0000-0000-000000000000" by "nova.context.set_target_cell..get_or_set_cached_cell_and_set_connections" {{(pid=95911) inner /opt/stack/data/venv/lib/python3.12/site-packages/oslo_concurrency/lockutils.py:512}}
Aug 23 18:10:23.487643 np0000007940 nova-conductor[95911]: DEBUG oslo_concurrency.lockutils [None req-4483f574-8755-43ea-9411-5bdd58f62298 tempest-ServerRescueNegativeTestJSON-378953889 tempest-ServerRescueNegativeTestJSON-378953889-project-member] Lock "00000000-0000-0000-0000-000000000000" acquired by "nova.context.set_target_cell..get_or_set_cached_cell_and_set_connections" :: waited 0.000s {{(pid=95911) inner /opt/stack/data/venv/lib/python3.12/site-packages/oslo_concurrency/lockutils.py:525}}
Aug 23 18:10:23.487955 np0000007940 nova-conductor[95911]: DEBUG oslo_concurrency.lockutils [None req-4483f574-8755-43ea-9411-5bdd58f62298 tempest-ServerRescueNegativeTestJSON-378953889 tempest-ServerRescueNegativeTestJSON-378953889-project-member] Lock "00000000-0000-0000-0000-000000000000" "released" by "nova.context.set_target_cell..get_or_set_cached_cell_and_set_connections" :: held 0.000s {{(pid=95911) inner /opt/stack/data/venv/lib/python3.12/site-packages/oslo_concurrency/lockutils.py:544}}
Aug 23 18:10:23.488344 np0000007940 nova-conductor[95911]: INFO nova.thread_pool_factory [None req-4483f574-8755-43ea-9411-5bdd58f62298 tempest-ServerRescueNegativeTestJSON-378953889 tempest-ServerRescueNegativeTestJSON-378953889-project-member] The cell_worker thread pool ForkProcess-1.cell_worker is initialized
Aug 23 18:10:23.489132 np0000007940 nova-conductor[95911]: DEBUG oslo_concurrency.lockutils [None req-4483f574-8755-43ea-9411-5bdd58f62298 tempest-ServerRescueNegativeTestJSON-378953889 tempest-ServerRescueNegativeTestJSON-378953889-project-member] Acquiring lock "f826baf4-af4f-4c4f-ba91-5c2211cf0f92" by "nova.context.set_target_cell..get_or_set_cached_cell_and_set_connections" {{(pid=95911) inner /opt/stack/data/venv/lib/python3.12/site-packages/oslo_concurrency/lockutils.py:512}}
Aug 23 18:10:23.490443 np0000007940 nova-conductor[95911]: DEBUG oslo_concurrency.lockutils [None req-4483f574-8755-43ea-9411-5bdd58f62298 tempest-ServerRescueNegativeTestJSON-378953889 tempest-ServerRescueNegativeTestJSON-378953889-project-member] Lock "f826baf4-af4f-4c4f-ba91-5c2211cf0f92" acquired by "nova.context.set_target_cell..get_or_set_cached_cell_and_set_connections" :: waited 0.001s {{(pid=95911) inner /opt/stack/data/venv/lib/python3.12/site-packages/oslo_concurrency/lockutils.py:525}}
Aug 23 18:10:23.490608 np0000007940 nova-conductor[95911]: DEBUG oslo_concurrency.lockutils [None req-4483f574-8755-43ea-9411-5bdd58f62298 tempest-ServerRescueNegativeTestJSON-378953889 tempest-ServerRescueNegativeTestJSON-378953889-project-member] Lock "f826baf4-af4f-4c4f-ba91-5c2211cf0f92" "released" by "nova.context.set_target_cell..get_or_set_cached_cell_and_set_connections" :: held 0.000s {{(pid=95911) inner /opt/stack/data/venv/lib/python3.12/site-packages/oslo_concurrency/lockutils.py:544}}
Aug 23 18:10:23.491031 np0000007940 nova-conductor[95911]: INFO dbcounter [None req-4483f574-8755-43ea-9411-5bdd58f62298 tempest-ServerRescueNegativeTestJSON-378953889 tempest-ServerRescueNegativeTestJSON-378953889-project-member] Registered counter for database nova_cell0
Aug 23 18:10:23.542703 np0000007940 nova-conductor[95911]: DEBUG oslo_db.sqlalchemy.engines [None req-4483f574-8755-43ea-9411-5bdd58f62298 tempest-ServerRescueNegativeTestJSON-378953889 tempest-ServerRescueNegativeTestJSON-378953889-project-member] MySQL server mode set to STRICT_TRANS_TABLES,STRICT_ALL_TABLES,NO_ZERO_IN_DATE,NO_ZERO_DATE,ERROR_FOR_DIVISION_BY_ZERO,TRADITIONAL,NO_ENGINE_SUBSTITUTION {{(pid=95911) _check_effective_sql_mode /opt/stack/data/venv/lib/python3.12/site-packages/oslo_db/sqlalchemy/engines.py:325}}
Aug 23 18:10:23.548977 np0000007940 nova-conductor[95911]: DEBUG dbcounter [-] [95911] Writer thread running {{(pid=95911) stat_writer /opt/stack/data/venv/lib/python3.12/site-packages/dbcounter.py:102}}
Aug 23 18:10:23.560148 np0000007940 nova-conductor[95911]: DEBUG nova.quota [None req-4483f574-8755-43ea-9411-5bdd58f62298 tempest-ServerRescueNegativeTestJSON-378953889 tempest-ServerRescueNegativeTestJSON-378953889-project-member] Getting quotas for project fafa5fafdd61482cbaca407d845afc6f. Resources: {'instances', 'ram', 'cores'} {{(pid=95911) _get_quotas /opt/stack/nova/nova/quota.py:389}}
Aug 23 18:10:23.565720 np0000007940 nova-conductor[95911]: DEBUG nova.quota [None req-4483f574-8755-43ea-9411-5bdd58f62298 tempest-ServerRescueNegativeTestJSON-378953889 tempest-ServerRescueNegativeTestJSON-378953889-project-member] Getting quotas for user b8990f40336d4096bc21f3c075623dee and project fafa5fafdd61482cbaca407d845afc6f. Resources: {'instances', 'ram', 'cores'} {{(pid=95911) _get_quotas /opt/stack/nova/nova/quota.py:379}}
Aug 23 18:10:23.571066 np0000007940 nova-conductor[95911]: DEBUG nova.conductor.manager [None req-4483f574-8755-43ea-9411-5bdd58f62298 tempest-ServerRescueNegativeTestJSON-378953889 tempest-ServerRescueNegativeTestJSON-378953889-project-member] [instance: c5781662-d108-46a8-bed8-f29499192fd7] Selected host: np0000007940; Selected node: np0000007940; Alternates: [] {{(pid=95911) schedule_and_build_instances /opt/stack/nova/nova/conductor/manager.py:1773}}
Aug 23 18:10:23.571452 np0000007940 nova-conductor[95911]: DEBUG oslo_concurrency.lockutils [None req-4483f574-8755-43ea-9411-5bdd58f62298 tempest-ServerRescueNegativeTestJSON-378953889 tempest-ServerRescueNegativeTestJSON-378953889-project-member] Acquiring lock "f826baf4-af4f-4c4f-ba91-5c2211cf0f92" by "nova.context.set_target_cell..get_or_set_cached_cell_and_set_connections" {{(pid=95911) inner /opt/stack/data/venv/lib/python3.12/site-packages/oslo_concurrency/lockutils.py:512}}
Aug 23 18:10:23.571587 np0000007940 nova-conductor[95911]: DEBUG oslo_concurrency.lockutils [None req-4483f574-8755-43ea-9411-5bdd58f62298 tempest-ServerRescueNegativeTestJSON-378953889 tempest-ServerRescueNegativeTestJSON-378953889-project-member] Lock "f826baf4-af4f-4c4f-ba91-5c2211cf0f92" acquired by "nova.context.set_target_cell..get_or_set_cached_cell_and_set_connections" :: waited 0.000s {{(pid=95911) inner /opt/stack/data/venv/lib/python3.12/site-packages/oslo_concurrency/lockutils.py:525}}
Aug 23 18:10:23.571672 np0000007940 nova-conductor[95911]: DEBUG oslo_concurrency.lockutils [None req-4483f574-8755-43ea-9411-5bdd58f62298 tempest-ServerRescueNegativeTestJSON-378953889 tempest-ServerRescueNegativeTestJSON-378953889-project-member] Lock "f826baf4-af4f-4c4f-ba91-5c2211cf0f92" "released" by "nova.context.set_target_cell..get_or_set_cached_cell_and_set_connections" :: held 0.000s {{(pid=95911) inner /opt/stack/data/venv/lib/python3.12/site-packages/oslo_concurrency/lockutils.py:544}}
Aug 23 18:10:23.582512 np0000007940 nova-conductor[95911]: DEBUG nova.conductor.manager [None req-4483f574-8755-43ea-9411-5bdd58f62298 tempest-ServerRescueNegativeTestJSON-378953889 tempest-ServerRescueNegativeTestJSON-378953889-project-member] [instance: c5781662-d108-46a8-bed8-f29499192fd7] block_device_mapping [BlockDeviceMapping(attachment_id=,boot_index=0,connection_info=None,created_at=,delete_on_termination=True,deleted=,deleted_at=,destination_type='local',device_name=None,device_type='disk',disk_bus=None,encrypted=False,encryption_format=None,encryption_options=None,encryption_secret_uuid=None,guest_format=None,id=,image_id='af45d82e-cf5b-41b9-9644-013e3eb2dedc',instance=,instance_uuid=,no_device=False,snapshot_id=None,source_type='image',tag=None,updated_at=,uuid=,volume_id=None,volume_size=None,volume_type=None)] {{(pid=95911) _create_block_device_mapping /opt/stack/nova/nova/conductor/manager.py:1518}}
Aug 23 18:10:23.583924 np0000007940 nova-conductor[95911]: DEBUG oslo_concurrency.lockutils [None req-4483f574-8755-43ea-9411-5bdd58f62298 tempest-ServerRescueNegativeTestJSON-378953889 tempest-ServerRescueNegativeTestJSON-378953889-project-member] Acquiring lock "f826baf4-af4f-4c4f-ba91-5c2211cf0f92" by "nova.context.set_target_cell..get_or_set_cached_cell_and_set_connections" {{(pid=95911) inner /opt/stack/data/venv/lib/python3.12/site-packages/oslo_concurrency/lockutils.py:512}}
Aug 23 18:10:23.584160 np0000007940 nova-conductor[95911]: DEBUG oslo_concurrency.lockutils [None req-4483f574-8755-43ea-9411-5bdd58f62298 tempest-ServerRescueNegativeTestJSON-378953889 tempest-ServerRescueNegativeTestJSON-378953889-project-member] Lock "f826baf4-af4f-4c4f-ba91-5c2211cf0f92" acquired by "nova.context.set_target_cell..get_or_set_cached_cell_and_set_connections" :: waited 0.000s {{(pid=95911) inner /opt/stack/data/venv/lib/python3.12/site-packages/oslo_concurrency/lockutils.py:525}}
Aug 23 18:10:23.584348 np0000007940 nova-conductor[95911]: DEBUG oslo_concurrency.lockutils [None req-4483f574-8755-43ea-9411-5bdd58f62298 tempest-ServerRescueNegativeTestJSON-378953889 tempest-ServerRescueNegativeTestJSON-378953889-project-member] Lock "f826baf4-af4f-4c4f-ba91-5c2211cf0f92" "released" by "nova.context.set_target_cell..get_or_set_cached_cell_and_set_connections" :: held 0.000s {{(pid=95911) inner /opt/stack/data/venv/lib/python3.12/site-packages/oslo_concurrency/lockutils.py:544}}
Aug 23 18:10:23.623602 np0000007940 nova-conductor[95911]: DEBUG oslo_concurrency.lockutils [None req-4483f574-8755-43ea-9411-5bdd58f62298 tempest-ServerRescueNegativeTestJSON-378953889 tempest-ServerRescueNegativeTestJSON-378953889-project-member] Acquiring lock "f826baf4-af4f-4c4f-ba91-5c2211cf0f92" by "nova.context.set_target_cell..get_or_set_cached_cell_and_set_connections" {{(pid=95911) inner /opt/stack/data/venv/lib/python3.12/site-packages/oslo_concurrency/lockutils.py:512}}
Aug 23 18:10:23.623800 np0000007940 nova-conductor[95911]: DEBUG oslo_concurrency.lockutils [None req-4483f574-8755-43ea-9411-5bdd58f62298 tempest-ServerRescueNegativeTestJSON-378953889 tempest-ServerRescueNegativeTestJSON-378953889-project-member] Lock "f826baf4-af4f-4c4f-ba91-5c2211cf0f92" acquired by "nova.context.set_target_cell..get_or_set_cached_cell_and_set_connections" :: waited 0.000s {{(pid=95911) inner /opt/stack/data/venv/lib/python3.12/site-packages/oslo_concurrency/lockutils.py:525}}
Aug 23 18:10:23.623974 np0000007940 nova-conductor[95911]: DEBUG oslo_concurrency.lockutils [None req-4483f574-8755-43ea-9411-5bdd58f62298 tempest-ServerRescueNegativeTestJSON-378953889 tempest-ServerRescueNegativeTestJSON-378953889-project-member] Lock "f826baf4-af4f-4c4f-ba91-5c2211cf0f92" "released" by "nova.context.set_target_cell..get_or_set_cached_cell_and_set_connections" :: held 0.000s {{(pid=95911) inner /opt/stack/data/venv/lib/python3.12/site-packages/oslo_concurrency/lockutils.py:544}}
Aug 23 18:10:23.624256 np0000007940 nova-conductor[95911]: DEBUG oslo_concurrency.lockutils [None req-4483f574-8755-43ea-9411-5bdd58f62298 tempest-ServerRescueNegativeTestJSON-378953889 tempest-ServerRescueNegativeTestJSON-378953889-project-member] Acquiring lock "compute-rpcapi-router" {{(pid=95911) lock /opt/stack/data/venv/lib/python3.12/site-packages/oslo_concurrency/lockutils.py:396}}
Aug 23 18:10:23.624398 np0000007940 nova-conductor[95911]: DEBUG oslo_concurrency.lockutils [None req-4483f574-8755-43ea-9411-5bdd58f62298 tempest-ServerRescueNegativeTestJSON-378953889 tempest-ServerRescueNegativeTestJSON-378953889-project-member] Acquired lock "compute-rpcapi-router" {{(pid=95911) lock /opt/stack/data/venv/lib/python3.12/site-packages/oslo_concurrency/lockutils.py:399}}
Aug 23 18:10:23.624881 np0000007940 nova-conductor[95911]: DEBUG oslo_concurrency.lockutils [None req-1fadca3f-c26a-4222-a1ae-9eae3be30796 None None] Acquiring lock "00000000-0000-0000-0000-000000000000" by "nova.context.set_target_cell..get_or_set_cached_cell_and_set_connections" {{(pid=95911) inner /opt/stack/data/venv/lib/python3.12/site-packages/oslo_concurrency/lockutils.py:512}}
Aug 23 18:10:23.625056 np0000007940 nova-conductor[95911]: DEBUG oslo_concurrency.lockutils [None req-1fadca3f-c26a-4222-a1ae-9eae3be30796 None None] Lock "00000000-0000-0000-0000-000000000000" acquired by "nova.context.set_target_cell..get_or_set_cached_cell_and_set_connections" :: waited 0.000s {{(pid=95911) inner /opt/stack/data/venv/lib/python3.12/site-packages/oslo_concurrency/lockutils.py:525}}
Aug 23 18:10:23.625205 np0000007940 nova-conductor[95911]: DEBUG oslo_concurrency.lockutils [None req-1fadca3f-c26a-4222-a1ae-9eae3be30796 None None] Lock "00000000-0000-0000-0000-000000000000" "released" by "nova.context.set_target_cell..get_or_set_cached_cell_and_set_connections" :: held 0.000s {{(pid=95911) inner /opt/stack/data/venv/lib/python3.12/site-packages/oslo_concurrency/lockutils.py:544}}
Aug 23 18:10:23.626295 np0000007940 nova-conductor[95911]: DEBUG oslo_concurrency.lockutils [None req-1fadca3f-c26a-4222-a1ae-9eae3be30796 None None] Acquiring lock "f826baf4-af4f-4c4f-ba91-5c2211cf0f92" by "nova.context.set_target_cell..get_or_set_cached_cell_and_set_connections" {{(pid=95911) inner /opt/stack/data/venv/lib/python3.12/site-packages/oslo_concurrency/lockutils.py:512}}
Aug 23 18:10:23.627345 np0000007940 nova-conductor[95911]: DEBUG oslo_concurrency.lockutils [None req-1fadca3f-c26a-4222-a1ae-9eae3be30796 None None] Lock "f826baf4-af4f-4c4f-ba91-5c2211cf0f92" acquired by "nova.context.set_target_cell..get_or_set_cached_cell_and_set_connections" :: waited 0.001s {{(pid=95911) inner /opt/stack/data/venv/lib/python3.12/site-packages/oslo_concurrency/lockutils.py:525}}
Aug 23 18:10:23.627651 np0000007940 nova-conductor[95911]: DEBUG oslo_concurrency.lockutils [None req-1fadca3f-c26a-4222-a1ae-9eae3be30796 None None] Lock "f826baf4-af4f-4c4f-ba91-5c2211cf0f92" "released" by "nova.context.set_target_cell..get_or_set_cached_cell_and_set_connections" :: held 0.000s {{(pid=95911) inner /opt/stack/data/venv/lib/python3.12/site-packages/oslo_concurrency/lockutils.py:544}}
Aug 23 18:10:23.643147 np0000007940 nova-conductor[95911]: INFO nova.compute.rpcapi [None req-1fadca3f-c26a-4222-a1ae-9eae3be30796 None None] Automatically selected compute RPC version 6.5 from minimum service version 73
Aug 23 18:10:23.643559 np0000007940 nova-conductor[95911]: DEBUG oslo_concurrency.lockutils [None req-1fadca3f-c26a-4222-a1ae-9eae3be30796 None None] Releasing lock "compute-rpcapi-router" {{(pid=95911) lock /opt/stack/data/venv/lib/python3.12/site-packages/oslo_concurrency/lockutils.py:419}}
Aug 23 18:10:26.768971 np0000007940 nova-conductor[95919]: DEBUG dbcounter [-] [95919] Writer thread running {{(pid=95919) stat_writer /opt/stack/data/venv/lib/python3.12/site-packages/dbcounter.py:102}}
Aug 23 18:10:27.226182 np0000007940 nova-conductor[95919]: DEBUG nova.conductor.manager [None req-d853b497-2202-44c1-94ea-19d5064a10dd tempest-ServerActionsTestOtherA-1080083969 tempest-ServerActionsTestOtherA-1080083969-project-member] Took 0.46 seconds to select destinations for 1 instance(s). {{(pid=95919) _schedule_instances /opt/stack/nova/nova/conductor/manager.py:957}}
Aug 23 18:10:27.257662 np0000007940 nova-conductor[95919]: DEBUG oslo_concurrency.lockutils [None req-d853b497-2202-44c1-94ea-19d5064a10dd tempest-ServerActionsTestOtherA-1080083969 tempest-ServerActionsTestOtherA-1080083969-project-member] Acquiring lock "f826baf4-af4f-4c4f-ba91-5c2211cf0f92" by "nova.context.set_target_cell..get_or_set_cached_cell_and_set_connections" {{(pid=95919) inner /opt/stack/data/venv/lib/python3.12/site-packages/oslo_concurrency/lockutils.py:512}}
Aug 23 18:10:27.257916 np0000007940 nova-conductor[95919]: DEBUG oslo_concurrency.lockutils [None req-d853b497-2202-44c1-94ea-19d5064a10dd tempest-ServerActionsTestOtherA-1080083969 tempest-ServerActionsTestOtherA-1080083969-project-member] Lock "f826baf4-af4f-4c4f-ba91-5c2211cf0f92" acquired by "nova.context.set_target_cell..get_or_set_cached_cell_and_set_connections" :: waited 0.000s {{(pid=95919) inner /opt/stack/data/venv/lib/python3.12/site-packages/oslo_concurrency/lockutils.py:525}}
Aug 23 18:10:27.259314 np0000007940 nova-conductor[95919]: DEBUG oslo_concurrency.lockutils [None req-d853b497-2202-44c1-94ea-19d5064a10dd tempest-ServerActionsTestOtherA-1080083969 tempest-ServerActionsTestOtherA-1080083969-project-member] Lock "f826baf4-af4f-4c4f-ba91-5c2211cf0f92" "released" by "nova.context.set_target_cell..get_or_set_cached_cell_and_set_connections" :: held 0.001s {{(pid=95919) inner /opt/stack/data/venv/lib/python3.12/site-packages/oslo_concurrency/lockutils.py:544}}
Aug 23 18:10:27.261518 np0000007940 nova-conductor[95919]: INFO dbcounter [None req-d853b497-2202-44c1-94ea-19d5064a10dd tempest-ServerActionsTestOtherA-1080083969 tempest-ServerActionsTestOtherA-1080083969-project-member] Registered counter for database nova_cell1
Aug 23 18:10:27.316851 np0000007940 nova-conductor[95919]: DEBUG oslo_db.sqlalchemy.engines [None req-d853b497-2202-44c1-94ea-19d5064a10dd tempest-ServerActionsTestOtherA-1080083969 tempest-ServerActionsTestOtherA-1080083969-project-member] MySQL server mode set to STRICT_TRANS_TABLES,STRICT_ALL_TABLES,NO_ZERO_IN_DATE,NO_ZERO_DATE,ERROR_FOR_DIVISION_BY_ZERO,TRADITIONAL,NO_ENGINE_SUBSTITUTION {{(pid=95919) _check_effective_sql_mode /opt/stack/data/venv/lib/python3.12/site-packages/oslo_db/sqlalchemy/engines.py:325}}
Aug 23 18:10:27.322015 np0000007940 nova-conductor[95919]: DEBUG dbcounter [-] [95919] Writer thread running {{(pid=95919) stat_writer /opt/stack/data/venv/lib/python3.12/site-packages/dbcounter.py:102}}
Aug 23 18:10:27.343877 np0000007940 nova-conductor[95935]: DEBUG dbcounter [-] [95935] Writer thread running {{(pid=95935) stat_writer /opt/stack/data/venv/lib/python3.12/site-packages/dbcounter.py:102}}
Aug 23 18:10:27.382150 np0000007940 nova-conductor[95919]: DEBUG oslo_concurrency.lockutils [None req-d853b497-2202-44c1-94ea-19d5064a10dd tempest-ServerActionsTestOtherA-1080083969 tempest-ServerActionsTestOtherA-1080083969-project-member] Acquiring lock "00000000-0000-0000-0000-000000000000" by "nova.context.set_target_cell..get_or_set_cached_cell_and_set_connections" {{(pid=95919) inner /opt/stack/data/venv/lib/python3.12/site-packages/oslo_concurrency/lockutils.py:512}}
Aug 23 18:10:27.382394 np0000007940 nova-conductor[95919]: DEBUG oslo_concurrency.lockutils [None req-d853b497-2202-44c1-94ea-19d5064a10dd tempest-ServerActionsTestOtherA-1080083969 tempest-ServerActionsTestOtherA-1080083969-project-member] Lock "00000000-0000-0000-0000-000000000000" acquired by "nova.context.set_target_cell..get_or_set_cached_cell_and_set_connections" :: waited 0.000s {{(pid=95919) inner /opt/stack/data/venv/lib/python3.12/site-packages/oslo_concurrency/lockutils.py:525}}
Aug 23 18:10:27.382879 np0000007940 nova-conductor[95919]: DEBUG oslo_concurrency.lockutils [None req-d853b497-2202-44c1-94ea-19d5064a10dd tempest-ServerActionsTestOtherA-1080083969 tempest-ServerActionsTestOtherA-1080083969-project-member] Lock "00000000-0000-0000-0000-000000000000" "released" by "nova.context.set_target_cell..get_or_set_cached_cell_and_set_connections" :: held 0.000s {{(pid=95919) inner /opt/stack/data/venv/lib/python3.12/site-packages/oslo_concurrency/lockutils.py:544}}
Aug 23 18:10:27.383257 np0000007940 nova-conductor[95919]: INFO nova.thread_pool_factory [None req-d853b497-2202-44c1-94ea-19d5064a10dd tempest-ServerActionsTestOtherA-1080083969 tempest-ServerActionsTestOtherA-1080083969-project-member] The cell_worker thread pool ForkProcess-2.cell_worker is initialized
Aug 23 18:10:27.384040 np0000007940 nova-conductor[95919]: DEBUG oslo_concurrency.lockutils [None req-d853b497-2202-44c1-94ea-19d5064a10dd tempest-ServerActionsTestOtherA-1080083969 tempest-ServerActionsTestOtherA-1080083969-project-member] Acquiring lock "f826baf4-af4f-4c4f-ba91-5c2211cf0f92" by "nova.context.set_target_cell..get_or_set_cached_cell_and_set_connections" {{(pid=95919) inner /opt/stack/data/venv/lib/python3.12/site-packages/oslo_concurrency/lockutils.py:512}}
Aug 23 18:10:27.384205 np0000007940 nova-conductor[95919]: DEBUG oslo_concurrency.lockutils [None req-d853b497-2202-44c1-94ea-19d5064a10dd tempest-ServerActionsTestOtherA-1080083969 tempest-ServerActionsTestOtherA-1080083969-project-member] Lock "f826baf4-af4f-4c4f-ba91-5c2211cf0f92" acquired by "nova.context.set_target_cell..get_or_set_cached_cell_and_set_connections" :: waited 0.000s {{(pid=95919) inner /opt/stack/data/venv/lib/python3.12/site-packages/oslo_concurrency/lockutils.py:525}}
Aug 23 18:10:27.384326 np0000007940 nova-conductor[95919]: DEBUG oslo_concurrency.lockutils [None req-d853b497-2202-44c1-94ea-19d5064a10dd tempest-ServerActionsTestOtherA-1080083969 tempest-ServerActionsTestOtherA-1080083969-project-member] Lock "f826baf4-af4f-4c4f-ba91-5c2211cf0f92" "released" by "nova.context.set_target_cell..get_or_set_cached_cell_and_set_connections" :: held 0.000s {{(pid=95919) inner /opt/stack/data/venv/lib/python3.12/site-packages/oslo_concurrency/lockutils.py:544}}
Aug 23 18:10:27.386226 np0000007940 nova-conductor[95919]: INFO dbcounter [None req-d853b497-2202-44c1-94ea-19d5064a10dd tempest-ServerActionsTestOtherA-1080083969 tempest-ServerActionsTestOtherA-1080083969-project-member] Registered counter for database nova_cell0
