Jun 11 18:09:19.619470 np0000002657 devstack@g-api.service[102033]: DEBUG glance_store.location [-] Registering scheme swift+https with {'store': , 'location_class': , 'store_entry': 'swift'} {{(pid=102033) register_scheme_map /opt/stack/data/venv/lib/python3.12/site-packages/glance_store/location.py:146}}
Jun 11 18:09:19.619511 np0000002657 devstack@g-api.service[102032]: DEBUG glance_store.location [-] Registering scheme swift+config with {'store': , 'location_class': , 'store_entry': 'swift'} {{(pid=102032) register_scheme_map /opt/stack/data/venv/lib/python3.12/site-packages/glance_store/location.py:146}}
Jun 11 18:09:19.619538 np0000002657 devstack@g-api.service[102033]: DEBUG glance_store.location [-] Registering scheme swift+https with {'store': , 'location_class': , 'store_entry': 'swift'} {{(pid=102033) register_scheme_map /opt/stack/data/venv/lib/python3.12/site-packages/glance_store/location.py:146}}
Jun 11 18:09:19.619615 np0000002657 devstack@g-api.service[102033]: DEBUG glance_store.location [-] Registering scheme swift with {'store': , 'location_class': , 'store_entry': 'swift'} {{(pid=102033) register_scheme_map /opt/stack/data/venv/lib/python3.12/site-packages/glance_store/location.py:146}}
Jun 11 18:09:19.619672 np0000002657 devstack@g-api.service[102032]: DEBUG glance_store.backend [-] Attempting to import store swift {{(pid=102032) _load_store /opt/stack/data/venv/lib/python3.12/site-packages/glance_store/backend.py:215}}
Jun 11 18:09:19.619717 np0000002657 devstack@g-api.service[102033]: DEBUG glance_store.location [-] Registering scheme swift+https with {'store': , 'location_class': , 'store_entry': 'swift'} {{(pid=102033) register_scheme_map /opt/stack/data/venv/lib/python3.12/site-packages/glance_store/location.py:146}}
Jun 11 18:09:19.619746 np0000002657 devstack@g-api.service[102033]: DEBUG glance_store.location [-] Registering scheme swift with {'store': , 'location_class': , 'store_entry': 'swift'} {{(pid=102033) register_scheme_map /opt/stack/data/venv/lib/python3.12/site-packages/glance_store/location.py:146}}
Jun 11 18:09:19.619823 np0000002657 devstack@g-api.service[102033]: DEBUG glance_store.location [-] Registering scheme swift+http with {'store': , 'location_class': , 'store_entry': 'swift'} {{(pid=102033) register_scheme_map /opt/stack/data/venv/lib/python3.12/site-packages/glance_store/location.py:146}}
Jun 11 18:09:19.619902 np0000002657 devstack@g-api.service[102033]: DEBUG glance_store.location [-] Registering scheme swift+https with {'store': , 'location_class': , 'store_entry': 'swift'} {{(pid=102033) register_scheme_map /opt/stack/data/venv/lib/python3.12/site-packages/glance_store/location.py:146}}
Jun 11 18:09:19.619981 np0000002657 devstack@g-api.service[102033]: DEBUG glance_store.location [-] Registering scheme swift with {'store': , 'location_class': , 'store_entry': 'swift'} {{(pid=102033) register_scheme_map /opt/stack/data/venv/lib/python3.12/site-packages/glance_store/location.py:146}}
Jun 11 18:09:19.620202 np0000002657 devstack@g-api.service[102033]: DEBUG glance_store.location [-] Registering scheme swift+http with {'store': , 'location_class': , 'store_entry': 'swift'} {{(pid=102033) register_scheme_map /opt/stack/data/venv/lib/python3.12/site-packages/glance_store/location.py:146}}
Jun 11 18:09:19.620282 np0000002657 devstack@g-api.service[102033]: DEBUG glance_store.location [-] Registering scheme swift+config with {'store': , 'location_class': , 'store_entry': 'swift'} {{(pid=102033) register_scheme_map /opt/stack/data/venv/lib/python3.12/site-packages/glance_store/location.py:146}}
Jun 11 18:09:19.620628 np0000002657 devstack@g-api.service[102033]: DEBUG glance.sqlite_migration [-] SQLite caching database not located, skipping migration {{(pid=102033) get_db_path /opt/stack/glance/glance/sqlite_migration.py:68}}
Jun 11 18:09:19.620876 np0000002657 devstack@g-api.service[102033]: WARNING glance.common.wsgi_app [-] Import methods are enabled but staging directory /tmp/staging/ does not exist; Imports will fail!
Jun 11 18:09:19.621586 np0000002657 devstack@g-api.service[102032]: DEBUG glance_store.capabilities [-] Store glance_store._drivers.swift.store.SingleTenantStore doesn't support updating dynamic storage capabilities. Please overwrite 'update_capabilities' method of the store to implement updating logics if needed. {{(pid=102032) update_capabilities /opt/stack/data/venv/lib/python3.12/site-packages/glance_store/capabilities.py:91}}
Jun 11 18:09:19.621682 np0000002657 devstack@g-api.service[102032]: DEBUG glance_store.driver [-] Late loading location class glance_store._drivers.swift.store.StoreLocation {{(pid=102032) get_store_location_class /opt/stack/data/venv/lib/python3.12/site-packages/glance_store/driver.py:134}}
Jun 11 18:09:19.621805 np0000002657 devstack@g-api.service[102032]: DEBUG glance_store.location [-] Registering scheme swift+https with {'store': , 'location_class': , 'store_entry': 'swift'} {{(pid=102032) register_scheme_map /opt/stack/data/venv/lib/python3.12/site-packages/glance_store/location.py:146}}
Jun 11 18:09:19.621887 np0000002657 devstack@g-api.service[102032]: DEBUG glance_store.location [-] Registering scheme swift+https with {'store': , 'location_class': , 'store_entry': 'swift'} {{(pid=102032) register_scheme_map /opt/stack/data/venv/lib/python3.12/site-packages/glance_store/location.py:146}}
Jun 11 18:09:19.621997 np0000002657 devstack@g-api.service[102032]: DEBUG glance_store.location [-] Registering scheme swift with {'store': , 'location_class': , 'store_entry': 'swift'} {{(pid=102032) register_scheme_map /opt/stack/data/venv/lib/python3.12/site-packages/glance_store/location.py:146}}
Jun 11 18:09:19.622094 np0000002657 devstack@g-api.service[102032]: DEBUG glance_store.location [-] Registering scheme swift+https with {'store': , 'location_class': , 'store_entry': 'swift'} {{(pid=102032) register_scheme_map /opt/stack/data/venv/lib/python3.12/site-packages/glance_store/location.py:146}}
Jun 11 18:09:19.622196 np0000002657 devstack@g-api.service[102032]: DEBUG glance_store.location [-] Registering scheme swift with {'store': , 'location_class': , 'store_entry': 'swift'} {{(pid=102032) register_scheme_map /opt/stack/data/venv/lib/python3.12/site-packages/glance_store/location.py:146}}
Jun 11 18:09:19.622257 np0000002657 devstack@g-api.service[102032]: DEBUG glance_store.location [-] Registering scheme swift+http with {'store': , 'location_class': , 'store_entry': 'swift'} {{(pid=102032) register_scheme_map /opt/stack/data/venv/lib/python3.12/site-packages/glance_store/location.py:146}}
Jun 11 18:09:19.622300 np0000002657 devstack@g-api.service[102032]: DEBUG glance_store.location [-] Registering scheme swift+https with {'store': , 'location_class': , 'store_entry': 'swift'} {{(pid=102032) register_scheme_map /opt/stack/data/venv/lib/python3.12/site-packages/glance_store/location.py:146}}
Jun 11 18:09:19.622355 np0000002657 devstack@g-api.service[102032]: DEBUG glance_store.location [-] Registering scheme swift with {'store': , 'location_class': , 'store_entry': 'swift'} {{(pid=102032) register_scheme_map /opt/stack/data/venv/lib/python3.12/site-packages/glance_store/location.py:146}}
Jun 11 18:09:19.622397 np0000002657 devstack@g-api.service[102032]: DEBUG glance_store.location [-] Registering scheme swift+http with {'store': , 'location_class': , 'store_entry': 'swift'} {{(pid=102032) register_scheme_map /opt/stack/data/venv/lib/python3.12/site-packages/glance_store/location.py:146}}
Jun 11 18:09:19.622454 np0000002657 devstack@g-api.service[102032]: DEBUG glance_store.location [-] Registering scheme swift+config with {'store': , 'location_class': , 'store_entry': 'swift'} {{(pid=102032) register_scheme_map /opt/stack/data/venv/lib/python3.12/site-packages/glance_store/location.py:146}}
Jun 11 18:09:19.622707 np0000002657 devstack@g-api.service[102032]: DEBUG glance.sqlite_migration [-] SQLite caching database not located, skipping migration {{(pid=102032) get_db_path /opt/stack/glance/glance/sqlite_migration.py:68}}
Jun 11 18:09:19.622901 np0000002657 devstack@g-api.service[102032]: WARNING glance.common.wsgi_app [-] Import methods are enabled but staging directory /tmp/staging/ does not exist; Imports will fail!
Jun 11 18:09:19.875093 np0000002657 devstack@g-api.service[102034]: DEBUG glance.common.config [None req-0d23cdb2-20c2-4b9b-b266-906c14fab358 None None] Loading glance-api-keystone+cachemanagement from /etc/glance/glance-api-paste.ini {{(pid=102034) load_paste_app /opt/stack/glance/glance/common/config.py:758}}
Jun 11 18:09:19.932848 np0000002657 devstack@g-api.service[102033]: DEBUG glance.common.config [None req-55eb3f95-51af-4357-ae1c-8ba30d1c75fa None None] Loading glance-api-keystone+cachemanagement from /etc/glance/glance-api-paste.ini {{(pid=102033) load_paste_app /opt/stack/glance/glance/common/config.py:758}}
Jun 11 18:09:19.935027 np0000002657 devstack@g-api.service[102032]: DEBUG glance.common.config [None req-b035d878-209a-47a5-81a5-9be9247ded42 None None] Loading glance-api-keystone+cachemanagement from /etc/glance/glance-api-paste.ini {{(pid=102032) load_paste_app /opt/stack/glance/glance/common/config.py:758}}
Jun 11 18:09:20.475673 np0000002657 devstack@g-api.service[102033]: INFO glance.image_cache [None req-55eb3f95-51af-4357-ae1c-8ba30d1c75fa None None] Image cache loaded driver 'centralized_db'.
Jun 11 18:09:20.483925 np0000002657 devstack@g-api.service[102032]: INFO glance.image_cache [None req-b035d878-209a-47a5-81a5-9be9247ded42 None None] Image cache loaded driver 'centralized_db'.
Jun 11 18:09:20.501223 np0000002657 devstack@g-api.service[102034]: INFO glance.image_cache [None req-0d23cdb2-20c2-4b9b-b266-906c14fab358 None None] Image cache loaded driver 'centralized_db'.
Jun 11 18:09:20.520041 np0000002657 devstack@g-api.service[102033]: INFO dbcounter [None req-55eb3f95-51af-4357-ae1c-8ba30d1c75fa None None] Registered counter for database glance
Jun 11 18:09:20.527861 np0000002657 devstack@g-api.service[102032]: INFO dbcounter [None req-b035d878-209a-47a5-81a5-9be9247ded42 None None] Registered counter for database glance
Jun 11 18:09:20.547100 np0000002657 devstack@g-api.service[102034]: INFO dbcounter [None req-0d23cdb2-20c2-4b9b-b266-906c14fab358 None None] Registered counter for database glance
Jun 11 18:09:20.562842 np0000002657 devstack@g-api.service[102033]: DEBUG oslo_db.sqlalchemy.engines [None req-55eb3f95-51af-4357-ae1c-8ba30d1c75fa None None] MySQL server mode set to STRICT_TRANS_TABLES,STRICT_ALL_TABLES,NO_ZERO_IN_DATE,NO_ZERO_DATE,ERROR_FOR_DIVISION_BY_ZERO,TRADITIONAL,NO_ENGINE_SUBSTITUTION {{(pid=102033) _check_effective_sql_mode /opt/stack/data/venv/lib/python3.12/site-packages/oslo_db/sqlalchemy/engines.py:325}}
Jun 11 18:09:20.573313 np0000002657 devstack@g-api.service[102032]: DEBUG oslo_db.sqlalchemy.engines [None req-b035d878-209a-47a5-81a5-9be9247ded42 None None] MySQL server mode set to STRICT_TRANS_TABLES,STRICT_ALL_TABLES,NO_ZERO_IN_DATE,NO_ZERO_DATE,ERROR_FOR_DIVISION_BY_ZERO,TRADITIONAL,NO_ENGINE_SUBSTITUTION {{(pid=102032) _check_effective_sql_mode /opt/stack/data/venv/lib/python3.12/site-packages/oslo_db/sqlalchemy/engines.py:325}}
Jun 11 18:09:20.584832 np0000002657 devstack@g-api.service[102033]: DEBUG dbcounter [-] [102033] Writer thread running {{(pid=102033) stat_writer /opt/stack/data/venv/lib/python3.12/site-packages/dbcounter.py:102}}
Jun 11 18:09:20.593806 np0000002657 devstack@g-api.service[102034]: DEBUG oslo_db.sqlalchemy.engines [None req-0d23cdb2-20c2-4b9b-b266-906c14fab358 None None] MySQL server mode set to STRICT_TRANS_TABLES,STRICT_ALL_TABLES,NO_ZERO_IN_DATE,NO_ZERO_DATE,ERROR_FOR_DIVISION_BY_ZERO,TRADITIONAL,NO_ENGINE_SUBSTITUTION {{(pid=102034) _check_effective_sql_mode /opt/stack/data/venv/lib/python3.12/site-packages/oslo_db/sqlalchemy/engines.py:325}}
Jun 11 18:09:20.596657 np0000002657 devstack@g-api.service[102033]: INFO glance.image_cache [None req-55eb3f95-51af-4357-ae1c-8ba30d1c75fa None None] Image cache loaded driver 'centralized_db'.
Jun 11 18:09:20.597923 np0000002657 devstack@g-api.service[102032]: DEBUG dbcounter [-] [102032] Writer thread running {{(pid=102032) stat_writer /opt/stack/data/venv/lib/python3.12/site-packages/dbcounter.py:102}}
Jun 11 18:09:20.601449 np0000002657 devstack@g-api.service[102032]: DEBUG glance.image_cache.drivers.centralized_db [None req-b035d878-209a-47a5-81a5-9be9247ded42 None None] Node reference is already recorded, ignoring it {{(pid=102032) configure /opt/stack/glance/glance/image_cache/drivers/centralized_db.py:71}}
Jun 11 18:09:20.603637 np0000002657 devstack@g-api.service[102033]: DEBUG glance.image_cache.drivers.centralized_db [None req-55eb3f95-51af-4357-ae1c-8ba30d1c75fa None None] Node reference is already recorded, ignoring it {{(pid=102033) configure /opt/stack/glance/glance/image_cache/drivers/centralized_db.py:71}}
Jun 11 18:09:20.606498 np0000002657 devstack@g-api.service[102032]: INFO glance.image_cache [None req-b035d878-209a-47a5-81a5-9be9247ded42 None None] Image cache loaded driver 'centralized_db'.
Jun 11 18:09:20.608478 np0000002657 devstack@g-api.service[102033]: DEBUG glance.api.v2.cached_images [None req-55eb3f95-51af-4357-ae1c-8ba30d1c75fa None None] Started cache worker thread {{(pid=102033) __init__ /opt/stack/glance/glance/api/v2/cached_images.py:69}}
Jun 11 18:09:20.609188 np0000002657 devstack@g-api.service[102033]: INFO glance.image_cache [None req-55eb3f95-51af-4357-ae1c-8ba30d1c75fa None None] Image cache loaded driver 'centralized_db'.
Jun 11 18:09:20.614561 np0000002657 devstack@g-api.service[102032]: DEBUG glance.image_cache.drivers.centralized_db [None req-b035d878-209a-47a5-81a5-9be9247ded42 None None] Node reference is already recorded, ignoring it {{(pid=102032) configure /opt/stack/glance/glance/image_cache/drivers/centralized_db.py:71}}
Jun 11 18:09:20.615697 np0000002657 devstack@g-api.service[102034]: DEBUG dbcounter [-] [102034] Writer thread running {{(pid=102034) stat_writer /opt/stack/data/venv/lib/python3.12/site-packages/dbcounter.py:102}}
Jun 11 18:09:20.617062 np0000002657 devstack@g-api.service[102033]: DEBUG glance.image_cache.drivers.centralized_db [None req-55eb3f95-51af-4357-ae1c-8ba30d1c75fa None None] Node reference is already recorded, ignoring it {{(pid=102033) configure /opt/stack/glance/glance/image_cache/drivers/centralized_db.py:71}}
Jun 11 18:09:20.618642 np0000002657 devstack@g-api.service[102034]: DEBUG glance.image_cache.drivers.centralized_db [None req-0d23cdb2-20c2-4b9b-b266-906c14fab358 None None] Node reference is already recorded, ignoring it {{(pid=102034) configure /opt/stack/glance/glance/image_cache/drivers/centralized_db.py:71}}
Jun 11 18:09:20.620796 np0000002657 devstack@g-api.service[102032]: DEBUG glance.api.v2.cached_images [None req-b035d878-209a-47a5-81a5-9be9247ded42 None None] Started cache worker thread {{(pid=102032) __init__ /opt/stack/glance/glance/api/v2/cached_images.py:69}}
Jun 11 18:09:20.621508 np0000002657 devstack@g-api.service[102032]: INFO glance.image_cache [None req-b035d878-209a-47a5-81a5-9be9247ded42 None None] Image cache loaded driver 'centralized_db'.
Jun 11 18:09:20.623689 np0000002657 devstack@g-api.service[102034]: INFO glance.image_cache [None req-0d23cdb2-20c2-4b9b-b266-906c14fab358 None None] Image cache loaded driver 'centralized_db'.
Jun 11 18:09:20.623752 np0000002657 devstack@g-api.service[102033]: INFO glance.api.middleware.cache_manage [None req-55eb3f95-51af-4357-ae1c-8ba30d1c75fa None None] Initialized image cache management middleware
Jun 11 18:09:20.623882 np0000002657 devstack@g-api.service[102033]: INFO glance.image_cache [None req-55eb3f95-51af-4357-ae1c-8ba30d1c75fa None None] Image cache loaded driver 'centralized_db'.
Jun 11 18:09:20.631886 np0000002657 devstack@g-api.service[102032]: DEBUG glance.image_cache.drivers.centralized_db [None req-b035d878-209a-47a5-81a5-9be9247ded42 None None] Node reference is already recorded, ignoring it {{(pid=102032) configure /opt/stack/glance/glance/image_cache/drivers/centralized_db.py:71}}
Jun 11 18:09:20.633277 np0000002657 devstack@g-api.service[102033]: DEBUG glance.image_cache.drivers.centralized_db [None req-55eb3f95-51af-4357-ae1c-8ba30d1c75fa None None] Node reference is already recorded, ignoring it {{(pid=102033) configure /opt/stack/glance/glance/image_cache/drivers/centralized_db.py:71}}
Jun 11 18:09:20.633382 np0000002657 devstack@g-api.service[102034]: DEBUG glance.image_cache.drivers.centralized_db [None req-0d23cdb2-20c2-4b9b-b266-906c14fab358 None None] Node reference is already recorded, ignoring it {{(pid=102034) configure /opt/stack/glance/glance/image_cache/drivers/centralized_db.py:71}}
Jun 11 18:09:20.638071 np0000002657 devstack@g-api.service[102034]: DEBUG glance.api.v2.cached_images [None req-0d23cdb2-20c2-4b9b-b266-906c14fab358 None None] Started cache worker thread {{(pid=102034) __init__ /opt/stack/glance/glance/api/v2/cached_images.py:69}}
Jun 11 18:09:20.638291 np0000002657 devstack@g-api.service[102032]: INFO glance.api.middleware.cache_manage [None req-b035d878-209a-47a5-81a5-9be9247ded42 None None] Initialized image cache management middleware
Jun 11 18:09:20.638472 np0000002657 devstack@g-api.service[102032]: INFO glance.image_cache [None req-b035d878-209a-47a5-81a5-9be9247ded42 None None] Image cache loaded driver 'centralized_db'.
Jun 11 18:09:20.638693 np0000002657 devstack@g-api.service[102034]: INFO glance.image_cache [None req-0d23cdb2-20c2-4b9b-b266-906c14fab358 None None] Image cache loaded driver 'centralized_db'.
Jun 11 18:09:20.638739 np0000002657 devstack@g-api.service[102033]: INFO glance.api.middleware.cache [None req-55eb3f95-51af-4357-ae1c-8ba30d1c75fa None None] Initialized image cache middleware
Jun 11 18:09:20.644926 np0000002657 devstack@g-api.service[102034]: DEBUG glance.image_cache.drivers.centralized_db [None req-0d23cdb2-20c2-4b9b-b266-906c14fab358 None None] Node reference is already recorded, ignoring it {{(pid=102034) configure /opt/stack/glance/glance/image_cache/drivers/centralized_db.py:71}}
Jun 11 18:09:20.646927 np0000002657 devstack@g-api.service[102032]: DEBUG glance.image_cache.drivers.centralized_db [None req-b035d878-209a-47a5-81a5-9be9247ded42 None None] Node reference is already recorded, ignoring it {{(pid=102032) configure /opt/stack/glance/glance/image_cache/drivers/centralized_db.py:71}}
Jun 11 18:09:20.649590 np0000002657 devstack@g-api.service[102034]: INFO glance.api.middleware.cache_manage [None req-0d23cdb2-20c2-4b9b-b266-906c14fab358 None None] Initialized image cache management middleware
Jun 11 18:09:20.649750 np0000002657 devstack@g-api.service[102034]: INFO glance.image_cache [None req-0d23cdb2-20c2-4b9b-b266-906c14fab358 None None] Image cache loaded driver 'centralized_db'.
Jun 11 18:09:20.652561 np0000002657 devstack@g-api.service[102032]: INFO glance.api.middleware.cache [None req-b035d878-209a-47a5-81a5-9be9247ded42 None None] Initialized image cache middleware
Jun 11 18:09:20.657743 np0000002657 devstack@g-api.service[102034]: DEBUG glance.image_cache.drivers.centralized_db [None req-0d23cdb2-20c2-4b9b-b266-906c14fab358 None None] Node reference is already recorded, ignoring it {{(pid=102034) configure /opt/stack/glance/glance/image_cache/drivers/centralized_db.py:71}}
Jun 11 18:09:20.661382 np0000002657 devstack@g-api.service[102034]: INFO glance.api.middleware.cache [None req-0d23cdb2-20c2-4b9b-b266-906c14fab358 None None] Initialized image cache middleware
Jun 11 18:09:20.750932 np0000002657 devstack@g-api.service[102033]: DEBUG glance.common.config [None req-55eb3f95-51af-4357-ae1c-8ba30d1c75fa None None] ******************************************************************************** {{(pid=102033) log_opt_values /opt/stack/data/venv/lib/python3.12/site-packages/oslo_config/cfg.py:3229}}
Jun 11 18:09:20.750932 np0000002657 devstack@g-api.service[102033]: DEBUG glance.common.config [None req-55eb3f95-51af-4357-ae1c-8ba30d1c75fa None None] Configuration options gathered from: {{(pid=102033) log_opt_values /opt/stack/data/venv/lib/python3.12/site-packages/oslo_config/cfg.py:3230}}
Jun 11 18:09:20.751281 np0000002657 devstack@g-api.service[102033]: DEBUG glance.common.config [None req-55eb3f95-51af-4357-ae1c-8ba30d1c75fa None None] command line args: [] {{(pid=102033) log_opt_values /opt/stack/data/venv/lib/python3.12/site-packages/oslo_config/cfg.py:3231}}
Jun 11 18:09:20.751402 np0000002657 devstack@g-api.service[102033]: DEBUG glance.common.config [None req-55eb3f95-51af-4357-ae1c-8ba30d1c75fa None None] config files: ['/etc/glance/glance-image-import.conf', '/etc/glance/glance-api.conf'] {{(pid=102033) log_opt_values /opt/stack/data/venv/lib/python3.12/site-packages/oslo_config/cfg.py:3232}}
Jun 11 18:09:20.751499 np0000002657 devstack@g-api.service[102033]: DEBUG glance.common.config [None req-55eb3f95-51af-4357-ae1c-8ba30d1c75fa None None] ================================================================================ {{(pid=102033) log_opt_values /opt/stack/data/venv/lib/python3.12/site-packages/oslo_config/cfg.py:3237}}
Jun 11 18:09:20.751665 np0000002657 devstack@g-api.service[102033]: DEBUG glance.common.config [None req-55eb3f95-51af-4357-ae1c-8ba30d1c75fa None None] allow_anonymous_access = False {{(pid=102033) log_opt_values /opt/stack/data/venv/lib/python3.12/site-packages/oslo_config/cfg.py:3245}}
Jun 11 18:09:20.751767 np0000002657 devstack@g-api.service[102033]: DEBUG glance.common.config [None req-55eb3f95-51af-4357-ae1c-8ba30d1c75fa None None] api_limit_max = 1000 {{(pid=102033) log_opt_values /opt/stack/data/venv/lib/python3.12/site-packages/oslo_config/cfg.py:3245}}
Jun 11 18:09:20.751900 np0000002657 devstack@g-api.service[102033]: DEBUG glance.common.config [None req-55eb3f95-51af-4357-ae1c-8ba30d1c75fa None None] backlog = 4096 {{(pid=102033) log_opt_values /opt/stack/data/venv/lib/python3.12/site-packages/oslo_config/cfg.py:3245}}
Jun 11 18:09:20.752079 np0000002657 devstack@g-api.service[102033]: DEBUG glance.common.config [None req-55eb3f95-51af-4357-ae1c-8ba30d1c75fa None None] bind_host = 0.0.0.0 {{(pid=102033) log_opt_values /opt/stack/data/venv/lib/python3.12/site-packages/oslo_config/cfg.py:3245}}
Jun 11 18:09:20.752209 np0000002657 devstack@g-api.service[102033]: DEBUG glance.common.config [None req-55eb3f95-51af-4357-ae1c-8ba30d1c75fa None None] bind_port = 19292 {{(pid=102033) log_opt_values /opt/stack/data/venv/lib/python3.12/site-packages/oslo_config/cfg.py:3245}}
Jun 11 18:09:20.752305 np0000002657 devstack@g-api.service[102033]: DEBUG glance.common.config [None req-55eb3f95-51af-4357-ae1c-8ba30d1c75fa None None] client_socket_timeout = 900 {{(pid=102033) log_opt_values /opt/stack/data/venv/lib/python3.12/site-packages/oslo_config/cfg.py:3245}}
Jun 11 18:09:20.752409 np0000002657 devstack@g-api.service[102033]: DEBUG glance.common.config [None req-55eb3f95-51af-4357-ae1c-8ba30d1c75fa None None] config_dir = [] {{(pid=102033) log_opt_values /opt/stack/data/venv/lib/python3.12/site-packages/oslo_config/cfg.py:3245}}
Jun 11 18:09:20.752476 np0000002657 devstack@g-api.service[102033]: DEBUG glance.common.config [None req-55eb3f95-51af-4357-ae1c-8ba30d1c75fa None None] config_file = ['/etc/glance/glance-image-import.conf', '/etc/glance/glance-api.conf'] {{(pid=102033) log_opt_values /opt/stack/data/venv/lib/python3.12/site-packages/oslo_config/cfg.py:3245}}
Jun 11 18:09:20.752622 np0000002657 devstack@g-api.service[102033]: DEBUG glance.common.config [None req-55eb3f95-51af-4357-ae1c-8ba30d1c75fa None None] config_source = [] {{(pid=102033) log_opt_values /opt/stack/data/venv/lib/python3.12/site-packages/oslo_config/cfg.py:3245}}
Jun 11 18:09:20.752735 np0000002657 devstack@g-api.service[102033]: DEBUG glance.common.config [None req-55eb3f95-51af-4357-ae1c-8ba30d1c75fa None None] control_exchange = glance {{(pid=102033) log_opt_values /opt/stack/data/venv/lib/python3.12/site-packages/oslo_config/cfg.py:3245}}
Jun 11 18:09:20.752833 np0000002657 devstack@g-api.service[102033]: DEBUG glance.common.config [None req-55eb3f95-51af-4357-ae1c-8ba30d1c75fa None None] debug = True {{(pid=102033) log_opt_values /opt/stack/data/venv/lib/python3.12/site-packages/oslo_config/cfg.py:3245}}
Jun 11 18:09:20.753013 np0000002657 devstack@g-api.service[102033]: DEBUG glance.common.config [None req-55eb3f95-51af-4357-ae1c-8ba30d1c75fa None None] default_log_levels = ['amqp=WARN', 'boto=WARN', 'sqlalchemy=WARN', 'suds=INFO', 'oslo.messaging=INFO', 'oslo_messaging=INFO', 'iso8601=WARN', 'requests.packages.urllib3.connectionpool=WARN', 'urllib3.connectionpool=WARN', 'websocket=WARN', 'requests.packages.urllib3.util.retry=WARN', 'urllib3.util.retry=WARN', 'keystonemiddleware=WARN', 'routes.middleware=WARN', 'stevedore=WARN', 'taskflow=WARN', 'keystoneauth=WARN', 'oslo.cache=INFO', 'oslo_policy=INFO', 'dogpile.core.dogpile=INFO'] {{(pid=102033) log_opt_values /opt/stack/data/venv/lib/python3.12/site-packages/oslo_config/cfg.py:3245}}
Jun 11 18:09:20.753122 np0000002657 devstack@g-api.service[102033]: DEBUG glance.common.config [None req-55eb3f95-51af-4357-ae1c-8ba30d1c75fa None None] default_publisher_id = image.localhost {{(pid=102033) log_opt_values /opt/stack/data/venv/lib/python3.12/site-packages/oslo_config/cfg.py:3245}}
Jun 11 18:09:20.753236 np0000002657 devstack@g-api.service[102033]: DEBUG glance.common.config [None req-55eb3f95-51af-4357-ae1c-8ba30d1c75fa None None] delayed_delete = False {{(pid=102033) log_opt_values /opt/stack/data/venv/lib/python3.12/site-packages/oslo_config/cfg.py:3245}}
Jun 11 18:09:20.753331 np0000002657 devstack@g-api.service[102033]: DEBUG glance.common.config [None req-55eb3f95-51af-4357-ae1c-8ba30d1c75fa None None] digest_algorithm = sha256 {{(pid=102033) log_opt_values /opt/stack/data/venv/lib/python3.12/site-packages/oslo_config/cfg.py:3245}}
Jun 11 18:09:20.753423 np0000002657 devstack@g-api.service[102033]: DEBUG glance.common.config [None req-55eb3f95-51af-4357-ae1c-8ba30d1c75fa None None] disabled_notifications = [] {{(pid=102033) log_opt_values /opt/stack/data/venv/lib/python3.12/site-packages/oslo_config/cfg.py:3245}}
Jun 11 18:09:20.753512 np0000002657 devstack@g-api.service[102033]: DEBUG glance.common.config [None req-55eb3f95-51af-4357-ae1c-8ba30d1c75fa None None] do_secure_hash = True {{(pid=102033) log_opt_values /opt/stack/data/venv/lib/python3.12/site-packages/oslo_config/cfg.py:3245}}
Jun 11 18:09:20.753597 np0000002657 devstack@g-api.service[102033]: DEBUG glance.common.config [None req-55eb3f95-51af-4357-ae1c-8ba30d1c75fa None None] enabled_backends = None {{(pid=102033) log_opt_values /opt/stack/data/venv/lib/python3.12/site-packages/oslo_config/cfg.py:3245}}
Jun 11 18:09:20.753710 np0000002657 devstack@g-api.service[102033]: DEBUG glance.common.config [None req-55eb3f95-51af-4357-ae1c-8ba30d1c75fa None None] enabled_import_methods = ['glance-direct', 'web-download', 'copy-image'] {{(pid=102033) log_opt_values /opt/stack/data/venv/lib/python3.12/site-packages/oslo_config/cfg.py:3245}}
Jun 11 18:09:20.753790 np0000002657 devstack@g-api.service[102033]: DEBUG glance.common.config [None req-55eb3f95-51af-4357-ae1c-8ba30d1c75fa None None] fatal_deprecations = False {{(pid=102033) log_opt_values /opt/stack/data/venv/lib/python3.12/site-packages/oslo_config/cfg.py:3245}}
Jun 11 18:09:20.753894 np0000002657 devstack@g-api.service[102033]: DEBUG glance.common.config [None req-55eb3f95-51af-4357-ae1c-8ba30d1c75fa None None] hashing_algorithm = sha512 {{(pid=102033) log_opt_values /opt/stack/data/venv/lib/python3.12/site-packages/oslo_config/cfg.py:3245}}
Jun 11 18:09:20.753981 np0000002657 devstack@g-api.service[102033]: DEBUG glance.common.config [None req-55eb3f95-51af-4357-ae1c-8ba30d1c75fa None None] http_keepalive = True {{(pid=102033) log_opt_values /opt/stack/data/venv/lib/python3.12/site-packages/oslo_config/cfg.py:3245}}
Jun 11 18:09:20.754107 np0000002657 devstack@g-api.service[102033]: DEBUG glance.common.config [None req-55eb3f95-51af-4357-ae1c-8ba30d1c75fa None None] http_retries = 3 {{(pid=102033) log_opt_values /opt/stack/data/venv/lib/python3.12/site-packages/oslo_config/cfg.py:3245}}
Jun 11 18:09:20.754265 np0000002657 devstack@g-api.service[102033]: DEBUG glance.common.config [None req-55eb3f95-51af-4357-ae1c-8ba30d1c75fa None None] image_cache_dir = /opt/stack/data/glance/cache/ {{(pid=102033) log_opt_values /opt/stack/data/venv/lib/python3.12/site-packages/oslo_config/cfg.py:3245}}
Jun 11 18:09:20.754368 np0000002657 devstack@g-api.service[102033]: DEBUG glance.common.config [None req-55eb3f95-51af-4357-ae1c-8ba30d1c75fa None None] image_cache_driver = centralized_db {{(pid=102033) log_opt_values /opt/stack/data/venv/lib/python3.12/site-packages/oslo_config/cfg.py:3245}}
Jun 11 18:09:20.754455 np0000002657 devstack@g-api.service[102033]: DEBUG glance.common.config [None req-55eb3f95-51af-4357-ae1c-8ba30d1c75fa None None] image_cache_max_size = 10737418240 {{(pid=102033) log_opt_values /opt/stack/data/venv/lib/python3.12/site-packages/oslo_config/cfg.py:3245}}
Jun 11 18:09:20.754544 np0000002657 devstack@g-api.service[102033]: DEBUG glance.common.config [None req-55eb3f95-51af-4357-ae1c-8ba30d1c75fa None None] image_cache_sqlite_db = cache.db {{(pid=102033) log_opt_values /opt/stack/data/venv/lib/python3.12/site-packages/oslo_config/cfg.py:3245}}
Jun 11 18:09:20.754636 np0000002657 devstack@g-api.service[102033]: DEBUG glance.common.config [None req-55eb3f95-51af-4357-ae1c-8ba30d1c75fa None None] image_cache_stall_time = 86400 {{(pid=102033) log_opt_values /opt/stack/data/venv/lib/python3.12/site-packages/oslo_config/cfg.py:3245}}
Jun 11 18:09:20.754722 np0000002657 devstack@g-api.service[102033]: DEBUG glance.common.config [None req-55eb3f95-51af-4357-ae1c-8ba30d1c75fa None None] image_location_quota = 10 {{(pid=102033) log_opt_values /opt/stack/data/venv/lib/python3.12/site-packages/oslo_config/cfg.py:3245}}
Jun 11 18:09:20.754810 np0000002657 devstack@g-api.service[102033]: DEBUG glance.common.config [None req-55eb3f95-51af-4357-ae1c-8ba30d1c75fa None None] image_member_quota = 128 {{(pid=102033) log_opt_values /opt/stack/data/venv/lib/python3.12/site-packages/oslo_config/cfg.py:3245}}
Jun 11 18:09:20.754909 np0000002657 devstack@g-api.service[102033]: DEBUG glance.common.config [None req-55eb3f95-51af-4357-ae1c-8ba30d1c75fa None None] image_property_quota = 128 {{(pid=102033) log_opt_values /opt/stack/data/venv/lib/python3.12/site-packages/oslo_config/cfg.py:3245}}
Jun 11 18:09:20.755007 np0000002657 devstack@g-api.service[102033]: DEBUG glance.common.config [None req-55eb3f95-51af-4357-ae1c-8ba30d1c75fa None None] image_size_cap = 1099511627776 {{(pid=102033) log_opt_values /opt/stack/data/venv/lib/python3.12/site-packages/oslo_config/cfg.py:3245}}
Jun 11 18:09:20.755168 np0000002657 devstack@g-api.service[102033]: DEBUG glance.common.config [None req-55eb3f95-51af-4357-ae1c-8ba30d1c75fa None None] image_tag_quota = 128 {{(pid=102033) log_opt_values /opt/stack/data/venv/lib/python3.12/site-packages/oslo_config/cfg.py:3245}}
Jun 11 18:09:20.755298 np0000002657 devstack@g-api.service[102033]: DEBUG glance.common.config [None req-55eb3f95-51af-4357-ae1c-8ba30d1c75fa None None] instance_format = [instance: %(uuid)s] {{(pid=102033) log_opt_values /opt/stack/data/venv/lib/python3.12/site-packages/oslo_config/cfg.py:3245}}
Jun 11 18:09:20.755400 np0000002657 devstack@g-api.service[102033]: DEBUG glance.common.config [None req-55eb3f95-51af-4357-ae1c-8ba30d1c75fa None None] instance_uuid_format = [instance: %(uuid)s] {{(pid=102033) log_opt_values /opt/stack/data/venv/lib/python3.12/site-packages/oslo_config/cfg.py:3245}}
Jun 11 18:09:20.755489 np0000002657 devstack@g-api.service[102033]: DEBUG glance.common.config [None req-55eb3f95-51af-4357-ae1c-8ba30d1c75fa None None] limit_param_default = 25 {{(pid=102033) log_opt_values /opt/stack/data/venv/lib/python3.12/site-packages/oslo_config/cfg.py:3245}}
Jun 11 18:09:20.755582 np0000002657 devstack@g-api.service[102033]: DEBUG glance.common.config [None req-55eb3f95-51af-4357-ae1c-8ba30d1c75fa None None] log_color = False {{(pid=102033) log_opt_values /opt/stack/data/venv/lib/python3.12/site-packages/oslo_config/cfg.py:3245}}
Jun 11 18:09:20.755677 np0000002657 devstack@g-api.service[102033]: DEBUG glance.common.config [None req-55eb3f95-51af-4357-ae1c-8ba30d1c75fa None None] log_config_append = None {{(pid=102033) log_opt_values /opt/stack/data/venv/lib/python3.12/site-packages/oslo_config/cfg.py:3245}}
Jun 11 18:09:20.755768 np0000002657 devstack@g-api.service[102033]: DEBUG glance.common.config [None req-55eb3f95-51af-4357-ae1c-8ba30d1c75fa None None] log_date_format = %Y-%m-%d %H:%M:%S {{(pid=102033) log_opt_values /opt/stack/data/venv/lib/python3.12/site-packages/oslo_config/cfg.py:3245}}
Jun 11 18:09:20.755865 np0000002657 devstack@g-api.service[102033]: DEBUG glance.common.config [None req-55eb3f95-51af-4357-ae1c-8ba30d1c75fa None None] log_dir = None {{(pid=102033) log_opt_values /opt/stack/data/venv/lib/python3.12/site-packages/oslo_config/cfg.py:3245}}
Jun 11 18:09:20.755954 np0000002657 devstack@g-api.service[102033]: DEBUG glance.common.config [None req-55eb3f95-51af-4357-ae1c-8ba30d1c75fa None None] log_file = None {{(pid=102033) log_opt_values /opt/stack/data/venv/lib/python3.12/site-packages/oslo_config/cfg.py:3245}}
Jun 11 18:09:20.756057 np0000002657 devstack@g-api.service[102033]: DEBUG glance.common.config [None req-55eb3f95-51af-4357-ae1c-8ba30d1c75fa None None] log_rotate_interval = 1 {{(pid=102033) log_opt_values /opt/stack/data/venv/lib/python3.12/site-packages/oslo_config/cfg.py:3245}}
Jun 11 18:09:20.756219 np0000002657 devstack@g-api.service[102033]: DEBUG glance.common.config [None req-55eb3f95-51af-4357-ae1c-8ba30d1c75fa None None] log_rotate_interval_type = days {{(pid=102033) log_opt_values /opt/stack/data/venv/lib/python3.12/site-packages/oslo_config/cfg.py:3245}}
Jun 11 18:09:20.756329 np0000002657 devstack@g-api.service[102033]: DEBUG glance.common.config [None req-55eb3f95-51af-4357-ae1c-8ba30d1c75fa None None] log_rotation_type = none {{(pid=102033) log_opt_values /opt/stack/data/venv/lib/python3.12/site-packages/oslo_config/cfg.py:3245}}
Jun 11 18:09:20.756394 np0000002657 devstack@g-api.service[102033]: DEBUG glance.common.config [None req-55eb3f95-51af-4357-ae1c-8ba30d1c75fa None None] logging_context_format_string = %(color)s%(levelname)s %(name)s [%(global_request_id)s %(request_id)s %(project_name)s %(user_name)s%(color)s] %(instance)s%(color)s%(message)s {{(pid=102033) log_opt_values /opt/stack/data/venv/lib/python3.12/site-packages/oslo_config/cfg.py:3245}}
Jun 11 18:09:20.756462 np0000002657 devstack@g-api.service[102033]: DEBUG glance.common.config [None req-55eb3f95-51af-4357-ae1c-8ba30d1c75fa None None] logging_debug_format_suffix = {{(pid=%(process)d) %(funcName)s %(pathname)s:%(lineno)d}} {{(pid=102033) log_opt_values /opt/stack/data/venv/lib/python3.12/site-packages/oslo_config/cfg.py:3245}}
Jun 11 18:09:20.756557 np0000002657 devstack@g-api.service[102033]: DEBUG glance.common.config [None req-55eb3f95-51af-4357-ae1c-8ba30d1c75fa None None] logging_default_format_string = %(color)s%(levelname)s %(name)s [-%(color)s] %(instance)s%(color)s%(message)s {{(pid=102033) log_opt_values /opt/stack/data/venv/lib/python3.12/site-packages/oslo_config/cfg.py:3245}}
Jun 11 18:09:20.756647 np0000002657 devstack@g-api.service[102033]: DEBUG glance.common.config [None req-55eb3f95-51af-4357-ae1c-8ba30d1c75fa None None] logging_exception_prefix = ERROR %(name)s %(instance)s {{(pid=102033) log_opt_values /opt/stack/data/venv/lib/python3.12/site-packages/oslo_config/cfg.py:3245}}
Jun 11 18:09:20.756714 np0000002657 devstack@g-api.service[102033]: DEBUG glance.common.config [None req-55eb3f95-51af-4357-ae1c-8ba30d1c75fa None None] logging_user_identity_format = %(user)s %(project)s %(domain)s %(system_scope)s %(user_domain)s %(project_domain)s {{(pid=102033) log_opt_values /opt/stack/data/venv/lib/python3.12/site-packages/oslo_config/cfg.py:3245}}
Jun 11 18:09:20.756835 np0000002657 devstack@g-api.service[102033]: DEBUG glance.common.config [None req-55eb3f95-51af-4357-ae1c-8ba30d1c75fa None None] max_header_line = 16384 {{(pid=102033) log_opt_values /opt/stack/data/venv/lib/python3.12/site-packages/oslo_config/cfg.py:3245}}
Jun 11 18:09:20.756936 np0000002657 devstack@g-api.service[102033]: DEBUG glance.common.config [None req-55eb3f95-51af-4357-ae1c-8ba30d1c75fa None None] max_logfile_count = 30 {{(pid=102033) log_opt_values /opt/stack/data/venv/lib/python3.12/site-packages/oslo_config/cfg.py:3245}}
Jun 11 18:09:20.757058 np0000002657 devstack@g-api.service[102033]: DEBUG glance.common.config [None req-55eb3f95-51af-4357-ae1c-8ba30d1c75fa None None] max_logfile_size_mb = 200 {{(pid=102033) log_opt_values /opt/stack/data/venv/lib/python3.12/site-packages/oslo_config/cfg.py:3245}}
Jun 11 18:09:20.757179 np0000002657 devstack@g-api.service[102033]: DEBUG glance.common.config [None req-55eb3f95-51af-4357-ae1c-8ba30d1c75fa None None] max_request_id_length = 64 {{(pid=102033) log_opt_values /opt/stack/data/venv/lib/python3.12/site-packages/oslo_config/cfg.py:3245}}
Jun 11 18:09:20.757304 np0000002657 devstack@g-api.service[102033]: DEBUG glance.common.config [None req-55eb3f95-51af-4357-ae1c-8ba30d1c75fa None None] metadata_encryption_key = **** {{(pid=102033) log_opt_values /opt/stack/data/venv/lib/python3.12/site-packages/oslo_config/cfg.py:3245}}
Jun 11 18:09:20.757400 np0000002657 devstack@g-api.service[102033]: DEBUG glance.common.config [None req-55eb3f95-51af-4357-ae1c-8ba30d1c75fa None None] node_staging_uri = file:///tmp/staging/ {{(pid=102033) log_opt_values /opt/stack/data/venv/lib/python3.12/site-packages/oslo_config/cfg.py:3245}}
Jun 11 18:09:20.757486 np0000002657 devstack@g-api.service[102033]: DEBUG glance.common.config [None req-55eb3f95-51af-4357-ae1c-8ba30d1c75fa None None] property_protection_file = None {{(pid=102033) log_opt_values /opt/stack/data/venv/lib/python3.12/site-packages/oslo_config/cfg.py:3245}}
Jun 11 18:09:20.757596 np0000002657 devstack@g-api.service[102033]: DEBUG glance.common.config [None req-55eb3f95-51af-4357-ae1c-8ba30d1c75fa None None] property_protection_rule_format = roles {{(pid=102033) log_opt_values /opt/stack/data/venv/lib/python3.12/site-packages/oslo_config/cfg.py:3245}}
Jun 11 18:09:20.757735 np0000002657 devstack@g-api.service[102033]: DEBUG glance.common.config [None req-55eb3f95-51af-4357-ae1c-8ba30d1c75fa None None] public_endpoint = https://10.4.3.96/image {{(pid=102033) log_opt_values /opt/stack/data/venv/lib/python3.12/site-packages/oslo_config/cfg.py:3245}}
Jun 11 18:09:20.757824 np0000002657 devstack@g-api.service[102033]: DEBUG glance.common.config [None req-55eb3f95-51af-4357-ae1c-8ba30d1c75fa None None] publish_errors = False {{(pid=102033) log_opt_values /opt/stack/data/venv/lib/python3.12/site-packages/oslo_config/cfg.py:3245}}
Jun 11 18:09:20.757922 np0000002657 devstack@g-api.service[102033]: DEBUG glance.common.config [None req-55eb3f95-51af-4357-ae1c-8ba30d1c75fa None None] pydev_worker_debug_host = None {{(pid=102033) log_opt_values /opt/stack/data/venv/lib/python3.12/site-packages/oslo_config/cfg.py:3245}}
Jun 11 18:09:20.758023 np0000002657 devstack@g-api.service[102033]: DEBUG glance.common.config [None req-55eb3f95-51af-4357-ae1c-8ba30d1c75fa None None] pydev_worker_debug_port = 5678 {{(pid=102033) log_opt_values /opt/stack/data/venv/lib/python3.12/site-packages/oslo_config/cfg.py:3245}}
Jun 11 18:09:20.758145 np0000002657 devstack@g-api.service[102033]: DEBUG glance.common.config [None req-55eb3f95-51af-4357-ae1c-8ba30d1c75fa None None] rate_limit_burst = 0 {{(pid=102033) log_opt_values /opt/stack/data/venv/lib/python3.12/site-packages/oslo_config/cfg.py:3245}}
Jun 11 18:09:20.758276 np0000002657 devstack@g-api.service[102033]: DEBUG glance.common.config [None req-55eb3f95-51af-4357-ae1c-8ba30d1c75fa None None] rate_limit_except_level = CRITICAL {{(pid=102033) log_opt_values /opt/stack/data/venv/lib/python3.12/site-packages/oslo_config/cfg.py:3245}}
Jun 11 18:09:20.758365 np0000002657 devstack@g-api.service[102033]: DEBUG glance.common.config [None req-55eb3f95-51af-4357-ae1c-8ba30d1c75fa None None] rate_limit_interval = 0 {{(pid=102033) log_opt_values /opt/stack/data/venv/lib/python3.12/site-packages/oslo_config/cfg.py:3245}}
Jun 11 18:09:20.758453 np0000002657 devstack@g-api.service[102033]: DEBUG glance.common.config [None req-55eb3f95-51af-4357-ae1c-8ba30d1c75fa None None] scrub_pool_size = 1 {{(pid=102033) log_opt_values /opt/stack/data/venv/lib/python3.12/site-packages/oslo_config/cfg.py:3245}}
Jun 11 18:09:20.758537 np0000002657 devstack@g-api.service[102033]: DEBUG glance.common.config [None req-55eb3f95-51af-4357-ae1c-8ba30d1c75fa None None] scrub_time = 0 {{(pid=102033) log_opt_values /opt/stack/data/venv/lib/python3.12/site-packages/oslo_config/cfg.py:3245}}
Jun 11 18:09:20.758621 np0000002657 devstack@g-api.service[102033]: DEBUG glance.common.config [None req-55eb3f95-51af-4357-ae1c-8ba30d1c75fa None None] shell_completion = None {{(pid=102033) log_opt_values /opt/stack/data/venv/lib/python3.12/site-packages/oslo_config/cfg.py:3245}}
Jun 11 18:09:20.758714 np0000002657 devstack@g-api.service[102033]: DEBUG glance.common.config [None req-55eb3f95-51af-4357-ae1c-8ba30d1c75fa None None] show_image_direct_url = False {{(pid=102033) log_opt_values /opt/stack/data/venv/lib/python3.12/site-packages/oslo_config/cfg.py:3245}}
Jun 11 18:09:20.758930 np0000002657 devstack@g-api.service[102033]: WARNING oslo_config.cfg [None req-55eb3f95-51af-4357-ae1c-8ba30d1c75fa None None] Deprecated: Option "show_multiple_locations" from group "DEFAULT" is deprecated for removal (Use of this option, deprecated since Newton, is a security risk and will be removed once we figure out a way to satisfy those use cases that currently require it. An earlier announcement that the same functionality can be achieved with greater granularity by using policies is incorrect. You cannot work around this option via policy configuration at the present time, though that is the direction we believe the fix will take. Please keep an eye on the Glance release notes to stay up to date on progress in addressing this issue.). Its value may be silently ignored in the future.
Jun 11 18:09:20.759048 np0000002657 devstack@g-api.service[102033]: DEBUG glance.common.config [None req-55eb3f95-51af-4357-ae1c-8ba30d1c75fa None None] show_multiple_locations = False {{(pid=102033) log_opt_values /opt/stack/data/venv/lib/python3.12/site-packages/oslo_config/cfg.py:3245}}
Jun 11 18:09:20.759188 np0000002657 devstack@g-api.service[102033]: DEBUG glance.common.config [None req-55eb3f95-51af-4357-ae1c-8ba30d1c75fa None None] syslog_log_facility = LOG_USER {{(pid=102033) log_opt_values /opt/stack/data/venv/lib/python3.12/site-packages/oslo_config/cfg.py:3245}}
Jun 11 18:09:20.759308 np0000002657 devstack@g-api.service[102033]: DEBUG glance.common.config [None req-55eb3f95-51af-4357-ae1c-8ba30d1c75fa None None] tcp_keepidle = 600 {{(pid=102033) log_opt_values /opt/stack/data/venv/lib/python3.12/site-packages/oslo_config/cfg.py:3245}}
Jun 11 18:09:20.759405 np0000002657 devstack@g-api.service[102033]: DEBUG glance.common.config [None req-55eb3f95-51af-4357-ae1c-8ba30d1c75fa None None] transport_url = **** {{(pid=102033) log_opt_values /opt/stack/data/venv/lib/python3.12/site-packages/oslo_config/cfg.py:3245}}
Jun 11 18:09:20.759499 np0000002657 devstack@g-api.service[102033]: DEBUG glance.common.config [None req-55eb3f95-51af-4357-ae1c-8ba30d1c75fa None None] use_journal = False {{(pid=102033) log_opt_values /opt/stack/data/venv/lib/python3.12/site-packages/oslo_config/cfg.py:3245}}
Jun 11 18:09:20.759585 np0000002657 devstack@g-api.service[102033]: DEBUG glance.common.config [None req-55eb3f95-51af-4357-ae1c-8ba30d1c75fa None None] use_json = False {{(pid=102033) log_opt_values /opt/stack/data/venv/lib/python3.12/site-packages/oslo_config/cfg.py:3245}}
Jun 11 18:09:20.759679 np0000002657 devstack@g-api.service[102033]: DEBUG glance.common.config [None req-55eb3f95-51af-4357-ae1c-8ba30d1c75fa None None] use_keystone_limits = True {{(pid=102033) log_opt_values /opt/stack/data/venv/lib/python3.12/site-packages/oslo_config/cfg.py:3245}}
Jun 11 18:09:20.759765 np0000002657 devstack@g-api.service[102033]: DEBUG glance.common.config [None req-55eb3f95-51af-4357-ae1c-8ba30d1c75fa None None] use_stderr = False {{(pid=102033) log_opt_values /opt/stack/data/venv/lib/python3.12/site-packages/oslo_config/cfg.py:3245}}
Jun 11 18:09:20.759855 np0000002657 devstack@g-api.service[102033]: DEBUG glance.common.config [None req-55eb3f95-51af-4357-ae1c-8ba30d1c75fa None None] use_syslog = False {{(pid=102033) log_opt_values /opt/stack/data/venv/lib/python3.12/site-packages/oslo_config/cfg.py:3245}}
Jun 11 18:09:20.759953 np0000002657 devstack@g-api.service[102033]: DEBUG glance.common.config [None req-55eb3f95-51af-4357-ae1c-8ba30d1c75fa None None] user_storage_quota = 0 {{(pid=102033) log_opt_values /opt/stack/data/venv/lib/python3.12/site-packages/oslo_config/cfg.py:3245}}
Jun 11 18:09:20.760056 np0000002657 devstack@g-api.service[102033]: DEBUG glance.common.config [None req-55eb3f95-51af-4357-ae1c-8ba30d1c75fa None None] worker_self_reference_url = http://127.0.0.1:60999 {{(pid=102033) log_opt_values /opt/stack/data/venv/lib/python3.12/site-packages/oslo_config/cfg.py:3245}}
Jun 11 18:09:20.760180 np0000002657 devstack@g-api.service[102033]: DEBUG glance.common.config [None req-55eb3f95-51af-4357-ae1c-8ba30d1c75fa None None] workers = None {{(pid=102033) log_opt_values /opt/stack/data/venv/lib/python3.12/site-packages/oslo_config/cfg.py:3245}}
Jun 11 18:09:20.760319 np0000002657 devstack@g-api.service[102033]: DEBUG glance.common.config [None req-55eb3f95-51af-4357-ae1c-8ba30d1c75fa None None] oslo_concurrency.disable_process_locking = False {{(pid=102033) log_opt_values /opt/stack/data/venv/lib/python3.12/site-packages/oslo_config/cfg.py:3256}}
Jun 11 18:09:20.760420 np0000002657 devstack@g-api.service[102033]: DEBUG glance.common.config [None req-55eb3f95-51af-4357-ae1c-8ba30d1c75fa None None] oslo_concurrency.lock_path = /opt/stack/data/glance/locks {{(pid=102033) log_opt_values /opt/stack/data/venv/lib/python3.12/site-packages/oslo_config/cfg.py:3256}}
Jun 11 18:09:20.760517 np0000002657 devstack@g-api.service[102033]: DEBUG glance.common.config [None req-55eb3f95-51af-4357-ae1c-8ba30d1c75fa None None] oslo_middleware.enable_proxy_headers_parsing = False {{(pid=102033) log_opt_values /opt/stack/data/venv/lib/python3.12/site-packages/oslo_config/cfg.py:3256}}
Jun 11 18:09:20.760611 np0000002657 devstack@g-api.service[102033]: DEBUG glance.common.config [None req-55eb3f95-51af-4357-ae1c-8ba30d1c75fa None None] oslo_middleware.http_basic_auth_user_file = /etc/htpasswd {{(pid=102033) log_opt_values /opt/stack/data/venv/lib/python3.12/site-packages/oslo_config/cfg.py:3256}}
Jun 11 18:09:20.760701 np0000002657 devstack@g-api.service[102033]: DEBUG glance.common.config [None req-55eb3f95-51af-4357-ae1c-8ba30d1c75fa None None] paste_deploy.config_file = None {{(pid=102033) log_opt_values /opt/stack/data/venv/lib/python3.12/site-packages/oslo_config/cfg.py:3256}}
Jun 11 18:09:20.760794 np0000002657 devstack@g-api.service[102033]: DEBUG glance.common.config [None req-55eb3f95-51af-4357-ae1c-8ba30d1c75fa None None] paste_deploy.flavor = keystone+cachemanagement {{(pid=102033) log_opt_values /opt/stack/data/venv/lib/python3.12/site-packages/oslo_config/cfg.py:3256}}
Jun 11 18:09:20.760935 np0000002657 devstack@g-api.service[102033]: DEBUG glance.common.config [None req-55eb3f95-51af-4357-ae1c-8ba30d1c75fa None None] image_format.container_formats = ['ami', 'ari', 'aki', 'bare', 'ovf', 'ova', 'docker', 'compressed'] {{(pid=102033) log_opt_values /opt/stack/data/venv/lib/python3.12/site-packages/oslo_config/cfg.py:3256}}
Jun 11 18:09:20.761078 np0000002657 devstack@g-api.service[102033]: DEBUG glance.common.config [None req-55eb3f95-51af-4357-ae1c-8ba30d1c75fa None None] image_format.disk_formats = ['ami', 'ari', 'aki', 'vhd', 'vhdx', 'vmdk', 'raw', 'qcow2', 'vdi', 'iso', 'ploop'] {{(pid=102033) log_opt_values /opt/stack/data/venv/lib/python3.12/site-packages/oslo_config/cfg.py:3256}}
Jun 11 18:09:20.761252 np0000002657 devstack@g-api.service[102033]: DEBUG glance.common.config [None req-55eb3f95-51af-4357-ae1c-8ba30d1c75fa None None] image_format.gpt_safety_checks_nonfatal = [] {{(pid=102033) log_opt_values /opt/stack/data/venv/lib/python3.12/site-packages/oslo_config/cfg.py:3256}}
Jun 11 18:09:20.761366 np0000002657 devstack@g-api.service[102033]: DEBUG glance.common.config [None req-55eb3f95-51af-4357-ae1c-8ba30d1c75fa None None] image_format.require_image_format_match = True {{(pid=102033) log_opt_values /opt/stack/data/venv/lib/python3.12/site-packages/oslo_config/cfg.py:3256}}
Jun 11 18:09:20.761469 np0000002657 devstack@g-api.service[102033]: DEBUG glance.common.config [None req-55eb3f95-51af-4357-ae1c-8ba30d1c75fa None None] image_format.vmdk_allowed_types = ['streamOptimized', 'monolithicSparse'] {{(pid=102033) log_opt_values /opt/stack/data/venv/lib/python3.12/site-packages/oslo_config/cfg.py:3256}}
Jun 11 18:09:20.761539 np0000002657 devstack@g-api.service[102032]: DEBUG glance.common.config [None req-b035d878-209a-47a5-81a5-9be9247ded42 None None] ******************************************************************************** {{(pid=102032) log_opt_values /opt/stack/data/venv/lib/python3.12/site-packages/oslo_config/cfg.py:3229}}
Jun 11 18:09:20.761578 np0000002657 devstack@g-api.service[102033]: DEBUG glance.common.config [None req-55eb3f95-51af-4357-ae1c-8ba30d1c75fa None None] task.task_executor = taskflow {{(pid=102033) log_opt_values /opt/stack/data/venv/lib/python3.12/site-packages/oslo_config/cfg.py:3256}}
