Jun 11 18:08:56.296718 np0000002657 nova-scheduler[95712]: DEBUG cotyledon.oslo_config_glue [-] oslo_limit.endpoint_id = None {{(pid=95712) log_opt_values /opt/stack/data/venv/lib/python3.12/site-packages/oslo_config/cfg.py:3256}}
Jun 11 18:08:56.296889 np0000002657 nova-scheduler[95712]: DEBUG cotyledon.oslo_config_glue [-] oslo_limit.endpoint_interface = public {{(pid=95712) log_opt_values /opt/stack/data/venv/lib/python3.12/site-packages/oslo_config/cfg.py:3256}}
Jun 11 18:08:56.296889 np0000002657 nova-scheduler[95712]: DEBUG cotyledon.oslo_config_glue [-] oslo_limit.endpoint_override = None {{(pid=95712) log_opt_values /opt/stack/data/venv/lib/python3.12/site-packages/oslo_config/cfg.py:3256}}
Jun 11 18:08:56.296889 np0000002657 nova-scheduler[95712]: DEBUG cotyledon.oslo_config_glue [-] oslo_limit.endpoint_region_name = None {{(pid=95712) log_opt_values /opt/stack/data/venv/lib/python3.12/site-packages/oslo_config/cfg.py:3256}}
Jun 11 18:08:56.296889 np0000002657 nova-scheduler[95712]: DEBUG cotyledon.oslo_config_glue [-] oslo_limit.endpoint_service_name = None {{(pid=95712) log_opt_values /opt/stack/data/venv/lib/python3.12/site-packages/oslo_config/cfg.py:3256}}
Jun 11 18:08:56.296889 np0000002657 nova-scheduler[95712]: DEBUG cotyledon.oslo_config_glue [-] oslo_limit.endpoint_service_type = None {{(pid=95712) log_opt_values /opt/stack/data/venv/lib/python3.12/site-packages/oslo_config/cfg.py:3256}}
Jun 11 18:08:56.296889 np0000002657 nova-scheduler[95712]: DEBUG cotyledon.oslo_config_glue [-] oslo_limit.insecure = False {{(pid=95712) log_opt_values /opt/stack/data/venv/lib/python3.12/site-packages/oslo_config/cfg.py:3256}}
Jun 11 18:08:56.296889 np0000002657 nova-scheduler[95712]: DEBUG cotyledon.oslo_config_glue [-] oslo_limit.keyfile = None {{(pid=95712) log_opt_values /opt/stack/data/venv/lib/python3.12/site-packages/oslo_config/cfg.py:3256}}
Jun 11 18:08:56.296889 np0000002657 nova-scheduler[95712]: DEBUG cotyledon.oslo_config_glue [-] oslo_limit.max_version = None {{(pid=95712) log_opt_values /opt/stack/data/venv/lib/python3.12/site-packages/oslo_config/cfg.py:3256}}
Jun 11 18:08:56.296889 np0000002657 nova-scheduler[95712]: DEBUG cotyledon.oslo_config_glue [-] oslo_limit.min_version = None {{(pid=95712) log_opt_values /opt/stack/data/venv/lib/python3.12/site-packages/oslo_config/cfg.py:3256}}
Jun 11 18:08:56.297074 np0000002657 nova-scheduler[95712]: DEBUG cotyledon.oslo_config_glue [-] oslo_limit.region_name = None {{(pid=95712) log_opt_values /opt/stack/data/venv/lib/python3.12/site-packages/oslo_config/cfg.py:3256}}
Jun 11 18:08:56.297074 np0000002657 nova-scheduler[95712]: DEBUG cotyledon.oslo_config_glue [-] oslo_limit.retriable_status_codes = None {{(pid=95712) log_opt_values /opt/stack/data/venv/lib/python3.12/site-packages/oslo_config/cfg.py:3256}}
Jun 11 18:08:56.297074 np0000002657 nova-scheduler[95712]: DEBUG cotyledon.oslo_config_glue [-] oslo_limit.service_name = None {{(pid=95712) log_opt_values /opt/stack/data/venv/lib/python3.12/site-packages/oslo_config/cfg.py:3256}}
Jun 11 18:08:56.297165 np0000002657 nova-scheduler[95710]: INFO dbcounter [None req-51bf41f7-97e9-422c-b648-3f9b96c895bf None None] Registered counter for database nova_cell0
Jun 11 18:08:56.297216 np0000002657 nova-scheduler[95712]: DEBUG cotyledon.oslo_config_glue [-] oslo_limit.service_type = None {{(pid=95712) log_opt_values /opt/stack/data/venv/lib/python3.12/site-packages/oslo_config/cfg.py:3256}}
Jun 11 18:08:56.297216 np0000002657 nova-scheduler[95712]: DEBUG cotyledon.oslo_config_glue [-] oslo_limit.split_loggers = False {{(pid=95712) log_opt_values /opt/stack/data/venv/lib/python3.12/site-packages/oslo_config/cfg.py:3256}}
Jun 11 18:08:56.297216 np0000002657 nova-scheduler[95712]: DEBUG cotyledon.oslo_config_glue [-] oslo_limit.status_code_retries = None {{(pid=95712) log_opt_values /opt/stack/data/venv/lib/python3.12/site-packages/oslo_config/cfg.py:3256}}
Jun 11 18:08:56.297216 np0000002657 nova-scheduler[95712]: DEBUG cotyledon.oslo_config_glue [-] oslo_limit.status_code_retry_delay = None {{(pid=95712) log_opt_values /opt/stack/data/venv/lib/python3.12/site-packages/oslo_config/cfg.py:3256}}
Jun 11 18:08:56.297216 np0000002657 nova-scheduler[95712]: DEBUG cotyledon.oslo_config_glue [-] oslo_limit.timeout = None {{(pid=95712) log_opt_values /opt/stack/data/venv/lib/python3.12/site-packages/oslo_config/cfg.py:3256}}
Jun 11 18:08:56.297216 np0000002657 nova-scheduler[95712]: DEBUG cotyledon.oslo_config_glue [-] oslo_limit.valid_interfaces = None {{(pid=95712) log_opt_values /opt/stack/data/venv/lib/python3.12/site-packages/oslo_config/cfg.py:3256}}
Jun 11 18:08:56.297216 np0000002657 nova-scheduler[95712]: DEBUG cotyledon.oslo_config_glue [-] oslo_limit.version = None {{(pid=95712) log_opt_values /opt/stack/data/venv/lib/python3.12/site-packages/oslo_config/cfg.py:3256}}
Jun 11 18:08:56.297216 np0000002657 nova-scheduler[95712]: DEBUG cotyledon.oslo_config_glue [-] oslo_reports.file_event_handler = None {{(pid=95712) log_opt_values /opt/stack/data/venv/lib/python3.12/site-packages/oslo_config/cfg.py:3256}}
Jun 11 18:08:56.297216 np0000002657 nova-scheduler[95712]: DEBUG cotyledon.oslo_config_glue [-] oslo_reports.file_event_handler_interval = 1 {{(pid=95712) log_opt_values /opt/stack/data/venv/lib/python3.12/site-packages/oslo_config/cfg.py:3256}}
Jun 11 18:08:56.297461 np0000002657 nova-scheduler[95712]: DEBUG cotyledon.oslo_config_glue [-] oslo_reports.log_dir = None {{(pid=95712) log_opt_values /opt/stack/data/venv/lib/python3.12/site-packages/oslo_config/cfg.py:3256}}
Jun 11 18:08:56.297461 np0000002657 nova-scheduler[95712]: DEBUG cotyledon.oslo_config_glue [-] ******************************************************************************** {{(pid=95712) log_opt_values /opt/stack/data/venv/lib/python3.12/site-packages/oslo_config/cfg.py:3263}}
Jun 11 18:08:56.297461 np0000002657 nova-scheduler[95712]: DEBUG cotyledon._service_worker [-] Run service ServiceWrapper(2) [95712] {{(pid=95712) wait_forever /opt/stack/data/venv/lib/python3.12/site-packages/cotyledon/_service_worker.py:218}}
Jun 11 18:08:56.297461 np0000002657 nova-scheduler[95712]: INFO nova.service [-] Starting scheduler node (version 33.1.0)
Jun 11 18:08:56.297461 np0000002657 nova-scheduler[95712]: INFO dbcounter [None req-ff26ecb1-52cb-4d25-af66-96c0e12c1301 None None] Registered counter for database nova_cell0
Jun 11 18:08:56.297564 np0000002657 nova-scheduler[95708]: DEBUG oslo_db.sqlalchemy.engines [None req-99491269-c5c5-4742-a5f6-6f4dbaedf0b6 None None] MySQL server mode set to STRICT_TRANS_TABLES,STRICT_ALL_TABLES,NO_ZERO_IN_DATE,NO_ZERO_DATE,ERROR_FOR_DIVISION_BY_ZERO,TRADITIONAL,NO_ENGINE_SUBSTITUTION {{(pid=95708) _check_effective_sql_mode /opt/stack/data/venv/lib/python3.12/site-packages/oslo_db/sqlalchemy/engines.py:325}}
Jun 11 18:08:56.301202 np0000002657 nova-scheduler[95708]: DEBUG dbcounter [-] [95708] Writer thread running {{(pid=95708) stat_writer /opt/stack/data/venv/lib/python3.12/site-packages/dbcounter.py:102}}
Jun 11 18:08:56.319820 np0000002657 nova-scheduler[95708]: DEBUG nova.service [None req-99491269-c5c5-4742-a5f6-6f4dbaedf0b6 None None] Creating RPC server for service: nova-scheduler on topic: scheduler {{(pid=95708) start /opt/stack/nova/nova/service.py:196}}
Jun 11 18:08:56.328140 np0000002657 nova-scheduler[95712]: DEBUG oslo_db.sqlalchemy.engines [None req-ff26ecb1-52cb-4d25-af66-96c0e12c1301 None None] MySQL server mode set to STRICT_TRANS_TABLES,STRICT_ALL_TABLES,NO_ZERO_IN_DATE,NO_ZERO_DATE,ERROR_FOR_DIVISION_BY_ZERO,TRADITIONAL,NO_ENGINE_SUBSTITUTION {{(pid=95712) _check_effective_sql_mode /opt/stack/data/venv/lib/python3.12/site-packages/oslo_db/sqlalchemy/engines.py:325}}
Jun 11 18:08:56.329141 np0000002657 nova-scheduler[95710]: DEBUG oslo_db.sqlalchemy.engines [None req-51bf41f7-97e9-422c-b648-3f9b96c895bf None None] MySQL server mode set to STRICT_TRANS_TABLES,STRICT_ALL_TABLES,NO_ZERO_IN_DATE,NO_ZERO_DATE,ERROR_FOR_DIVISION_BY_ZERO,TRADITIONAL,NO_ENGINE_SUBSTITUTION {{(pid=95710) _check_effective_sql_mode /opt/stack/data/venv/lib/python3.12/site-packages/oslo_db/sqlalchemy/engines.py:325}}
Jun 11 18:08:56.338139 np0000002657 nova-scheduler[95712]: DEBUG dbcounter [-] [95712] Writer thread running {{(pid=95712) stat_writer /opt/stack/data/venv/lib/python3.12/site-packages/dbcounter.py:102}}
Jun 11 18:08:56.338400 np0000002657 nova-scheduler[95712]: DEBUG nova.service [None req-ff26ecb1-52cb-4d25-af66-96c0e12c1301 None None] Creating RPC server for service: nova-scheduler on topic: scheduler {{(pid=95712) start /opt/stack/nova/nova/service.py:196}}
Jun 11 18:08:56.339852 np0000002657 nova-scheduler[95710]: DEBUG dbcounter [-] [95710] Writer thread running {{(pid=95710) stat_writer /opt/stack/data/venv/lib/python3.12/site-packages/dbcounter.py:102}}
Jun 11 18:08:56.345138 np0000002657 nova-scheduler[95710]: DEBUG nova.service [None req-51bf41f7-97e9-422c-b648-3f9b96c895bf None None] Creating RPC server for service: nova-scheduler on topic: scheduler {{(pid=95710) start /opt/stack/nova/nova/service.py:196}}
Jun 11 18:08:56.350100 np0000002657 nova-scheduler[95708]: DEBUG nova.service [None req-99491269-c5c5-4742-a5f6-6f4dbaedf0b6 None None] Join ServiceGroup membership for this service scheduler {{(pid=95708) start /opt/stack/nova/nova/service.py:222}}
Jun 11 18:08:56.352301 np0000002657 nova-scheduler[95708]: DEBUG nova.servicegroup.drivers.db [None req-99491269-c5c5-4742-a5f6-6f4dbaedf0b6 None None] DB_Driver: join new ServiceGroup member np0000002657 to the scheduler group, service = {{(pid=95708) join /opt/stack/nova/nova/servicegroup/drivers/db.py:44}}
Jun 11 18:08:56.358412 np0000002657 nova-scheduler[95712]: DEBUG nova.service [None req-ff26ecb1-52cb-4d25-af66-96c0e12c1301 None None] Join ServiceGroup membership for this service scheduler {{(pid=95712) start /opt/stack/nova/nova/service.py:222}}
Jun 11 18:08:56.358412 np0000002657 nova-scheduler[95712]: DEBUG nova.servicegroup.drivers.db [None req-ff26ecb1-52cb-4d25-af66-96c0e12c1301 None None] DB_Driver: join new ServiceGroup member np0000002657 to the scheduler group, service = {{(pid=95712) join /opt/stack/nova/nova/servicegroup/drivers/db.py:44}}
Jun 11 18:08:56.359238 np0000002657 nova-scheduler[95710]: DEBUG nova.service [None req-51bf41f7-97e9-422c-b648-3f9b96c895bf None None] Join ServiceGroup membership for this service scheduler {{(pid=95710) start /opt/stack/nova/nova/service.py:222}}
Jun 11 18:08:56.359435 np0000002657 nova-scheduler[95710]: DEBUG nova.servicegroup.drivers.db [None req-51bf41f7-97e9-422c-b648-3f9b96c895bf None None] DB_Driver: join new ServiceGroup member np0000002657 to the scheduler group, service = {{(pid=95710) join /opt/stack/nova/nova/servicegroup/drivers/db.py:44}}
Jun 11 18:09:01.366693 np0000002657 nova-scheduler[95708]: DEBUG oslo.service.backend._threading.loopingcall [-] Fixed interval looping call 'nova.servicegroup.drivers.db.DbDriver._report_state' sleeping for 119.99 seconds {{(pid=95708) _run_loop /opt/stack/data/venv/lib/python3.12/site-packages/oslo_service/backend/_threading/loopingcall.py:125}}
Jun 11 18:09:01.374984 np0000002657 nova-scheduler[95712]: DEBUG oslo.service.backend._threading.loopingcall [-] Fixed interval looping call 'nova.servicegroup.drivers.db.DbDriver._report_state' sleeping for 119.99 seconds {{(pid=95712) _run_loop /opt/stack/data/venv/lib/python3.12/site-packages/oslo_service/backend/_threading/loopingcall.py:125}}
Jun 11 18:09:01.378228 np0000002657 nova-scheduler[95710]: DEBUG oslo.service.backend._threading.loopingcall [-] Fixed interval looping call 'nova.servicegroup.drivers.db.DbDriver._report_state' sleeping for 119.99 seconds {{(pid=95710) _run_loop /opt/stack/data/venv/lib/python3.12/site-packages/oslo_service/backend/_threading/loopingcall.py:125}}
Jun 11 18:09:03.364444 np0000002657 nova-scheduler[95710]: DEBUG oslo.service.backend._threading.loopingcall [None req-9ea34c5b-3c64-4e39-8460-b5fd108fdb69 None None] Dynamic interval looping call 'nova.service.Service.periodic_tasks' sleeping for 60.00 seconds {{(pid=95710) _run_loop /opt/stack/data/venv/lib/python3.12/site-packages/oslo_service/backend/_threading/loopingcall.py:125}}
Jun 11 18:09:04.916016 np0000002657 nova-scheduler[94515]: DEBUG dbcounter [-] [94515] Writing DB stats nova_api:SELECT=3 {{(pid=94515) stat_writer /opt/stack/data/venv/lib/python3.12/site-packages/dbcounter.py:115}}
Jun 11 18:09:05.044509 np0000002657 nova-scheduler[94515]: DEBUG dbcounter [-] [94515] Writing DB stats nova_cell0:SELECT=1 {{(pid=94515) stat_writer /opt/stack/data/venv/lib/python3.12/site-packages/dbcounter.py:115}}
Jun 11 18:09:05.049982 np0000002657 nova-scheduler[94515]: DEBUG dbcounter [-] [94515] Writing DB stats nova_cell1:SELECT=1 {{(pid=94515) stat_writer /opt/stack/data/venv/lib/python3.12/site-packages/dbcounter.py:115}}
Jun 11 18:09:11.361642 np0000002657 nova-scheduler[95708]: DEBUG dbcounter [-] [95708] Writing DB stats nova_cell0:SELECT=4,nova_cell0:INSERT=1,nova_cell0:UPDATE=1 {{(pid=95708) stat_writer /opt/stack/data/venv/lib/python3.12/site-packages/dbcounter.py:115}}
Jun 11 18:09:11.371590 np0000002657 nova-scheduler[95712]: DEBUG dbcounter [-] [95712] Writing DB stats nova_cell0:SELECT=3 {{(pid=95712) stat_writer /opt/stack/data/venv/lib/python3.12/site-packages/dbcounter.py:115}}
Jun 11 18:09:11.374861 np0000002657 nova-scheduler[95710]: DEBUG dbcounter [-] [95710] Writing DB stats nova_cell0:SELECT=3 {{(pid=95710) stat_writer /opt/stack/data/venv/lib/python3.12/site-packages/dbcounter.py:115}}
Jun 11 18:09:12.352529 np0000002657 nova-scheduler[95708]: DEBUG oslo.service.backend._threading.loopingcall [None req-0d582f40-0465-4862-a757-65e80adfeb6d None None] Dynamic interval looping call 'nova.service.Service.periodic_tasks' sleeping for 60.00 seconds {{(pid=95708) _run_loop /opt/stack/data/venv/lib/python3.12/site-packages/oslo_service/backend/_threading/loopingcall.py:125}}
Jun 11 18:09:45.362921 np0000002657 nova-scheduler[95712]: DEBUG oslo.service.backend._threading.loopingcall [None req-984cfdf3-7ae9-4caa-8687-ab12e40bbe00 None None] Dynamic interval looping call 'nova.service.Service.periodic_tasks' sleeping for 60.00 seconds {{(pid=95712) _run_loop /opt/stack/data/venv/lib/python3.12/site-packages/oslo_service/backend/_threading/loopingcall.py:125}}
Jun 11 18:10:03.364871 np0000002657 nova-scheduler[95710]: DEBUG oslo.service.backend._threading.loopingcall [None req-9ea34c5b-3c64-4e39-8460-b5fd108fdb69 None None] Dynamic interval looping call 'nova.service.Service.periodic_tasks' sleeping for 60.00 seconds {{(pid=95710) _run_loop /opt/stack/data/venv/lib/python3.12/site-packages/oslo_service/backend/_threading/loopingcall.py:125}}
Jun 11 18:10:12.353086 np0000002657 nova-scheduler[95708]: DEBUG oslo.service.backend._threading.loopingcall [None req-0d582f40-0465-4862-a757-65e80adfeb6d None None] Dynamic interval looping call 'nova.service.Service.periodic_tasks' sleeping for 60.00 seconds {{(pid=95708) _run_loop /opt/stack/data/venv/lib/python3.12/site-packages/oslo_service/backend/_threading/loopingcall.py:125}}
Jun 11 18:10:45.363563 np0000002657 nova-scheduler[95712]: DEBUG oslo.service.backend._threading.loopingcall [None req-984cfdf3-7ae9-4caa-8687-ab12e40bbe00 None None] Dynamic interval looping call 'nova.service.Service.periodic_tasks' sleeping for 60.00 seconds {{(pid=95712) _run_loop /opt/stack/data/venv/lib/python3.12/site-packages/oslo_service/backend/_threading/loopingcall.py:125}}
Jun 11 18:11:01.362882 np0000002657 nova-scheduler[95708]: DEBUG oslo.service.backend._threading.loopingcall [-] Fixed interval looping call 'nova.servicegroup.drivers.db.DbDriver._report_state' sleeping for 119.99 seconds {{(pid=95708) _run_loop /opt/stack/data/venv/lib/python3.12/site-packages/oslo_service/backend/_threading/loopingcall.py:125}}
Jun 11 18:11:01.368311 np0000002657 nova-scheduler[95712]: DEBUG oslo.service.backend._threading.loopingcall [-] Fixed interval looping call 'nova.servicegroup.drivers.db.DbDriver._report_state' sleeping for 120.00 seconds {{(pid=95712) _run_loop /opt/stack/data/venv/lib/python3.12/site-packages/oslo_service/backend/_threading/loopingcall.py:125}}
Jun 11 18:11:01.371693 np0000002657 nova-scheduler[95710]: DEBUG oslo.service.backend._threading.loopingcall [-] Fixed interval looping call 'nova.servicegroup.drivers.db.DbDriver._report_state' sleeping for 120.00 seconds {{(pid=95710) _run_loop /opt/stack/data/venv/lib/python3.12/site-packages/oslo_service/backend/_threading/loopingcall.py:125}}
Jun 11 18:11:03.365438 np0000002657 nova-scheduler[95710]: DEBUG oslo.service.backend._threading.loopingcall [None req-9ea34c5b-3c64-4e39-8460-b5fd108fdb69 None None] Dynamic interval looping call 'nova.service.Service.periodic_tasks' sleeping for 60.00 seconds {{(pid=95710) _run_loop /opt/stack/data/venv/lib/python3.12/site-packages/oslo_service/backend/_threading/loopingcall.py:125}}
Jun 11 18:11:11.359962 np0000002657 nova-scheduler[95708]: DEBUG dbcounter [-] [95708] Writing DB stats nova_cell0:SELECT=1,nova_cell0:UPDATE=1 {{(pid=95708) stat_writer /opt/stack/data/venv/lib/python3.12/site-packages/dbcounter.py:115}}
Jun 11 18:11:11.366485 np0000002657 nova-scheduler[95712]: DEBUG dbcounter [-] [95712] Writing DB stats nova_cell0:SELECT=1 {{(pid=95712) stat_writer /opt/stack/data/venv/lib/python3.12/site-packages/dbcounter.py:115}}
Jun 11 18:11:11.370079 np0000002657 nova-scheduler[95710]: DEBUG dbcounter [-] [95710] Writing DB stats nova_cell0:SELECT=1 {{(pid=95710) stat_writer /opt/stack/data/venv/lib/python3.12/site-packages/dbcounter.py:115}}
Jun 11 18:11:12.353551 np0000002657 nova-scheduler[95708]: DEBUG oslo.service.backend._threading.loopingcall [None req-0d582f40-0465-4862-a757-65e80adfeb6d None None] Dynamic interval looping call 'nova.service.Service.periodic_tasks' sleeping for 60.00 seconds {{(pid=95708) _run_loop /opt/stack/data/venv/lib/python3.12/site-packages/oslo_service/backend/_threading/loopingcall.py:125}}
Jun 11 18:11:43.728908 np0000002657 nova-scheduler[95708]: DEBUG nova.scheduler.manager [None req-1e2fe767-18a9-4583-acd2-87a1ffcdbeeb tempest-DeleteServersTestJSON-662215938 tempest-DeleteServersTestJSON-662215938-project-member] Starting to schedule for instances: ['05cbb491-4292-4f28-95d7-5d960e90ae1a'] {{(pid=95708) select_destinations /opt/stack/nova/nova/scheduler/manager.py:210}}
Jun 11 18:11:43.730449 np0000002657 nova-scheduler[95708]: DEBUG nova.scheduler.request_filter [None req-1e2fe767-18a9-4583-acd2-87a1ffcdbeeb tempest-DeleteServersTestJSON-662215938 tempest-DeleteServersTestJSON-662215938-project-member] compute_status_filter request filter added forbidden trait COMPUTE_STATUS_DISABLED {{(pid=95708) compute_status_filter /opt/stack/nova/nova/scheduler/request_filter.py:253}}
Jun 11 18:11:43.730746 np0000002657 nova-scheduler[95708]: DEBUG nova.scheduler.request_filter [None req-1e2fe767-18a9-4583-acd2-87a1ffcdbeeb tempest-DeleteServersTestJSON-662215938 tempest-DeleteServersTestJSON-662215938-project-member] Request filter 'compute_status_filter' took 0.0 seconds {{(pid=95708) wrapper /opt/stack/nova/nova/scheduler/request_filter.py:46}}
Jun 11 18:11:43.731070 np0000002657 nova-scheduler[95708]: DEBUG nova.scheduler.request_filter [None req-1e2fe767-18a9-4583-acd2-87a1ffcdbeeb tempest-DeleteServersTestJSON-662215938 tempest-DeleteServersTestJSON-662215938-project-member] Request filter 'accelerators_filter' took 0.0 seconds {{(pid=95708) wrapper /opt/stack/nova/nova/scheduler/request_filter.py:46}}
Jun 11 18:11:43.731352 np0000002657 nova-scheduler[95708]: DEBUG nova.scheduler.request_filter [None req-1e2fe767-18a9-4583-acd2-87a1ffcdbeeb tempest-DeleteServersTestJSON-662215938 tempest-DeleteServersTestJSON-662215938-project-member] Request filter 'packed_virtqueue_filter' took 0.0 seconds {{(pid=95708) wrapper /opt/stack/nova/nova/scheduler/request_filter.py:46}}
Jun 11 18:11:43.732352 np0000002657 nova-scheduler[95708]: DEBUG nova.scheduler.request_filter [None req-1e2fe767-18a9-4583-acd2-87a1ffcdbeeb tempest-DeleteServersTestJSON-662215938 tempest-DeleteServersTestJSON-662215938-project-member] Request filter 'remote_managed_ports_filter' took 0.0 seconds {{(pid=95708) wrapper /opt/stack/nova/nova/scheduler/request_filter.py:46}}
Jun 11 18:11:43.733322 np0000002657 nova-scheduler[95708]: DEBUG nova.scheduler.request_filter [None req-1e2fe767-18a9-4583-acd2-87a1ffcdbeeb tempest-DeleteServersTestJSON-662215938 tempest-DeleteServersTestJSON-662215938-project-member] ephemeral_encryption_filter skipped {{(pid=95708) ephemeral_encryption_filter /opt/stack/nova/nova/scheduler/request_filter.py:426}}
Jun 11 18:11:43.733549 np0000002657 nova-scheduler[95708]: DEBUG nova.scheduler.request_filter [None req-1e2fe767-18a9-4583-acd2-87a1ffcdbeeb tempest-DeleteServersTestJSON-662215938 tempest-DeleteServersTestJSON-662215938-project-member] virtio_sound_filter skipped {{(pid=95708) virtio_sound_filter /opt/stack/nova/nova/scheduler/request_filter.py:460}}
Jun 11 18:11:43.734473 np0000002657 nova-scheduler[95708]: DEBUG nova.scheduler.request_filter [None req-1e2fe767-18a9-4583-acd2-87a1ffcdbeeb tempest-DeleteServersTestJSON-662215938 tempest-DeleteServersTestJSON-662215938-project-member] tpm_secret_security_filter skipped {{(pid=95708) tpm_secret_security_filter /opt/stack/nova/nova/scheduler/request_filter.py:477}}
Jun 11 18:11:44.626723 np0000002657 nova-scheduler[95708]: INFO nova.utils [None req-1e2fe767-18a9-4583-acd2-87a1ffcdbeeb tempest-DeleteServersTestJSON-662215938 tempest-DeleteServersTestJSON-662215938-project-member] The cell worker thread pool ForkProcess-1.cell_worker is initialized
Jun 11 18:11:44.627174 np0000002657 nova-scheduler[95708]: DEBUG oslo_concurrency.lockutils [None req-1e2fe767-18a9-4583-acd2-87a1ffcdbeeb tempest-DeleteServersTestJSON-662215938 tempest-DeleteServersTestJSON-662215938-project-member] Acquiring lock "2430209d-4221-4531-bb98-73d507dc3be0" by "nova.context.set_target_cell..get_or_set_cached_cell_and_set_connections" {{(pid=95708) inner /opt/stack/data/venv/lib/python3.12/site-packages/oslo_concurrency/lockutils.py:511}}
Jun 11 18:11:44.627402 np0000002657 nova-scheduler[95708]: DEBUG oslo_concurrency.lockutils [None req-1e2fe767-18a9-4583-acd2-87a1ffcdbeeb tempest-DeleteServersTestJSON-662215938 tempest-DeleteServersTestJSON-662215938-project-member] Lock "2430209d-4221-4531-bb98-73d507dc3be0" acquired by "nova.context.set_target_cell..get_or_set_cached_cell_and_set_connections" :: waited 0.000s {{(pid=95708) inner /opt/stack/data/venv/lib/python3.12/site-packages/oslo_concurrency/lockutils.py:524}}
Jun 11 18:11:44.628716 np0000002657 nova-scheduler[95708]: DEBUG oslo_concurrency.lockutils [None req-1e2fe767-18a9-4583-acd2-87a1ffcdbeeb tempest-DeleteServersTestJSON-662215938 tempest-DeleteServersTestJSON-662215938-project-member] Lock "2430209d-4221-4531-bb98-73d507dc3be0" "released" by "nova.context.set_target_cell..get_or_set_cached_cell_and_set_connections" :: held 0.001s {{(pid=95708) inner /opt/stack/data/venv/lib/python3.12/site-packages/oslo_concurrency/lockutils.py:543}}
Jun 11 18:11:44.630719 np0000002657 nova-scheduler[95708]: INFO dbcounter [None req-1e2fe767-18a9-4583-acd2-87a1ffcdbeeb tempest-DeleteServersTestJSON-662215938 tempest-DeleteServersTestJSON-662215938-project-member] Registered counter for database nova_cell1
Jun 11 18:11:44.695789 np0000002657 nova-scheduler[95708]: DEBUG oslo_db.sqlalchemy.engines [None req-1e2fe767-18a9-4583-acd2-87a1ffcdbeeb tempest-DeleteServersTestJSON-662215938 tempest-DeleteServersTestJSON-662215938-project-member] MySQL server mode set to STRICT_TRANS_TABLES,STRICT_ALL_TABLES,NO_ZERO_IN_DATE,NO_ZERO_DATE,ERROR_FOR_DIVISION_BY_ZERO,TRADITIONAL,NO_ENGINE_SUBSTITUTION {{(pid=95708) _check_effective_sql_mode /opt/stack/data/venv/lib/python3.12/site-packages/oslo_db/sqlalchemy/engines.py:325}}
Jun 11 18:11:44.703162 np0000002657 nova-scheduler[95708]: DEBUG dbcounter [-] [95708] Writer thread running {{(pid=95708) stat_writer /opt/stack/data/venv/lib/python3.12/site-packages/dbcounter.py:102}}
Jun 11 18:11:44.714032 np0000002657 nova-scheduler[95708]: DEBUG oslo_db.sqlalchemy.engines [None req-1e2fe767-18a9-4583-acd2-87a1ffcdbeeb tempest-DeleteServersTestJSON-662215938 tempest-DeleteServersTestJSON-662215938-project-member] Parent process 94515 forked (95708) with an open database connection, which is being discarded and recreated. {{(pid=95708) checkout /opt/stack/data/venv/lib/python3.12/site-packages/oslo_db/sqlalchemy/engines.py:402}}
Jun 11 18:11:44.759883 np0000002657 nova-scheduler[95708]: DEBUG dbcounter [-] [95708] Writer thread running {{(pid=95708) stat_writer /opt/stack/data/venv/lib/python3.12/site-packages/dbcounter.py:102}}
Jun 11 18:11:44.764407 np0000002657 nova-scheduler[95708]: DEBUG oslo_concurrency.lockutils [None req-1e2fe767-18a9-4583-acd2-87a1ffcdbeeb tempest-DeleteServersTestJSON-662215938 tempest-DeleteServersTestJSON-662215938-project-member] Acquiring lock "2430209d-4221-4531-bb98-73d507dc3be0" by "nova.context.set_target_cell..get_or_set_cached_cell_and_set_connections" {{(pid=95708) inner /opt/stack/data/venv/lib/python3.12/site-packages/oslo_concurrency/lockutils.py:511}}
Jun 11 18:11:44.765521 np0000002657 nova-scheduler[95708]: DEBUG oslo_concurrency.lockutils [None req-1e2fe767-18a9-4583-acd2-87a1ffcdbeeb tempest-DeleteServersTestJSON-662215938 tempest-DeleteServersTestJSON-662215938-project-member] Lock "2430209d-4221-4531-bb98-73d507dc3be0" acquired by "nova.context.set_target_cell..get_or_set_cached_cell_and_set_connections" :: waited 0.000s {{(pid=95708) inner /opt/stack/data/venv/lib/python3.12/site-packages/oslo_concurrency/lockutils.py:524}}
Jun 11 18:11:44.765521 np0000002657 nova-scheduler[95708]: DEBUG oslo_concurrency.lockutils [None req-1e2fe767-18a9-4583-acd2-87a1ffcdbeeb tempest-DeleteServersTestJSON-662215938 tempest-DeleteServersTestJSON-662215938-project-member] Lock "2430209d-4221-4531-bb98-73d507dc3be0" "released" by "nova.context.set_target_cell..get_or_set_cached_cell_and_set_connections" :: held 0.000s {{(pid=95708) inner /opt/stack/data/venv/lib/python3.12/site-packages/oslo_concurrency/lockutils.py:543}}
Jun 11 18:11:44.772157 np0000002657 nova-scheduler[95708]: DEBUG oslo_concurrency.lockutils [None req-1e2fe767-18a9-4583-acd2-87a1ffcdbeeb tempest-DeleteServersTestJSON-662215938 tempest-DeleteServersTestJSON-662215938-project-member] Acquiring lock "('np0000002657', 'np0000002657')" by "nova.scheduler.host_manager.HostState.update.._locked_update" {{(pid=95708) inner /opt/stack/data/venv/lib/python3.12/site-packages/oslo_concurrency/lockutils.py:511}}
Jun 11 18:11:44.772157 np0000002657 nova-scheduler[95708]: DEBUG oslo_concurrency.lockutils [None req-1e2fe767-18a9-4583-acd2-87a1ffcdbeeb tempest-DeleteServersTestJSON-662215938 tempest-DeleteServersTestJSON-662215938-project-member] Lock "('np0000002657', 'np0000002657')" acquired by "nova.scheduler.host_manager.HostState.update.._locked_update" :: waited 0.000s {{(pid=95708) inner /opt/stack/data/venv/lib/python3.12/site-packages/oslo_concurrency/lockutils.py:524}}
Jun 11 18:11:44.773174 np0000002657 nova-scheduler[95708]: DEBUG nova.scheduler.host_manager [None req-1e2fe767-18a9-4583-acd2-87a1ffcdbeeb tempest-DeleteServersTestJSON-662215938 tempest-DeleteServersTestJSON-662215938-project-member] Update host state from compute node: ComputeNode(cpu_allocation_ratio=4.0,cpu_info='{"arch": "x86_64", "model": "EPYC-Milan", "vendor": "AMD", "topology": {"cells": 1, "sockets": 12, "cores": 1, "threads": 1}, "maxphysaddr": {"mode": "emulate", "bits": 40}, "features": ["pge", "skip-l1dfl-vmentry", "mds-no", "osvw", "pat", "avx2", "tsc-scale", "lfence-always-serializing", "mmxext", "arat", "spec-ctrl", "clwb", "rdseed", "clflush", "mmx", "svme-addr-chk", "vmcb-clean", "xsavec", "xsaveerptr", "cx8", "cmov", "amd-psfd", "xsave", "f16c", "fpu", "smep", "xgetbv1", "fxsr", "clflushopt", "mca", "bmi2", "stibp-always-on", "pclmuldq", "xsaves", "fma", "sse2", "hypervisor", "vpclmulqdq", "flushbyasid", "mce", "tsc_adjust", "arch-capabilities", "fsrm", "v-vmsave-vmload", "rdpid", "mtrr", "virt-ssbd", "movbe", "adx", "erms", "pfthreshold", "abm", "fsgsbase", "apic", "cmp_legacy", "wbnoinvd", "misalignsse", "aes", "rdctl-no", "sse4a", "pause-filter", "sse4.2", "vgif", "x2apic", "avx", "umip", "clzero", "cr8legacy", "msr", "pku", "null-sel-clr-base", "svm", "topoext", "vme", "amd-ssbd", "lbrv", "sse4.1", "bmi1", "sse", "pni", "amd-stibp", "lahf_lm", "rdrand", "xsaveopt", "pschange-mc-no", "ibpb", "pae", "stibp", "tsc", "invpcid", "nx", "popcnt", "lm", "ibrs", "sep", "fxsr_opt", "pse", "no-nested-data-bp", "vaes", "npt", "syscall", "perfctr_core", "sha-ni", "gds-no", "rdtscp", "3dnowprefetch", "ssbd", "pdpe1gb", "pcid", "cx16", "tsc-deadline", "smap", "de", "nrip-save", "pse36", "ssse3"]}',created_at=2026-06-11T18:09:22Z,current_workload=0,deleted=False,deleted_at=None,disk_allocation_ratio=1.0,disk_available_least=74,free_disk_gb=95,free_ram_mb=23518,host='np0000002657',host_ip=10.4.3.96,hypervisor_hostname='np0000002657',hypervisor_type='QEMU',hypervisor_version=8002002,id=1,local_gb=95,local_gb_used=0,mapped=1,memory_mb=24030,memory_mb_used=512,metrics='[]',numa_topology='{"nova_object.name": "NUMATopology", "nova_object.namespace": "nova", "nova_object.version": "1.2", "nova_object.data": {"cells": [{"nova_object.name": "NUMACell", "nova_object.namespace": "nova", "nova_object.version": "1.5", "nova_object.data": {"id": 0, "cpuset": [0, 1, 2, 3, 4, 5, 6, 7, 8, 9, 10, 11], "pcpuset": [0, 1, 2, 3, 4, 5, 6, 7, 8, 9, 10, 11], "memory": 24030, "cpu_usage": 0, "memory_usage": 0, "pinned_cpus": [], "siblings": [[6], [2], [5], [11], [8], [4], [1], [7], [10], [0], [3], [9]], "mempages": [{"nova_object.name": "NUMAPagesTopology", "nova_object.namespace": "nova", "nova_object.version": "1.1", "nova_object.data": {"size_kb": 4, "total": 6151798, "used": 0, "reserved": 0}, "nova_object.changes": ["reserved", "total", "used", "size_kb"]}, {"nova_object.name": "NUMAPagesTopology", "nova_object.namespace": "nova", "nova_object.version": "1.1", "nova_object.data": {"size_kb": 2048, "total": 0, "used": 0, "reserved": 0}, "nova_object.changes": ["reserved", "total", "used", "size_kb"]}, {"nova_object.name": "NUMAPagesTopology", "nova_object.namespace": "nova", "nova_object.version": "1.1", "nova_object.data": {"size_kb": 1048576, "total": 0, "used": 0, "reserved": 0}, "nova_object.changes": ["reserved", "total", "used", "size_kb"]}], "network_metadata": {"nova_object.name": "NetworkMetadata", "nova_object.namespace": "nova", "nova_object.version": "1.0", "nova_object.data": {"physnets": [], "tunneled": false}, "nova_object.changes": ["physnets", "tunneled"]}, "socket": null}, "nova_object.changes": ["pcpuset", "cpuset", "pinned_cpus", "siblings", "memory", "cpu_usage", "mempages", "socket", "memory_usage", "id", "network_metadata"]}]}, "nova_object.changes": ["cells"]}',pci_device_pools=PciDevicePoolList,ram_allocation_ratio=1.0,running_vms=0,service_id=2,stats={failed_builds='0',uptime=' 18:11:08 up 25 min, 2 users, load average: 1.25, 1.43, 0.84
Jun 11 18:11:44.773174 np0000002657 nova-scheduler[95708]: '},supported_hv_specs=[HVSpec,HVSpec,HVSpec,HVSpec,HVSpec,HVSpec,HVSpec,HVSpec,HVSpec,HVSpec,HVSpec,HVSpec,HVSpec,HVSpec,HVSpec,HVSpec,HVSpec,HVSpec,HVSpec,HVSpec,HVSpec,HVSpec,HVSpec,HVSpec,HVSpec],updated_at=2026-06-11T18:11:10Z,uuid=55eb9124-6fd7-48cd-83ce-5014e3d50f1a,vcpus=12,vcpus_used=0) {{(pid=95708) _locked_update /opt/stack/nova/nova/scheduler/host_manager.py:168}}
Jun 11 18:11:44.774241 np0000002657 nova-scheduler[95708]: DEBUG nova.scheduler.host_manager [None req-1e2fe767-18a9-4583-acd2-87a1ffcdbeeb tempest-DeleteServersTestJSON-662215938 tempest-DeleteServersTestJSON-662215938-project-member] Update host state with aggregates: [] {{(pid=95708) _locked_update /opt/stack/nova/nova/scheduler/host_manager.py:171}}
Jun 11 18:11:44.775272 np0000002657 nova-scheduler[95708]: DEBUG nova.scheduler.host_manager [None req-1e2fe767-18a9-4583-acd2-87a1ffcdbeeb tempest-DeleteServersTestJSON-662215938 tempest-DeleteServersTestJSON-662215938-project-member] Update host state with service dict: {'id': 2, 'uuid': '3055b72a-d3ac-4947-857b-c289ecb6ae61', 'host': 'np0000002657', 'binary': 'nova-compute', 'topic': 'compute', 'report_count': 2, 'disabled': False, 'disabled_reason': None, 'last_seen_up': datetime.datetime(2026, 6, 11, 18, 11, 31, tzinfo=datetime.timezone.utc), 'forced_down': False, 'version': 72, 'created_at': datetime.datetime(2026, 6, 11, 18, 9, 20, tzinfo=datetime.timezone.utc), 'updated_at': datetime.datetime(2026, 6, 11, 18, 11, 31, tzinfo=datetime.timezone.utc), 'deleted_at': None, 'deleted': False} {{(pid=95708) _locked_update /opt/stack/nova/nova/scheduler/host_manager.py:174}}
Jun 11 18:11:44.775272 np0000002657 nova-scheduler[95708]: DEBUG nova.scheduler.host_manager [None req-1e2fe767-18a9-4583-acd2-87a1ffcdbeeb tempest-DeleteServersTestJSON-662215938 tempest-DeleteServersTestJSON-662215938-project-member] Update host state with instances: [] {{(pid=95708) _locked_update /opt/stack/nova/nova/scheduler/host_manager.py:177}}
Jun 11 18:11:44.775272 np0000002657 nova-scheduler[95708]: DEBUG oslo_concurrency.lockutils [None req-1e2fe767-18a9-4583-acd2-87a1ffcdbeeb tempest-DeleteServersTestJSON-662215938 tempest-DeleteServersTestJSON-662215938-project-member] Lock "('np0000002657', 'np0000002657')" "released" by "nova.scheduler.host_manager.HostState.update.._locked_update" :: held 0.003s {{(pid=95708) inner /opt/stack/data/venv/lib/python3.12/site-packages/oslo_concurrency/lockutils.py:543}}
Jun 11 18:11:44.775272 np0000002657 nova-scheduler[95708]: DEBUG nova.filters [None req-1e2fe767-18a9-4583-acd2-87a1ffcdbeeb tempest-DeleteServersTestJSON-662215938 tempest-DeleteServersTestJSON-662215938-project-member] Starting with 1 host(s) {{(pid=95708) get_filtered_objects /opt/stack/nova/nova/filters.py:70}}
Jun 11 18:11:44.775474 np0000002657 nova-scheduler[95708]: DEBUG nova.filters [None req-1e2fe767-18a9-4583-acd2-87a1ffcdbeeb tempest-DeleteServersTestJSON-662215938 tempest-DeleteServersTestJSON-662215938-project-member] Filter ComputeFilter returned 1 host(s) {{(pid=95708) get_filtered_objects /opt/stack/nova/nova/filters.py:102}}
Jun 11 18:11:44.775604 np0000002657 nova-scheduler[95708]: DEBUG nova.filters [None req-1e2fe767-18a9-4583-acd2-87a1ffcdbeeb tempest-DeleteServersTestJSON-662215938 tempest-DeleteServersTestJSON-662215938-project-member] Filter ComputeCapabilitiesFilter returned 1 host(s) {{(pid=95708) get_filtered_objects /opt/stack/nova/nova/filters.py:102}}
Jun 11 18:11:44.775905 np0000002657 nova-scheduler[95708]: DEBUG nova.filters [None req-1e2fe767-18a9-4583-acd2-87a1ffcdbeeb tempest-DeleteServersTestJSON-662215938 tempest-DeleteServersTestJSON-662215938-project-member] Filter ImagePropertiesFilter returned 1 host(s) {{(pid=95708) get_filtered_objects /opt/stack/nova/nova/filters.py:102}}
Jun 11 18:11:44.776069 np0000002657 nova-scheduler[95708]: DEBUG nova.filters [None req-1e2fe767-18a9-4583-acd2-87a1ffcdbeeb tempest-DeleteServersTestJSON-662215938 tempest-DeleteServersTestJSON-662215938-project-member] Filter ServerGroupAntiAffinityFilter returned 1 host(s) {{(pid=95708) get_filtered_objects /opt/stack/nova/nova/filters.py:102}}
Jun 11 18:11:44.776255 np0000002657 nova-scheduler[95708]: DEBUG nova.filters [None req-1e2fe767-18a9-4583-acd2-87a1ffcdbeeb tempest-DeleteServersTestJSON-662215938 tempest-DeleteServersTestJSON-662215938-project-member] Filter ServerGroupAffinityFilter returned 1 host(s) {{(pid=95708) get_filtered_objects /opt/stack/nova/nova/filters.py:102}}
Jun 11 18:11:44.776419 np0000002657 nova-scheduler[95708]: DEBUG nova.filters [None req-1e2fe767-18a9-4583-acd2-87a1ffcdbeeb tempest-DeleteServersTestJSON-662215938 tempest-DeleteServersTestJSON-662215938-project-member] Filter SameHostFilter returned 1 host(s) {{(pid=95708) get_filtered_objects /opt/stack/nova/nova/filters.py:102}}
Jun 11 18:11:44.776603 np0000002657 nova-scheduler[95708]: DEBUG nova.filters [None req-1e2fe767-18a9-4583-acd2-87a1ffcdbeeb tempest-DeleteServersTestJSON-662215938 tempest-DeleteServersTestJSON-662215938-project-member] Filter DifferentHostFilter returned 1 host(s) {{(pid=95708) get_filtered_objects /opt/stack/nova/nova/filters.py:102}}
Jun 11 18:11:44.776813 np0000002657 nova-scheduler[95708]: DEBUG nova.scheduler.manager [None req-1e2fe767-18a9-4583-acd2-87a1ffcdbeeb tempest-DeleteServersTestJSON-662215938 tempest-DeleteServersTestJSON-662215938-project-member] Filtered [(np0000002657, np0000002657) ram: 23518MB disk: 75776MB io_ops: 0 instances: 0, allocation_candidates: 1] {{(pid=95708) _get_sorted_hosts /opt/stack/nova/nova/scheduler/manager.py:743}}
Jun 11 18:11:44.777050 np0000002657 nova-scheduler[95708]: DEBUG nova.scheduler.manager [None req-1e2fe767-18a9-4583-acd2-87a1ffcdbeeb tempest-DeleteServersTestJSON-662215938 tempest-DeleteServersTestJSON-662215938-project-member] Weighed [WeighedHost [host: (np0000002657, np0000002657) ram: 23518MB disk: 75776MB io_ops: 0 instances: 0, allocation_candidates: 1, weight: 0.0]] {{(pid=95708) _get_sorted_hosts /opt/stack/nova/nova/scheduler/manager.py:765}}
Jun 11 18:11:44.777306 np0000002657 nova-scheduler[95708]: DEBUG nova.scheduler.utils [None req-1e2fe767-18a9-4583-acd2-87a1ffcdbeeb tempest-DeleteServersTestJSON-662215938 tempest-DeleteServersTestJSON-662215938-project-member] Attempting to claim resources in the placement API for instance 05cbb491-4292-4f28-95d7-5d960e90ae1a {{(pid=95708) claim_resources /opt/stack/nova/nova/scheduler/utils.py:1345}}
Jun 11 18:11:44.949350 np0000002657 nova-scheduler[95708]: DEBUG nova.scheduler.manager [None req-1e2fe767-18a9-4583-acd2-87a1ffcdbeeb tempest-DeleteServersTestJSON-662215938 tempest-DeleteServersTestJSON-662215938-project-member] [instance: 05cbb491-4292-4f28-95d7-5d960e90ae1a] Selected host: (np0000002657, np0000002657) ram: 23518MB disk: 75776MB io_ops: 0 instances: 0, allocation_candidates: 1 {{(pid=95708) _consume_selected_host /opt/stack/nova/nova/scheduler/manager.py:625}}
Jun 11 18:11:44.949673 np0000002657 nova-scheduler[95708]: DEBUG oslo_concurrency.lockutils [None req-1e2fe767-18a9-4583-acd2-87a1ffcdbeeb tempest-DeleteServersTestJSON-662215938 tempest-DeleteServersTestJSON-662215938-project-member] Acquiring lock "('np0000002657', 'np0000002657')" by "nova.scheduler.host_manager.HostState.consume_from_request.._locked" {{(pid=95708) inner /opt/stack/data/venv/lib/python3.12/site-packages/oslo_concurrency/lockutils.py:511}}
Jun 11 18:11:44.949869 np0000002657 nova-scheduler[95708]: DEBUG oslo_concurrency.lockutils [None req-1e2fe767-18a9-4583-acd2-87a1ffcdbeeb tempest-DeleteServersTestJSON-662215938 tempest-DeleteServersTestJSON-662215938-project-member] Lock "('np0000002657', 'np0000002657')" acquired by "nova.scheduler.host_manager.HostState.consume_from_request.._locked" :: waited 0.000s {{(pid=95708) inner /opt/stack/data/venv/lib/python3.12/site-packages/oslo_concurrency/lockutils.py:524}}
Jun 11 18:11:44.950083 np0000002657 nova-scheduler[95708]: DEBUG oslo_concurrency.lockutils [None req-1e2fe767-18a9-4583-acd2-87a1ffcdbeeb tempest-DeleteServersTestJSON-662215938 tempest-DeleteServersTestJSON-662215938-project-member] Lock "('np0000002657', 'np0000002657')" "released" by "nova.scheduler.host_manager.HostState.consume_from_request.._locked" :: held 0.000s {{(pid=95708) inner /opt/stack/data/venv/lib/python3.12/site-packages/oslo_concurrency/lockutils.py:543}}
Jun 11 18:11:45.360607 np0000002657 nova-scheduler[95712]: DEBUG nova.scheduler.manager [None req-88ab1167-62ae-4deb-8c57-195e06ae89a4 tempest-ServerActionsTestOtherB-845325247 tempest-ServerActionsTestOtherB-845325247-project-member] Starting to schedule for instances: ['190cbd45-b55d-4210-a23e-c6bbc65bf98f'] {{(pid=95712) select_destinations /opt/stack/nova/nova/scheduler/manager.py:210}}
Jun 11 18:11:45.361792 np0000002657 nova-scheduler[95712]: DEBUG nova.scheduler.request_filter [None req-88ab1167-62ae-4deb-8c57-195e06ae89a4 tempest-ServerActionsTestOtherB-845325247 tempest-ServerActionsTestOtherB-845325247-project-member] compute_status_filter request filter added forbidden trait COMPUTE_STATUS_DISABLED {{(pid=95712) compute_status_filter /opt/stack/nova/nova/scheduler/request_filter.py:253}}
Jun 11 18:11:45.361974 np0000002657 nova-scheduler[95712]: DEBUG nova.scheduler.request_filter [None req-88ab1167-62ae-4deb-8c57-195e06ae89a4 tempest-ServerActionsTestOtherB-845325247 tempest-ServerActionsTestOtherB-845325247-project-member] Request filter 'compute_status_filter' took 0.0 seconds {{(pid=95712) wrapper /opt/stack/nova/nova/scheduler/request_filter.py:46}}
Jun 11 18:11:45.362300 np0000002657 nova-scheduler[95712]: DEBUG nova.scheduler.request_filter [None req-88ab1167-62ae-4deb-8c57-195e06ae89a4 tempest-ServerActionsTestOtherB-845325247 tempest-ServerActionsTestOtherB-845325247-project-member] Request filter 'accelerators_filter' took 0.0 seconds {{(pid=95712) wrapper /opt/stack/nova/nova/scheduler/request_filter.py:46}}
Jun 11 18:11:45.362569 np0000002657 nova-scheduler[95712]: DEBUG nova.scheduler.request_filter [None req-88ab1167-62ae-4deb-8c57-195e06ae89a4 tempest-ServerActionsTestOtherB-845325247 tempest-ServerActionsTestOtherB-845325247-project-member] Request filter 'packed_virtqueue_filter' took 0.0 seconds {{(pid=95712) wrapper /opt/stack/nova/nova/scheduler/request_filter.py:46}}
Jun 11 18:11:45.362960 np0000002657 nova-scheduler[95712]: DEBUG nova.scheduler.request_filter [None req-88ab1167-62ae-4deb-8c57-195e06ae89a4 tempest-ServerActionsTestOtherB-845325247 tempest-ServerActionsTestOtherB-845325247-project-member] Request filter 'remote_managed_ports_filter' took 0.0 seconds {{(pid=95712) wrapper /opt/stack/nova/nova/scheduler/request_filter.py:46}}
Jun 11 18:11:45.363182 np0000002657 nova-scheduler[95712]: DEBUG nova.scheduler.request_filter [None req-88ab1167-62ae-4deb-8c57-195e06ae89a4 tempest-ServerActionsTestOtherB-845325247 tempest-ServerActionsTestOtherB-845325247-project-member] ephemeral_encryption_filter skipped {{(pid=95712) ephemeral_encryption_filter /opt/stack/nova/nova/scheduler/request_filter.py:426}}
Jun 11 18:11:45.363376 np0000002657 nova-scheduler[95712]: DEBUG nova.scheduler.request_filter [None req-88ab1167-62ae-4deb-8c57-195e06ae89a4 tempest-ServerActionsTestOtherB-845325247 tempest-ServerActionsTestOtherB-845325247-project-member] virtio_sound_filter skipped {{(pid=95712) virtio_sound_filter /opt/stack/nova/nova/scheduler/request_filter.py:460}}
Jun 11 18:11:45.363532 np0000002657 nova-scheduler[95712]: DEBUG nova.scheduler.request_filter [None req-88ab1167-62ae-4deb-8c57-195e06ae89a4 tempest-ServerActionsTestOtherB-845325247 tempest-ServerActionsTestOtherB-845325247-project-member] tpm_secret_security_filter skipped {{(pid=95712) tpm_secret_security_filter /opt/stack/nova/nova/scheduler/request_filter.py:477}}
Jun 11 18:11:45.377176 np0000002657 nova-scheduler[95712]: DEBUG oslo.service.backend._threading.loopingcall [None req-984cfdf3-7ae9-4caa-8687-ab12e40bbe00 None None] Dynamic interval looping call 'nova.service.Service.periodic_tasks' sleeping for 60.00 seconds {{(pid=95712) _run_loop /opt/stack/data/venv/lib/python3.12/site-packages/oslo_service/backend/_threading/loopingcall.py:125}}
Jun 11 18:11:45.495721 np0000002657 nova-scheduler[95712]: INFO nova.utils [None req-88ab1167-62ae-4deb-8c57-195e06ae89a4 tempest-ServerActionsTestOtherB-845325247 tempest-ServerActionsTestOtherB-845325247-project-member] The cell worker thread pool ForkProcess-3.cell_worker is initialized
Jun 11 18:11:45.496219 np0000002657 nova-scheduler[95712]: DEBUG oslo_concurrency.lockutils [None req-88ab1167-62ae-4deb-8c57-195e06ae89a4 tempest-ServerActionsTestOtherB-845325247 tempest-ServerActionsTestOtherB-845325247-project-member] Acquiring lock "2430209d-4221-4531-bb98-73d507dc3be0" by "nova.context.set_target_cell..get_or_set_cached_cell_and_set_connections" {{(pid=95712) inner /opt/stack/data/venv/lib/python3.12/site-packages/oslo_concurrency/lockutils.py:511}}
Jun 11 18:11:45.496558 np0000002657 nova-scheduler[95712]: DEBUG oslo_concurrency.lockutils [None req-88ab1167-62ae-4deb-8c57-195e06ae89a4 tempest-ServerActionsTestOtherB-845325247 tempest-ServerActionsTestOtherB-845325247-project-member] Lock "2430209d-4221-4531-bb98-73d507dc3be0" acquired by "nova.context.set_target_cell..get_or_set_cached_cell_and_set_connections" :: waited 0.000s {{(pid=95712) inner /opt/stack/data/venv/lib/python3.12/site-packages/oslo_concurrency/lockutils.py:524}}
Jun 11 18:11:45.498400 np0000002657 nova-scheduler[95712]: DEBUG oslo_concurrency.lockutils [None req-88ab1167-62ae-4deb-8c57-195e06ae89a4 tempest-ServerActionsTestOtherB-845325247 tempest-ServerActionsTestOtherB-845325247-project-member] Lock "2430209d-4221-4531-bb98-73d507dc3be0" "released" by "nova.context.set_target_cell..get_or_set_cached_cell_and_set_connections" :: held 0.002s {{(pid=95712) inner /opt/stack/data/venv/lib/python3.12/site-packages/oslo_concurrency/lockutils.py:543}}
Jun 11 18:11:45.501462 np0000002657 nova-scheduler[95712]: INFO dbcounter [None req-88ab1167-62ae-4deb-8c57-195e06ae89a4 tempest-ServerActionsTestOtherB-845325247 tempest-ServerActionsTestOtherB-845325247-project-member] Registered counter for database nova_cell1
Jun 11 18:11:45.551565 np0000002657 nova-scheduler[95712]: DEBUG oslo_db.sqlalchemy.engines [None req-88ab1167-62ae-4deb-8c57-195e06ae89a4 tempest-ServerActionsTestOtherB-845325247 tempest-ServerActionsTestOtherB-845325247-project-member] MySQL server mode set to STRICT_TRANS_TABLES,STRICT_ALL_TABLES,NO_ZERO_IN_DATE,NO_ZERO_DATE,ERROR_FOR_DIVISION_BY_ZERO,TRADITIONAL,NO_ENGINE_SUBSTITUTION {{(pid=95712) _check_effective_sql_mode /opt/stack/data/venv/lib/python3.12/site-packages/oslo_db/sqlalchemy/engines.py:325}}
Jun 11 18:11:45.557629 np0000002657 nova-scheduler[95712]: DEBUG dbcounter [-] [95712] Writer thread running {{(pid=95712) stat_writer /opt/stack/data/venv/lib/python3.12/site-packages/dbcounter.py:102}}
Jun 11 18:11:45.623339 np0000002657 nova-scheduler[95712]: DEBUG dbcounter [-] [95712] Writer thread running {{(pid=95712) stat_writer /opt/stack/data/venv/lib/python3.12/site-packages/dbcounter.py:102}}
Jun 11 18:11:45.626721 np0000002657 nova-scheduler[95712]: DEBUG oslo_concurrency.lockutils [None req-88ab1167-62ae-4deb-8c57-195e06ae89a4 tempest-ServerActionsTestOtherB-845325247 tempest-ServerActionsTestOtherB-845325247-project-member] Acquiring lock "2430209d-4221-4531-bb98-73d507dc3be0" by "nova.context.set_target_cell..get_or_set_cached_cell_and_set_connections" {{(pid=95712) inner /opt/stack/data/venv/lib/python3.12/site-packages/oslo_concurrency/lockutils.py:511}}
Jun 11 18:11:45.626968 np0000002657 nova-scheduler[95712]: DEBUG oslo_concurrency.lockutils [None req-88ab1167-62ae-4deb-8c57-195e06ae89a4 tempest-ServerActionsTestOtherB-845325247 tempest-ServerActionsTestOtherB-845325247-project-member] Lock "2430209d-4221-4531-bb98-73d507dc3be0" acquired by "nova.context.set_target_cell..get_or_set_cached_cell_and_set_connections" :: waited 0.000s {{(pid=95712) inner /opt/stack/data/venv/lib/python3.12/site-packages/oslo_concurrency/lockutils.py:524}}
Jun 11 18:11:45.627110 np0000002657 nova-scheduler[95712]: DEBUG oslo_concurrency.lockutils [None req-88ab1167-62ae-4deb-8c57-195e06ae89a4 tempest-ServerActionsTestOtherB-845325247 tempest-ServerActionsTestOtherB-845325247-project-member] Lock "2430209d-4221-4531-bb98-73d507dc3be0" "released" by "nova.context.set_target_cell..get_or_set_cached_cell_and_set_connections" :: held 0.000s {{(pid=95712) inner /opt/stack/data/venv/lib/python3.12/site-packages/oslo_concurrency/lockutils.py:543}}
Jun 11 18:11:45.633617 np0000002657 nova-scheduler[95712]: DEBUG oslo_concurrency.lockutils [None req-88ab1167-62ae-4deb-8c57-195e06ae89a4 tempest-ServerActionsTestOtherB-845325247 tempest-ServerActionsTestOtherB-845325247-project-member] Acquiring lock "('np0000002657', 'np0000002657')" by "nova.scheduler.host_manager.HostState.update.._locked_update" {{(pid=95712) inner /opt/stack/data/venv/lib/python3.12/site-packages/oslo_concurrency/lockutils.py:511}}
Jun 11 18:11:45.633857 np0000002657 nova-scheduler[95712]: DEBUG oslo_concurrency.lockutils [None req-88ab1167-62ae-4deb-8c57-195e06ae89a4 tempest-ServerActionsTestOtherB-845325247 tempest-ServerActionsTestOtherB-845325247-project-member] Lock "('np0000002657', 'np0000002657')" acquired by "nova.scheduler.host_manager.HostState.update.._locked_update" :: waited 0.000s {{(pid=95712) inner /opt/stack/data/venv/lib/python3.12/site-packages/oslo_concurrency/lockutils.py:524}}
