Aug 17 19:09:37.385630 np0000007574 devstack@g-api.service[99802]: DEBUG glance.api.middleware.version_negotiation [None req-cad042e7-1e55-4226-b506-ffc9b84f5c89 tempest-VolumesActionsTest-1880650722 tempest-VolumesActionsTest-1880650722-project-member] new path /v2/schemas/image {{(pid=99802) process_request /opt/stack/glance/glance/api/middleware/version_negotiation.py:70}}
Aug 17 19:09:37.390071 np0000007574 devstack@g-api.service[99802]: [pid: 99802|app: 0|req: 127/361] 127.0.0.1 () {44 vars in 1055 bytes} [Mon Aug 17 19:09:37 2026] GET /v2/schemas/image => generated 6083 bytes in 5 msecs (HTTP/1.1 200) 4 headers in 158 bytes (1 switches on core 0)
Aug 17 19:09:37.401529 np0000007574 devstack@g-api.service[99803]: DEBUG glance.api.middleware.version_negotiation [None req-a50f2a51-6145-4125-a8a7-caa8474bb720 tempest-TestImageHashVerification-464131513 tempest-TestImageHashVerification-464131513-project-member] Determining version of request: GET /v2/images/591c22f7-a01e-483a-a9e5-d9c0a609d70b Accept: application/json {{(pid=99803) process_request /opt/stack/glance/glance/api/middleware/version_negotiation.py:44}}
Aug 17 19:09:37.401602 np0000007574 devstack@g-api.service[99803]: DEBUG glance.api.middleware.version_negotiation [None req-a50f2a51-6145-4125-a8a7-caa8474bb720 tempest-TestImageHashVerification-464131513 tempest-TestImageHashVerification-464131513-project-member] Using url versioning {{(pid=99803) process_request /opt/stack/glance/glance/api/middleware/version_negotiation.py:57}}
Aug 17 19:09:37.401763 np0000007574 devstack@g-api.service[99803]: DEBUG glance.api.middleware.version_negotiation [None req-a50f2a51-6145-4125-a8a7-caa8474bb720 tempest-TestImageHashVerification-464131513 tempest-TestImageHashVerification-464131513-project-member] Matched version: v2 {{(pid=99803) process_request /opt/stack/glance/glance/api/middleware/version_negotiation.py:69}}
Aug 17 19:09:37.401879 np0000007574 devstack@g-api.service[99803]: DEBUG glance.api.middleware.version_negotiation [None req-a50f2a51-6145-4125-a8a7-caa8474bb720 tempest-TestImageHashVerification-464131513 tempest-TestImageHashVerification-464131513-project-member] new path /v2/images/591c22f7-a01e-483a-a9e5-d9c0a609d70b {{(pid=99803) process_request /opt/stack/glance/glance/api/middleware/version_negotiation.py:70}}
Aug 17 19:09:37.411739 np0000007574 devstack@g-api.service[99803]: [pid: 99803|app: 0|req: 116/362] 127.0.0.1 () {40 vars in 838 bytes} [Mon Aug 17 19:09:37 2026] GET /v2/images/591c22f7-a01e-483a-a9e5-d9c0a609d70b => generated 649 bytes in 10 msecs (HTTP/1.1 200) 4 headers in 157 bytes (1 switches on core 0)
Aug 17 19:09:37.672579 np0000007574 devstack@g-api.service[99804]: DEBUG glance.api.middleware.version_negotiation [None req-a50f2a51-6145-4125-a8a7-caa8474bb720 tempest-TestImageHashVerification-464131513 tempest-TestImageHashVerification-464131513-project-member] Determining version of request: PUT /v2/images/591c22f7-a01e-483a-a9e5-d9c0a609d70b/file Accept: */* {{(pid=99804) process_request /opt/stack/glance/glance/api/middleware/version_negotiation.py:44}}
Aug 17 19:09:37.672769 np0000007574 devstack@g-api.service[99804]: DEBUG glance.api.middleware.version_negotiation [None req-a50f2a51-6145-4125-a8a7-caa8474bb720 tempest-TestImageHashVerification-464131513 tempest-TestImageHashVerification-464131513-project-member] Using url versioning {{(pid=99804) process_request /opt/stack/glance/glance/api/middleware/version_negotiation.py:57}}
Aug 17 19:09:37.672954 np0000007574 devstack@g-api.service[99804]: DEBUG glance.api.middleware.version_negotiation [None req-a50f2a51-6145-4125-a8a7-caa8474bb720 tempest-TestImageHashVerification-464131513 tempest-TestImageHashVerification-464131513-project-member] Matched version: v2 {{(pid=99804) process_request /opt/stack/glance/glance/api/middleware/version_negotiation.py:69}}
Aug 17 19:09:37.673063 np0000007574 devstack@g-api.service[99804]: DEBUG glance.api.middleware.version_negotiation [None req-a50f2a51-6145-4125-a8a7-caa8474bb720 tempest-TestImageHashVerification-464131513 tempest-TestImageHashVerification-464131513-project-member] new path /v2/images/591c22f7-a01e-483a-a9e5-d9c0a609d70b/file {{(pid=99804) process_request /opt/stack/glance/glance/api/middleware/version_negotiation.py:70}}
Aug 17 19:09:38.065681 np0000007574 devstack@g-api.service[99804]: INFO glance.api.v2.image_data [None req-a50f2a51-6145-4125-a8a7-caa8474bb720 tempest-TestImageHashVerification-464131513 tempest-TestImageHashVerification-464131513-project-member] Unable to create trust: no such option collect_timing in group [keystone_authtoken] Use the existing user token.
Aug 17 19:09:38.422601 np0000007574 devstack@g-api.service[99802]: DEBUG glance.api.middleware.version_negotiation [None req-a50f2a51-6145-4125-a8a7-caa8474bb720 tempest-TestImageHashVerification-464131513 tempest-TestImageHashVerification-464131513-project-member] Determining version of request: GET /v2/images/591c22f7-a01e-483a-a9e5-d9c0a609d70b Accept: application/json {{(pid=99802) process_request /opt/stack/glance/glance/api/middleware/version_negotiation.py:44}}
Aug 17 19:09:38.422998 np0000007574 devstack@g-api.service[99802]: DEBUG glance.api.middleware.version_negotiation [None req-a50f2a51-6145-4125-a8a7-caa8474bb720 tempest-TestImageHashVerification-464131513 tempest-TestImageHashVerification-464131513-project-member] Using url versioning {{(pid=99802) process_request /opt/stack/glance/glance/api/middleware/version_negotiation.py:57}}
Aug 17 19:09:38.422998 np0000007574 devstack@g-api.service[99802]: DEBUG glance.api.middleware.version_negotiation [None req-a50f2a51-6145-4125-a8a7-caa8474bb720 tempest-TestImageHashVerification-464131513 tempest-TestImageHashVerification-464131513-project-member] Matched version: v2 {{(pid=99802) process_request /opt/stack/glance/glance/api/middleware/version_negotiation.py:69}}
Aug 17 19:09:38.422998 np0000007574 devstack@g-api.service[99802]: DEBUG glance.api.middleware.version_negotiation [None req-a50f2a51-6145-4125-a8a7-caa8474bb720 tempest-TestImageHashVerification-464131513 tempest-TestImageHashVerification-464131513-project-member] new path /v2/images/591c22f7-a01e-483a-a9e5-d9c0a609d70b {{(pid=99802) process_request /opt/stack/glance/glance/api/middleware/version_negotiation.py:70}}
Aug 17 19:09:38.439700 np0000007574 devstack@g-api.service[99802]: [pid: 99802|app: 0|req: 128/363] 127.0.0.1 () {40 vars in 838 bytes} [Mon Aug 17 19:09:38 2026] GET /v2/images/591c22f7-a01e-483a-a9e5-d9c0a609d70b => generated 649 bytes in 17 msecs (HTTP/1.1 200) 4 headers in 157 bytes (1 switches on core 0)
Aug 17 19:09:38.483220 np0000007574 devstack@g-api.service[99804]: DEBUG glance.location [None req-a50f2a51-6145-4125-a8a7-caa8474bb720 tempest-TestImageHashVerification-464131513 tempest-TestImageHashVerification-464131513-project-member] Enabling in-flight format inspection for raw {{(pid=99804) set_data /opt/stack/glance/glance/location.py:596}}
Aug 17 19:09:38.483875 np0000007574 devstack@g-api.service[99804]: DEBUG glance_store.backend [None req-a50f2a51-6145-4125-a8a7-caa8474bb720 tempest-TestImageHashVerification-464131513 tempest-TestImageHashVerification-464131513-project-member] Attempting to import store swift {{(pid=99804) _load_store /opt/stack/data/venv/lib/python3.12/site-packages/glance_store/backend.py:215}}
Aug 17 19:09:38.486375 np0000007574 devstack@g-api.service[99804]: DEBUG glance_store.capabilities [None req-a50f2a51-6145-4125-a8a7-caa8474bb720 tempest-TestImageHashVerification-464131513 tempest-TestImageHashVerification-464131513-project-member] Store glance_store._drivers.swift.store.SingleTenantStore doesn't support updating dynamic storage capabilities. Please overwrite 'update_capabilities' method of the store to implement updating logics if needed. {{(pid=99804) update_capabilities /opt/stack/data/venv/lib/python3.12/site-packages/glance_store/capabilities.py:91}}
Aug 17 19:09:38.486517 np0000007574 devstack@g-api.service[99804]: DEBUG glance_store.driver [None req-a50f2a51-6145-4125-a8a7-caa8474bb720 tempest-TestImageHashVerification-464131513 tempest-TestImageHashVerification-464131513-project-member] Late loading location class glance_store._drivers.swift.store.StoreLocation {{(pid=99804) get_store_location_class /opt/stack/data/venv/lib/python3.12/site-packages/glance_store/driver.py:134}}
Aug 17 19:09:38.486655 np0000007574 devstack@g-api.service[99804]: DEBUG glance_store.location [None req-a50f2a51-6145-4125-a8a7-caa8474bb720 tempest-TestImageHashVerification-464131513 tempest-TestImageHashVerification-464131513-project-member] Registering scheme swift+https with {'store': , 'location_class': , 'store_entry': 'swift'} {{(pid=99804) register_scheme_map /opt/stack/data/venv/lib/python3.12/site-packages/glance_store/location.py:146}}
Aug 17 19:09:38.486778 np0000007574 devstack@g-api.service[99804]: DEBUG glance_store.location [None req-a50f2a51-6145-4125-a8a7-caa8474bb720 tempest-TestImageHashVerification-464131513 tempest-TestImageHashVerification-464131513-project-member] Registering scheme swift+https with {'store': , 'location_class': , 'store_entry': 'swift'} {{(pid=99804) register_scheme_map /opt/stack/data/venv/lib/python3.12/site-packages/glance_store/location.py:146}}
Aug 17 19:09:38.486889 np0000007574 devstack@g-api.service[99804]: DEBUG glance_store.location [None req-a50f2a51-6145-4125-a8a7-caa8474bb720 tempest-TestImageHashVerification-464131513 tempest-TestImageHashVerification-464131513-project-member] Registering scheme swift with {'store': , 'location_class': , 'store_entry': 'swift'} {{(pid=99804) register_scheme_map /opt/stack/data/venv/lib/python3.12/site-packages/glance_store/location.py:146}}
Aug 17 19:09:38.486994 np0000007574 devstack@g-api.service[99804]: DEBUG glance_store.location [None req-a50f2a51-6145-4125-a8a7-caa8474bb720 tempest-TestImageHashVerification-464131513 tempest-TestImageHashVerification-464131513-project-member] Registering scheme swift+https with {'store': , 'location_class': , 'store_entry': 'swift'} {{(pid=99804) register_scheme_map /opt/stack/data/venv/lib/python3.12/site-packages/glance_store/location.py:146}}
Aug 17 19:09:38.487131 np0000007574 devstack@g-api.service[99804]: DEBUG glance_store.location [None req-a50f2a51-6145-4125-a8a7-caa8474bb720 tempest-TestImageHashVerification-464131513 tempest-TestImageHashVerification-464131513-project-member] Registering scheme swift with {'store': , 'location_class': , 'store_entry': 'swift'} {{(pid=99804) register_scheme_map /opt/stack/data/venv/lib/python3.12/site-packages/glance_store/location.py:146}}
Aug 17 19:09:38.487241 np0000007574 devstack@g-api.service[99804]: DEBUG glance_store.location [None req-a50f2a51-6145-4125-a8a7-caa8474bb720 tempest-TestImageHashVerification-464131513 tempest-TestImageHashVerification-464131513-project-member] Registering scheme swift+http with {'store': , 'location_class': , 'store_entry': 'swift'} {{(pid=99804) register_scheme_map /opt/stack/data/venv/lib/python3.12/site-packages/glance_store/location.py:146}}
Aug 17 19:09:38.487393 np0000007574 devstack@g-api.service[99804]: DEBUG glance_store.location [None req-a50f2a51-6145-4125-a8a7-caa8474bb720 tempest-TestImageHashVerification-464131513 tempest-TestImageHashVerification-464131513-project-member] Registering scheme swift+https with {'store': , 'location_class': , 'store_entry': 'swift'} {{(pid=99804) register_scheme_map /opt/stack/data/venv/lib/python3.12/site-packages/glance_store/location.py:146}}
Aug 17 19:09:38.487499 np0000007574 devstack@g-api.service[99804]: DEBUG glance_store.location [None req-a50f2a51-6145-4125-a8a7-caa8474bb720 tempest-TestImageHashVerification-464131513 tempest-TestImageHashVerification-464131513-project-member] Registering scheme swift with {'store': , 'location_class': , 'store_entry': 'swift'} {{(pid=99804) register_scheme_map /opt/stack/data/venv/lib/python3.12/site-packages/glance_store/location.py:146}}
Aug 17 19:09:38.487963 np0000007574 devstack@g-api.service[99804]: DEBUG glance_store.location [None req-a50f2a51-6145-4125-a8a7-caa8474bb720 tempest-TestImageHashVerification-464131513 tempest-TestImageHashVerification-464131513-project-member] Registering scheme swift+http with {'store': , 'location_class': , 'store_entry': 'swift'} {{(pid=99804) register_scheme_map /opt/stack/data/venv/lib/python3.12/site-packages/glance_store/location.py:146}}
Aug 17 19:09:38.488140 np0000007574 devstack@g-api.service[99804]: DEBUG glance_store.location [None req-a50f2a51-6145-4125-a8a7-caa8474bb720 tempest-TestImageHashVerification-464131513 tempest-TestImageHashVerification-464131513-project-member] Registering scheme swift+config with {'store': , 'location_class': , 'store_entry': 'swift'} {{(pid=99804) register_scheme_map /opt/stack/data/venv/lib/python3.12/site-packages/glance_store/location.py:146}}
Aug 17 19:09:38.662744 np0000007574 devstack@g-api.service[99804]: DEBUG swiftclient [None req-a50f2a51-6145-4125-a8a7-caa8474bb720 tempest-TestImageHashVerification-464131513 tempest-TestImageHashVerification-464131513-project-member] REQ: curl -i https://10.4.3.143:8080/v1/AUTH_396cb88b1b2042d6aad6867fde503bce/glance -I -H "X-Auth-Token: gAAAAABqg1xykLJx..." {{(pid=99804) http_log /opt/stack/data/venv/lib/python3.12/site-packages/swiftclient/client.py:160}}
Aug 17 19:09:38.662851 np0000007574 devstack@g-api.service[99804]: DEBUG swiftclient [None req-a50f2a51-6145-4125-a8a7-caa8474bb720 tempest-TestImageHashVerification-464131513 tempest-TestImageHashVerification-464131513-project-member] RESP STATUS: 204 No Content {{(pid=99804) http_log /opt/stack/data/venv/lib/python3.12/site-packages/swiftclient/client.py:161}}
Aug 17 19:09:38.663004 np0000007574 devstack@g-api.service[99804]: DEBUG swiftclient [None req-a50f2a51-6145-4125-a8a7-caa8474bb720 tempest-TestImageHashVerification-464131513 tempest-TestImageHashVerification-464131513-project-member] RESP HEADERS: {'Date': 'Mon, 17 Aug 2026 19:09:38 GMT', 'Server': 'Apache/2.4.58 (Ubuntu)', 'Content-Type': 'text/plain; charset=utf-8', 'X-Container-Object-Count': '3', 'X-Container-Bytes-Used': '64356352', 'X-Timestamp': '1786993433.35080', 'Last-Modified': 'Mon, 17 Aug 2026 19:03:54 GMT', 'Accept-Ranges': 'bytes', 'X-Storage-Policy': 'Policy-0', 'X-Container-Sharding': 'False', 'Vary': 'Accept', 'X-Trans-Id': 'txb50359ac77414b7c800b4-006a835c72', 'X-Openstack-Request-Id': 'txb50359ac77414b7c800b4-006a835c72', 'Connection': 'close'} {{(pid=99804) http_log /opt/stack/data/venv/lib/python3.12/site-packages/swiftclient/client.py:162}}
Aug 17 19:09:38.663196 np0000007574 devstack@g-api.service[99804]: DEBUG glance_store._drivers.swift.store [None req-a50f2a51-6145-4125-a8a7-caa8474bb720 tempest-TestImageHashVerification-464131513 tempest-TestImageHashVerification-464131513-project-member] Adding image object '591c22f7-a01e-483a-a9e5-d9c0a609d70b' to Swift {{(pid=99804) add /opt/stack/data/venv/lib/python3.12/site-packages/glance_store/_drivers/swift/store.py:970}}
Aug 17 19:09:38.663269 np0000007574 devstack@g-api.service[99804]: DEBUG glance_store._drivers.swift.store [None req-a50f2a51-6145-4125-a8a7-caa8474bb720 tempest-TestImageHashVerification-464131513 tempest-TestImageHashVerification-464131513-project-member] Cannot determine image size because it is either not provided in the request or chunked-transfer encoding is used. Adding image as a segmented object to Swift. {{(pid=99804) add /opt/stack/data/venv/lib/python3.12/site-packages/glance_store/_drivers/swift/store.py:994}}
Aug 17 19:09:38.667783 np0000007574 devstack@g-api.service[99804]: DEBUG oslo_utils.imageutils.format_inspector [None req-a50f2a51-6145-4125-a8a7-caa8474bb720 tempest-TestImageHashVerification-464131513 tempest-TestImageHashVerification-464131513-project-member] Format inspector for vmdk does not match, excluding from consideration (Signature KDMV not found: b'\x00\x00\x00\x00') {{(pid=99804) _process_chunk /opt/stack/data/venv/lib/python3.12/site-packages/oslo_utils/imageutils/format_inspector.py:1758}}
Aug 17 19:09:38.669389 np0000007574 devstack@g-api.service[99804]: DEBUG oslo_utils.imageutils.format_inspector [None req-a50f2a51-6145-4125-a8a7-caa8474bb720 tempest-TestImageHashVerification-464131513 tempest-TestImageHashVerification-464131513-project-member] Format inspector for vhdx does not match, excluding from consideration (Region signature not found at 30000) {{(pid=99804) _process_chunk /opt/stack/data/venv/lib/python3.12/site-packages/oslo_utils/imageutils/format_inspector.py:1758}}
Aug 17 19:09:39.454728 np0000007574 devstack@g-api.service[99803]: DEBUG glance.api.middleware.version_negotiation [None req-f66789da-5e7d-4c02-93b6-25e61be5eeba tempest-TestImageHashVerification-464131513 tempest-TestImageHashVerification-464131513-project-member] Determining version of request: GET /v2/images/591c22f7-a01e-483a-a9e5-d9c0a609d70b Accept: application/json {{(pid=99803) process_request /opt/stack/glance/glance/api/middleware/version_negotiation.py:44}}
Aug 17 19:09:39.454728 np0000007574 devstack@g-api.service[99803]: DEBUG glance.api.middleware.version_negotiation [None req-f66789da-5e7d-4c02-93b6-25e61be5eeba tempest-TestImageHashVerification-464131513 tempest-TestImageHashVerification-464131513-project-member] Using url versioning {{(pid=99803) process_request /opt/stack/glance/glance/api/middleware/version_negotiation.py:57}}
Aug 17 19:09:39.455096 np0000007574 devstack@g-api.service[99803]: DEBUG glance.api.middleware.version_negotiation [None req-f66789da-5e7d-4c02-93b6-25e61be5eeba tempest-TestImageHashVerification-464131513 tempest-TestImageHashVerification-464131513-project-member] Matched version: v2 {{(pid=99803) process_request /opt/stack/glance/glance/api/middleware/version_negotiation.py:69}}
Aug 17 19:09:39.455096 np0000007574 devstack@g-api.service[99803]: DEBUG glance.api.middleware.version_negotiation [None req-f66789da-5e7d-4c02-93b6-25e61be5eeba tempest-TestImageHashVerification-464131513 tempest-TestImageHashVerification-464131513-project-member] new path /v2/images/591c22f7-a01e-483a-a9e5-d9c0a609d70b {{(pid=99803) process_request /opt/stack/glance/glance/api/middleware/version_negotiation.py:70}}
Aug 17 19:09:39.465890 np0000007574 devstack@g-api.service[99803]: [pid: 99803|app: 0|req: 117/364] 127.0.0.1 () {40 vars in 838 bytes} [Mon Aug 17 19:09:39 2026] GET /v2/images/591c22f7-a01e-483a-a9e5-d9c0a609d70b => generated 649 bytes in 11 msecs (HTTP/1.1 200) 4 headers in 157 bytes (1 switches on core 0)
Aug 17 19:09:40.478314 np0000007574 devstack@g-api.service[99802]: DEBUG glance.api.middleware.version_negotiation [None req-244279b8-0c58-4364-a779-2674950f7a26 tempest-TestImageHashVerification-464131513 tempest-TestImageHashVerification-464131513-project-member] Determining version of request: GET /v2/images/591c22f7-a01e-483a-a9e5-d9c0a609d70b Accept: application/json {{(pid=99802) process_request /opt/stack/glance/glance/api/middleware/version_negotiation.py:44}}
Aug 17 19:09:40.478749 np0000007574 devstack@g-api.service[99802]: DEBUG glance.api.middleware.version_negotiation [None req-244279b8-0c58-4364-a779-2674950f7a26 tempest-TestImageHashVerification-464131513 tempest-TestImageHashVerification-464131513-project-member] Using url versioning {{(pid=99802) process_request /opt/stack/glance/glance/api/middleware/version_negotiation.py:57}}
Aug 17 19:09:40.478749 np0000007574 devstack@g-api.service[99802]: DEBUG glance.api.middleware.version_negotiation [None req-244279b8-0c58-4364-a779-2674950f7a26 tempest-TestImageHashVerification-464131513 tempest-TestImageHashVerification-464131513-project-member] Matched version: v2 {{(pid=99802) process_request /opt/stack/glance/glance/api/middleware/version_negotiation.py:69}}
Aug 17 19:09:40.478891 np0000007574 devstack@g-api.service[99802]: DEBUG glance.api.middleware.version_negotiation [None req-244279b8-0c58-4364-a779-2674950f7a26 tempest-TestImageHashVerification-464131513 tempest-TestImageHashVerification-464131513-project-member] new path /v2/images/591c22f7-a01e-483a-a9e5-d9c0a609d70b {{(pid=99802) process_request /opt/stack/glance/glance/api/middleware/version_negotiation.py:70}}
Aug 17 19:09:40.495526 np0000007574 devstack@g-api.service[99802]: [pid: 99802|app: 0|req: 129/365] 127.0.0.1 () {40 vars in 838 bytes} [Mon Aug 17 19:09:40 2026] GET /v2/images/591c22f7-a01e-483a-a9e5-d9c0a609d70b => generated 649 bytes in 17 msecs (HTTP/1.1 200) 4 headers in 157 bytes (1 switches on core 0)
Aug 17 19:09:40.539017 np0000007574 devstack@g-api.service[99804]: DEBUG swiftclient [None req-a50f2a51-6145-4125-a8a7-caa8474bb720 tempest-TestImageHashVerification-464131513 tempest-TestImageHashVerification-464131513-project-member] REQ: curl -i https://10.4.3.143:8080/v1/AUTH_396cb88b1b2042d6aad6867fde503bce/glance/591c22f7-a01e-483a-a9e5-d9c0a609d70b-00001 -X PUT -H "X-Auth-Token: gAAAAABqg1xykLJx..." {{(pid=99804) http_log /opt/stack/data/venv/lib/python3.12/site-packages/swiftclient/client.py:160}}
Aug 17 19:09:40.539446 np0000007574 devstack@g-api.service[99804]: DEBUG swiftclient [None req-a50f2a51-6145-4125-a8a7-caa8474bb720 tempest-TestImageHashVerification-464131513 tempest-TestImageHashVerification-464131513-project-member] RESP STATUS: 201 Created {{(pid=99804) http_log /opt/stack/data/venv/lib/python3.12/site-packages/swiftclient/client.py:161}}
Aug 17 19:09:40.539446 np0000007574 devstack@g-api.service[99804]: DEBUG swiftclient [None req-a50f2a51-6145-4125-a8a7-caa8474bb720 tempest-TestImageHashVerification-464131513 tempest-TestImageHashVerification-464131513-project-member] RESP HEADERS: {'Date': 'Mon, 17 Aug 2026 19:09:40 GMT', 'Server': 'Apache/2.4.58 (Ubuntu)', 'Content-Type': 'text/html; charset=UTF-8', 'Content-Length': '0', 'Etag': 'eda9a9889837ac4bc81d6387d92c1bec', 'Last-Modified': 'Mon, 17 Aug 2026 19:09:39 GMT', 'X-Trans-Id': 'tx77da33f7ec8040b29df25-006a835c72', 'X-Openstack-Request-Id': 'tx77da33f7ec8040b29df25-006a835c72', 'Connection': 'close'} {{(pid=99804) http_log /opt/stack/data/venv/lib/python3.12/site-packages/swiftclient/client.py:162}}
Aug 17 19:09:40.539446 np0000007574 devstack@g-api.service[99804]: DEBUG glance_store._drivers.swift.store [None req-a50f2a51-6145-4125-a8a7-caa8474bb720 tempest-TestImageHashVerification-464131513 tempest-TestImageHashVerification-464131513-project-member] Wrote chunk 591c22f7-a01e-483a-a9e5-d9c0a609d70b-00001 (1/?) of length 204800000 to Swift returning MD5 of content: eda9a9889837ac4bc81d6387d92c1bec {{(pid=99804) add /opt/stack/data/venv/lib/python3.12/site-packages/glance_store/_drivers/swift/store.py:1059}}
Aug 17 19:09:41.514235 np0000007574 devstack@g-api.service[99803]: DEBUG glance.api.middleware.version_negotiation [None req-1aef58b4-a9b5-463c-a3c1-a451fbd823d1 tempest-TestImageHashVerification-464131513 tempest-TestImageHashVerification-464131513-project-member] Determining version of request: GET /v2/images/591c22f7-a01e-483a-a9e5-d9c0a609d70b Accept: application/json {{(pid=99803) process_request /opt/stack/glance/glance/api/middleware/version_negotiation.py:44}}
Aug 17 19:09:41.514660 np0000007574 devstack@g-api.service[99803]: DEBUG glance.api.middleware.version_negotiation [None req-1aef58b4-a9b5-463c-a3c1-a451fbd823d1 tempest-TestImageHashVerification-464131513 tempest-TestImageHashVerification-464131513-project-member] Using url versioning {{(pid=99803) process_request /opt/stack/glance/glance/api/middleware/version_negotiation.py:57}}
Aug 17 19:09:41.515534 np0000007574 devstack@g-api.service[99803]: DEBUG glance.api.middleware.version_negotiation [None req-1aef58b4-a9b5-463c-a3c1-a451fbd823d1 tempest-TestImageHashVerification-464131513 tempest-TestImageHashVerification-464131513-project-member] Matched version: v2 {{(pid=99803) process_request /opt/stack/glance/glance/api/middleware/version_negotiation.py:69}}
Aug 17 19:09:41.515681 np0000007574 devstack@g-api.service[99803]: DEBUG glance.api.middleware.version_negotiation [None req-1aef58b4-a9b5-463c-a3c1-a451fbd823d1 tempest-TestImageHashVerification-464131513 tempest-TestImageHashVerification-464131513-project-member] new path /v2/images/591c22f7-a01e-483a-a9e5-d9c0a609d70b {{(pid=99803) process_request /opt/stack/glance/glance/api/middleware/version_negotiation.py:70}}
Aug 17 19:09:41.539513 np0000007574 devstack@g-api.service[99803]: [pid: 99803|app: 0|req: 118/366] 127.0.0.1 () {40 vars in 838 bytes} [Mon Aug 17 19:09:41 2026] GET /v2/images/591c22f7-a01e-483a-a9e5-d9c0a609d70b => generated 649 bytes in 24 msecs (HTTP/1.1 200) 4 headers in 157 bytes (1 switches on core 0)
Aug 17 19:09:42.548601 np0000007574 devstack@g-api.service[99802]: DEBUG glance.api.middleware.version_negotiation [None req-0781ac4d-9d2c-40ae-8118-79c15dac1bda tempest-TestImageHashVerification-464131513 tempest-TestImageHashVerification-464131513-project-member] Determining version of request: GET /v2/images/591c22f7-a01e-483a-a9e5-d9c0a609d70b Accept: application/json {{(pid=99802) process_request /opt/stack/glance/glance/api/middleware/version_negotiation.py:44}}
Aug 17 19:09:42.548601 np0000007574 devstack@g-api.service[99802]: DEBUG glance.api.middleware.version_negotiation [None req-0781ac4d-9d2c-40ae-8118-79c15dac1bda tempest-TestImageHashVerification-464131513 tempest-TestImageHashVerification-464131513-project-member] Using url versioning {{(pid=99802) process_request /opt/stack/glance/glance/api/middleware/version_negotiation.py:57}}
Aug 17 19:09:42.548601 np0000007574 devstack@g-api.service[99802]: DEBUG glance.api.middleware.version_negotiation [None req-0781ac4d-9d2c-40ae-8118-79c15dac1bda tempest-TestImageHashVerification-464131513 tempest-TestImageHashVerification-464131513-project-member] Matched version: v2 {{(pid=99802) process_request /opt/stack/glance/glance/api/middleware/version_negotiation.py:69}}
Aug 17 19:09:42.548601 np0000007574 devstack@g-api.service[99802]: DEBUG glance.api.middleware.version_negotiation [None req-0781ac4d-9d2c-40ae-8118-79c15dac1bda tempest-TestImageHashVerification-464131513 tempest-TestImageHashVerification-464131513-project-member] new path /v2/images/591c22f7-a01e-483a-a9e5-d9c0a609d70b {{(pid=99802) process_request /opt/stack/glance/glance/api/middleware/version_negotiation.py:70}}
Aug 17 19:09:42.562002 np0000007574 devstack@g-api.service[99802]: [pid: 99802|app: 0|req: 130/367] 127.0.0.1 () {40 vars in 838 bytes} [Mon Aug 17 19:09:42 2026] GET /v2/images/591c22f7-a01e-483a-a9e5-d9c0a609d70b => generated 649 bytes in 14 msecs (HTTP/1.1 200) 4 headers in 157 bytes (1 switches on core 0)
Aug 17 19:09:42.688165 np0000007574 devstack@g-api.service[99804]: DEBUG swiftclient [None req-a50f2a51-6145-4125-a8a7-caa8474bb720 tempest-TestImageHashVerification-464131513 tempest-TestImageHashVerification-464131513-project-member] REQ: curl -i https://10.4.3.143:8080/v1/AUTH_396cb88b1b2042d6aad6867fde503bce/glance/591c22f7-a01e-483a-a9e5-d9c0a609d70b-00002 -X PUT -H "X-Auth-Token: gAAAAABqg1xykLJx..." {{(pid=99804) http_log /opt/stack/data/venv/lib/python3.12/site-packages/swiftclient/client.py:160}}
Aug 17 19:09:42.688451 np0000007574 devstack@g-api.service[99804]: DEBUG swiftclient [None req-a50f2a51-6145-4125-a8a7-caa8474bb720 tempest-TestImageHashVerification-464131513 tempest-TestImageHashVerification-464131513-project-member] RESP STATUS: 201 Created {{(pid=99804) http_log /opt/stack/data/venv/lib/python3.12/site-packages/swiftclient/client.py:161}}
Aug 17 19:09:42.688451 np0000007574 devstack@g-api.service[99804]: DEBUG swiftclient [None req-a50f2a51-6145-4125-a8a7-caa8474bb720 tempest-TestImageHashVerification-464131513 tempest-TestImageHashVerification-464131513-project-member] RESP HEADERS: {'Date': 'Mon, 17 Aug 2026 19:09:42 GMT', 'Server': 'Apache/2.4.58 (Ubuntu)', 'Content-Type': 'text/html; charset=UTF-8', 'Content-Length': '0', 'Etag': 'eda9a9889837ac4bc81d6387d92c1bec', 'Last-Modified': 'Mon, 17 Aug 2026 19:09:41 GMT', 'X-Trans-Id': 'tx4d735a5b072e4bc6a8fa2-006a835c74', 'X-Openstack-Request-Id': 'tx4d735a5b072e4bc6a8fa2-006a835c74', 'Connection': 'close'} {{(pid=99804) http_log /opt/stack/data/venv/lib/python3.12/site-packages/swiftclient/client.py:162}}
Aug 17 19:09:42.688937 np0000007574 devstack@g-api.service[99804]: DEBUG glance_store._drivers.swift.store [None req-a50f2a51-6145-4125-a8a7-caa8474bb720 tempest-TestImageHashVerification-464131513 tempest-TestImageHashVerification-464131513-project-member] Wrote chunk 591c22f7-a01e-483a-a9e5-d9c0a609d70b-00002 (2/?) of length 204800000 to Swift returning MD5 of content: eda9a9889837ac4bc81d6387d92c1bec {{(pid=99804) add /opt/stack/data/venv/lib/python3.12/site-packages/glance_store/_drivers/swift/store.py:1059}}
Aug 17 19:09:43.575811 np0000007574 devstack@g-api.service[99803]: DEBUG glance.api.middleware.version_negotiation [None req-8d07c4ba-6121-43f0-9f8c-ab8b918013b7 tempest-TestImageHashVerification-464131513 tempest-TestImageHashVerification-464131513-project-member] Determining version of request: GET /v2/images/591c22f7-a01e-483a-a9e5-d9c0a609d70b Accept: application/json {{(pid=99803) process_request /opt/stack/glance/glance/api/middleware/version_negotiation.py:44}}
Aug 17 19:09:43.576368 np0000007574 devstack@g-api.service[99803]: DEBUG glance.api.middleware.version_negotiation [None req-8d07c4ba-6121-43f0-9f8c-ab8b918013b7 tempest-TestImageHashVerification-464131513 tempest-TestImageHashVerification-464131513-project-member] Using url versioning {{(pid=99803) process_request /opt/stack/glance/glance/api/middleware/version_negotiation.py:57}}
Aug 17 19:09:43.576368 np0000007574 devstack@g-api.service[99803]: DEBUG glance.api.middleware.version_negotiation [None req-8d07c4ba-6121-43f0-9f8c-ab8b918013b7 tempest-TestImageHashVerification-464131513 tempest-TestImageHashVerification-464131513-project-member] Matched version: v2 {{(pid=99803) process_request /opt/stack/glance/glance/api/middleware/version_negotiation.py:69}}
Aug 17 19:09:43.576368 np0000007574 devstack@g-api.service[99803]: DEBUG glance.api.middleware.version_negotiation [None req-8d07c4ba-6121-43f0-9f8c-ab8b918013b7 tempest-TestImageHashVerification-464131513 tempest-TestImageHashVerification-464131513-project-member] new path /v2/images/591c22f7-a01e-483a-a9e5-d9c0a609d70b {{(pid=99803) process_request /opt/stack/glance/glance/api/middleware/version_negotiation.py:70}}
Aug 17 19:09:43.594302 np0000007574 devstack@g-api.service[99803]: [pid: 99803|app: 0|req: 119/368] 127.0.0.1 () {40 vars in 838 bytes} [Mon Aug 17 19:09:43 2026] GET /v2/images/591c22f7-a01e-483a-a9e5-d9c0a609d70b => generated 649 bytes in 19 msecs (HTTP/1.1 200) 4 headers in 157 bytes (1 switches on core 0)
Aug 17 19:09:44.603277 np0000007574 devstack@g-api.service[99802]: DEBUG glance.api.middleware.version_negotiation [None req-fcf49b08-5140-436d-bfc1-1e45a70879ed tempest-TestImageHashVerification-464131513 tempest-TestImageHashVerification-464131513-project-member] Determining version of request: GET /v2/images/591c22f7-a01e-483a-a9e5-d9c0a609d70b Accept: application/json {{(pid=99802) process_request /opt/stack/glance/glance/api/middleware/version_negotiation.py:44}}
Aug 17 19:09:44.603686 np0000007574 devstack@g-api.service[99802]: DEBUG glance.api.middleware.version_negotiation [None req-fcf49b08-5140-436d-bfc1-1e45a70879ed tempest-TestImageHashVerification-464131513 tempest-TestImageHashVerification-464131513-project-member] Using url versioning {{(pid=99802) process_request /opt/stack/glance/glance/api/middleware/version_negotiation.py:57}}
Aug 17 19:09:44.603686 np0000007574 devstack@g-api.service[99802]: DEBUG glance.api.middleware.version_negotiation [None req-fcf49b08-5140-436d-bfc1-1e45a70879ed tempest-TestImageHashVerification-464131513 tempest-TestImageHashVerification-464131513-project-member] Matched version: v2 {{(pid=99802) process_request /opt/stack/glance/glance/api/middleware/version_negotiation.py:69}}
Aug 17 19:09:44.603872 np0000007574 devstack@g-api.service[99802]: DEBUG glance.api.middleware.version_negotiation [None req-fcf49b08-5140-436d-bfc1-1e45a70879ed tempest-TestImageHashVerification-464131513 tempest-TestImageHashVerification-464131513-project-member] new path /v2/images/591c22f7-a01e-483a-a9e5-d9c0a609d70b {{(pid=99802) process_request /opt/stack/glance/glance/api/middleware/version_negotiation.py:70}}
Aug 17 19:09:44.624246 np0000007574 devstack@g-api.service[99802]: [pid: 99802|app: 0|req: 131/369] 127.0.0.1 () {40 vars in 838 bytes} [Mon Aug 17 19:09:44 2026] GET /v2/images/591c22f7-a01e-483a-a9e5-d9c0a609d70b => generated 649 bytes in 21 msecs (HTTP/1.1 200) 4 headers in 157 bytes (1 switches on core 0)
Aug 17 19:09:44.943318 np0000007574 devstack@g-api.service[99804]: DEBUG swiftclient [None req-a50f2a51-6145-4125-a8a7-caa8474bb720 tempest-TestImageHashVerification-464131513 tempest-TestImageHashVerification-464131513-project-member] REQ: curl -i https://10.4.3.143:8080/v1/AUTH_396cb88b1b2042d6aad6867fde503bce/glance/591c22f7-a01e-483a-a9e5-d9c0a609d70b-00003 -X PUT -H "X-Auth-Token: gAAAAABqg1xykLJx..." {{(pid=99804) http_log /opt/stack/data/venv/lib/python3.12/site-packages/swiftclient/client.py:160}}
Aug 17 19:09:44.943725 np0000007574 devstack@g-api.service[99804]: DEBUG swiftclient [None req-a50f2a51-6145-4125-a8a7-caa8474bb720 tempest-TestImageHashVerification-464131513 tempest-TestImageHashVerification-464131513-project-member] RESP STATUS: 201 Created {{(pid=99804) http_log /opt/stack/data/venv/lib/python3.12/site-packages/swiftclient/client.py:161}}
Aug 17 19:09:44.943725 np0000007574 devstack@g-api.service[99804]: DEBUG swiftclient [None req-a50f2a51-6145-4125-a8a7-caa8474bb720 tempest-TestImageHashVerification-464131513 tempest-TestImageHashVerification-464131513-project-member] RESP HEADERS: {'Date': 'Mon, 17 Aug 2026 19:09:44 GMT', 'Server': 'Apache/2.4.58 (Ubuntu)', 'Content-Type': 'text/html; charset=UTF-8', 'Content-Length': '0', 'Etag': 'eda9a9889837ac4bc81d6387d92c1bec', 'Last-Modified': 'Mon, 17 Aug 2026 19:09:43 GMT', 'X-Trans-Id': 'tx5fe1d0d9f84442a381137-006a835c76', 'X-Openstack-Request-Id': 'tx5fe1d0d9f84442a381137-006a835c76', 'Connection': 'close'} {{(pid=99804) http_log /opt/stack/data/venv/lib/python3.12/site-packages/swiftclient/client.py:162}}
Aug 17 19:09:44.943725 np0000007574 devstack@g-api.service[99804]: DEBUG glance_store._drivers.swift.store [None req-a50f2a51-6145-4125-a8a7-caa8474bb720 tempest-TestImageHashVerification-464131513 tempest-TestImageHashVerification-464131513-project-member] Wrote chunk 591c22f7-a01e-483a-a9e5-d9c0a609d70b-00003 (3/?) of length 204800000 to Swift returning MD5 of content: eda9a9889837ac4bc81d6387d92c1bec {{(pid=99804) add /opt/stack/data/venv/lib/python3.12/site-packages/glance_store/_drivers/swift/store.py:1059}}
Aug 17 19:09:45.369955 np0000007574 devstack@g-api.service[99803]: DEBUG glance.api.middleware.version_negotiation [None req-41d593e7-c697-4fc9-acd2-49e1c7367edd tempest-TestImageHashVerification-464131513 tempest-TestImageHashVerification-464131513-project-member] Determining version of request: GET /v2/images/539e25ff-43ce-4a95-b30d-f6cc3beb9843 Accept: */* {{(pid=99803) process_request /opt/stack/glance/glance/api/middleware/version_negotiation.py:44}}
Aug 17 19:09:45.370870 np0000007574 devstack@g-api.service[99803]: DEBUG glance.api.middleware.version_negotiation [None req-41d593e7-c697-4fc9-acd2-49e1c7367edd tempest-TestImageHashVerification-464131513 tempest-TestImageHashVerification-464131513-project-member] Using url versioning {{(pid=99803) process_request /opt/stack/glance/glance/api/middleware/version_negotiation.py:57}}
Aug 17 19:09:45.370870 np0000007574 devstack@g-api.service[99803]: DEBUG glance.api.middleware.version_negotiation [None req-41d593e7-c697-4fc9-acd2-49e1c7367edd tempest-TestImageHashVerification-464131513 tempest-TestImageHashVerification-464131513-project-member] Matched version: v2 {{(pid=99803) process_request /opt/stack/glance/glance/api/middleware/version_negotiation.py:69}}
Aug 17 19:09:45.370870 np0000007574 devstack@g-api.service[99803]: DEBUG glance.api.middleware.version_negotiation [None req-41d593e7-c697-4fc9-acd2-49e1c7367edd tempest-TestImageHashVerification-464131513 tempest-TestImageHashVerification-464131513-project-member] new path /v2/images/539e25ff-43ce-4a95-b30d-f6cc3beb9843 {{(pid=99803) process_request /opt/stack/glance/glance/api/middleware/version_negotiation.py:70}}
Aug 17 19:09:45.382768 np0000007574 devstack@g-api.service[99803]: [pid: 99803|app: 0|req: 120/370] 127.0.0.1 () {44 vars in 1115 bytes} [Mon Aug 17 19:09:45 2026] GET /v2/images/539e25ff-43ce-4a95-b30d-f6cc3beb9843 => generated 1044 bytes in 13 msecs (HTTP/1.1 200) 4 headers in 158 bytes (1 switches on core 0)
Aug 17 19:09:45.416321 np0000007574 devstack@g-api.service[99802]: DEBUG glance.api.middleware.version_negotiation [None req-014702c5-7ebc-4f82-a368-a33591595cc9 tempest-TestImageHashVerification-464131513 tempest-TestImageHashVerification-464131513-project-member] Determining version of request: GET /v2/schemas/image Accept: */* {{(pid=99802) process_request /opt/stack/glance/glance/api/middleware/version_negotiation.py:44}}
Aug 17 19:09:45.416321 np0000007574 devstack@g-api.service[99802]: DEBUG glance.api.middleware.version_negotiation [None req-014702c5-7ebc-4f82-a368-a33591595cc9 tempest-TestImageHashVerification-464131513 tempest-TestImageHashVerification-464131513-project-member] Using url versioning {{(pid=99802) process_request /opt/stack/glance/glance/api/middleware/version_negotiation.py:57}}
Aug 17 19:09:45.416321 np0000007574 devstack@g-api.service[99802]: DEBUG glance.api.middleware.version_negotiation [None req-014702c5-7ebc-4f82-a368-a33591595cc9 tempest-TestImageHashVerification-464131513 tempest-TestImageHashVerification-464131513-project-member] Matched version: v2 {{(pid=99802) process_request /opt/stack/glance/glance/api/middleware/version_negotiation.py:69}}
Aug 17 19:09:45.416321 np0000007574 devstack@g-api.service[99802]: DEBUG glance.api.middleware.version_negotiation [None req-014702c5-7ebc-4f82-a368-a33591595cc9 tempest-TestImageHashVerification-464131513 tempest-TestImageHashVerification-464131513-project-member] new path /v2/schemas/image {{(pid=99802) process_request /opt/stack/glance/glance/api/middleware/version_negotiation.py:70}}
Aug 17 19:09:45.420147 np0000007574 devstack@g-api.service[99802]: [pid: 99802|app: 0|req: 132/371] 127.0.0.1 () {44 vars in 1055 bytes} [Mon Aug 17 19:09:45 2026] GET /v2/schemas/image => generated 6083 bytes in 5 msecs (HTTP/1.1 200) 4 headers in 158 bytes (1 switches on core 0)
Aug 17 19:09:45.632661 np0000007574 devstack@g-api.service[99803]: DEBUG glance.api.middleware.version_negotiation [None req-c0f3366a-45b6-4760-97b4-47cf8dd17dd0 tempest-TestServerVolumeAttachmentScenario-1490095406 tempest-TestServerVolumeAttachmentScenario-1490095406-project-member] Determining version of request: GET /v2/images/591c22f7-a01e-483a-a9e5-d9c0a609d70b Accept: application/json {{(pid=99803) process_request /opt/stack/glance/glance/api/middleware/version_negotiation.py:44}}
Aug 17 19:09:45.632907 np0000007574 devstack@g-api.service[99803]: DEBUG glance.api.middleware.version_negotiation [None req-c0f3366a-45b6-4760-97b4-47cf8dd17dd0 tempest-TestServerVolumeAttachmentScenario-1490095406 tempest-TestServerVolumeAttachmentScenario-1490095406-project-member] Using url versioning {{(pid=99803) process_request /opt/stack/glance/glance/api/middleware/version_negotiation.py:57}}
Aug 17 19:09:45.632907 np0000007574 devstack@g-api.service[99803]: DEBUG glance.api.middleware.version_negotiation [None req-c0f3366a-45b6-4760-97b4-47cf8dd17dd0 tempest-TestServerVolumeAttachmentScenario-1490095406 tempest-TestServerVolumeAttachmentScenario-1490095406-project-member] Matched version: v2 {{(pid=99803) process_request /opt/stack/glance/glance/api/middleware/version_negotiation.py:69}}
Aug 17 19:09:45.633332 np0000007574 devstack@g-api.service[99803]: DEBUG glance.api.middleware.version_negotiation [None req-c0f3366a-45b6-4760-97b4-47cf8dd17dd0 tempest-TestServerVolumeAttachmentScenario-1490095406 tempest-TestServerVolumeAttachmentScenario-1490095406-project-member] new path /v2/images/591c22f7-a01e-483a-a9e5-d9c0a609d70b {{(pid=99803) process_request /opt/stack/glance/glance/api/middleware/version_negotiation.py:70}}
Aug 17 19:09:45.650869 np0000007574 devstack@g-api.service[99803]: [pid: 99803|app: 0|req: 121/372] 127.0.0.1 () {40 vars in 838 bytes} [Mon Aug 17 19:09:45 2026] GET /v2/images/591c22f7-a01e-483a-a9e5-d9c0a609d70b => generated 649 bytes in 18 msecs (HTTP/1.1 200) 4 headers in 157 bytes (1 switches on core 0)
Aug 17 19:09:46.662976 np0000007574 devstack@g-api.service[99802]: DEBUG glance.api.middleware.version_negotiation [None req-c0f3366a-45b6-4760-97b4-47cf8dd17dd0 tempest-TestServerVolumeAttachmentScenario-1490095406 tempest-TestServerVolumeAttachmentScenario-1490095406-project-member] Determining version of request: GET /v2/images/591c22f7-a01e-483a-a9e5-d9c0a609d70b Accept: application/json {{(pid=99802) process_request /opt/stack/glance/glance/api/middleware/version_negotiation.py:44}}
Aug 17 19:09:46.663438 np0000007574 devstack@g-api.service[99802]: DEBUG glance.api.middleware.version_negotiation [None req-c0f3366a-45b6-4760-97b4-47cf8dd17dd0 tempest-TestServerVolumeAttachmentScenario-1490095406 tempest-TestServerVolumeAttachmentScenario-1490095406-project-member] Using url versioning {{(pid=99802) process_request /opt/stack/glance/glance/api/middleware/version_negotiation.py:57}}
Aug 17 19:09:46.663438 np0000007574 devstack@g-api.service[99802]: DEBUG glance.api.middleware.version_negotiation [None req-c0f3366a-45b6-4760-97b4-47cf8dd17dd0 tempest-TestServerVolumeAttachmentScenario-1490095406 tempest-TestServerVolumeAttachmentScenario-1490095406-project-member] Matched version: v2 {{(pid=99802) process_request /opt/stack/glance/glance/api/middleware/version_negotiation.py:69}}
Aug 17 19:09:46.663805 np0000007574 devstack@g-api.service[99802]: DEBUG glance.api.middleware.version_negotiation [None req-c0f3366a-45b6-4760-97b4-47cf8dd17dd0 tempest-TestServerVolumeAttachmentScenario-1490095406 tempest-TestServerVolumeAttachmentScenario-1490095406-project-member] new path /v2/images/591c22f7-a01e-483a-a9e5-d9c0a609d70b {{(pid=99802) process_request /opt/stack/glance/glance/api/middleware/version_negotiation.py:70}}
Aug 17 19:09:46.688822 np0000007574 devstack@g-api.service[99802]: [pid: 99802|app: 0|req: 133/373] 127.0.0.1 () {40 vars in 838 bytes} [Mon Aug 17 19:09:46 2026] GET /v2/images/591c22f7-a01e-483a-a9e5-d9c0a609d70b => generated 649 bytes in 26 msecs (HTTP/1.1 200) 4 headers in 157 bytes (1 switches on core 0)
Aug 17 19:09:47.016127 np0000007574 devstack@g-api.service[99804]: DEBUG swiftclient [None req-a50f2a51-6145-4125-a8a7-caa8474bb720 tempest-TestImageHashVerification-464131513 tempest-TestImageHashVerification-464131513-project-member] REQ: curl -i https://10.4.3.143:8080/v1/AUTH_396cb88b1b2042d6aad6867fde503bce/glance/591c22f7-a01e-483a-a9e5-d9c0a609d70b-00004 -X PUT -H "X-Auth-Token: gAAAAABqg1xykLJx..." {{(pid=99804) http_log /opt/stack/data/venv/lib/python3.12/site-packages/swiftclient/client.py:160}}
Aug 17 19:09:47.016396 np0000007574 devstack@g-api.service[99804]: DEBUG swiftclient [None req-a50f2a51-6145-4125-a8a7-caa8474bb720 tempest-TestImageHashVerification-464131513 tempest-TestImageHashVerification-464131513-project-member] RESP STATUS: 201 Created {{(pid=99804) http_log /opt/stack/data/venv/lib/python3.12/site-packages/swiftclient/client.py:161}}
Aug 17 19:09:47.016440 np0000007574 devstack@g-api.service[99804]: DEBUG swiftclient [None req-a50f2a51-6145-4125-a8a7-caa8474bb720 tempest-TestImageHashVerification-464131513 tempest-TestImageHashVerification-464131513-project-member] RESP HEADERS: {'Date': 'Mon, 17 Aug 2026 19:09:47 GMT', 'Server': 'Apache/2.4.58 (Ubuntu)', 'Content-Type': 'text/html; charset=UTF-8', 'Content-Length': '0', 'Etag': 'eda9a9889837ac4bc81d6387d92c1bec', 'Last-Modified': 'Mon, 17 Aug 2026 19:09:45 GMT', 'X-Trans-Id': 'tx370eb136ca9944e89628e-006a835c78', 'X-Openstack-Request-Id': 'tx370eb136ca9944e89628e-006a835c78', 'Connection': 'close'} {{(pid=99804) http_log /opt/stack/data/venv/lib/python3.12/site-packages/swiftclient/client.py:162}}
Aug 17 19:09:47.016574 np0000007574 devstack@g-api.service[99804]: DEBUG glance_store._drivers.swift.store [None req-a50f2a51-6145-4125-a8a7-caa8474bb720 tempest-TestImageHashVerification-464131513 tempest-TestImageHashVerification-464131513-project-member] Wrote chunk 591c22f7-a01e-483a-a9e5-d9c0a609d70b-00004 (4/?) of length 204800000 to Swift returning MD5 of content: eda9a9889837ac4bc81d6387d92c1bec {{(pid=99804) add /opt/stack/data/venv/lib/python3.12/site-packages/glance_store/_drivers/swift/store.py:1059}}
Aug 17 19:09:47.699412 np0000007574 devstack@g-api.service[99803]: DEBUG glance.api.middleware.version_negotiation [None req-13bdb360-4490-451e-9bd0-12e000e6f9a2 tempest-TestImageHashVerification-464131513 tempest-TestImageHashVerification-464131513-project-member] Determining version of request: GET /v2/images/591c22f7-a01e-483a-a9e5-d9c0a609d70b Accept: application/json {{(pid=99803) process_request /opt/stack/glance/glance/api/middleware/version_negotiation.py:44}}
Aug 17 19:09:47.699949 np0000007574 devstack@g-api.service[99803]: DEBUG glance.api.middleware.version_negotiation [None req-13bdb360-4490-451e-9bd0-12e000e6f9a2 tempest-TestImageHashVerification-464131513 tempest-TestImageHashVerification-464131513-project-member] Using url versioning {{(pid=99803) process_request /opt/stack/glance/glance/api/middleware/version_negotiation.py:57}}
Aug 17 19:09:47.699949 np0000007574 devstack@g-api.service[99803]: DEBUG glance.api.middleware.version_negotiation [None req-13bdb360-4490-451e-9bd0-12e000e6f9a2 tempest-TestImageHashVerification-464131513 tempest-TestImageHashVerification-464131513-project-member] Matched version: v2 {{(pid=99803) process_request /opt/stack/glance/glance/api/middleware/version_negotiation.py:69}}
Aug 17 19:09:47.699949 np0000007574 devstack@g-api.service[99803]: DEBUG glance.api.middleware.version_negotiation [None req-13bdb360-4490-451e-9bd0-12e000e6f9a2 tempest-TestImageHashVerification-464131513 tempest-TestImageHashVerification-464131513-project-member] new path /v2/images/591c22f7-a01e-483a-a9e5-d9c0a609d70b {{(pid=99803) process_request /opt/stack/glance/glance/api/middleware/version_negotiation.py:70}}
Aug 17 19:09:47.724621 np0000007574 devstack@g-api.service[99803]: [pid: 99803|app: 0|req: 122/374] 127.0.0.1 () {40 vars in 838 bytes} [Mon Aug 17 19:09:47 2026] GET /v2/images/591c22f7-a01e-483a-a9e5-d9c0a609d70b => generated 649 bytes in 24 msecs (HTTP/1.1 200) 4 headers in 157 bytes (1 switches on core 0)
Aug 17 19:09:48.481510 np0000007574 devstack@g-api.service[99804]: DEBUG dbcounter [-] [99804] Writing DB stats glance:SELECT=14,glance:INSERT=1,glance:UPDATE=1 {{(pid=99804) stat_writer /opt/stack/data/venv/lib/python3.12/site-packages/dbcounter.py:115}}
Aug 17 19:09:48.729909 np0000007574 devstack@g-api.service[99802]: DEBUG glance.api.middleware.version_negotiation [None req-aef07ced-1ef2-43d8-9386-e4eb522f111b tempest-TestImageHashVerification-464131513 tempest-TestImageHashVerification-464131513-project-member] Determining version of request: GET /v2/images/591c22f7-a01e-483a-a9e5-d9c0a609d70b Accept: application/json {{(pid=99802) process_request /opt/stack/glance/glance/api/middleware/version_negotiation.py:44}}
Aug 17 19:09:48.730249 np0000007574 devstack@g-api.service[99802]: DEBUG glance.api.middleware.version_negotiation [None req-aef07ced-1ef2-43d8-9386-e4eb522f111b tempest-TestImageHashVerification-464131513 tempest-TestImageHashVerification-464131513-project-member] Using url versioning {{(pid=99802) process_request /opt/stack/glance/glance/api/middleware/version_negotiation.py:57}}
Aug 17 19:09:48.730249 np0000007574 devstack@g-api.service[99802]: DEBUG glance.api.middleware.version_negotiation [None req-aef07ced-1ef2-43d8-9386-e4eb522f111b tempest-TestImageHashVerification-464131513 tempest-TestImageHashVerification-464131513-project-member] Matched version: v2 {{(pid=99802) process_request /opt/stack/glance/glance/api/middleware/version_negotiation.py:69}}
Aug 17 19:09:48.730332 np0000007574 devstack@g-api.service[99802]: DEBUG glance.api.middleware.version_negotiation [None req-aef07ced-1ef2-43d8-9386-e4eb522f111b tempest-TestImageHashVerification-464131513 tempest-TestImageHashVerification-464131513-project-member] new path /v2/images/591c22f7-a01e-483a-a9e5-d9c0a609d70b {{(pid=99802) process_request /opt/stack/glance/glance/api/middleware/version_negotiation.py:70}}
Aug 17 19:09:48.747232 np0000007574 devstack@g-api.service[99802]: [pid: 99802|app: 0|req: 134/375] 127.0.0.1 () {40 vars in 838 bytes} [Mon Aug 17 19:09:48 2026] GET /v2/images/591c22f7-a01e-483a-a9e5-d9c0a609d70b => generated 649 bytes in 17 msecs (HTTP/1.1 200) 4 headers in 157 bytes (1 switches on core 0)
Aug 17 19:09:49.191605 np0000007574 devstack@g-api.service[99804]: DEBUG swiftclient [None req-a50f2a51-6145-4125-a8a7-caa8474bb720 tempest-TestImageHashVerification-464131513 tempest-TestImageHashVerification-464131513-project-member] REQ: curl -i https://10.4.3.143:8080/v1/AUTH_396cb88b1b2042d6aad6867fde503bce/glance/591c22f7-a01e-483a-a9e5-d9c0a609d70b-00005 -X PUT -H "X-Auth-Token: gAAAAABqg1xykLJx..." {{(pid=99804) http_log /opt/stack/data/venv/lib/python3.12/site-packages/swiftclient/client.py:160}}
Aug 17 19:09:49.192677 np0000007574 devstack@g-api.service[99804]: DEBUG swiftclient [None req-a50f2a51-6145-4125-a8a7-caa8474bb720 tempest-TestImageHashVerification-464131513 tempest-TestImageHashVerification-464131513-project-member] RESP STATUS: 201 Created {{(pid=99804) http_log /opt/stack/data/venv/lib/python3.12/site-packages/swiftclient/client.py:161}}
