Aug 13 18:37:55.453723 np0000007247 devstack@c-api.service[100173]: INFO cinder.api.openstack.wsgi [req-ba905183-3a10-4ce4-87e2-f062dd476f6f req-f3e98311-7b31-4b0e-9952-4a75266dd5d1 tempest-VolumesAssistedSnapshotsTest-2094425706 tempest-VolumesAssistedSnapshotsTest-2094425706-project-admin] POST https://10.4.3.219/volume/v3/attachments
Aug 13 18:37:55.453723 np0000007247 devstack@c-api.service[100173]: DEBUG cinder.api.openstack.wsgi [req-ba905183-3a10-4ce4-87e2-f062dd476f6f req-f3e98311-7b31-4b0e-9952-4a75266dd5d1 tempest-VolumesAssistedSnapshotsTest-2094425706 tempest-VolumesAssistedSnapshotsTest-2094425706-project-admin] Action: 'create', calling method: version_select, body: {"attachment": {"volume_uuid": "de58a24e-3d50-4061-a15e-de79e0c1b35c", "connector": null, "instance_uuid": "3f71f8bb-4c05-4278-82e3-98c18b0e87dc"}} {{(pid=100173) _process_stack /opt/stack/cinder/cinder/api/openstack/wsgi.py:876}}
Aug 13 18:37:55.455318 np0000007247 devstack@c-api.service[100172]: DEBUG cinder.api.middleware.request_id [req-5398db57-e334-4cf5-bffc-b24fbef9853a req-238b8c68-ab18-456d-8060-4f4a8cfe86b2 None None] RequestId filter calling following filter/app {{(pid=100172) _context_setter /opt/stack/cinder/cinder/api/middleware/request_id.py:62}}
Aug 13 18:37:55.455637 np0000007247 devstack@c-api.service[100174]: DEBUG cinder.api.middleware.request_id [None req-eb217fe0-bc40-4c21-a99e-2413211742e2 None None] RequestId filter calling following filter/app {{(pid=100174) _context_setter /opt/stack/cinder/cinder/api/middleware/request_id.py:62}}
Aug 13 18:37:55.457228 np0000007247 devstack@c-api.service[100172]: INFO cinder.api.openstack.wsgi [req-5398db57-e334-4cf5-bffc-b24fbef9853a req-238b8c68-ab18-456d-8060-4f4a8cfe86b2 tempest-TestMultiAttachVolumeSwap-8578249 tempest-TestMultiAttachVolumeSwap-8578249-project-member] POST https://10.4.3.219/volume/v3/attachments
Aug 13 18:37:55.457623 np0000007247 devstack@c-api.service[100172]: DEBUG cinder.api.openstack.wsgi [req-5398db57-e334-4cf5-bffc-b24fbef9853a req-238b8c68-ab18-456d-8060-4f4a8cfe86b2 tempest-TestMultiAttachVolumeSwap-8578249 tempest-TestMultiAttachVolumeSwap-8578249-project-member] Action: 'create', calling method: version_select, body: {"attachment": {"volume_uuid": "5182809c-82cf-46e2-b3ca-40ebc5de8171", "connector": null, "instance_uuid": "c4010ae7-6fef-4b48-a8ac-d0faa07e6f07"}} {{(pid=100172) _process_stack /opt/stack/cinder/cinder/api/openstack/wsgi.py:876}}
Aug 13 18:37:55.458634 np0000007247 devstack@c-api.service[100174]: INFO cinder.api.openstack.wsgi [None req-eb217fe0-bc40-4c21-a99e-2413211742e2 tempest-AttachSCSIVolumeTestJSON-879004080 tempest-AttachSCSIVolumeTestJSON-879004080-project-member] GET https://10.4.3.219/volume/v3/volumes/942061fc-8ce5-4a0c-8da8-03f7064907a5
Aug 13 18:37:55.458634 np0000007247 devstack@c-api.service[100174]: DEBUG cinder.api.openstack.wsgi [None req-eb217fe0-bc40-4c21-a99e-2413211742e2 tempest-AttachSCSIVolumeTestJSON-879004080 tempest-AttachSCSIVolumeTestJSON-879004080-project-member] Empty body provided in request {{(pid=100174) get_body /opt/stack/cinder/cinder/api/openstack/wsgi.py:725}}
Aug 13 18:37:55.458634 np0000007247 devstack@c-api.service[100174]: DEBUG cinder.api.openstack.wsgi [None req-eb217fe0-bc40-4c21-a99e-2413211742e2 tempest-AttachSCSIVolumeTestJSON-879004080 tempest-AttachSCSIVolumeTestJSON-879004080-project-member] Calling method 'show' {{(pid=100174) _process_stack /opt/stack/cinder/cinder/api/openstack/wsgi.py:878}}
Aug 13 18:37:55.466125 np0000007247 devstack@c-api.service[100175]: DEBUG cinder.api.middleware.request_id [None req-fe29a465-c1dc-42ba-87a1-08d15bb2c6df None None] RequestId filter calling following filter/app {{(pid=100175) _context_setter /opt/stack/cinder/cinder/api/middleware/request_id.py:62}}
Aug 13 18:37:55.466437 np0000007247 devstack@c-api.service[100175]: INFO cinder.api.openstack.wsgi [None req-fe29a465-c1dc-42ba-87a1-08d15bb2c6df None None] GET https://10.4.3.219/volume//
Aug 13 18:37:55.466620 np0000007247 devstack@c-api.service[100175]: DEBUG cinder.api.openstack.wsgi [None req-fe29a465-c1dc-42ba-87a1-08d15bb2c6df None None] Empty body provided in request {{(pid=100175) get_body /opt/stack/cinder/cinder/api/openstack/wsgi.py:725}}
Aug 13 18:37:55.466816 np0000007247 devstack@c-api.service[100175]: DEBUG cinder.api.openstack.wsgi [None req-fe29a465-c1dc-42ba-87a1-08d15bb2c6df None None] Calling method 'all' {{(pid=100175) _process_stack /opt/stack/cinder/cinder/api/openstack/wsgi.py:878}}
Aug 13 18:37:55.467130 np0000007247 devstack@c-api.service[100175]: INFO cinder.api.openstack.wsgi [None req-fe29a465-c1dc-42ba-87a1-08d15bb2c6df None None] https://10.4.3.219/volume// returned with HTTP 300
Aug 13 18:37:55.467389 np0000007247 devstack@c-api.service[100175]: [pid: 100175|app: 0|req: 75/303] 10.4.3.219 () {66 vars in 1426 bytes} [Thu Aug 13 18:37:55 2026] GET /volume/ => generated 386 bytes in 2 msecs (HTTP/1.1 300) 7 headers in 299 bytes (1 switches on core 0)
Aug 13 18:37:55.467841 np0000007247 devstack@c-api.service[100175]: DEBUG cinder.api.middleware.request_id [None req-69f92f40-ad36-40be-b7e0-c3cb1e63f4ea None None] RequestId filter calling following filter/app {{(pid=100175) _context_setter /opt/stack/cinder/cinder/api/middleware/request_id.py:62}}
Aug 13 18:37:55.468738 np0000007247 devstack@c-api.service[100174]: /opt/stack/data/venv/lib/python3.12/site-packages/oslo_context/context.py:102: DeprecationWarning: Policy enforcement is depending on the value of is_admin. This key is deprecated. Please update your policy file to use the standard policy values.
Aug 13 18:37:55.468738 np0000007247 devstack@c-api.service[100174]: warnings.warn(
Aug 13 18:37:55.469302 np0000007247 devstack@c-api.service[100175]: INFO cinder.api.openstack.wsgi [None req-69f92f40-ad36-40be-b7e0-c3cb1e63f4ea tempest-VolumesBackupsAdminTest-1522486675 tempest-VolumesBackupsAdminTest-1522486675-project-member] POST https://10.4.3.219/volume/v3/backups
Aug 13 18:37:55.469594 np0000007247 devstack@c-api.service[100175]: DEBUG cinder.api.openstack.wsgi [None req-69f92f40-ad36-40be-b7e0-c3cb1e63f4ea tempest-VolumesBackupsAdminTest-1522486675 tempest-VolumesBackupsAdminTest-1522486675-project-member] Action: 'create', calling method: create, body: {"backup": {"volume_id": "1c5b045c-a3fd-45d1-9d35-29aebd7d0883", "name": "tempest-VolumesBackupsAdminTest-Backup-1211323233", "container": "tempest-volumesbackupsadmintest-backup-container-30721433"}} {{(pid=100175) _process_stack /opt/stack/cinder/cinder/api/openstack/wsgi.py:876}}
Aug 13 18:37:55.470980 np0000007247 devstack@c-api.service[100175]: DEBUG cinder.api.contrib.backups [None req-69f92f40-ad36-40be-b7e0-c3cb1e63f4ea tempest-VolumesBackupsAdminTest-1522486675 tempest-VolumesBackupsAdminTest-1522486675-project-member] Creating new backup {'backup': {'volume_id': '1c5b045c-a3fd-45d1-9d35-29aebd7d0883', 'name': 'tempest-VolumesBackupsAdminTest-Backup-1211323233', 'container': 'tempest-volumesbackupsadmintest-backup-container-30721433'}} {{(pid=100175) create /opt/stack/cinder/cinder/api/contrib/backups.py:155}}
Aug 13 18:37:55.471113 np0000007247 devstack@c-api.service[100175]: INFO cinder.api.contrib.backups [None req-69f92f40-ad36-40be-b7e0-c3cb1e63f4ea tempest-VolumesBackupsAdminTest-1522486675 tempest-VolumesBackupsAdminTest-1522486675-project-member] Creating backup of volume 1c5b045c-a3fd-45d1-9d35-29aebd7d0883 in container tempest-volumesbackupsadmintest-backup-container-30721433
Aug 13 18:37:55.471738 np0000007247 devstack@c-api.service[100172]: /opt/stack/data/venv/lib/python3.12/site-packages/oslo_context/context.py:102: DeprecationWarning: Policy enforcement is depending on the value of is_admin. This key is deprecated. Please update your policy file to use the standard policy values.
Aug 13 18:37:55.471738 np0000007247 devstack@c-api.service[100172]: warnings.warn(
Aug 13 18:37:55.471956 np0000007247 devstack@c-api.service[100174]: INFO cinder.volume.api [None req-eb217fe0-bc40-4c21-a99e-2413211742e2 tempest-AttachSCSIVolumeTestJSON-879004080 tempest-AttachSCSIVolumeTestJSON-879004080-project-member] Volume info retrieved successfully.
Aug 13 18:37:55.475808 np0000007247 devstack@c-api.service[100174]: INFO cinder.api.openstack.wsgi [None req-eb217fe0-bc40-4c21-a99e-2413211742e2 tempest-AttachSCSIVolumeTestJSON-879004080 tempest-AttachSCSIVolumeTestJSON-879004080-project-member] https://10.4.3.219/volume/v3/volumes/942061fc-8ce5-4a0c-8da8-03f7064907a5 returned with HTTP 200
Aug 13 18:37:55.476215 np0000007247 devstack@c-api.service[100174]: [pid: 100174|app: 0|req: 79/304] 10.4.3.219 () {66 vars in 1348 bytes} [Thu Aug 13 18:37:55 2026] GET /volume/v3/volumes/942061fc-8ce5-4a0c-8da8-03f7064907a5 => generated 847 bytes in 21 msecs (HTTP/1.1 200) 7 headers in 285 bytes (1 switches on core 0)
Aug 13 18:37:55.477437 np0000007247 devstack@c-api.service[100174]: DEBUG cinder.api.middleware.request_id [req-4844ad12-44b4-4a45-aa9c-504368f486a0 req-1ec25318-9f9b-4517-b812-e2d57b8068a2 None None] RequestId filter calling following filter/app {{(pid=100174) _context_setter /opt/stack/cinder/cinder/api/middleware/request_id.py:62}}
Aug 13 18:37:55.479557 np0000007247 devstack@c-api.service[100174]: INFO cinder.api.openstack.wsgi [req-4844ad12-44b4-4a45-aa9c-504368f486a0 req-1ec25318-9f9b-4517-b812-e2d57b8068a2 tempest-AttachSCSIVolumeTestJSON-879004080 tempest-AttachSCSIVolumeTestJSON-879004080-project-member] GET https://10.4.3.219/volume/v3/volumes/942061fc-8ce5-4a0c-8da8-03f7064907a5
Aug 13 18:37:55.479640 np0000007247 devstack@c-api.service[100175]: /opt/stack/data/venv/lib/python3.12/site-packages/oslo_context/context.py:102: DeprecationWarning: Policy enforcement is depending on the value of is_admin. This key is deprecated. Please update your policy file to use the standard policy values.
Aug 13 18:37:55.479640 np0000007247 devstack@c-api.service[100175]: warnings.warn(
Aug 13 18:37:55.479773 np0000007247 devstack@c-api.service[100174]: DEBUG cinder.api.openstack.wsgi [req-4844ad12-44b4-4a45-aa9c-504368f486a0 req-1ec25318-9f9b-4517-b812-e2d57b8068a2 tempest-AttachSCSIVolumeTestJSON-879004080 tempest-AttachSCSIVolumeTestJSON-879004080-project-member] Empty body provided in request {{(pid=100174) get_body /opt/stack/cinder/cinder/api/openstack/wsgi.py:725}}
Aug 13 18:37:55.479943 np0000007247 devstack@c-api.service[100174]: DEBUG cinder.api.openstack.wsgi [req-4844ad12-44b4-4a45-aa9c-504368f486a0 req-1ec25318-9f9b-4517-b812-e2d57b8068a2 tempest-AttachSCSIVolumeTestJSON-879004080 tempest-AttachSCSIVolumeTestJSON-879004080-project-member] Calling method 'show' {{(pid=100174) _process_stack /opt/stack/cinder/cinder/api/openstack/wsgi.py:878}}
Aug 13 18:37:55.480049 np0000007247 devstack@c-api.service[100175]: INFO cinder.volume.api [None req-69f92f40-ad36-40be-b7e0-c3cb1e63f4ea tempest-VolumesBackupsAdminTest-1522486675 tempest-VolumesBackupsAdminTest-1522486675-project-member] Volume info retrieved successfully.
Aug 13 18:37:55.488907 np0000007247 devstack@c-api.service[100174]: /opt/stack/data/venv/lib/python3.12/site-packages/oslo_context/context.py:102: DeprecationWarning: Policy enforcement is depending on the value of is_admin. This key is deprecated. Please update your policy file to use the standard policy values.
Aug 13 18:37:55.488907 np0000007247 devstack@c-api.service[100174]: warnings.warn(
Aug 13 18:37:55.491790 np0000007247 devstack@c-api.service[100172]: WARNING cinder.volume.api [req-5398db57-e334-4cf5-bffc-b24fbef9853a req-238b8c68-ab18-456d-8060-4f4a8cfe86b2 tempest-TestMultiAttachVolumeSwap-8578249 tempest-TestMultiAttachVolumeSwap-8578249-project-member] Using volume_admin_metadata to set Read Only mode is deprecated! Please use the mode argument in attachment-create.
Aug 13 18:37:55.492165 np0000007247 devstack@c-api.service[100174]: INFO cinder.volume.api [req-4844ad12-44b4-4a45-aa9c-504368f486a0 req-1ec25318-9f9b-4517-b812-e2d57b8068a2 tempest-AttachSCSIVolumeTestJSON-879004080 tempest-AttachSCSIVolumeTestJSON-879004080-project-member] Volume info retrieved successfully.
Aug 13 18:37:55.495155 np0000007247 devstack@c-api.service[100173]: /opt/stack/data/venv/lib/python3.12/site-packages/oslo_context/context.py:102: DeprecationWarning: Policy enforcement is depending on the value of is_admin. This key is deprecated. Please update your policy file to use the standard policy values.
Aug 13 18:37:55.495155 np0000007247 devstack@c-api.service[100173]: warnings.warn(
Aug 13 18:37:55.495831 np0000007247 devstack@c-api.service[100174]: INFO cinder.api.openstack.wsgi [req-4844ad12-44b4-4a45-aa9c-504368f486a0 req-1ec25318-9f9b-4517-b812-e2d57b8068a2 tempest-AttachSCSIVolumeTestJSON-879004080 tempest-AttachSCSIVolumeTestJSON-879004080-project-member] https://10.4.3.219/volume/v3/volumes/942061fc-8ce5-4a0c-8da8-03f7064907a5 returned with HTTP 200
Aug 13 18:37:55.496105 np0000007247 devstack@c-api.service[100172]: INFO cinder.api.openstack.wsgi [req-5398db57-e334-4cf5-bffc-b24fbef9853a req-238b8c68-ab18-456d-8060-4f4a8cfe86b2 tempest-TestMultiAttachVolumeSwap-8578249 tempest-TestMultiAttachVolumeSwap-8578249-project-member] https://10.4.3.219/volume/v3/attachments returned with HTTP 200
Aug 13 18:37:55.496253 np0000007247 devstack@c-api.service[100174]: [pid: 100174|app: 0|req: 80/305] 10.4.3.219 () {70 vars in 1639 bytes} [Thu Aug 13 18:37:55 2026] GET /volume/v3/volumes/942061fc-8ce5-4a0c-8da8-03f7064907a5 => generated 1027 bytes in 19 msecs (HTTP/1.1 200) 7 headers in 287 bytes (1 switches on core 0)
Aug 13 18:37:55.496564 np0000007247 devstack@c-api.service[100172]: [pid: 100172|app: 0|req: 80/306] 10.4.3.219 () {74 vars in 1594 bytes} [Thu Aug 13 18:37:55 2026] POST /volume/v3/attachments => generated 271 bytes in 41 msecs (HTTP/1.1 200) 7 headers in 286 bytes (1 switches on core 0)
Aug 13 18:37:55.509507 np0000007247 devstack@c-api.service[100175]: DEBUG cinder.quota [None req-69f92f40-ad36-40be-b7e0-c3cb1e63f4ea tempest-VolumesBackupsAdminTest-1522486675 tempest-VolumesBackupsAdminTest-1522486675-project-member] Created reservations ['8bf18fad-7bb4-43da-812c-d03358a85c8c', '6bc6a20f-ae0b-4375-a921-b1c28085b8df'] {{(pid=100175) reserve /opt/stack/cinder/cinder/quota.py:752}}
Aug 13 18:37:55.525540 np0000007247 devstack@c-api.service[100173]: INFO cinder.api.openstack.wsgi [req-ba905183-3a10-4ce4-87e2-f062dd476f6f req-f3e98311-7b31-4b0e-9952-4a75266dd5d1 tempest-VolumesAssistedSnapshotsTest-2094425706 tempest-VolumesAssistedSnapshotsTest-2094425706-project-admin] https://10.4.3.219/volume/v3/attachments returned with HTTP 200
Aug 13 18:37:55.526023 np0000007247 devstack@c-api.service[100173]: [pid: 100173|app: 0|req: 72/307] 10.4.3.219 () {74 vars in 1594 bytes} [Thu Aug 13 18:37:55 2026] POST /volume/v3/attachments => generated 273 bytes in 256 msecs (HTTP/1.1 200) 7 headers in 286 bytes (1 switches on core 0)
Aug 13 18:37:55.527248 np0000007247 devstack@c-api.service[100174]: DEBUG cinder.api.middleware.request_id [None req-78fa724e-1d2a-4c05-a47b-7a8ea57afc0a None None] RequestId filter calling following filter/app {{(pid=100174) _context_setter /opt/stack/cinder/cinder/api/middleware/request_id.py:62}}
Aug 13 18:37:55.529224 np0000007247 devstack@c-api.service[100174]: INFO cinder.api.openstack.wsgi [None req-78fa724e-1d2a-4c05-a47b-7a8ea57afc0a tempest-TestMultiAttachVolumeSwap-8578249 tempest-TestMultiAttachVolumeSwap-8578249-project-member] GET https://10.4.3.219/volume/v3/volumes/5182809c-82cf-46e2-b3ca-40ebc5de8171
Aug 13 18:37:55.529418 np0000007247 devstack@c-api.service[100174]: DEBUG cinder.api.openstack.wsgi [None req-78fa724e-1d2a-4c05-a47b-7a8ea57afc0a tempest-TestMultiAttachVolumeSwap-8578249 tempest-TestMultiAttachVolumeSwap-8578249-project-member] Empty body provided in request {{(pid=100174) get_body /opt/stack/cinder/cinder/api/openstack/wsgi.py:725}}
Aug 13 18:37:55.529694 np0000007247 devstack@c-api.service[100174]: DEBUG cinder.api.openstack.wsgi [None req-78fa724e-1d2a-4c05-a47b-7a8ea57afc0a tempest-TestMultiAttachVolumeSwap-8578249 tempest-TestMultiAttachVolumeSwap-8578249-project-member] Calling method 'show' {{(pid=100174) _process_stack /opt/stack/cinder/cinder/api/openstack/wsgi.py:878}}
Aug 13 18:37:55.537918 np0000007247 devstack@c-api.service[100174]: /opt/stack/data/venv/lib/python3.12/site-packages/oslo_context/context.py:102: DeprecationWarning: Policy enforcement is depending on the value of is_admin. This key is deprecated. Please update your policy file to use the standard policy values.
Aug 13 18:37:55.537918 np0000007247 devstack@c-api.service[100174]: warnings.warn(
Aug 13 18:37:55.541453 np0000007247 devstack@c-api.service[100174]: INFO cinder.volume.api [None req-78fa724e-1d2a-4c05-a47b-7a8ea57afc0a tempest-TestMultiAttachVolumeSwap-8578249 tempest-TestMultiAttachVolumeSwap-8578249-project-member] Volume info retrieved successfully.
Aug 13 18:37:55.545447 np0000007247 devstack@c-api.service[100174]: INFO cinder.api.openstack.wsgi [None req-78fa724e-1d2a-4c05-a47b-7a8ea57afc0a tempest-TestMultiAttachVolumeSwap-8578249 tempest-TestMultiAttachVolumeSwap-8578249-project-member] https://10.4.3.219/volume/v3/volumes/5182809c-82cf-46e2-b3ca-40ebc5de8171 returned with HTTP 200
Aug 13 18:37:55.545849 np0000007247 devstack@c-api.service[100174]: [pid: 100174|app: 0|req: 81/308] 10.4.3.219 () {66 vars in 1348 bytes} [Thu Aug 13 18:37:55 2026] GET /volume/v3/volumes/5182809c-82cf-46e2-b3ca-40ebc5de8171 => generated 867 bytes in 19 msecs (HTTP/1.1 200) 7 headers in 285 bytes (1 switches on core 0)
Aug 13 18:37:55.551639 np0000007247 devstack@c-api.service[100175]: INFO cinder.api.openstack.wsgi [None req-69f92f40-ad36-40be-b7e0-c3cb1e63f4ea tempest-VolumesBackupsAdminTest-1522486675 tempest-VolumesBackupsAdminTest-1522486675-project-member] https://10.4.3.219/volume/v3/backups returned with HTTP 202
Aug 13 18:37:55.552825 np0000007247 devstack@c-api.service[100175]: [pid: 100175|app: 0|req: 76/309] 10.4.3.219 () {68 vars in 1259 bytes} [Thu Aug 13 18:37:55 2026] POST /volume/v3/backups => generated 335 bytes in 85 msecs (HTTP/1.1 202) 7 headers in 291 bytes (1 switches on core 0)
Aug 13 18:37:55.560415 np0000007247 devstack@c-api.service[100172]: DEBUG cinder.api.middleware.request_id [None req-248b8361-686b-4038-84b4-e1f13cadc2ce None None] RequestId filter calling following filter/app {{(pid=100172) _context_setter /opt/stack/cinder/cinder/api/middleware/request_id.py:62}}
Aug 13 18:37:55.561996 np0000007247 devstack@c-api.service[100172]: INFO cinder.api.openstack.wsgi [None req-248b8361-686b-4038-84b4-e1f13cadc2ce tempest-VolumesBackupsAdminTest-1522486675 tempest-VolumesBackupsAdminTest-1522486675-project-member] GET https://10.4.3.219/volume/v3/backups/0ea11686-aefc-430e-a9b4-dd6feddb4b14
Aug 13 18:37:55.562182 np0000007247 devstack@c-api.service[100172]: DEBUG cinder.api.openstack.wsgi [None req-248b8361-686b-4038-84b4-e1f13cadc2ce tempest-VolumesBackupsAdminTest-1522486675 tempest-VolumesBackupsAdminTest-1522486675-project-member] Empty body provided in request {{(pid=100172) get_body /opt/stack/cinder/cinder/api/openstack/wsgi.py:725}}
Aug 13 18:37:55.562354 np0000007247 devstack@c-api.service[100172]: DEBUG cinder.api.openstack.wsgi [None req-248b8361-686b-4038-84b4-e1f13cadc2ce tempest-VolumesBackupsAdminTest-1522486675 tempest-VolumesBackupsAdminTest-1522486675-project-member] Calling method 'show' {{(pid=100172) _process_stack /opt/stack/cinder/cinder/api/openstack/wsgi.py:878}}
Aug 13 18:37:55.562460 np0000007247 devstack@c-api.service[100172]: DEBUG cinder.api.v3.backups [None req-248b8361-686b-4038-84b4-e1f13cadc2ce tempest-VolumesBackupsAdminTest-1522486675 tempest-VolumesBackupsAdminTest-1522486675-project-member] Show backup with id 0ea11686-aefc-430e-a9b4-dd6feddb4b14. {{(pid=100172) show /opt/stack/cinder/cinder/api/v3/backups.py:75}}
Aug 13 18:37:55.563651 np0000007247 devstack@c-api.service[100173]: DEBUG cinder.api.middleware.request_id [None req-e2b55a0a-2294-46b0-9d6b-cd3cade66fce None None] RequestId filter calling following filter/app {{(pid=100173) _context_setter /opt/stack/cinder/cinder/api/middleware/request_id.py:62}}
Aug 13 18:37:55.565303 np0000007247 devstack@c-api.service[100174]: DEBUG cinder.api.middleware.request_id [None req-fdf45519-3da2-407c-8422-70345b165572 None None] RequestId filter calling following filter/app {{(pid=100174) _context_setter /opt/stack/cinder/cinder/api/middleware/request_id.py:62}}
Aug 13 18:37:55.565706 np0000007247 devstack@c-api.service[100174]: INFO cinder.api.openstack.wsgi [None req-fdf45519-3da2-407c-8422-70345b165572 None None] GET https://10.4.3.219/volume//
Aug 13 18:37:55.565868 np0000007247 devstack@c-api.service[100174]: DEBUG cinder.api.openstack.wsgi [None req-fdf45519-3da2-407c-8422-70345b165572 None None] Empty body provided in request {{(pid=100174) get_body /opt/stack/cinder/cinder/api/openstack/wsgi.py:725}}
Aug 13 18:37:55.565931 np0000007247 devstack@c-api.service[100173]: INFO cinder.api.openstack.wsgi [None req-e2b55a0a-2294-46b0-9d6b-cd3cade66fce tempest-VolumesAssistedSnapshotsTest-2094425706 tempest-VolumesAssistedSnapshotsTest-2094425706-project-admin] GET https://10.4.3.219/volume/v3/volumes/de58a24e-3d50-4061-a15e-de79e0c1b35c
Aug 13 18:37:55.566068 np0000007247 devstack@c-api.service[100174]: DEBUG cinder.api.openstack.wsgi [None req-fdf45519-3da2-407c-8422-70345b165572 None None] Calling method 'all' {{(pid=100174) _process_stack /opt/stack/cinder/cinder/api/openstack/wsgi.py:878}}
Aug 13 18:37:55.566117 np0000007247 devstack@c-api.service[100173]: DEBUG cinder.api.openstack.wsgi [None req-e2b55a0a-2294-46b0-9d6b-cd3cade66fce tempest-VolumesAssistedSnapshotsTest-2094425706 tempest-VolumesAssistedSnapshotsTest-2094425706-project-admin] Empty body provided in request {{(pid=100173) get_body /opt/stack/cinder/cinder/api/openstack/wsgi.py:725}}
Aug 13 18:37:55.566261 np0000007247 devstack@c-api.service[100173]: DEBUG cinder.api.openstack.wsgi [None req-e2b55a0a-2294-46b0-9d6b-cd3cade66fce tempest-VolumesAssistedSnapshotsTest-2094425706 tempest-VolumesAssistedSnapshotsTest-2094425706-project-admin] Calling method 'show' {{(pid=100173) _process_stack /opt/stack/cinder/cinder/api/openstack/wsgi.py:878}}
Aug 13 18:37:55.566825 np0000007247 devstack@c-api.service[100174]: INFO cinder.api.openstack.wsgi [None req-fdf45519-3da2-407c-8422-70345b165572 None None] https://10.4.3.219/volume// returned with HTTP 300
Aug 13 18:37:55.566825 np0000007247 devstack@c-api.service[100174]: [pid: 100174|app: 0|req: 82/310] 10.4.3.219 () {66 vars in 1426 bytes} [Thu Aug 13 18:37:55 2026] GET /volume/ => generated 386 bytes in 2 msecs (HTTP/1.1 300) 7 headers in 299 bytes (1 switches on core 0)
Aug 13 18:37:55.576298 np0000007247 devstack@c-api.service[100173]: /opt/stack/data/venv/lib/python3.12/site-packages/oslo_context/context.py:102: DeprecationWarning: Policy enforcement is depending on the value of is_admin. This key is deprecated. Please update your policy file to use the standard policy values.
Aug 13 18:37:55.576298 np0000007247 devstack@c-api.service[100173]: warnings.warn(
Aug 13 18:37:55.579847 np0000007247 devstack@c-api.service[100173]: INFO cinder.volume.api [None req-e2b55a0a-2294-46b0-9d6b-cd3cade66fce tempest-VolumesAssistedSnapshotsTest-2094425706 tempest-VolumesAssistedSnapshotsTest-2094425706-project-admin] Volume info retrieved successfully.
Aug 13 18:37:55.580717 np0000007247 devstack@c-api.service[100175]: DEBUG cinder.api.middleware.request_id [req-5398db57-e334-4cf5-bffc-b24fbef9853a req-3eb18b20-ecde-40e1-960a-d2c743158c2e None None] RequestId filter calling following filter/app {{(pid=100175) _context_setter /opt/stack/cinder/cinder/api/middleware/request_id.py:62}}
Aug 13 18:37:55.581967 np0000007247 devstack@c-api.service[100172]: /opt/stack/data/venv/lib/python3.12/site-packages/oslo_context/context.py:102: DeprecationWarning: Policy enforcement is depending on the value of is_admin. This key is deprecated. Please update your policy file to use the standard policy values.
Aug 13 18:37:55.581967 np0000007247 devstack@c-api.service[100172]: warnings.warn(
Aug 13 18:37:55.583150 np0000007247 devstack@c-api.service[100172]: INFO cinder.api.openstack.wsgi [None req-248b8361-686b-4038-84b4-e1f13cadc2ce tempest-VolumesBackupsAdminTest-1522486675 tempest-VolumesBackupsAdminTest-1522486675-project-member] https://10.4.3.219/volume/v3/backups/0ea11686-aefc-430e-a9b4-dd6feddb4b14 returned with HTTP 200
Aug 13 18:37:55.583529 np0000007247 devstack@c-api.service[100175]: INFO cinder.api.openstack.wsgi [req-5398db57-e334-4cf5-bffc-b24fbef9853a req-3eb18b20-ecde-40e1-960a-d2c743158c2e tempest-TestMultiAttachVolumeSwap-8578249 tempest-TestMultiAttachVolumeSwap-8578249-project-member] GET https://10.4.3.219/volume/v3/volumes/5182809c-82cf-46e2-b3ca-40ebc5de8171
Aug 13 18:37:55.583630 np0000007247 devstack@c-api.service[100172]: [pid: 100172|app: 0|req: 81/311] 10.4.3.219 () {66 vars in 1348 bytes} [Thu Aug 13 18:37:55 2026] GET /volume/v3/backups/0ea11686-aefc-430e-a9b4-dd6feddb4b14 => generated 797 bytes in 23 msecs (HTTP/1.1 200) 7 headers in 285 bytes (1 switches on core 0)
Aug 13 18:37:55.583753 np0000007247 devstack@c-api.service[100175]: DEBUG cinder.api.openstack.wsgi [req-5398db57-e334-4cf5-bffc-b24fbef9853a req-3eb18b20-ecde-40e1-960a-d2c743158c2e tempest-TestMultiAttachVolumeSwap-8578249 tempest-TestMultiAttachVolumeSwap-8578249-project-member] Empty body provided in request {{(pid=100175) get_body /opt/stack/cinder/cinder/api/openstack/wsgi.py:725}}
Aug 13 18:37:55.584054 np0000007247 devstack@c-api.service[100175]: DEBUG cinder.api.openstack.wsgi [req-5398db57-e334-4cf5-bffc-b24fbef9853a req-3eb18b20-ecde-40e1-960a-d2c743158c2e tempest-TestMultiAttachVolumeSwap-8578249 tempest-TestMultiAttachVolumeSwap-8578249-project-member] Calling method 'show' {{(pid=100175) _process_stack /opt/stack/cinder/cinder/api/openstack/wsgi.py:878}}
Aug 13 18:37:55.586488 np0000007247 devstack@c-api.service[100174]: DEBUG cinder.api.middleware.request_id [req-4844ad12-44b4-4a45-aa9c-504368f486a0 req-ea49e95a-4f24-46df-a555-6b115c5cd5cd None None] RequestId filter calling following filter/app {{(pid=100174) _context_setter /opt/stack/cinder/cinder/api/middleware/request_id.py:62}}
Aug 13 18:37:55.586596 np0000007247 devstack@c-api.service[100172]: DEBUG cinder.api.middleware.request_id [None req-e04e347e-3699-454f-947a-b1038d99d394 None None] RequestId filter calling following filter/app {{(pid=100172) _context_setter /opt/stack/cinder/cinder/api/middleware/request_id.py:62}}
Aug 13 18:37:55.586885 np0000007247 devstack@c-api.service[100172]: INFO cinder.api.openstack.wsgi [None req-e04e347e-3699-454f-947a-b1038d99d394 None None] GET https://10.4.3.219/volume//
Aug 13 18:37:55.587076 np0000007247 devstack@c-api.service[100172]: DEBUG cinder.api.openstack.wsgi [None req-e04e347e-3699-454f-947a-b1038d99d394 None None] Empty body provided in request {{(pid=100172) get_body /opt/stack/cinder/cinder/api/openstack/wsgi.py:725}}
Aug 13 18:37:55.587257 np0000007247 devstack@c-api.service[100172]: DEBUG cinder.api.openstack.wsgi [None req-e04e347e-3699-454f-947a-b1038d99d394 None None] Calling method 'all' {{(pid=100172) _process_stack /opt/stack/cinder/cinder/api/openstack/wsgi.py:878}}
Aug 13 18:37:55.587706 np0000007247 devstack@c-api.service[100172]: INFO cinder.api.openstack.wsgi [None req-e04e347e-3699-454f-947a-b1038d99d394 None None] https://10.4.3.219/volume// returned with HTTP 300
Aug 13 18:37:55.588051 np0000007247 devstack@c-api.service[100172]: [pid: 100172|app: 0|req: 82/312] 10.4.3.219 () {66 vars in 1426 bytes} [Thu Aug 13 18:37:55 2026] GET /volume/ => generated 386 bytes in 2 msecs (HTTP/1.1 300) 7 headers in 299 bytes (2 switches on core 0)
Aug 13 18:37:55.588726 np0000007247 devstack@c-api.service[100174]: INFO cinder.api.openstack.wsgi [req-4844ad12-44b4-4a45-aa9c-504368f486a0 req-ea49e95a-4f24-46df-a555-6b115c5cd5cd tempest-AttachSCSIVolumeTestJSON-879004080 tempest-AttachSCSIVolumeTestJSON-879004080-project-member] PUT https://10.4.3.219/volume/v3/attachments/f5ba3bd2-afd7-4d24-b414-00b9ba18be31
Aug 13 18:37:55.588901 np0000007247 devstack@c-api.service[100173]: INFO cinder.api.openstack.wsgi [None req-e2b55a0a-2294-46b0-9d6b-cd3cade66fce tempest-VolumesAssistedSnapshotsTest-2094425706 tempest-VolumesAssistedSnapshotsTest-2094425706-project-admin] https://10.4.3.219/volume/v3/volumes/de58a24e-3d50-4061-a15e-de79e0c1b35c returned with HTTP 200
Aug 13 18:37:55.589122 np0000007247 devstack@c-api.service[100174]: DEBUG cinder.api.openstack.wsgi [req-4844ad12-44b4-4a45-aa9c-504368f486a0 req-ea49e95a-4f24-46df-a555-6b115c5cd5cd tempest-AttachSCSIVolumeTestJSON-879004080 tempest-AttachSCSIVolumeTestJSON-879004080-project-member] Action: 'update', calling method: version_select, body: {"attachment": {"connector": {"platform": "x86_64", "os_type": "linux", "ip": "10.4.3.219", "host": "np0000007247", "multipath": true, "enforce_multipath": true, "initiator": "iqn.2016-04.com.open-iscsi:1a717d5734b9", "do_local_attach": false, "uuid": "8515de1c-ba7e-467b-adde-6d9f8a8dbc1f", "system uuid": "41cd231f-8646-4d30-937a-36a61ecb69bd", "nvme_native_multipath": false, "mountpoint": "/dev/sdc"}}} {{(pid=100174) _process_stack /opt/stack/cinder/cinder/api/openstack/wsgi.py:876}}
Aug 13 18:37:55.589465 np0000007247 devstack@c-api.service[100173]: [pid: 100173|app: 0|req: 73/313] 10.4.3.219 () {66 vars in 1348 bytes} [Thu Aug 13 18:37:55 2026] GET /volume/v3/volumes/de58a24e-3d50-4061-a15e-de79e0c1b35c => generated 1014 bytes in 26 msecs (HTTP/1.1 200) 7 headers in 286 bytes (1 switches on core 0)
Aug 13 18:37:55.594660 np0000007247 devstack@c-api.service[100175]: /opt/stack/data/venv/lib/python3.12/site-packages/oslo_context/context.py:102: DeprecationWarning: Policy enforcement is depending on the value of is_admin. This key is deprecated. Please update your policy file to use the standard policy values.
Aug 13 18:37:55.594660 np0000007247 devstack@c-api.service[100175]: warnings.warn(
Aug 13 18:37:55.598958 np0000007247 devstack@c-api.service[100175]: INFO cinder.volume.api [req-5398db57-e334-4cf5-bffc-b24fbef9853a req-3eb18b20-ecde-40e1-960a-d2c743158c2e tempest-TestMultiAttachVolumeSwap-8578249 tempest-TestMultiAttachVolumeSwap-8578249-project-member] Volume info retrieved successfully.
Aug 13 18:37:55.601433 np0000007247 devstack@c-api.service[100172]: DEBUG cinder.api.middleware.request_id [req-ba905183-3a10-4ce4-87e2-f062dd476f6f req-2efa97f7-85d0-4e11-a3c0-01141524881a None None] RequestId filter calling following filter/app {{(pid=100172) _context_setter /opt/stack/cinder/cinder/api/middleware/request_id.py:62}}
Aug 13 18:37:55.602327 np0000007247 devstack@c-api.service[100174]: DEBUG cinder.coordination [req-4844ad12-44b4-4a45-aa9c-504368f486a0 req-ea49e95a-4f24-46df-a555-6b115c5cd5cd tempest-AttachSCSIVolumeTestJSON-879004080 tempest-AttachSCSIVolumeTestJSON-879004080-project-member] Acquiring lock "cinder-attachment_update-942061fc-8ce5-4a0c-8da8-03f7064907a5-np0000007247" by "attachment_update" {{(pid=100174) __acquire /opt/stack/cinder/cinder/coordination.py:138}}
Aug 13 18:37:55.603578 np0000007247 devstack@c-api.service[100172]: INFO cinder.api.openstack.wsgi [req-ba905183-3a10-4ce4-87e2-f062dd476f6f req-2efa97f7-85d0-4e11-a3c0-01141524881a tempest-VolumesAssistedSnapshotsTest-2094425706 tempest-VolumesAssistedSnapshotsTest-2094425706-project-admin] GET https://10.4.3.219/volume/v3/volumes/de58a24e-3d50-4061-a15e-de79e0c1b35c
Aug 13 18:37:55.603964 np0000007247 devstack@c-api.service[100172]: DEBUG cinder.api.openstack.wsgi [req-ba905183-3a10-4ce4-87e2-f062dd476f6f req-2efa97f7-85d0-4e11-a3c0-01141524881a tempest-VolumesAssistedSnapshotsTest-2094425706 tempest-VolumesAssistedSnapshotsTest-2094425706-project-admin] Empty body provided in request {{(pid=100172) get_body /opt/stack/cinder/cinder/api/openstack/wsgi.py:725}}
Aug 13 18:37:55.604016 np0000007247 devstack@c-api.service[100175]: INFO cinder.api.openstack.wsgi [req-5398db57-e334-4cf5-bffc-b24fbef9853a req-3eb18b20-ecde-40e1-960a-d2c743158c2e tempest-TestMultiAttachVolumeSwap-8578249 tempest-TestMultiAttachVolumeSwap-8578249-project-member] https://10.4.3.219/volume/v3/volumes/5182809c-82cf-46e2-b3ca-40ebc5de8171 returned with HTTP 200
Aug 13 18:37:55.604067 np0000007247 devstack@c-api.service[100172]: DEBUG cinder.api.openstack.wsgi [req-ba905183-3a10-4ce4-87e2-f062dd476f6f req-2efa97f7-85d0-4e11-a3c0-01141524881a tempest-VolumesAssistedSnapshotsTest-2094425706 tempest-VolumesAssistedSnapshotsTest-2094425706-project-admin] Calling method 'show' {{(pid=100172) _process_stack /opt/stack/cinder/cinder/api/openstack/wsgi.py:878}}
Aug 13 18:37:55.604428 np0000007247 devstack@c-api.service[100175]: [pid: 100175|app: 0|req: 77/314] 10.4.3.219 () {70 vars in 1639 bytes} [Thu Aug 13 18:37:55 2026] GET /volume/v3/volumes/5182809c-82cf-46e2-b3ca-40ebc5de8171 => generated 1047 bytes in 24 msecs (HTTP/1.1 200) 7 headers in 287 bytes (1 switches on core 0)
Aug 13 18:37:55.606381 np0000007247 devstack@c-api.service[100174]: DEBUG cinder.coordination [req-4844ad12-44b4-4a45-aa9c-504368f486a0 req-ea49e95a-4f24-46df-a555-6b115c5cd5cd tempest-AttachSCSIVolumeTestJSON-879004080 tempest-AttachSCSIVolumeTestJSON-879004080-project-member] Lock "cinder-attachment_update-942061fc-8ce5-4a0c-8da8-03f7064907a5-np0000007247" acquired by "attachment_update" :: waited 0.004s {{(pid=100174) __acquire /opt/stack/cinder/cinder/coordination.py:141}}
Aug 13 18:37:55.607308 np0000007247 devstack@c-api.service[100174]: /opt/stack/data/venv/lib/python3.12/site-packages/oslo_context/context.py:102: DeprecationWarning: Policy enforcement is depending on the value of is_admin. This key is deprecated. Please update your policy file to use the standard policy values.
Aug 13 18:37:55.607308 np0000007247 devstack@c-api.service[100174]: warnings.warn(
Aug 13 18:37:55.616582 np0000007247 devstack@c-api.service[100172]: /opt/stack/data/venv/lib/python3.12/site-packages/oslo_context/context.py:102: DeprecationWarning: Policy enforcement is depending on the value of is_admin. This key is deprecated. Please update your policy file to use the standard policy values.
Aug 13 18:37:55.616582 np0000007247 devstack@c-api.service[100172]: warnings.warn(
Aug 13 18:37:55.620362 np0000007247 devstack@c-api.service[100172]: INFO cinder.volume.api [req-ba905183-3a10-4ce4-87e2-f062dd476f6f req-2efa97f7-85d0-4e11-a3c0-01141524881a tempest-VolumesAssistedSnapshotsTest-2094425706 tempest-VolumesAssistedSnapshotsTest-2094425706-project-admin] Volume info retrieved successfully.
Aug 13 18:37:55.623828 np0000007247 devstack@c-api.service[100172]: INFO cinder.api.openstack.wsgi [req-ba905183-3a10-4ce4-87e2-f062dd476f6f req-2efa97f7-85d0-4e11-a3c0-01141524881a tempest-VolumesAssistedSnapshotsTest-2094425706 tempest-VolumesAssistedSnapshotsTest-2094425706-project-admin] https://10.4.3.219/volume/v3/volumes/de58a24e-3d50-4061-a15e-de79e0c1b35c returned with HTTP 200
Aug 13 18:37:55.624160 np0000007247 devstack@c-api.service[100172]: [pid: 100172|app: 0|req: 83/315] 10.4.3.219 () {70 vars in 1639 bytes} [Thu Aug 13 18:37:55 2026] GET /volume/v3/volumes/de58a24e-3d50-4061-a15e-de79e0c1b35c => generated 1237 bytes in 23 msecs (HTTP/1.1 200) 7 headers in 287 bytes (1 switches on core 0)
Aug 13 18:37:55.695171 np0000007247 devstack@c-api.service[100173]: DEBUG cinder.api.middleware.request_id [req-5398db57-e334-4cf5-bffc-b24fbef9853a req-150a39e5-d77d-49f9-8148-8139abddbde4 None None] RequestId filter calling following filter/app {{(pid=100173) _context_setter /opt/stack/cinder/cinder/api/middleware/request_id.py:62}}
Aug 13 18:37:55.697956 np0000007247 devstack@c-api.service[100173]: INFO cinder.api.openstack.wsgi [req-5398db57-e334-4cf5-bffc-b24fbef9853a req-150a39e5-d77d-49f9-8148-8139abddbde4 tempest-TestMultiAttachVolumeSwap-8578249 tempest-TestMultiAttachVolumeSwap-8578249-project-member] PUT https://10.4.3.219/volume/v3/attachments/0167fb9b-3c8c-4f00-8116-17f398d26538
Aug 13 18:37:55.698422 np0000007247 devstack@c-api.service[100173]: DEBUG cinder.api.openstack.wsgi [req-5398db57-e334-4cf5-bffc-b24fbef9853a req-150a39e5-d77d-49f9-8148-8139abddbde4 tempest-TestMultiAttachVolumeSwap-8578249 tempest-TestMultiAttachVolumeSwap-8578249-project-member] Action: 'update', calling method: version_select, body: {"attachment": {"connector": {"platform": "x86_64", "os_type": "linux", "ip": "10.4.3.219", "host": "np0000007247", "multipath": true, "enforce_multipath": true, "initiator": "iqn.2016-04.com.open-iscsi:1a717d5734b9", "do_local_attach": false, "uuid": "8515de1c-ba7e-467b-adde-6d9f8a8dbc1f", "system uuid": "41cd231f-8646-4d30-937a-36a61ecb69bd", "nvme_native_multipath": false, "mountpoint": "/dev/vdb"}}} {{(pid=100173) _process_stack /opt/stack/cinder/cinder/api/openstack/wsgi.py:876}}
Aug 13 18:37:55.709780 np0000007247 devstack@c-api.service[100174]: DEBUG cinder.coordination [req-4844ad12-44b4-4a45-aa9c-504368f486a0 req-ea49e95a-4f24-46df-a555-6b115c5cd5cd tempest-AttachSCSIVolumeTestJSON-879004080 tempest-AttachSCSIVolumeTestJSON-879004080-project-member] Lock "cinder-attachment_update-942061fc-8ce5-4a0c-8da8-03f7064907a5-np0000007247" released by "attachment_update" :: held 0.103s {{(pid=100174) __release /opt/stack/cinder/cinder/coordination.py:152}}
Aug 13 18:37:55.710141 np0000007247 devstack@c-api.service[100174]: INFO cinder.api.openstack.wsgi [req-4844ad12-44b4-4a45-aa9c-504368f486a0 req-ea49e95a-4f24-46df-a555-6b115c5cd5cd tempest-AttachSCSIVolumeTestJSON-879004080 tempest-AttachSCSIVolumeTestJSON-879004080-project-member] https://10.4.3.219/volume/v3/attachments/f5ba3bd2-afd7-4d24-b414-00b9ba18be31 returned with HTTP 200
Aug 13 18:37:55.710752 np0000007247 devstack@c-api.service[100174]: [pid: 100174|app: 0|req: 83/316] 10.4.3.219 () {74 vars in 1704 bytes} [Thu Aug 13 18:37:55 2026] PUT /volume/v3/attachments/f5ba3bd2-afd7-4d24-b414-00b9ba18be31 => generated 969 bytes in 125 msecs (HTTP/1.1 200) 7 headers in 286 bytes (1 switches on core 0)
Aug 13 18:37:55.711507 np0000007247 devstack@c-api.service[100173]: DEBUG cinder.coordination [req-5398db57-e334-4cf5-bffc-b24fbef9853a req-150a39e5-d77d-49f9-8148-8139abddbde4 tempest-TestMultiAttachVolumeSwap-8578249 tempest-TestMultiAttachVolumeSwap-8578249-project-member] Acquiring lock "cinder-attachment_update-5182809c-82cf-46e2-b3ca-40ebc5de8171-np0000007247" by "attachment_update" {{(pid=100173) __acquire /opt/stack/cinder/cinder/coordination.py:138}}
Aug 13 18:37:55.713152 np0000007247 devstack@c-api.service[100175]: DEBUG cinder.api.middleware.request_id [req-ba905183-3a10-4ce4-87e2-f062dd476f6f req-8dce9a5d-4929-4c73-aa3f-e8990bd5c3bc None None] RequestId filter calling following filter/app {{(pid=100175) _context_setter /opt/stack/cinder/cinder/api/middleware/request_id.py:62}}
Aug 13 18:37:55.715678 np0000007247 devstack@c-api.service[100175]: INFO cinder.api.openstack.wsgi [req-ba905183-3a10-4ce4-87e2-f062dd476f6f req-8dce9a5d-4929-4c73-aa3f-e8990bd5c3bc tempest-VolumesAssistedSnapshotsTest-2094425706 tempest-VolumesAssistedSnapshotsTest-2094425706-project-admin] PUT https://10.4.3.219/volume/v3/attachments/f08e8303-391c-4846-842d-875fddf3e444
Aug 13 18:37:55.716045 np0000007247 devstack@c-api.service[100175]: DEBUG cinder.api.openstack.wsgi [req-ba905183-3a10-4ce4-87e2-f062dd476f6f req-8dce9a5d-4929-4c73-aa3f-e8990bd5c3bc tempest-VolumesAssistedSnapshotsTest-2094425706 tempest-VolumesAssistedSnapshotsTest-2094425706-project-admin] Action: 'update', calling method: version_select, body: {"attachment": {"connector": {"platform": "x86_64", "os_type": "linux", "ip": "10.4.3.219", "host": "np0000007247", "multipath": true, "enforce_multipath": true, "initiator": "iqn.2016-04.com.open-iscsi:1a717d5734b9", "do_local_attach": false, "uuid": "8515de1c-ba7e-467b-adde-6d9f8a8dbc1f", "system uuid": "41cd231f-8646-4d30-937a-36a61ecb69bd", "nvme_native_multipath": false, "mountpoint": "/dev/vdb"}}} {{(pid=100175) _process_stack /opt/stack/cinder/cinder/api/openstack/wsgi.py:876}}
Aug 13 18:37:55.716644 np0000007247 devstack@c-api.service[100173]: DEBUG cinder.coordination [req-5398db57-e334-4cf5-bffc-b24fbef9853a req-150a39e5-d77d-49f9-8148-8139abddbde4 tempest-TestMultiAttachVolumeSwap-8578249 tempest-TestMultiAttachVolumeSwap-8578249-project-member] Lock "cinder-attachment_update-5182809c-82cf-46e2-b3ca-40ebc5de8171-np0000007247" acquired by "attachment_update" :: waited 0.005s {{(pid=100173) __acquire /opt/stack/cinder/cinder/coordination.py:141}}
Aug 13 18:37:55.718021 np0000007247 devstack@c-api.service[100173]: /opt/stack/data/venv/lib/python3.12/site-packages/oslo_context/context.py:102: DeprecationWarning: Policy enforcement is depending on the value of is_admin. This key is deprecated. Please update your policy file to use the standard policy values.
Aug 13 18:37:55.718021 np0000007247 devstack@c-api.service[100173]: warnings.warn(
Aug 13 18:37:55.723961 np0000007247 devstack@c-api.service[100175]: DEBUG cinder.coordination [req-ba905183-3a10-4ce4-87e2-f062dd476f6f req-8dce9a5d-4929-4c73-aa3f-e8990bd5c3bc tempest-VolumesAssistedSnapshotsTest-2094425706 tempest-VolumesAssistedSnapshotsTest-2094425706-project-admin] Acquiring lock "cinder-attachment_update-de58a24e-3d50-4061-a15e-de79e0c1b35c-np0000007247" by "attachment_update" {{(pid=100175) __acquire /opt/stack/cinder/cinder/coordination.py:138}}
Aug 13 18:37:55.729623 np0000007247 devstack@c-api.service[100175]: DEBUG cinder.coordination [req-ba905183-3a10-4ce4-87e2-f062dd476f6f req-8dce9a5d-4929-4c73-aa3f-e8990bd5c3bc tempest-VolumesAssistedSnapshotsTest-2094425706 tempest-VolumesAssistedSnapshotsTest-2094425706-project-admin] Lock "cinder-attachment_update-de58a24e-3d50-4061-a15e-de79e0c1b35c-np0000007247" acquired by "attachment_update" :: waited 0.006s {{(pid=100175) __acquire /opt/stack/cinder/cinder/coordination.py:141}}
Aug 13 18:37:55.730572 np0000007247 devstack@c-api.service[100175]: /opt/stack/data/venv/lib/python3.12/site-packages/oslo_context/context.py:102: DeprecationWarning: Policy enforcement is depending on the value of is_admin. This key is deprecated. Please update your policy file to use the standard policy values.
Aug 13 18:37:55.730572 np0000007247 devstack@c-api.service[100175]: warnings.warn(
Aug 13 18:37:55.832658 np0000007247 devstack@c-api.service[100175]: DEBUG cinder.coordination [req-ba905183-3a10-4ce4-87e2-f062dd476f6f req-8dce9a5d-4929-4c73-aa3f-e8990bd5c3bc tempest-VolumesAssistedSnapshotsTest-2094425706 tempest-VolumesAssistedSnapshotsTest-2094425706-project-admin] Lock "cinder-attachment_update-de58a24e-3d50-4061-a15e-de79e0c1b35c-np0000007247" released by "attachment_update" :: held 0.103s {{(pid=100175) __release /opt/stack/cinder/cinder/coordination.py:152}}
Aug 13 18:37:55.832942 np0000007247 devstack@c-api.service[100175]: INFO cinder.api.openstack.wsgi [req-ba905183-3a10-4ce4-87e2-f062dd476f6f req-8dce9a5d-4929-4c73-aa3f-e8990bd5c3bc tempest-VolumesAssistedSnapshotsTest-2094425706 tempest-VolumesAssistedSnapshotsTest-2094425706-project-admin] https://10.4.3.219/volume/v3/attachments/f08e8303-391c-4846-842d-875fddf3e444 returned with HTTP 200
Aug 13 18:37:55.833375 np0000007247 devstack@c-api.service[100175]: [pid: 100175|app: 0|req: 78/317] 10.4.3.219 () {74 vars in 1704 bytes} [Thu Aug 13 18:37:55 2026] PUT /volume/v3/attachments/f08e8303-391c-4846-842d-875fddf3e444 => generated 969 bytes in 121 msecs (HTTP/1.1 200) 7 headers in 286 bytes (1 switches on core 0)
Aug 13 18:37:55.835178 np0000007247 devstack@c-api.service[100173]: DEBUG cinder.coordination [req-5398db57-e334-4cf5-bffc-b24fbef9853a req-150a39e5-d77d-49f9-8148-8139abddbde4 tempest-TestMultiAttachVolumeSwap-8578249 tempest-TestMultiAttachVolumeSwap-8578249-project-member] Lock "cinder-attachment_update-5182809c-82cf-46e2-b3ca-40ebc5de8171-np0000007247" released by "attachment_update" :: held 0.118s {{(pid=100173) __release /opt/stack/cinder/cinder/coordination.py:152}}
Aug 13 18:37:55.835501 np0000007247 devstack@c-api.service[100173]: INFO cinder.api.openstack.wsgi [req-5398db57-e334-4cf5-bffc-b24fbef9853a req-150a39e5-d77d-49f9-8148-8139abddbde4 tempest-TestMultiAttachVolumeSwap-8578249 tempest-TestMultiAttachVolumeSwap-8578249-project-member] https://10.4.3.219/volume/v3/attachments/0167fb9b-3c8c-4f00-8116-17f398d26538 returned with HTTP 200
Aug 13 18:37:55.836210 np0000007247 devstack@c-api.service[100173]: [pid: 100173|app: 0|req: 74/318] 10.4.3.219 () {74 vars in 1704 bytes} [Thu Aug 13 18:37:55 2026] PUT /volume/v3/attachments/0167fb9b-3c8c-4f00-8116-17f398d26538 => generated 967 bytes in 141 msecs (HTTP/1.1 200) 7 headers in 286 bytes (1 switches on core 0)
Aug 13 18:37:56.139322 np0000007247 devstack@c-api.service[100172]: DEBUG cinder.api.middleware.request_id [None req-69a0fa9f-bf32-4d32-b101-43be673b8f6a None None] RequestId filter calling following filter/app {{(pid=100172) _context_setter /opt/stack/cinder/cinder/api/middleware/request_id.py:62}}
Aug 13 18:37:56.140930 np0000007247 devstack@c-api.service[100172]: INFO cinder.api.openstack.wsgi [None req-69a0fa9f-bf32-4d32-b101-43be673b8f6a tempest-DeleteServersTestJSON-2042433695 tempest-DeleteServersTestJSON-2042433695-project-member] GET https://10.4.3.219/volume/v3/volumes/557b3b5f-1728-42e0-8b3a-b3b150b6b389
Aug 13 18:37:56.141098 np0000007247 devstack@c-api.service[100172]: DEBUG cinder.api.openstack.wsgi [None req-69a0fa9f-bf32-4d32-b101-43be673b8f6a tempest-DeleteServersTestJSON-2042433695 tempest-DeleteServersTestJSON-2042433695-project-member] Empty body provided in request {{(pid=100172) get_body /opt/stack/cinder/cinder/api/openstack/wsgi.py:725}}
Aug 13 18:37:56.141271 np0000007247 devstack@c-api.service[100172]: DEBUG cinder.api.openstack.wsgi [None req-69a0fa9f-bf32-4d32-b101-43be673b8f6a tempest-DeleteServersTestJSON-2042433695 tempest-DeleteServersTestJSON-2042433695-project-member] Calling method 'show' {{(pid=100172) _process_stack /opt/stack/cinder/cinder/api/openstack/wsgi.py:878}}
Aug 13 18:37:56.146484 np0000007247 devstack@c-api.service[100172]: INFO cinder.api.openstack.wsgi [None req-69a0fa9f-bf32-4d32-b101-43be673b8f6a tempest-DeleteServersTestJSON-2042433695 tempest-DeleteServersTestJSON-2042433695-project-member] https://10.4.3.219/volume/v3/volumes/557b3b5f-1728-42e0-8b3a-b3b150b6b389 returned with HTTP 404
Aug 13 18:37:56.147098 np0000007247 devstack@c-api.service[100172]: [pid: 100172|app: 0|req: 84/319] 10.4.3.219 () {66 vars in 1348 bytes} [Thu Aug 13 18:37:56 2026] GET /volume/v3/volumes/557b3b5f-1728-42e0-8b3a-b3b150b6b389 => generated 109 bytes in 8 msecs (HTTP/1.1 404) 7 headers in 292 bytes (1 switches on core 0)
Aug 13 18:37:56.445342 np0000007247 devstack@c-api.service[100174]: DEBUG cinder.api.middleware.request_id [None req-36b173ed-3478-4899-a2cc-48c019d64ce4 None None] RequestId filter calling following filter/app {{(pid=100174) _context_setter /opt/stack/cinder/cinder/api/middleware/request_id.py:62}}
Aug 13 18:37:56.447709 np0000007247 devstack@c-api.service[100174]: INFO cinder.api.openstack.wsgi [None req-36b173ed-3478-4899-a2cc-48c019d64ce4 tempest-AttachVolumeMultiAttachTest-1721746873 tempest-AttachVolumeMultiAttachTest-1721746873-project-member] GET https://10.4.3.219/volume/v3/volumes/0022e805-2eda-41a8-9ffd-3159de690fbc
Aug 13 18:37:56.448065 np0000007247 devstack@c-api.service[100174]: DEBUG cinder.api.openstack.wsgi [None req-36b173ed-3478-4899-a2cc-48c019d64ce4 tempest-AttachVolumeMultiAttachTest-1721746873 tempest-AttachVolumeMultiAttachTest-1721746873-project-member] Empty body provided in request {{(pid=100174) get_body /opt/stack/cinder/cinder/api/openstack/wsgi.py:725}}
Aug 13 18:37:56.448419 np0000007247 devstack@c-api.service[100174]: DEBUG cinder.api.openstack.wsgi [None req-36b173ed-3478-4899-a2cc-48c019d64ce4 tempest-AttachVolumeMultiAttachTest-1721746873 tempest-AttachVolumeMultiAttachTest-1721746873-project-member] Calling method 'show' {{(pid=100174) _process_stack /opt/stack/cinder/cinder/api/openstack/wsgi.py:878}}
Aug 13 18:37:56.458828 np0000007247 devstack@c-api.service[100174]: /opt/stack/data/venv/lib/python3.12/site-packages/oslo_context/context.py:102: DeprecationWarning: Policy enforcement is depending on the value of is_admin. This key is deprecated. Please update your policy file to use the standard policy values.
Aug 13 18:37:56.458828 np0000007247 devstack@c-api.service[100174]: warnings.warn(
Aug 13 18:37:56.463183 np0000007247 devstack@c-api.service[100174]: INFO cinder.volume.api [None req-36b173ed-3478-4899-a2cc-48c019d64ce4 tempest-AttachVolumeMultiAttachTest-1721746873 tempest-AttachVolumeMultiAttachTest-1721746873-project-member] Volume info retrieved successfully.
Aug 13 18:37:56.468021 np0000007247 devstack@c-api.service[100174]: INFO cinder.api.openstack.wsgi [None req-36b173ed-3478-4899-a2cc-48c019d64ce4 tempest-AttachVolumeMultiAttachTest-1721746873 tempest-AttachVolumeMultiAttachTest-1721746873-project-member] https://10.4.3.219/volume/v3/volumes/0022e805-2eda-41a8-9ffd-3159de690fbc returned with HTTP 200
Aug 13 18:37:56.468444 np0000007247 devstack@c-api.service[100174]: [pid: 100174|app: 0|req: 84/320] 10.4.3.219 () {66 vars in 1348 bytes} [Thu Aug 13 18:37:56 2026] GET /volume/v3/volumes/0022e805-2eda-41a8-9ffd-3159de690fbc => generated 1144 bytes in 23 msecs (HTTP/1.1 200) 7 headers in 286 bytes (1 switches on core 0)
Aug 13 18:37:56.490168 np0000007247 devstack@c-api.service[100175]: DEBUG cinder.api.middleware.request_id [None req-0dfe4a60-5447-4963-a77d-ceaa6356644e None None] RequestId filter calling following filter/app {{(pid=100175) _context_setter /opt/stack/cinder/cinder/api/middleware/request_id.py:62}}
