Aug 13 18:34:32.778083 np0000007247 nova-conductor[98980]: DEBUG cotyledon.oslo_config_glue [-] workarounds.disable_group_policy_check_upcall = False {{(pid=98980) log_opt_values /opt/stack/data/venv/lib/python3.12/site-packages/oslo_config/cfg.py:3560}}
Aug 13 18:34:32.778457 np0000007247 nova-conductor[98980]: DEBUG cotyledon.oslo_config_glue [-] workarounds.disable_libvirt_livesnapshot = False {{(pid=98980) log_opt_values /opt/stack/data/venv/lib/python3.12/site-packages/oslo_config/cfg.py:3560}}
Aug 13 18:34:32.778457 np0000007247 nova-conductor[98980]: DEBUG cotyledon.oslo_config_glue [-] workarounds.disable_rootwrap = False {{(pid=98980) log_opt_values /opt/stack/data/venv/lib/python3.12/site-packages/oslo_config/cfg.py:3560}}
Aug 13 18:34:32.778457 np0000007247 nova-conductor[98980]: DEBUG cotyledon.oslo_config_glue [-] workarounds.enable_numa_live_migration = False {{(pid=98980) log_opt_values /opt/stack/data/venv/lib/python3.12/site-packages/oslo_config/cfg.py:3560}}
Aug 13 18:34:32.778457 np0000007247 nova-conductor[98980]: DEBUG cotyledon.oslo_config_glue [-] workarounds.enable_qemu_monitor_announce_self = False {{(pid=98980) log_opt_values /opt/stack/data/venv/lib/python3.12/site-packages/oslo_config/cfg.py:3560}}
Aug 13 18:34:32.778457 np0000007247 nova-conductor[98980]: DEBUG cotyledon.oslo_config_glue [-] workarounds.ensure_libvirt_rbd_instance_dir_cleanup = False {{(pid=98980) log_opt_values /opt/stack/data/venv/lib/python3.12/site-packages/oslo_config/cfg.py:3560}}
Aug 13 18:34:32.778457 np0000007247 nova-conductor[98980]: DEBUG cotyledon.oslo_config_glue [-] workarounds.handle_virt_lifecycle_events = True {{(pid=98980) log_opt_values /opt/stack/data/venv/lib/python3.12/site-packages/oslo_config/cfg.py:3560}}
Aug 13 18:34:32.778457 np0000007247 nova-conductor[98980]: DEBUG cotyledon.oslo_config_glue [-] workarounds.libvirt_disable_apic = False {{(pid=98980) log_opt_values /opt/stack/data/venv/lib/python3.12/site-packages/oslo_config/cfg.py:3560}}
Aug 13 18:34:32.778457 np0000007247 nova-conductor[98980]: DEBUG cotyledon.oslo_config_glue [-] workarounds.never_download_image_if_on_rbd = False {{(pid=98980) log_opt_values /opt/stack/data/venv/lib/python3.12/site-packages/oslo_config/cfg.py:3560}}
Aug 13 18:34:32.778457 np0000007247 nova-conductor[98980]: DEBUG cotyledon.oslo_config_glue [-] workarounds.qemu_monitor_announce_self_count = 3 {{(pid=98980) log_opt_values /opt/stack/data/venv/lib/python3.12/site-packages/oslo_config/cfg.py:3560}}
Aug 13 18:34:32.778797 np0000007247 nova-conductor[98980]: DEBUG cotyledon.oslo_config_glue [-] workarounds.qemu_monitor_announce_self_interval = 1 {{(pid=98980) log_opt_values /opt/stack/data/venv/lib/python3.12/site-packages/oslo_config/cfg.py:3560}}
Aug 13 18:34:32.778797 np0000007247 nova-conductor[98980]: DEBUG cotyledon.oslo_config_glue [-] workarounds.reserve_disk_resource_for_image_cache = False {{(pid=98980) log_opt_values /opt/stack/data/venv/lib/python3.12/site-packages/oslo_config/cfg.py:3560}}
Aug 13 18:34:32.778797 np0000007247 nova-conductor[98980]: DEBUG cotyledon.oslo_config_glue [-] workarounds.skip_cpu_compare_at_startup = False {{(pid=98980) log_opt_values /opt/stack/data/venv/lib/python3.12/site-packages/oslo_config/cfg.py:3560}}
Aug 13 18:34:32.778797 np0000007247 nova-conductor[98980]: DEBUG cotyledon.oslo_config_glue [-] workarounds.skip_cpu_compare_on_dest = False {{(pid=98980) log_opt_values /opt/stack/data/venv/lib/python3.12/site-packages/oslo_config/cfg.py:3560}}
Aug 13 18:34:32.778797 np0000007247 nova-conductor[98980]: DEBUG cotyledon.oslo_config_glue [-] workarounds.skip_hypervisor_version_check_on_lm = False {{(pid=98980) log_opt_values /opt/stack/data/venv/lib/python3.12/site-packages/oslo_config/cfg.py:3560}}
Aug 13 18:34:32.778797 np0000007247 nova-conductor[98980]: DEBUG cotyledon.oslo_config_glue [-] workarounds.skip_reserve_in_use_ironic_nodes = False {{(pid=98980) log_opt_values /opt/stack/data/venv/lib/python3.12/site-packages/oslo_config/cfg.py:3560}}
Aug 13 18:34:32.778797 np0000007247 nova-conductor[98980]: DEBUG cotyledon.oslo_config_glue [-] workarounds.unified_limits_count_pcpu_as_vcpu = False {{(pid=98980) log_opt_values /opt/stack/data/venv/lib/python3.12/site-packages/oslo_config/cfg.py:3560}}
Aug 13 18:34:32.778797 np0000007247 nova-conductor[98980]: DEBUG cotyledon.oslo_config_glue [-] workarounds.wait_for_vif_plugged_event_during_hard_reboot = [] {{(pid=98980) log_opt_values /opt/stack/data/venv/lib/python3.12/site-packages/oslo_config/cfg.py:3560}}
Aug 13 18:34:32.779074 np0000007247 nova-conductor[98980]: DEBUG cotyledon.oslo_config_glue [-] wsgi.api_paste_config = /etc/nova/api-paste.ini {{(pid=98980) log_opt_values /opt/stack/data/venv/lib/python3.12/site-packages/oslo_config/cfg.py:3560}}
Aug 13 18:34:32.779074 np0000007247 nova-conductor[98980]: DEBUG cotyledon.oslo_config_glue [-] wsgi.secure_proxy_ssl_header = None {{(pid=98980) log_opt_values /opt/stack/data/venv/lib/python3.12/site-packages/oslo_config/cfg.py:3560}}
Aug 13 18:34:32.779074 np0000007247 nova-conductor[98980]: DEBUG cotyledon.oslo_config_glue [-] zvm.ca_file = None {{(pid=98980) log_opt_values /opt/stack/data/venv/lib/python3.12/site-packages/oslo_config/cfg.py:3560}}
Aug 13 18:34:32.779074 np0000007247 nova-conductor[98980]: DEBUG cotyledon.oslo_config_glue [-] zvm.cloud_connector_url = None {{(pid=98980) log_opt_values /opt/stack/data/venv/lib/python3.12/site-packages/oslo_config/cfg.py:3560}}
Aug 13 18:34:32.779074 np0000007247 nova-conductor[98980]: DEBUG cotyledon.oslo_config_glue [-] zvm.image_tmp_path = /opt/stack/data/nova/images {{(pid=98980) log_opt_values /opt/stack/data/venv/lib/python3.12/site-packages/oslo_config/cfg.py:3560}}
Aug 13 18:34:32.779074 np0000007247 nova-conductor[98980]: DEBUG cotyledon.oslo_config_glue [-] zvm.reachable_timeout = 300 {{(pid=98980) log_opt_values /opt/stack/data/venv/lib/python3.12/site-packages/oslo_config/cfg.py:3560}}
Aug 13 18:34:32.779074 np0000007247 nova-conductor[98980]: DEBUG cotyledon.oslo_config_glue [-] oslo_versionedobjects.fatal_exception_format_errors = False {{(pid=98980) log_opt_values /opt/stack/data/venv/lib/python3.12/site-packages/oslo_config/cfg.py:3560}}
Aug 13 18:34:32.779074 np0000007247 nova-conductor[98980]: DEBUG cotyledon.oslo_config_glue [-] oslo_middleware.http_basic_auth_user_file = /etc/htpasswd {{(pid=98980) log_opt_values /opt/stack/data/venv/lib/python3.12/site-packages/oslo_config/cfg.py:3560}}
Aug 13 18:34:32.779074 np0000007247 nova-conductor[98980]: DEBUG cotyledon.oslo_config_glue [-] profiler.connection_string = messaging:// {{(pid=98980) log_opt_values /opt/stack/data/venv/lib/python3.12/site-packages/oslo_config/cfg.py:3560}}
Aug 13 18:34:32.779372 np0000007247 nova-conductor[98980]: DEBUG cotyledon.oslo_config_glue [-] profiler.enabled = False {{(pid=98980) log_opt_values /opt/stack/data/venv/lib/python3.12/site-packages/oslo_config/cfg.py:3560}}
Aug 13 18:34:32.779372 np0000007247 nova-conductor[98980]: DEBUG cotyledon.oslo_config_glue [-] profiler.es_doc_type = notification {{(pid=98980) log_opt_values /opt/stack/data/venv/lib/python3.12/site-packages/oslo_config/cfg.py:3560}}
Aug 13 18:34:32.779372 np0000007247 nova-conductor[98980]: DEBUG cotyledon.oslo_config_glue [-] profiler.es_scroll_size = 10000 {{(pid=98980) log_opt_values /opt/stack/data/venv/lib/python3.12/site-packages/oslo_config/cfg.py:3560}}
Aug 13 18:34:32.779372 np0000007247 nova-conductor[98980]: DEBUG cotyledon.oslo_config_glue [-] profiler.es_scroll_time = 2m {{(pid=98980) log_opt_values /opt/stack/data/venv/lib/python3.12/site-packages/oslo_config/cfg.py:3560}}
Aug 13 18:34:32.779372 np0000007247 nova-conductor[98980]: DEBUG cotyledon.oslo_config_glue [-] profiler.filter_error_trace = False {{(pid=98980) log_opt_values /opt/stack/data/venv/lib/python3.12/site-packages/oslo_config/cfg.py:3560}}
Aug 13 18:34:32.779372 np0000007247 nova-conductor[98980]: DEBUG cotyledon.oslo_config_glue [-] profiler.hmac_keys = **** {{(pid=98980) log_opt_values /opt/stack/data/venv/lib/python3.12/site-packages/oslo_config/cfg.py:3560}}
Aug 13 18:34:32.779372 np0000007247 nova-conductor[98980]: DEBUG cotyledon.oslo_config_glue [-] profiler.sentinel_service_name = mymaster {{(pid=98980) log_opt_values /opt/stack/data/venv/lib/python3.12/site-packages/oslo_config/cfg.py:3560}}
Aug 13 18:34:32.779372 np0000007247 nova-conductor[98980]: DEBUG cotyledon.oslo_config_glue [-] profiler.socket_timeout = 0.1 {{(pid=98980) log_opt_values /opt/stack/data/venv/lib/python3.12/site-packages/oslo_config/cfg.py:3560}}
Aug 13 18:34:32.779372 np0000007247 nova-conductor[98980]: DEBUG cotyledon.oslo_config_glue [-] profiler.trace_requests = False {{(pid=98980) log_opt_values /opt/stack/data/venv/lib/python3.12/site-packages/oslo_config/cfg.py:3560}}
Aug 13 18:34:32.779688 np0000007247 nova-conductor[98980]: DEBUG cotyledon.oslo_config_glue [-] profiler.trace_sqlalchemy = False {{(pid=98980) log_opt_values /opt/stack/data/venv/lib/python3.12/site-packages/oslo_config/cfg.py:3560}}
Aug 13 18:34:32.779688 np0000007247 nova-conductor[98980]: DEBUG cotyledon.oslo_config_glue [-] profiler_jaeger.process_tags = {} {{(pid=98980) log_opt_values /opt/stack/data/venv/lib/python3.12/site-packages/oslo_config/cfg.py:3560}}
Aug 13 18:34:32.779688 np0000007247 nova-conductor[98980]: DEBUG cotyledon.oslo_config_glue [-] profiler_jaeger.service_name_prefix = None {{(pid=98980) log_opt_values /opt/stack/data/venv/lib/python3.12/site-packages/oslo_config/cfg.py:3560}}
Aug 13 18:34:32.779688 np0000007247 nova-conductor[98980]: DEBUG cotyledon.oslo_config_glue [-] profiler_otlp.service_name_prefix = None {{(pid=98980) log_opt_values /opt/stack/data/venv/lib/python3.12/site-packages/oslo_config/cfg.py:3560}}
Aug 13 18:34:32.779688 np0000007247 nova-conductor[98980]: DEBUG cotyledon.oslo_config_glue [-] oslo_messaging_rabbit.amqp_auto_delete = False {{(pid=98980) log_opt_values /opt/stack/data/venv/lib/python3.12/site-packages/oslo_config/cfg.py:3560}}
Aug 13 18:34:32.779688 np0000007247 nova-conductor[98980]: DEBUG cotyledon.oslo_config_glue [-] oslo_messaging_rabbit.amqp_durable_queues = False {{(pid=98980) log_opt_values /opt/stack/data/venv/lib/python3.12/site-packages/oslo_config/cfg.py:3560}}
Aug 13 18:34:32.779688 np0000007247 nova-conductor[98980]: DEBUG cotyledon.oslo_config_glue [-] oslo_messaging_rabbit.conn_pool_min_size = 2 {{(pid=98980) log_opt_values /opt/stack/data/venv/lib/python3.12/site-packages/oslo_config/cfg.py:3560}}
Aug 13 18:34:32.779688 np0000007247 nova-conductor[98980]: DEBUG cotyledon.oslo_config_glue [-] oslo_messaging_rabbit.conn_pool_ttl = 1200 {{(pid=98980) log_opt_values /opt/stack/data/venv/lib/python3.12/site-packages/oslo_config/cfg.py:3560}}
Aug 13 18:34:32.779688 np0000007247 nova-conductor[98980]: DEBUG cotyledon.oslo_config_glue [-] oslo_messaging_rabbit.direct_mandatory_flag = True {{(pid=98980) log_opt_values /opt/stack/data/venv/lib/python3.12/site-packages/oslo_config/cfg.py:3560}}
Aug 13 18:34:32.780004 np0000007247 nova-conductor[98980]: DEBUG cotyledon.oslo_config_glue [-] oslo_messaging_rabbit.enable_cancel_on_failover = False {{(pid=98980) log_opt_values /opt/stack/data/venv/lib/python3.12/site-packages/oslo_config/cfg.py:3560}}
Aug 13 18:34:32.780004 np0000007247 nova-conductor[98980]: DEBUG cotyledon.oslo_config_glue [-] oslo_messaging_rabbit.heartbeat_rate = 3 {{(pid=98980) log_opt_values /opt/stack/data/venv/lib/python3.12/site-packages/oslo_config/cfg.py:3560}}
Aug 13 18:34:32.780004 np0000007247 nova-conductor[98980]: DEBUG cotyledon.oslo_config_glue [-] oslo_messaging_rabbit.heartbeat_timeout_threshold = 60 {{(pid=98980) log_opt_values /opt/stack/data/venv/lib/python3.12/site-packages/oslo_config/cfg.py:3560}}
Aug 13 18:34:32.780004 np0000007247 nova-conductor[98980]: DEBUG cotyledon.oslo_config_glue [-] oslo_messaging_rabbit.hostname = np0000007247 {{(pid=98980) log_opt_values /opt/stack/data/venv/lib/python3.12/site-packages/oslo_config/cfg.py:3560}}
Aug 13 18:34:32.780004 np0000007247 nova-conductor[98980]: DEBUG cotyledon.oslo_config_glue [-] oslo_messaging_rabbit.kombu_compression = None {{(pid=98980) log_opt_values /opt/stack/data/venv/lib/python3.12/site-packages/oslo_config/cfg.py:3560}}
Aug 13 18:34:32.780004 np0000007247 nova-conductor[98980]: DEBUG cotyledon.oslo_config_glue [-] oslo_messaging_rabbit.kombu_failover_strategy = round-robin {{(pid=98980) log_opt_values /opt/stack/data/venv/lib/python3.12/site-packages/oslo_config/cfg.py:3560}}
Aug 13 18:34:32.780004 np0000007247 nova-conductor[98980]: DEBUG cotyledon.oslo_config_glue [-] oslo_messaging_rabbit.kombu_missing_consumer_retry_timeout = 60 {{(pid=98980) log_opt_values /opt/stack/data/venv/lib/python3.12/site-packages/oslo_config/cfg.py:3560}}
Aug 13 18:34:32.780004 np0000007247 nova-conductor[98980]: DEBUG cotyledon.oslo_config_glue [-] oslo_messaging_rabbit.kombu_reconnect_delay = 1.0 {{(pid=98980) log_opt_values /opt/stack/data/venv/lib/python3.12/site-packages/oslo_config/cfg.py:3560}}
Aug 13 18:34:32.780004 np0000007247 nova-conductor[98980]: DEBUG cotyledon.oslo_config_glue [-] oslo_messaging_rabbit.kombu_reconnect_splay = 0.0 {{(pid=98980) log_opt_values /opt/stack/data/venv/lib/python3.12/site-packages/oslo_config/cfg.py:3560}}
Aug 13 18:34:32.780303 np0000007247 nova-conductor[98980]: DEBUG cotyledon.oslo_config_glue [-] oslo_messaging_rabbit.processname = nova-conductor {{(pid=98980) log_opt_values /opt/stack/data/venv/lib/python3.12/site-packages/oslo_config/cfg.py:3560}}
Aug 13 18:34:32.780303 np0000007247 nova-conductor[98980]: DEBUG cotyledon.oslo_config_glue [-] oslo_messaging_rabbit.rabbit_ha_queues = False {{(pid=98980) log_opt_values /opt/stack/data/venv/lib/python3.12/site-packages/oslo_config/cfg.py:3560}}
Aug 13 18:34:32.780303 np0000007247 nova-conductor[98980]: DEBUG cotyledon.oslo_config_glue [-] oslo_messaging_rabbit.rabbit_interval_max = 30 {{(pid=98980) log_opt_values /opt/stack/data/venv/lib/python3.12/site-packages/oslo_config/cfg.py:3560}}
Aug 13 18:34:32.780303 np0000007247 nova-conductor[98980]: DEBUG cotyledon.oslo_config_glue [-] oslo_messaging_rabbit.rabbit_login_method = AMQPLAIN {{(pid=98980) log_opt_values /opt/stack/data/venv/lib/python3.12/site-packages/oslo_config/cfg.py:3560}}
Aug 13 18:34:32.780303 np0000007247 nova-conductor[98980]: DEBUG cotyledon.oslo_config_glue [-] oslo_messaging_rabbit.rabbit_qos_prefetch_count = 0 {{(pid=98980) log_opt_values /opt/stack/data/venv/lib/python3.12/site-packages/oslo_config/cfg.py:3560}}
Aug 13 18:34:32.780303 np0000007247 nova-conductor[98980]: DEBUG cotyledon.oslo_config_glue [-] oslo_messaging_rabbit.rabbit_quorum_delivery_limit = 0 {{(pid=98980) log_opt_values /opt/stack/data/venv/lib/python3.12/site-packages/oslo_config/cfg.py:3560}}
Aug 13 18:34:32.780303 np0000007247 nova-conductor[98980]: DEBUG cotyledon.oslo_config_glue [-] oslo_messaging_rabbit.rabbit_quorum_max_memory_bytes = 0 {{(pid=98980) log_opt_values /opt/stack/data/venv/lib/python3.12/site-packages/oslo_config/cfg.py:3560}}
Aug 13 18:34:32.780303 np0000007247 nova-conductor[98980]: DEBUG cotyledon.oslo_config_glue [-] oslo_messaging_rabbit.rabbit_quorum_max_memory_length = 0 {{(pid=98980) log_opt_values /opt/stack/data/venv/lib/python3.12/site-packages/oslo_config/cfg.py:3560}}
Aug 13 18:34:32.780303 np0000007247 nova-conductor[98980]: DEBUG cotyledon.oslo_config_glue [-] oslo_messaging_rabbit.rabbit_quorum_queue = False {{(pid=98980) log_opt_values /opt/stack/data/venv/lib/python3.12/site-packages/oslo_config/cfg.py:3560}}
Aug 13 18:34:32.780626 np0000007247 nova-conductor[98980]: DEBUG cotyledon.oslo_config_glue [-] oslo_messaging_rabbit.rabbit_retry_backoff = 2 {{(pid=98980) log_opt_values /opt/stack/data/venv/lib/python3.12/site-packages/oslo_config/cfg.py:3560}}
Aug 13 18:34:32.780626 np0000007247 nova-conductor[98980]: DEBUG cotyledon.oslo_config_glue [-] oslo_messaging_rabbit.rabbit_retry_interval = 1 {{(pid=98980) log_opt_values /opt/stack/data/venv/lib/python3.12/site-packages/oslo_config/cfg.py:3560}}
Aug 13 18:34:32.780626 np0000007247 nova-conductor[98980]: DEBUG cotyledon.oslo_config_glue [-] oslo_messaging_rabbit.rabbit_stream_fanout = False {{(pid=98980) log_opt_values /opt/stack/data/venv/lib/python3.12/site-packages/oslo_config/cfg.py:3560}}
Aug 13 18:34:32.780626 np0000007247 nova-conductor[98980]: DEBUG cotyledon.oslo_config_glue [-] oslo_messaging_rabbit.rabbit_transient_queues_ttl = 1800 {{(pid=98980) log_opt_values /opt/stack/data/venv/lib/python3.12/site-packages/oslo_config/cfg.py:3560}}
Aug 13 18:34:32.780626 np0000007247 nova-conductor[98980]: DEBUG cotyledon.oslo_config_glue [-] oslo_messaging_rabbit.rabbit_transient_quorum_queue = False {{(pid=98980) log_opt_values /opt/stack/data/venv/lib/python3.12/site-packages/oslo_config/cfg.py:3560}}
Aug 13 18:34:32.780626 np0000007247 nova-conductor[98980]: DEBUG cotyledon.oslo_config_glue [-] oslo_messaging_rabbit.rpc_conn_pool_size = 30 {{(pid=98980) log_opt_values /opt/stack/data/venv/lib/python3.12/site-packages/oslo_config/cfg.py:3560}}
Aug 13 18:34:32.780626 np0000007247 nova-conductor[98980]: DEBUG cotyledon.oslo_config_glue [-] oslo_messaging_rabbit.ssl = False {{(pid=98980) log_opt_values /opt/stack/data/venv/lib/python3.12/site-packages/oslo_config/cfg.py:3560}}
Aug 13 18:34:32.780626 np0000007247 nova-conductor[98980]: DEBUG cotyledon.oslo_config_glue [-] oslo_messaging_rabbit.ssl_ca_file = {{(pid=98980) log_opt_values /opt/stack/data/venv/lib/python3.12/site-packages/oslo_config/cfg.py:3560}}
Aug 13 18:34:32.780626 np0000007247 nova-conductor[98980]: DEBUG cotyledon.oslo_config_glue [-] oslo_messaging_rabbit.ssl_cert_file = {{(pid=98980) log_opt_values /opt/stack/data/venv/lib/python3.12/site-packages/oslo_config/cfg.py:3560}}
Aug 13 18:34:32.780939 np0000007247 nova-conductor[98980]: DEBUG cotyledon.oslo_config_glue [-] oslo_messaging_rabbit.ssl_enforce_fips_mode = False {{(pid=98980) log_opt_values /opt/stack/data/venv/lib/python3.12/site-packages/oslo_config/cfg.py:3560}}
Aug 13 18:34:32.780939 np0000007247 nova-conductor[98980]: DEBUG cotyledon.oslo_config_glue [-] oslo_messaging_rabbit.ssl_enforce_hostname_verification = True {{(pid=98980) log_opt_values /opt/stack/data/venv/lib/python3.12/site-packages/oslo_config/cfg.py:3560}}
Aug 13 18:34:32.780939 np0000007247 nova-conductor[98980]: DEBUG cotyledon.oslo_config_glue [-] oslo_messaging_rabbit.ssl_key_file = {{(pid=98980) log_opt_values /opt/stack/data/venv/lib/python3.12/site-packages/oslo_config/cfg.py:3560}}
Aug 13 18:34:32.780939 np0000007247 nova-conductor[98980]: DEBUG cotyledon.oslo_config_glue [-] oslo_messaging_rabbit.ssl_version = {{(pid=98980) log_opt_values /opt/stack/data/venv/lib/python3.12/site-packages/oslo_config/cfg.py:3560}}
Aug 13 18:34:32.780939 np0000007247 nova-conductor[98980]: DEBUG cotyledon.oslo_config_glue [-] oslo_messaging_rabbit.use_queue_manager = False {{(pid=98980) log_opt_values /opt/stack/data/venv/lib/python3.12/site-packages/oslo_config/cfg.py:3560}}
Aug 13 18:34:32.780939 np0000007247 nova-conductor[98980]: DEBUG cotyledon.oslo_config_glue [-] oslo_messaging_notifications.driver = ['messagingv2'] {{(pid=98980) log_opt_values /opt/stack/data/venv/lib/python3.12/site-packages/oslo_config/cfg.py:3560}}
Aug 13 18:34:32.780939 np0000007247 nova-conductor[98980]: DEBUG cotyledon.oslo_config_glue [-] oslo_messaging_notifications.retry = -1 {{(pid=98980) log_opt_values /opt/stack/data/venv/lib/python3.12/site-packages/oslo_config/cfg.py:3560}}
Aug 13 18:34:32.780939 np0000007247 nova-conductor[98980]: DEBUG cotyledon.oslo_config_glue [-] oslo_messaging_notifications.topics = ['notifications'] {{(pid=98980) log_opt_values /opt/stack/data/venv/lib/python3.12/site-packages/oslo_config/cfg.py:3560}}
Aug 13 18:34:32.780939 np0000007247 nova-conductor[98980]: DEBUG cotyledon.oslo_config_glue [-] oslo_messaging_notifications.transport_url = **** {{(pid=98980) log_opt_values /opt/stack/data/venv/lib/python3.12/site-packages/oslo_config/cfg.py:3560}}
Aug 13 18:34:32.781238 np0000007247 nova-conductor[98980]: DEBUG cotyledon.oslo_config_glue [-] oslo_limit.auth_section = None {{(pid=98980) log_opt_values /opt/stack/data/venv/lib/python3.12/site-packages/oslo_config/cfg.py:3560}}
Aug 13 18:34:32.781238 np0000007247 nova-conductor[98980]: DEBUG cotyledon.oslo_config_glue [-] oslo_limit.auth_type = None {{(pid=98980) log_opt_values /opt/stack/data/venv/lib/python3.12/site-packages/oslo_config/cfg.py:3560}}
Aug 13 18:34:32.781238 np0000007247 nova-conductor[98980]: DEBUG cotyledon.oslo_config_glue [-] oslo_limit.cafile = None {{(pid=98980) log_opt_values /opt/stack/data/venv/lib/python3.12/site-packages/oslo_config/cfg.py:3560}}
Aug 13 18:34:32.781238 np0000007247 nova-conductor[98980]: DEBUG cotyledon.oslo_config_glue [-] oslo_limit.certfile = None {{(pid=98980) log_opt_values /opt/stack/data/venv/lib/python3.12/site-packages/oslo_config/cfg.py:3560}}
Aug 13 18:34:32.781238 np0000007247 nova-conductor[98980]: DEBUG cotyledon.oslo_config_glue [-] oslo_limit.collect_timing = False {{(pid=98980) log_opt_values /opt/stack/data/venv/lib/python3.12/site-packages/oslo_config/cfg.py:3560}}
Aug 13 18:34:32.781238 np0000007247 nova-conductor[98980]: DEBUG cotyledon.oslo_config_glue [-] oslo_limit.connect_retries = None {{(pid=98980) log_opt_values /opt/stack/data/venv/lib/python3.12/site-packages/oslo_config/cfg.py:3560}}
Aug 13 18:34:32.781238 np0000007247 nova-conductor[98980]: DEBUG cotyledon.oslo_config_glue [-] oslo_limit.connect_retry_delay = None {{(pid=98980) log_opt_values /opt/stack/data/venv/lib/python3.12/site-packages/oslo_config/cfg.py:3560}}
Aug 13 18:34:32.781238 np0000007247 nova-conductor[98980]: DEBUG cotyledon.oslo_config_glue [-] oslo_limit.endpoint_id = None {{(pid=98980) log_opt_values /opt/stack/data/venv/lib/python3.12/site-packages/oslo_config/cfg.py:3560}}
Aug 13 18:34:32.781238 np0000007247 nova-conductor[98980]: DEBUG cotyledon.oslo_config_glue [-] oslo_limit.endpoint_interface = public {{(pid=98980) log_opt_values /opt/stack/data/venv/lib/python3.12/site-packages/oslo_config/cfg.py:3560}}
Aug 13 18:34:32.781912 np0000007247 nova-conductor[98980]: DEBUG cotyledon.oslo_config_glue [-] oslo_limit.endpoint_override = None {{(pid=98980) log_opt_values /opt/stack/data/venv/lib/python3.12/site-packages/oslo_config/cfg.py:3560}}
Aug 13 18:34:32.781912 np0000007247 nova-conductor[98980]: DEBUG cotyledon.oslo_config_glue [-] oslo_limit.endpoint_region_name = None {{(pid=98980) log_opt_values /opt/stack/data/venv/lib/python3.12/site-packages/oslo_config/cfg.py:3560}}
Aug 13 18:34:32.781912 np0000007247 nova-conductor[98980]: DEBUG cotyledon.oslo_config_glue [-] oslo_limit.endpoint_service_name = None {{(pid=98980) log_opt_values /opt/stack/data/venv/lib/python3.12/site-packages/oslo_config/cfg.py:3560}}
Aug 13 18:34:32.781912 np0000007247 nova-conductor[98980]: DEBUG cotyledon.oslo_config_glue [-] oslo_limit.endpoint_service_type = None {{(pid=98980) log_opt_values /opt/stack/data/venv/lib/python3.12/site-packages/oslo_config/cfg.py:3560}}
Aug 13 18:34:32.781912 np0000007247 nova-conductor[98980]: DEBUG cotyledon.oslo_config_glue [-] oslo_limit.insecure = False {{(pid=98980) log_opt_values /opt/stack/data/venv/lib/python3.12/site-packages/oslo_config/cfg.py:3560}}
Aug 13 18:34:32.781912 np0000007247 nova-conductor[98980]: DEBUG cotyledon.oslo_config_glue [-] oslo_limit.keyfile = None {{(pid=98980) log_opt_values /opt/stack/data/venv/lib/python3.12/site-packages/oslo_config/cfg.py:3560}}
Aug 13 18:34:32.781912 np0000007247 nova-conductor[98980]: DEBUG cotyledon.oslo_config_glue [-] oslo_limit.max_version = None {{(pid=98980) log_opt_values /opt/stack/data/venv/lib/python3.12/site-packages/oslo_config/cfg.py:3560}}
Aug 13 18:34:32.781912 np0000007247 nova-conductor[98980]: DEBUG cotyledon.oslo_config_glue [-] oslo_limit.min_version = None {{(pid=98980) log_opt_values /opt/stack/data/venv/lib/python3.12/site-packages/oslo_config/cfg.py:3560}}
Aug 13 18:34:32.781912 np0000007247 nova-conductor[98980]: DEBUG cotyledon.oslo_config_glue [-] oslo_limit.region_name = None {{(pid=98980) log_opt_values /opt/stack/data/venv/lib/python3.12/site-packages/oslo_config/cfg.py:3560}}
Aug 13 18:34:32.782248 np0000007247 nova-conductor[98980]: DEBUG cotyledon.oslo_config_glue [-] oslo_limit.retriable_status_codes = None {{(pid=98980) log_opt_values /opt/stack/data/venv/lib/python3.12/site-packages/oslo_config/cfg.py:3560}}
Aug 13 18:34:32.782248 np0000007247 nova-conductor[98980]: DEBUG cotyledon.oslo_config_glue [-] oslo_limit.service_name = None {{(pid=98980) log_opt_values /opt/stack/data/venv/lib/python3.12/site-packages/oslo_config/cfg.py:3560}}
Aug 13 18:34:32.782248 np0000007247 nova-conductor[98980]: DEBUG cotyledon.oslo_config_glue [-] oslo_limit.service_type = None {{(pid=98980) log_opt_values /opt/stack/data/venv/lib/python3.12/site-packages/oslo_config/cfg.py:3560}}
Aug 13 18:34:32.782248 np0000007247 nova-conductor[98980]: DEBUG cotyledon.oslo_config_glue [-] oslo_limit.split_loggers = False {{(pid=98980) log_opt_values /opt/stack/data/venv/lib/python3.12/site-packages/oslo_config/cfg.py:3560}}
Aug 13 18:34:32.782248 np0000007247 nova-conductor[98980]: DEBUG cotyledon.oslo_config_glue [-] oslo_limit.status_code_retries = None {{(pid=98980) log_opt_values /opt/stack/data/venv/lib/python3.12/site-packages/oslo_config/cfg.py:3560}}
Aug 13 18:34:32.782248 np0000007247 nova-conductor[98980]: DEBUG cotyledon.oslo_config_glue [-] oslo_limit.status_code_retry_delay = None {{(pid=98980) log_opt_values /opt/stack/data/venv/lib/python3.12/site-packages/oslo_config/cfg.py:3560}}
Aug 13 18:34:32.782248 np0000007247 nova-conductor[98980]: DEBUG cotyledon.oslo_config_glue [-] oslo_limit.timeout = None {{(pid=98980) log_opt_values /opt/stack/data/venv/lib/python3.12/site-packages/oslo_config/cfg.py:3560}}
Aug 13 18:34:32.782248 np0000007247 nova-conductor[98980]: DEBUG cotyledon.oslo_config_glue [-] oslo_limit.valid_interfaces = None {{(pid=98980) log_opt_values /opt/stack/data/venv/lib/python3.12/site-packages/oslo_config/cfg.py:3560}}
Aug 13 18:34:32.782248 np0000007247 nova-conductor[98980]: DEBUG cotyledon.oslo_config_glue [-] oslo_limit.version = None {{(pid=98980) log_opt_values /opt/stack/data/venv/lib/python3.12/site-packages/oslo_config/cfg.py:3560}}
Aug 13 18:34:32.782787 np0000007247 nova-conductor[98980]: DEBUG cotyledon.oslo_config_glue [-] oslo_reports.file_event_handler = None {{(pid=98980) log_opt_values /opt/stack/data/venv/lib/python3.12/site-packages/oslo_config/cfg.py:3560}}
Aug 13 18:34:32.782787 np0000007247 nova-conductor[98980]: DEBUG cotyledon.oslo_config_glue [-] oslo_reports.file_event_handler_interval = 1 {{(pid=98980) log_opt_values /opt/stack/data/venv/lib/python3.12/site-packages/oslo_config/cfg.py:3560}}
Aug 13 18:34:32.782787 np0000007247 nova-conductor[98980]: DEBUG cotyledon.oslo_config_glue [-] oslo_reports.log_dir = None {{(pid=98980) log_opt_values /opt/stack/data/venv/lib/python3.12/site-packages/oslo_config/cfg.py:3560}}
Aug 13 18:34:32.782787 np0000007247 nova-conductor[98980]: DEBUG cotyledon.oslo_config_glue [-] ******************************************************************************** {{(pid=98980) log_opt_values /opt/stack/data/venv/lib/python3.12/site-packages/oslo_config/cfg.py:3567}}
Aug 13 18:34:32.782787 np0000007247 nova-conductor[98980]: DEBUG cotyledon._service_worker [-] Run service ServiceWrapper(3) [98980] {{(pid=98980) wait_forever /opt/stack/data/venv/lib/python3.12/site-packages/cotyledon/_service_worker.py:218}}
Aug 13 18:34:32.782787 np0000007247 nova-conductor[98980]: INFO nova.service [-] Starting conductor node (version 33.1.0)
Aug 13 18:34:32.782787 np0000007247 nova-conductor[98980]: INFO dbcounter [None req-a29bd104-a314-42b9-b668-310973739c7b None None] Registered counter for database nova_cell0
Aug 13 18:34:32.782968 np0000007247 nova-conductor[98950]: DEBUG oslo_db.sqlalchemy.engines [None req-df5c3e43-1519-4460-b452-a415965d1214 None None] MySQL server mode set to STRICT_TRANS_TABLES,STRICT_ALL_TABLES,NO_ZERO_IN_DATE,NO_ZERO_DATE,ERROR_FOR_DIVISION_BY_ZERO,TRADITIONAL,NO_ENGINE_SUBSTITUTION {{(pid=98950) _check_effective_sql_mode /opt/stack/data/venv/lib/python3.12/site-packages/oslo_db/sqlalchemy/engines.py:325}}
Aug 13 18:34:32.783008 np0000007247 nova-conductor[98956]: DEBUG oslo_db.sqlalchemy.engines [None req-89b32037-d58b-405d-bdd3-1accc2e0c5b1 None None] MySQL server mode set to STRICT_TRANS_TABLES,STRICT_ALL_TABLES,NO_ZERO_IN_DATE,NO_ZERO_DATE,ERROR_FOR_DIVISION_BY_ZERO,TRADITIONAL,NO_ENGINE_SUBSTITUTION {{(pid=98956) _check_effective_sql_mode /opt/stack/data/venv/lib/python3.12/site-packages/oslo_db/sqlalchemy/engines.py:325}}
Aug 13 18:34:32.783137 np0000007247 nova-conductor[98950]: DEBUG dbcounter [-] [98950] Writer thread running {{(pid=98950) stat_writer /opt/stack/data/venv/lib/python3.12/site-packages/dbcounter.py:102}}
Aug 13 18:34:32.788081 np0000007247 nova-conductor[98956]: DEBUG dbcounter [-] [98956] Writer thread running {{(pid=98956) stat_writer /opt/stack/data/venv/lib/python3.12/site-packages/dbcounter.py:102}}
Aug 13 18:34:32.789889 np0000007247 nova-conductor[98970]: DEBUG oslo_db.sqlalchemy.engines [None req-74c50fbb-8bcf-46d7-ab16-73a647d62beb None None] MySQL server mode set to STRICT_TRANS_TABLES,STRICT_ALL_TABLES,NO_ZERO_IN_DATE,NO_ZERO_DATE,ERROR_FOR_DIVISION_BY_ZERO,TRADITIONAL,NO_ENGINE_SUBSTITUTION {{(pid=98970) _check_effective_sql_mode /opt/stack/data/venv/lib/python3.12/site-packages/oslo_db/sqlalchemy/engines.py:325}}
Aug 13 18:34:32.798304 np0000007247 nova-conductor[98950]: DEBUG nova.service [None req-df5c3e43-1519-4460-b452-a415965d1214 None None] Creating RPC server for service: nova-conductor on topic: conductor {{(pid=98950) start /opt/stack/nova/nova/service.py:196}}
Aug 13 18:34:32.800127 np0000007247 nova-conductor[98970]: DEBUG dbcounter [-] [98970] Writer thread running {{(pid=98970) stat_writer /opt/stack/data/venv/lib/python3.12/site-packages/dbcounter.py:102}}
Aug 13 18:34:32.804163 np0000007247 nova-conductor[98956]: DEBUG nova.service [None req-89b32037-d58b-405d-bdd3-1accc2e0c5b1 None None] Creating RPC server for service: nova-conductor on topic: conductor {{(pid=98956) start /opt/stack/nova/nova/service.py:196}}
Aug 13 18:34:32.805680 np0000007247 nova-conductor[98970]: DEBUG nova.service [None req-74c50fbb-8bcf-46d7-ab16-73a647d62beb None None] Creating RPC server for service: nova-conductor on topic: conductor {{(pid=98970) start /opt/stack/nova/nova/service.py:196}}
Aug 13 18:34:32.805842 np0000007247 nova-conductor[98980]: DEBUG oslo_db.sqlalchemy.engines [None req-a29bd104-a314-42b9-b668-310973739c7b None None] MySQL server mode set to STRICT_TRANS_TABLES,STRICT_ALL_TABLES,NO_ZERO_IN_DATE,NO_ZERO_DATE,ERROR_FOR_DIVISION_BY_ZERO,TRADITIONAL,NO_ENGINE_SUBSTITUTION {{(pid=98980) _check_effective_sql_mode /opt/stack/data/venv/lib/python3.12/site-packages/oslo_db/sqlalchemy/engines.py:325}}
Aug 13 18:34:32.815216 np0000007247 nova-conductor[98980]: DEBUG dbcounter [-] [98980] Writer thread running {{(pid=98980) stat_writer /opt/stack/data/venv/lib/python3.12/site-packages/dbcounter.py:102}}
Aug 13 18:34:32.818153 np0000007247 nova-conductor[98980]: DEBUG nova.service [None req-a29bd104-a314-42b9-b668-310973739c7b None None] Creating RPC server for service: nova-conductor on topic: conductor {{(pid=98980) start /opt/stack/nova/nova/service.py:196}}
Aug 13 18:34:32.825934 np0000007247 nova-conductor[98950]: DEBUG nova.service [None req-df5c3e43-1519-4460-b452-a415965d1214 None None] Join ServiceGroup membership for this service conductor {{(pid=98950) start /opt/stack/nova/nova/service.py:222}}
Aug 13 18:34:32.826241 np0000007247 nova-conductor[98956]: DEBUG nova.service [None req-89b32037-d58b-405d-bdd3-1accc2e0c5b1 None None] Join ServiceGroup membership for this service conductor {{(pid=98956) start /opt/stack/nova/nova/service.py:222}}
Aug 13 18:34:32.826370 np0000007247 nova-conductor[98950]: DEBUG nova.servicegroup.drivers.db [None req-df5c3e43-1519-4460-b452-a415965d1214 None None] DB_Driver: join new ServiceGroup member np0000007247 to the conductor group, service = {{(pid=98950) join /opt/stack/nova/nova/servicegroup/drivers/db.py:44}}
Aug 13 18:34:32.826510 np0000007247 nova-conductor[98956]: DEBUG nova.servicegroup.drivers.db [None req-89b32037-d58b-405d-bdd3-1accc2e0c5b1 None None] DB_Driver: join new ServiceGroup member np0000007247 to the conductor group, service = {{(pid=98956) join /opt/stack/nova/nova/servicegroup/drivers/db.py:44}}
Aug 13 18:34:32.833043 np0000007247 nova-conductor[98970]: DEBUG nova.service [None req-74c50fbb-8bcf-46d7-ab16-73a647d62beb None None] Join ServiceGroup membership for this service conductor {{(pid=98970) start /opt/stack/nova/nova/service.py:222}}
Aug 13 18:34:32.833272 np0000007247 nova-conductor[98970]: DEBUG nova.servicegroup.drivers.db [None req-74c50fbb-8bcf-46d7-ab16-73a647d62beb None None] DB_Driver: join new ServiceGroup member np0000007247 to the conductor group, service = {{(pid=98970) join /opt/stack/nova/nova/servicegroup/drivers/db.py:44}}
Aug 13 18:34:32.834474 np0000007247 nova-conductor[98980]: DEBUG nova.service [None req-a29bd104-a314-42b9-b668-310973739c7b None None] Join ServiceGroup membership for this service conductor {{(pid=98980) start /opt/stack/nova/nova/service.py:222}}
Aug 13 18:34:32.834705 np0000007247 nova-conductor[98980]: DEBUG nova.servicegroup.drivers.db [None req-a29bd104-a314-42b9-b668-310973739c7b None None] DB_Driver: join new ServiceGroup member np0000007247 to the conductor group, service = {{(pid=98980) join /opt/stack/nova/nova/servicegroup/drivers/db.py:44}}
Aug 13 18:34:37.842356 np0000007247 nova-conductor[98950]: DEBUG oslo.service.backend._threading.loopingcall [-] Fixed interval looping call 'nova.servicegroup.drivers.db.DbDriver._report_state' sleeping for 119.99 seconds {{(pid=98950) _run_loop /opt/stack/data/venv/lib/python3.12/site-packages/oslo_service/backend/_threading/loopingcall.py:125}}
Aug 13 18:34:37.843246 np0000007247 nova-conductor[98956]: DEBUG oslo.service.backend._threading.loopingcall [-] Fixed interval looping call 'nova.servicegroup.drivers.db.DbDriver._report_state' sleeping for 119.98 seconds {{(pid=98956) _run_loop /opt/stack/data/venv/lib/python3.12/site-packages/oslo_service/backend/_threading/loopingcall.py:125}}
Aug 13 18:34:37.846759 np0000007247 nova-conductor[98970]: DEBUG oslo.service.backend._threading.loopingcall [-] Fixed interval looping call 'nova.servicegroup.drivers.db.DbDriver._report_state' sleeping for 119.99 seconds {{(pid=98970) _run_loop /opt/stack/data/venv/lib/python3.12/site-packages/oslo_service/backend/_threading/loopingcall.py:125}}
Aug 13 18:34:37.850571 np0000007247 nova-conductor[98980]: DEBUG oslo.service.backend._threading.loopingcall [-] Fixed interval looping call 'nova.servicegroup.drivers.db.DbDriver._report_state' sleeping for 119.99 seconds {{(pid=98980) _run_loop /opt/stack/data/venv/lib/python3.12/site-packages/oslo_service/backend/_threading/loopingcall.py:125}}
Aug 13 18:34:41.392767 np0000007247 nova-conductor[97505]: DEBUG dbcounter [-] [97505] Writing DB stats nova_api:SELECT=1 {{(pid=97505) stat_writer /opt/stack/data/venv/lib/python3.12/site-packages/dbcounter.py:115}}
Aug 13 18:34:41.531650 np0000007247 nova-conductor[97505]: DEBUG dbcounter [-] [97505] Writing DB stats nova_cell0:SELECT=1 {{(pid=97505) stat_writer /opt/stack/data/venv/lib/python3.12/site-packages/dbcounter.py:115}}
Aug 13 18:34:41.535466 np0000007247 nova-conductor[97505]: DEBUG dbcounter [-] [97505] Writing DB stats nova_cell1:SELECT=1 {{(pid=97505) stat_writer /opt/stack/data/venv/lib/python3.12/site-packages/dbcounter.py:115}}
Aug 13 18:34:47.837019 np0000007247 nova-conductor[98956]: DEBUG dbcounter [-] [98956] Writing DB stats nova_cell0:SELECT=5,nova_cell0:INSERT=1,nova_cell0:UPDATE=1 {{(pid=98956) stat_writer /opt/stack/data/venv/lib/python3.12/site-packages/dbcounter.py:115}}
Aug 13 18:34:47.837371 np0000007247 nova-conductor[98950]: DEBUG dbcounter [-] [98950] Writing DB stats nova_cell0:SELECT=4,nova_cell0:INSERT=1,nova_cell0:UPDATE=1 {{(pid=98950) stat_writer /opt/stack/data/venv/lib/python3.12/site-packages/dbcounter.py:115}}
Aug 13 18:34:47.843219 np0000007247 nova-conductor[98970]: DEBUG dbcounter [-] [98970] Writing DB stats nova_cell0:SELECT=3 {{(pid=98970) stat_writer /opt/stack/data/venv/lib/python3.12/site-packages/dbcounter.py:115}}
Aug 13 18:34:47.844354 np0000007247 nova-conductor[98980]: DEBUG dbcounter [-] [98980] Writing DB stats nova_cell0:SELECT=3 {{(pid=98980) stat_writer /opt/stack/data/venv/lib/python3.12/site-packages/dbcounter.py:115}}
Aug 13 18:35:07.828597 np0000007247 nova-conductor[98956]: DEBUG oslo.service.backend._threading.loopingcall [None req-4f431a4c-145a-483a-960b-d7c8f630437d None None] Dynamic interval looping call 'nova.service.Service.periodic_tasks' sleeping for 60.00 seconds {{(pid=98956) _run_loop /opt/stack/data/venv/lib/python3.12/site-packages/oslo_service/backend/_threading/loopingcall.py:125}}
Aug 13 18:35:14.834989 np0000007247 nova-conductor[98970]: DEBUG oslo.service.backend._threading.loopingcall [None req-57929d8e-d77e-4c49-a4e0-5a28eeb2c9d2 None None] Dynamic interval looping call 'nova.service.Service.periodic_tasks' sleeping for 60.00 seconds {{(pid=98970) _run_loop /opt/stack/data/venv/lib/python3.12/site-packages/oslo_service/backend/_threading/loopingcall.py:125}}
Aug 13 18:35:23.836713 np0000007247 nova-conductor[98980]: DEBUG oslo.service.backend._threading.loopingcall [None req-9ff2a26b-7e42-466e-b569-8c5027161ff1 None None] Dynamic interval looping call 'nova.service.Service.periodic_tasks' sleeping for 60.00 seconds {{(pid=98980) _run_loop /opt/stack/data/venv/lib/python3.12/site-packages/oslo_service/backend/_threading/loopingcall.py:125}}
Aug 13 18:35:25.828747 np0000007247 nova-conductor[98950]: DEBUG oslo.service.backend._threading.loopingcall [None req-de360e0a-61d1-4dae-ba4f-f876ea5a45df None None] Dynamic interval looping call 'nova.service.Service.periodic_tasks' sleeping for 60.00 seconds {{(pid=98950) _run_loop /opt/stack/data/venv/lib/python3.12/site-packages/oslo_service/backend/_threading/loopingcall.py:125}}
Aug 13 18:36:07.829217 np0000007247 nova-conductor[98956]: DEBUG oslo.service.backend._threading.loopingcall [None req-4f431a4c-145a-483a-960b-d7c8f630437d None None] Dynamic interval looping call 'nova.service.Service.periodic_tasks' sleeping for 60.00 seconds {{(pid=98956) _run_loop /opt/stack/data/venv/lib/python3.12/site-packages/oslo_service/backend/_threading/loopingcall.py:125}}
Aug 13 18:36:14.835465 np0000007247 nova-conductor[98970]: DEBUG oslo.service.backend._threading.loopingcall [None req-57929d8e-d77e-4c49-a4e0-5a28eeb2c9d2 None None] Dynamic interval looping call 'nova.service.Service.periodic_tasks' sleeping for 60.00 seconds {{(pid=98970) _run_loop /opt/stack/data/venv/lib/python3.12/site-packages/oslo_service/backend/_threading/loopingcall.py:125}}
Aug 13 18:36:23.837159 np0000007247 nova-conductor[98980]: DEBUG oslo.service.backend._threading.loopingcall [None req-9ff2a26b-7e42-466e-b569-8c5027161ff1 None None] Dynamic interval looping call 'nova.service.Service.periodic_tasks' sleeping for 60.00 seconds {{(pid=98980) _run_loop /opt/stack/data/venv/lib/python3.12/site-packages/oslo_service/backend/_threading/loopingcall.py:125}}
Aug 13 18:36:25.829276 np0000007247 nova-conductor[98950]: DEBUG oslo.service.backend._threading.loopingcall [None req-de360e0a-61d1-4dae-ba4f-f876ea5a45df None None] Dynamic interval looping call 'nova.service.Service.periodic_tasks' sleeping for 60.00 seconds {{(pid=98950) _run_loop /opt/stack/data/venv/lib/python3.12/site-packages/oslo_service/backend/_threading/loopingcall.py:125}}
Aug 13 18:36:37.830194 np0000007247 nova-conductor[98956]: DEBUG oslo.service.backend._threading.loopingcall [-] Fixed interval looping call 'nova.servicegroup.drivers.db.DbDriver._report_state' sleeping for 119.99 seconds {{(pid=98956) _run_loop /opt/stack/data/venv/lib/python3.12/site-packages/oslo_service/backend/_threading/loopingcall.py:125}}
Aug 13 18:36:37.835565 np0000007247 nova-conductor[98950]: DEBUG oslo.service.backend._threading.loopingcall [-] Fixed interval looping call 'nova.servicegroup.drivers.db.DbDriver._report_state' sleeping for 120.00 seconds {{(pid=98950) _run_loop /opt/stack/data/venv/lib/python3.12/site-packages/oslo_service/backend/_threading/loopingcall.py:125}}
Aug 13 18:36:37.839903 np0000007247 nova-conductor[98970]: DEBUG oslo.service.backend._threading.loopingcall [-] Fixed interval looping call 'nova.servicegroup.drivers.db.DbDriver._report_state' sleeping for 120.00 seconds {{(pid=98970) _run_loop /opt/stack/data/venv/lib/python3.12/site-packages/oslo_service/backend/_threading/loopingcall.py:125}}
Aug 13 18:36:37.841996 np0000007247 nova-conductor[98980]: DEBUG oslo.service.backend._threading.loopingcall [-] Fixed interval looping call 'nova.servicegroup.drivers.db.DbDriver._report_state' sleeping for 120.00 seconds {{(pid=98980) _run_loop /opt/stack/data/venv/lib/python3.12/site-packages/oslo_service/backend/_threading/loopingcall.py:125}}
Aug 13 18:36:47.826759 np0000007247 nova-conductor[98956]: DEBUG dbcounter [-] [98956] Writing DB stats nova_cell0:SELECT=1,nova_cell0:UPDATE=1 {{(pid=98956) stat_writer /opt/stack/data/venv/lib/python3.12/site-packages/dbcounter.py:115}}
Aug 13 18:36:47.834169 np0000007247 nova-conductor[98950]: DEBUG dbcounter [-] [98950] Writing DB stats nova_cell0:SELECT=1 {{(pid=98950) stat_writer /opt/stack/data/venv/lib/python3.12/site-packages/dbcounter.py:115}}
Aug 13 18:36:47.838381 np0000007247 nova-conductor[98970]: DEBUG dbcounter [-] [98970] Writing DB stats nova_cell0:SELECT=1 {{(pid=98970) stat_writer /opt/stack/data/venv/lib/python3.12/site-packages/dbcounter.py:115}}
Aug 13 18:36:47.840066 np0000007247 nova-conductor[98980]: DEBUG dbcounter [-] [98980] Writing DB stats nova_cell0:SELECT=1 {{(pid=98980) stat_writer /opt/stack/data/venv/lib/python3.12/site-packages/dbcounter.py:115}}
Aug 13 18:36:59.711458 np0000007247 nova-conductor[98956]: DEBUG oslo_db.sqlalchemy.engines [None req-69493aef-c734-4d91-9e0c-f0160a015aa5 tempest-AttachVolumeMultiAttachTest-1721746873 tempest-AttachVolumeMultiAttachTest-1721746873-project-member] Parent process 97505 forked (98956) with an open database connection, which is being discarded and recreated. {{(pid=98956) checkout /opt/stack/data/venv/lib/python3.12/site-packages/oslo_db/sqlalchemy/engines.py:402}}
Aug 13 18:36:59.752726 np0000007247 nova-conductor[98956]: DEBUG dbcounter [-] [98956] Writer thread running {{(pid=98956) stat_writer /opt/stack/data/venv/lib/python3.12/site-packages/dbcounter.py:102}}
Aug 13 18:37:00.606672 np0000007247 nova-conductor[98956]: DEBUG nova.conductor.manager [None req-69493aef-c734-4d91-9e0c-f0160a015aa5 tempest-AttachVolumeMultiAttachTest-1721746873 tempest-AttachVolumeMultiAttachTest-1721746873-project-member] Took 0.85 seconds to select destinations for 1 instance(s). {{(pid=98956) _schedule_instances /opt/stack/nova/nova/conductor/manager.py:968}}
Aug 13 18:37:00.642264 np0000007247 nova-conductor[98956]: DEBUG oslo_concurrency.lockutils [None req-69493aef-c734-4d91-9e0c-f0160a015aa5 tempest-AttachVolumeMultiAttachTest-1721746873 tempest-AttachVolumeMultiAttachTest-1721746873-project-member] Acquiring lock "1f9b909d-1437-4a2f-a64f-eab743952b75" by "nova.context.set_target_cell..get_or_set_cached_cell_and_set_connections" {{(pid=98956) inner /opt/stack/data/venv/lib/python3.12/site-packages/oslo_concurrency/lockutils.py:512}}
Aug 13 18:37:00.642467 np0000007247 nova-conductor[98956]: DEBUG oslo_concurrency.lockutils [None req-69493aef-c734-4d91-9e0c-f0160a015aa5 tempest-AttachVolumeMultiAttachTest-1721746873 tempest-AttachVolumeMultiAttachTest-1721746873-project-member] Lock "1f9b909d-1437-4a2f-a64f-eab743952b75" acquired by "nova.context.set_target_cell..get_or_set_cached_cell_and_set_connections" :: waited 0.000s {{(pid=98956) inner /opt/stack/data/venv/lib/python3.12/site-packages/oslo_concurrency/lockutils.py:525}}
Aug 13 18:37:00.644128 np0000007247 nova-conductor[98956]: DEBUG oslo_concurrency.lockutils [None req-69493aef-c734-4d91-9e0c-f0160a015aa5 tempest-AttachVolumeMultiAttachTest-1721746873 tempest-AttachVolumeMultiAttachTest-1721746873-project-member] Lock "1f9b909d-1437-4a2f-a64f-eab743952b75" "released" by "nova.context.set_target_cell..get_or_set_cached_cell_and_set_connections" :: held 0.001s {{(pid=98956) inner /opt/stack/data/venv/lib/python3.12/site-packages/oslo_concurrency/lockutils.py:544}}
Aug 13 18:37:00.646132 np0000007247 nova-conductor[98956]: INFO dbcounter [None req-69493aef-c734-4d91-9e0c-f0160a015aa5 tempest-AttachVolumeMultiAttachTest-1721746873 tempest-AttachVolumeMultiAttachTest-1721746873-project-member] Registered counter for database nova_cell1
Aug 13 18:37:00.688641 np0000007247 nova-conductor[98956]: DEBUG oslo_db.sqlalchemy.engines [None req-69493aef-c734-4d91-9e0c-f0160a015aa5 tempest-AttachVolumeMultiAttachTest-1721746873 tempest-AttachVolumeMultiAttachTest-1721746873-project-member] MySQL server mode set to STRICT_TRANS_TABLES,STRICT_ALL_TABLES,NO_ZERO_IN_DATE,NO_ZERO_DATE,ERROR_FOR_DIVISION_BY_ZERO,TRADITIONAL,NO_ENGINE_SUBSTITUTION {{(pid=98956) _check_effective_sql_mode /opt/stack/data/venv/lib/python3.12/site-packages/oslo_db/sqlalchemy/engines.py:325}}
Aug 13 18:37:00.693694 np0000007247 nova-conductor[98956]: DEBUG dbcounter [-] [98956] Writer thread running {{(pid=98956) stat_writer /opt/stack/data/venv/lib/python3.12/site-packages/dbcounter.py:102}}
Aug 13 18:37:00.747977 np0000007247 nova-conductor[98956]: INFO nova.utils [None req-69493aef-c734-4d91-9e0c-f0160a015aa5 tempest-AttachVolumeMultiAttachTest-1721746873 tempest-AttachVolumeMultiAttachTest-1721746873-project-member] The cell worker thread pool ForkProcess-2.cell_worker is initialized
Aug 13 18:37:00.748411 np0000007247 nova-conductor[98956]: DEBUG oslo_concurrency.lockutils [None req-69493aef-c734-4d91-9e0c-f0160a015aa5 tempest-AttachVolumeMultiAttachTest-1721746873 tempest-AttachVolumeMultiAttachTest-1721746873-project-member] Acquiring lock "00000000-0000-0000-0000-000000000000" by "nova.context.set_target_cell..get_or_set_cached_cell_and_set_connections" {{(pid=98956) inner /opt/stack/data/venv/lib/python3.12/site-packages/oslo_concurrency/lockutils.py:512}}
Aug 13 18:37:00.748750 np0000007247 nova-conductor[98956]: DEBUG oslo_concurrency.lockutils [None req-69493aef-c734-4d91-9e0c-f0160a015aa5 tempest-AttachVolumeMultiAttachTest-1721746873 tempest-AttachVolumeMultiAttachTest-1721746873-project-member] Lock "00000000-0000-0000-0000-000000000000" acquired by "nova.context.set_target_cell..get_or_set_cached_cell_and_set_connections" :: waited 0.000s {{(pid=98956) inner /opt/stack/data/venv/lib/python3.12/site-packages/oslo_concurrency/lockutils.py:525}}
Aug 13 18:37:00.749278 np0000007247 nova-conductor[98956]: DEBUG oslo_concurrency.lockutils [None req-69493aef-c734-4d91-9e0c-f0160a015aa5 tempest-AttachVolumeMultiAttachTest-1721746873 tempest-AttachVolumeMultiAttachTest-1721746873-project-member] Lock "00000000-0000-0000-0000-000000000000" "released" by "nova.context.set_target_cell..get_or_set_cached_cell_and_set_connections" :: held 0.001s {{(pid=98956) inner /opt/stack/data/venv/lib/python3.12/site-packages/oslo_concurrency/lockutils.py:544}}
Aug 13 18:37:00.749975 np0000007247 nova-conductor[98956]: DEBUG oslo_concurrency.lockutils [None req-69493aef-c734-4d91-9e0c-f0160a015aa5 tempest-AttachVolumeMultiAttachTest-1721746873 tempest-AttachVolumeMultiAttachTest-1721746873-project-member] Acquiring lock "1f9b909d-1437-4a2f-a64f-eab743952b75" by "nova.context.set_target_cell..get_or_set_cached_cell_and_set_connections" {{(pid=98956) inner /opt/stack/data/venv/lib/python3.12/site-packages/oslo_concurrency/lockutils.py:512}}
Aug 13 18:37:00.751069 np0000007247 nova-conductor[98956]: INFO dbcounter [None req-69493aef-c734-4d91-9e0c-f0160a015aa5 tempest-AttachVolumeMultiAttachTest-1721746873 tempest-AttachVolumeMultiAttachTest-1721746873-project-member] Registered counter for database nova_cell0
Aug 13 18:37:00.752016 np0000007247 nova-conductor[98956]: DEBUG oslo_concurrency.lockutils [None req-69493aef-c734-4d91-9e0c-f0160a015aa5 tempest-AttachVolumeMultiAttachTest-1721746873 tempest-AttachVolumeMultiAttachTest-1721746873-project-member] Lock "1f9b909d-1437-4a2f-a64f-eab743952b75" acquired by "nova.context.set_target_cell..get_or_set_cached_cell_and_set_connections" :: waited 0.001s {{(pid=98956) inner /opt/stack/data/venv/lib/python3.12/site-packages/oslo_concurrency/lockutils.py:525}}
Aug 13 18:37:00.752104 np0000007247 nova-conductor[98956]: DEBUG oslo_concurrency.lockutils [None req-69493aef-c734-4d91-9e0c-f0160a015aa5 tempest-AttachVolumeMultiAttachTest-1721746873 tempest-AttachVolumeMultiAttachTest-1721746873-project-member] Lock "1f9b909d-1437-4a2f-a64f-eab743952b75" "released" by "nova.context.set_target_cell..get_or_set_cached_cell_and_set_connections" :: held 0.001s {{(pid=98956) inner /opt/stack/data/venv/lib/python3.12/site-packages/oslo_concurrency/lockutils.py:544}}
Aug 13 18:37:00.796813 np0000007247 nova-conductor[98956]: DEBUG oslo_db.sqlalchemy.engines [None req-69493aef-c734-4d91-9e0c-f0160a015aa5 tempest-AttachVolumeMultiAttachTest-1721746873 tempest-AttachVolumeMultiAttachTest-1721746873-project-member] MySQL server mode set to STRICT_TRANS_TABLES,STRICT_ALL_TABLES,NO_ZERO_IN_DATE,NO_ZERO_DATE,ERROR_FOR_DIVISION_BY_ZERO,TRADITIONAL,NO_ENGINE_SUBSTITUTION {{(pid=98956) _check_effective_sql_mode /opt/stack/data/venv/lib/python3.12/site-packages/oslo_db/sqlalchemy/engines.py:325}}
Aug 13 18:37:00.801257 np0000007247 nova-conductor[98956]: DEBUG dbcounter [-] [98956] Writer thread running {{(pid=98956) stat_writer /opt/stack/data/venv/lib/python3.12/site-packages/dbcounter.py:102}}
