Jul 22 05:26:40.919150 np0000005624 nova-scheduler[96464]: DEBUG cotyledon.oslo_config_glue [-] workarounds.libvirt_disable_apic = False {{(pid=96464) log_opt_values /opt/stack/data/venv/lib/python3.12/site-packages/oslo_config/cfg.py:3253}}
Jul 22 05:26:40.919150 np0000005624 nova-scheduler[96464]: DEBUG cotyledon.oslo_config_glue [-] workarounds.never_download_image_if_on_rbd = False {{(pid=96464) log_opt_values /opt/stack/data/venv/lib/python3.12/site-packages/oslo_config/cfg.py:3253}}
Jul 22 05:26:40.919150 np0000005624 nova-scheduler[96464]: DEBUG cotyledon.oslo_config_glue [-] workarounds.qemu_monitor_announce_self_count = 3 {{(pid=96464) log_opt_values /opt/stack/data/venv/lib/python3.12/site-packages/oslo_config/cfg.py:3253}}
Jul 22 05:26:40.919150 np0000005624 nova-scheduler[96464]: DEBUG cotyledon.oslo_config_glue [-] workarounds.qemu_monitor_announce_self_interval = 1 {{(pid=96464) log_opt_values /opt/stack/data/venv/lib/python3.12/site-packages/oslo_config/cfg.py:3253}}
Jul 22 05:26:40.919150 np0000005624 nova-scheduler[96464]: DEBUG cotyledon.oslo_config_glue [-] workarounds.reserve_disk_resource_for_image_cache = False {{(pid=96464) log_opt_values /opt/stack/data/venv/lib/python3.12/site-packages/oslo_config/cfg.py:3253}}
Jul 22 05:26:40.919450 np0000005624 nova-scheduler[96464]: DEBUG cotyledon.oslo_config_glue [-] workarounds.skip_cpu_compare_at_startup = False {{(pid=96464) log_opt_values /opt/stack/data/venv/lib/python3.12/site-packages/oslo_config/cfg.py:3253}}
Jul 22 05:26:40.919450 np0000005624 nova-scheduler[96464]: DEBUG cotyledon.oslo_config_glue [-] workarounds.skip_cpu_compare_on_dest = False {{(pid=96464) log_opt_values /opt/stack/data/venv/lib/python3.12/site-packages/oslo_config/cfg.py:3253}}
Jul 22 05:26:40.919450 np0000005624 nova-scheduler[96464]: DEBUG cotyledon.oslo_config_glue [-] workarounds.skip_hypervisor_version_check_on_lm = False {{(pid=96464) log_opt_values /opt/stack/data/venv/lib/python3.12/site-packages/oslo_config/cfg.py:3253}}
Jul 22 05:26:40.919450 np0000005624 nova-scheduler[96464]: DEBUG cotyledon.oslo_config_glue [-] workarounds.skip_reserve_in_use_ironic_nodes = False {{(pid=96464) log_opt_values /opt/stack/data/venv/lib/python3.12/site-packages/oslo_config/cfg.py:3253}}
Jul 22 05:26:40.919450 np0000005624 nova-scheduler[96464]: DEBUG cotyledon.oslo_config_glue [-] workarounds.unified_limits_count_pcpu_as_vcpu = False {{(pid=96464) log_opt_values /opt/stack/data/venv/lib/python3.12/site-packages/oslo_config/cfg.py:3253}}
Jul 22 05:26:40.919450 np0000005624 nova-scheduler[96464]: DEBUG cotyledon.oslo_config_glue [-] workarounds.wait_for_vif_plugged_event_during_hard_reboot = [] {{(pid=96464) log_opt_values /opt/stack/data/venv/lib/python3.12/site-packages/oslo_config/cfg.py:3253}}
Jul 22 05:26:40.919450 np0000005624 nova-scheduler[96464]: DEBUG cotyledon.oslo_config_glue [-] wsgi.api_paste_config = /etc/nova/api-paste.ini {{(pid=96464) log_opt_values /opt/stack/data/venv/lib/python3.12/site-packages/oslo_config/cfg.py:3253}}
Jul 22 05:26:40.919450 np0000005624 nova-scheduler[96464]: DEBUG cotyledon.oslo_config_glue [-] wsgi.secure_proxy_ssl_header = None {{(pid=96464) log_opt_values /opt/stack/data/venv/lib/python3.12/site-packages/oslo_config/cfg.py:3253}}
Jul 22 05:26:40.919450 np0000005624 nova-scheduler[96464]: DEBUG cotyledon.oslo_config_glue [-] zvm.ca_file = None {{(pid=96464) log_opt_values /opt/stack/data/venv/lib/python3.12/site-packages/oslo_config/cfg.py:3253}}
Jul 22 05:26:40.919771 np0000005624 nova-scheduler[96464]: DEBUG cotyledon.oslo_config_glue [-] zvm.cloud_connector_url = None {{(pid=96464) log_opt_values /opt/stack/data/venv/lib/python3.12/site-packages/oslo_config/cfg.py:3253}}
Jul 22 05:26:40.919771 np0000005624 nova-scheduler[96464]: DEBUG cotyledon.oslo_config_glue [-] zvm.image_tmp_path = /opt/stack/data/nova/images {{(pid=96464) log_opt_values /opt/stack/data/venv/lib/python3.12/site-packages/oslo_config/cfg.py:3253}}
Jul 22 05:26:40.919771 np0000005624 nova-scheduler[96464]: DEBUG cotyledon.oslo_config_glue [-] zvm.reachable_timeout = 300 {{(pid=96464) log_opt_values /opt/stack/data/venv/lib/python3.12/site-packages/oslo_config/cfg.py:3253}}
Jul 22 05:26:40.919771 np0000005624 nova-scheduler[96464]: DEBUG cotyledon.oslo_config_glue [-] oslo_versionedobjects.fatal_exception_format_errors = False {{(pid=96464) log_opt_values /opt/stack/data/venv/lib/python3.12/site-packages/oslo_config/cfg.py:3253}}
Jul 22 05:26:40.919771 np0000005624 nova-scheduler[96464]: DEBUG cotyledon.oslo_config_glue [-] oslo_middleware.http_basic_auth_user_file = /etc/htpasswd {{(pid=96464) log_opt_values /opt/stack/data/venv/lib/python3.12/site-packages/oslo_config/cfg.py:3253}}
Jul 22 05:26:40.919771 np0000005624 nova-scheduler[96464]: DEBUG cotyledon.oslo_config_glue [-] oslo_messaging_metrics.metrics_buffer_size = 1000 {{(pid=96464) log_opt_values /opt/stack/data/venv/lib/python3.12/site-packages/oslo_config/cfg.py:3253}}
Jul 22 05:26:40.919771 np0000005624 nova-scheduler[96464]: DEBUG cotyledon.oslo_config_glue [-] oslo_messaging_metrics.metrics_enabled = False {{(pid=96464) log_opt_values /opt/stack/data/venv/lib/python3.12/site-packages/oslo_config/cfg.py:3253}}
Jul 22 05:26:40.919771 np0000005624 nova-scheduler[96464]: DEBUG cotyledon.oslo_config_glue [-] oslo_messaging_metrics.metrics_process_name = {{(pid=96464) log_opt_values /opt/stack/data/venv/lib/python3.12/site-packages/oslo_config/cfg.py:3253}}
Jul 22 05:26:40.920047 np0000005624 nova-scheduler[96464]: DEBUG cotyledon.oslo_config_glue [-] oslo_messaging_metrics.metrics_socket_file = /var/tmp/metrics_collector.sock {{(pid=96464) log_opt_values /opt/stack/data/venv/lib/python3.12/site-packages/oslo_config/cfg.py:3253}}
Jul 22 05:26:40.920047 np0000005624 nova-scheduler[96464]: DEBUG cotyledon.oslo_config_glue [-] oslo_messaging_metrics.metrics_thread_stop_timeout = 10 {{(pid=96464) log_opt_values /opt/stack/data/venv/lib/python3.12/site-packages/oslo_config/cfg.py:3253}}
Jul 22 05:26:40.920047 np0000005624 nova-scheduler[96464]: DEBUG cotyledon.oslo_config_glue [-] profiler.connection_string = messaging:// {{(pid=96464) log_opt_values /opt/stack/data/venv/lib/python3.12/site-packages/oslo_config/cfg.py:3253}}
Jul 22 05:26:40.920047 np0000005624 nova-scheduler[96464]: DEBUG cotyledon.oslo_config_glue [-] profiler.enabled = False {{(pid=96464) log_opt_values /opt/stack/data/venv/lib/python3.12/site-packages/oslo_config/cfg.py:3253}}
Jul 22 05:26:40.920047 np0000005624 nova-scheduler[96464]: DEBUG cotyledon.oslo_config_glue [-] profiler.es_doc_type = notification {{(pid=96464) log_opt_values /opt/stack/data/venv/lib/python3.12/site-packages/oslo_config/cfg.py:3253}}
Jul 22 05:26:40.920047 np0000005624 nova-scheduler[96464]: DEBUG cotyledon.oslo_config_glue [-] profiler.es_scroll_size = 10000 {{(pid=96464) log_opt_values /opt/stack/data/venv/lib/python3.12/site-packages/oslo_config/cfg.py:3253}}
Jul 22 05:26:40.920047 np0000005624 nova-scheduler[96464]: DEBUG cotyledon.oslo_config_glue [-] profiler.es_scroll_time = 2m {{(pid=96464) log_opt_values /opt/stack/data/venv/lib/python3.12/site-packages/oslo_config/cfg.py:3253}}
Jul 22 05:26:40.920047 np0000005624 nova-scheduler[96464]: DEBUG cotyledon.oslo_config_glue [-] profiler.filter_error_trace = False {{(pid=96464) log_opt_values /opt/stack/data/venv/lib/python3.12/site-packages/oslo_config/cfg.py:3253}}
Jul 22 05:26:40.920047 np0000005624 nova-scheduler[96464]: DEBUG cotyledon.oslo_config_glue [-] profiler.hmac_keys = **** {{(pid=96464) log_opt_values /opt/stack/data/venv/lib/python3.12/site-packages/oslo_config/cfg.py:3253}}
Jul 22 05:26:40.920335 np0000005624 nova-scheduler[96464]: DEBUG cotyledon.oslo_config_glue [-] profiler.sentinel_service_name = mymaster {{(pid=96464) log_opt_values /opt/stack/data/venv/lib/python3.12/site-packages/oslo_config/cfg.py:3253}}
Jul 22 05:26:40.920335 np0000005624 nova-scheduler[96464]: DEBUG cotyledon.oslo_config_glue [-] profiler.socket_timeout = 0.1 {{(pid=96464) log_opt_values /opt/stack/data/venv/lib/python3.12/site-packages/oslo_config/cfg.py:3253}}
Jul 22 05:26:40.920335 np0000005624 nova-scheduler[96464]: DEBUG cotyledon.oslo_config_glue [-] profiler.trace_requests = False {{(pid=96464) log_opt_values /opt/stack/data/venv/lib/python3.12/site-packages/oslo_config/cfg.py:3253}}
Jul 22 05:26:40.920335 np0000005624 nova-scheduler[96464]: DEBUG cotyledon.oslo_config_glue [-] profiler.trace_sqlalchemy = False {{(pid=96464) log_opt_values /opt/stack/data/venv/lib/python3.12/site-packages/oslo_config/cfg.py:3253}}
Jul 22 05:26:40.920335 np0000005624 nova-scheduler[96464]: DEBUG cotyledon.oslo_config_glue [-] profiler_jaeger.process_tags = {} {{(pid=96464) log_opt_values /opt/stack/data/venv/lib/python3.12/site-packages/oslo_config/cfg.py:3253}}
Jul 22 05:26:40.920335 np0000005624 nova-scheduler[96464]: DEBUG cotyledon.oslo_config_glue [-] profiler_jaeger.service_name_prefix = None {{(pid=96464) log_opt_values /opt/stack/data/venv/lib/python3.12/site-packages/oslo_config/cfg.py:3253}}
Jul 22 05:26:40.920335 np0000005624 nova-scheduler[96464]: DEBUG cotyledon.oslo_config_glue [-] profiler_otlp.service_name_prefix = None {{(pid=96464) log_opt_values /opt/stack/data/venv/lib/python3.12/site-packages/oslo_config/cfg.py:3253}}
Jul 22 05:26:40.920335 np0000005624 nova-scheduler[96464]: DEBUG cotyledon.oslo_config_glue [-] oslo_messaging_rabbit.amqp_auto_delete = False {{(pid=96464) log_opt_values /opt/stack/data/venv/lib/python3.12/site-packages/oslo_config/cfg.py:3253}}
Jul 22 05:26:40.920335 np0000005624 nova-scheduler[96464]: DEBUG cotyledon.oslo_config_glue [-] oslo_messaging_rabbit.amqp_durable_queues = False {{(pid=96464) log_opt_values /opt/stack/data/venv/lib/python3.12/site-packages/oslo_config/cfg.py:3253}}
Jul 22 05:26:40.920657 np0000005624 nova-scheduler[96464]: DEBUG cotyledon.oslo_config_glue [-] oslo_messaging_rabbit.conn_pool_min_size = 2 {{(pid=96464) log_opt_values /opt/stack/data/venv/lib/python3.12/site-packages/oslo_config/cfg.py:3253}}
Jul 22 05:26:40.920657 np0000005624 nova-scheduler[96464]: DEBUG cotyledon.oslo_config_glue [-] oslo_messaging_rabbit.conn_pool_ttl = 1200 {{(pid=96464) log_opt_values /opt/stack/data/venv/lib/python3.12/site-packages/oslo_config/cfg.py:3253}}
Jul 22 05:26:40.920657 np0000005624 nova-scheduler[96464]: DEBUG cotyledon.oslo_config_glue [-] oslo_messaging_rabbit.direct_mandatory_flag = True {{(pid=96464) log_opt_values /opt/stack/data/venv/lib/python3.12/site-packages/oslo_config/cfg.py:3253}}
Jul 22 05:26:40.920657 np0000005624 nova-scheduler[96464]: DEBUG cotyledon.oslo_config_glue [-] oslo_messaging_rabbit.enable_cancel_on_failover = False {{(pid=96464) log_opt_values /opt/stack/data/venv/lib/python3.12/site-packages/oslo_config/cfg.py:3253}}
Jul 22 05:26:40.920657 np0000005624 nova-scheduler[96464]: DEBUG cotyledon.oslo_config_glue [-] oslo_messaging_rabbit.heartbeat_rate = 3 {{(pid=96464) log_opt_values /opt/stack/data/venv/lib/python3.12/site-packages/oslo_config/cfg.py:3253}}
Jul 22 05:26:40.920657 np0000005624 nova-scheduler[96464]: DEBUG cotyledon.oslo_config_glue [-] oslo_messaging_rabbit.heartbeat_timeout_threshold = 60 {{(pid=96464) log_opt_values /opt/stack/data/venv/lib/python3.12/site-packages/oslo_config/cfg.py:3253}}
Jul 22 05:26:40.920657 np0000005624 nova-scheduler[96464]: DEBUG cotyledon.oslo_config_glue [-] oslo_messaging_rabbit.hostname = np0000005624 {{(pid=96464) log_opt_values /opt/stack/data/venv/lib/python3.12/site-packages/oslo_config/cfg.py:3253}}
Jul 22 05:26:40.920657 np0000005624 nova-scheduler[96464]: DEBUG cotyledon.oslo_config_glue [-] oslo_messaging_rabbit.kombu_compression = None {{(pid=96464) log_opt_values /opt/stack/data/venv/lib/python3.12/site-packages/oslo_config/cfg.py:3253}}
Jul 22 05:26:40.920657 np0000005624 nova-scheduler[96464]: DEBUG cotyledon.oslo_config_glue [-] oslo_messaging_rabbit.kombu_failover_strategy = round-robin {{(pid=96464) log_opt_values /opt/stack/data/venv/lib/python3.12/site-packages/oslo_config/cfg.py:3253}}
Jul 22 05:26:40.920968 np0000005624 nova-scheduler[96464]: DEBUG cotyledon.oslo_config_glue [-] oslo_messaging_rabbit.kombu_missing_consumer_retry_timeout = 60 {{(pid=96464) log_opt_values /opt/stack/data/venv/lib/python3.12/site-packages/oslo_config/cfg.py:3253}}
Jul 22 05:26:40.920968 np0000005624 nova-scheduler[96464]: DEBUG cotyledon.oslo_config_glue [-] oslo_messaging_rabbit.kombu_reconnect_delay = 1.0 {{(pid=96464) log_opt_values /opt/stack/data/venv/lib/python3.12/site-packages/oslo_config/cfg.py:3253}}
Jul 22 05:26:40.920968 np0000005624 nova-scheduler[96464]: DEBUG cotyledon.oslo_config_glue [-] oslo_messaging_rabbit.kombu_reconnect_splay = 0.0 {{(pid=96464) log_opt_values /opt/stack/data/venv/lib/python3.12/site-packages/oslo_config/cfg.py:3253}}
Jul 22 05:26:40.920968 np0000005624 nova-scheduler[96464]: DEBUG cotyledon.oslo_config_glue [-] oslo_messaging_rabbit.processname = nova-scheduler {{(pid=96464) log_opt_values /opt/stack/data/venv/lib/python3.12/site-packages/oslo_config/cfg.py:3253}}
Jul 22 05:26:40.920968 np0000005624 nova-scheduler[96464]: DEBUG cotyledon.oslo_config_glue [-] oslo_messaging_rabbit.rabbit_ha_queues = False {{(pid=96464) log_opt_values /opt/stack/data/venv/lib/python3.12/site-packages/oslo_config/cfg.py:3253}}
Jul 22 05:26:40.920968 np0000005624 nova-scheduler[96464]: DEBUG cotyledon.oslo_config_glue [-] oslo_messaging_rabbit.rabbit_interval_max = 30 {{(pid=96464) log_opt_values /opt/stack/data/venv/lib/python3.12/site-packages/oslo_config/cfg.py:3253}}
Jul 22 05:26:40.920968 np0000005624 nova-scheduler[96464]: DEBUG cotyledon.oslo_config_glue [-] oslo_messaging_rabbit.rabbit_login_method = AMQPLAIN {{(pid=96464) log_opt_values /opt/stack/data/venv/lib/python3.12/site-packages/oslo_config/cfg.py:3253}}
Jul 22 05:26:40.920968 np0000005624 nova-scheduler[96464]: DEBUG cotyledon.oslo_config_glue [-] oslo_messaging_rabbit.rabbit_qos_prefetch_count = 0 {{(pid=96464) log_opt_values /opt/stack/data/venv/lib/python3.12/site-packages/oslo_config/cfg.py:3253}}
Jul 22 05:26:40.920968 np0000005624 nova-scheduler[96464]: DEBUG cotyledon.oslo_config_glue [-] oslo_messaging_rabbit.rabbit_quorum_delivery_limit = 0 {{(pid=96464) log_opt_values /opt/stack/data/venv/lib/python3.12/site-packages/oslo_config/cfg.py:3253}}
Jul 22 05:26:40.921284 np0000005624 nova-scheduler[96464]: DEBUG cotyledon.oslo_config_glue [-] oslo_messaging_rabbit.rabbit_quorum_max_memory_bytes = 0 {{(pid=96464) log_opt_values /opt/stack/data/venv/lib/python3.12/site-packages/oslo_config/cfg.py:3253}}
Jul 22 05:26:40.921284 np0000005624 nova-scheduler[96464]: DEBUG cotyledon.oslo_config_glue [-] oslo_messaging_rabbit.rabbit_quorum_max_memory_length = 0 {{(pid=96464) log_opt_values /opt/stack/data/venv/lib/python3.12/site-packages/oslo_config/cfg.py:3253}}
Jul 22 05:26:40.921284 np0000005624 nova-scheduler[96464]: DEBUG cotyledon.oslo_config_glue [-] oslo_messaging_rabbit.rabbit_quorum_queue = False {{(pid=96464) log_opt_values /opt/stack/data/venv/lib/python3.12/site-packages/oslo_config/cfg.py:3253}}
Jul 22 05:26:40.921284 np0000005624 nova-scheduler[96464]: DEBUG cotyledon.oslo_config_glue [-] oslo_messaging_rabbit.rabbit_retry_backoff = 2 {{(pid=96464) log_opt_values /opt/stack/data/venv/lib/python3.12/site-packages/oslo_config/cfg.py:3253}}
Jul 22 05:26:40.921284 np0000005624 nova-scheduler[96464]: DEBUG cotyledon.oslo_config_glue [-] oslo_messaging_rabbit.rabbit_retry_interval = 1 {{(pid=96464) log_opt_values /opt/stack/data/venv/lib/python3.12/site-packages/oslo_config/cfg.py:3253}}
Jul 22 05:26:40.921284 np0000005624 nova-scheduler[96464]: DEBUG cotyledon.oslo_config_glue [-] oslo_messaging_rabbit.rabbit_stream_fanout = False {{(pid=96464) log_opt_values /opt/stack/data/venv/lib/python3.12/site-packages/oslo_config/cfg.py:3253}}
Jul 22 05:26:40.921284 np0000005624 nova-scheduler[96464]: DEBUG cotyledon.oslo_config_glue [-] oslo_messaging_rabbit.rabbit_transient_queues_ttl = 1800 {{(pid=96464) log_opt_values /opt/stack/data/venv/lib/python3.12/site-packages/oslo_config/cfg.py:3253}}
Jul 22 05:26:40.921284 np0000005624 nova-scheduler[96464]: DEBUG cotyledon.oslo_config_glue [-] oslo_messaging_rabbit.rabbit_transient_quorum_queue = False {{(pid=96464) log_opt_values /opt/stack/data/venv/lib/python3.12/site-packages/oslo_config/cfg.py:3253}}
Jul 22 05:26:40.921568 np0000005624 nova-scheduler[96464]: DEBUG cotyledon.oslo_config_glue [-] oslo_messaging_rabbit.rpc_conn_pool_size = 30 {{(pid=96464) log_opt_values /opt/stack/data/venv/lib/python3.12/site-packages/oslo_config/cfg.py:3253}}
Jul 22 05:26:40.921568 np0000005624 nova-scheduler[96464]: DEBUG cotyledon.oslo_config_glue [-] oslo_messaging_rabbit.ssl = False {{(pid=96464) log_opt_values /opt/stack/data/venv/lib/python3.12/site-packages/oslo_config/cfg.py:3253}}
Jul 22 05:26:40.921568 np0000005624 nova-scheduler[96464]: DEBUG cotyledon.oslo_config_glue [-] oslo_messaging_rabbit.ssl_ca_file = {{(pid=96464) log_opt_values /opt/stack/data/venv/lib/python3.12/site-packages/oslo_config/cfg.py:3253}}
Jul 22 05:26:40.921568 np0000005624 nova-scheduler[96464]: DEBUG cotyledon.oslo_config_glue [-] oslo_messaging_rabbit.ssl_cert_file = {{(pid=96464) log_opt_values /opt/stack/data/venv/lib/python3.12/site-packages/oslo_config/cfg.py:3253}}
Jul 22 05:26:40.921568 np0000005624 nova-scheduler[96464]: DEBUG cotyledon.oslo_config_glue [-] oslo_messaging_rabbit.ssl_enforce_fips_mode = False {{(pid=96464) log_opt_values /opt/stack/data/venv/lib/python3.12/site-packages/oslo_config/cfg.py:3253}}
Jul 22 05:26:40.921568 np0000005624 nova-scheduler[96464]: DEBUG cotyledon.oslo_config_glue [-] oslo_messaging_rabbit.ssl_enforce_hostname_verification = True {{(pid=96464) log_opt_values /opt/stack/data/venv/lib/python3.12/site-packages/oslo_config/cfg.py:3253}}
Jul 22 05:26:40.921568 np0000005624 nova-scheduler[96464]: DEBUG cotyledon.oslo_config_glue [-] oslo_messaging_rabbit.ssl_key_file = {{(pid=96464) log_opt_values /opt/stack/data/venv/lib/python3.12/site-packages/oslo_config/cfg.py:3253}}
Jul 22 05:26:40.921568 np0000005624 nova-scheduler[96464]: DEBUG cotyledon.oslo_config_glue [-] oslo_messaging_rabbit.ssl_version = {{(pid=96464) log_opt_values /opt/stack/data/venv/lib/python3.12/site-packages/oslo_config/cfg.py:3253}}
Jul 22 05:26:40.921568 np0000005624 nova-scheduler[96464]: DEBUG cotyledon.oslo_config_glue [-] oslo_messaging_rabbit.use_queue_manager = False {{(pid=96464) log_opt_values /opt/stack/data/venv/lib/python3.12/site-packages/oslo_config/cfg.py:3253}}
Jul 22 05:26:40.922175 np0000005624 nova-scheduler[96464]: DEBUG cotyledon.oslo_config_glue [-] oslo_messaging_notifications.driver = ['messagingv2'] {{(pid=96464) log_opt_values /opt/stack/data/venv/lib/python3.12/site-packages/oslo_config/cfg.py:3253}}
Jul 22 05:26:40.922175 np0000005624 nova-scheduler[96464]: DEBUG cotyledon.oslo_config_glue [-] oslo_messaging_notifications.retry = -1 {{(pid=96464) log_opt_values /opt/stack/data/venv/lib/python3.12/site-packages/oslo_config/cfg.py:3253}}
Jul 22 05:26:40.922175 np0000005624 nova-scheduler[96464]: DEBUG cotyledon.oslo_config_glue [-] oslo_messaging_notifications.topics = ['notifications'] {{(pid=96464) log_opt_values /opt/stack/data/venv/lib/python3.12/site-packages/oslo_config/cfg.py:3253}}
Jul 22 05:26:40.922175 np0000005624 nova-scheduler[96464]: DEBUG cotyledon.oslo_config_glue [-] oslo_messaging_notifications.transport_url = **** {{(pid=96464) log_opt_values /opt/stack/data/venv/lib/python3.12/site-packages/oslo_config/cfg.py:3253}}
Jul 22 05:26:40.922175 np0000005624 nova-scheduler[96464]: DEBUG cotyledon.oslo_config_glue [-] oslo_limit.auth_section = None {{(pid=96464) log_opt_values /opt/stack/data/venv/lib/python3.12/site-packages/oslo_config/cfg.py:3253}}
Jul 22 05:26:40.922175 np0000005624 nova-scheduler[96464]: DEBUG cotyledon.oslo_config_glue [-] oslo_limit.auth_type = None {{(pid=96464) log_opt_values /opt/stack/data/venv/lib/python3.12/site-packages/oslo_config/cfg.py:3253}}
Jul 22 05:26:40.922175 np0000005624 nova-scheduler[96464]: DEBUG cotyledon.oslo_config_glue [-] oslo_limit.cafile = None {{(pid=96464) log_opt_values /opt/stack/data/venv/lib/python3.12/site-packages/oslo_config/cfg.py:3253}}
Jul 22 05:26:40.922175 np0000005624 nova-scheduler[96464]: DEBUG cotyledon.oslo_config_glue [-] oslo_limit.certfile = None {{(pid=96464) log_opt_values /opt/stack/data/venv/lib/python3.12/site-packages/oslo_config/cfg.py:3253}}
Jul 22 05:26:40.922175 np0000005624 nova-scheduler[96464]: DEBUG cotyledon.oslo_config_glue [-] oslo_limit.collect_timing = False {{(pid=96464) log_opt_values /opt/stack/data/venv/lib/python3.12/site-packages/oslo_config/cfg.py:3253}}
Jul 22 05:26:40.922466 np0000005624 nova-scheduler[96464]: DEBUG cotyledon.oslo_config_glue [-] oslo_limit.connect_retries = None {{(pid=96464) log_opt_values /opt/stack/data/venv/lib/python3.12/site-packages/oslo_config/cfg.py:3253}}
Jul 22 05:26:40.922466 np0000005624 nova-scheduler[96464]: DEBUG cotyledon.oslo_config_glue [-] oslo_limit.connect_retry_delay = None {{(pid=96464) log_opt_values /opt/stack/data/venv/lib/python3.12/site-packages/oslo_config/cfg.py:3253}}
Jul 22 05:26:40.922466 np0000005624 nova-scheduler[96464]: DEBUG cotyledon.oslo_config_glue [-] oslo_limit.endpoint_id = None {{(pid=96464) log_opt_values /opt/stack/data/venv/lib/python3.12/site-packages/oslo_config/cfg.py:3253}}
Jul 22 05:26:40.922466 np0000005624 nova-scheduler[96464]: DEBUG cotyledon.oslo_config_glue [-] oslo_limit.endpoint_interface = public {{(pid=96464) log_opt_values /opt/stack/data/venv/lib/python3.12/site-packages/oslo_config/cfg.py:3253}}
Jul 22 05:26:40.922466 np0000005624 nova-scheduler[96464]: DEBUG cotyledon.oslo_config_glue [-] oslo_limit.endpoint_override = None {{(pid=96464) log_opt_values /opt/stack/data/venv/lib/python3.12/site-packages/oslo_config/cfg.py:3253}}
Jul 22 05:26:40.922466 np0000005624 nova-scheduler[96464]: DEBUG cotyledon.oslo_config_glue [-] oslo_limit.endpoint_region_name = None {{(pid=96464) log_opt_values /opt/stack/data/venv/lib/python3.12/site-packages/oslo_config/cfg.py:3253}}
Jul 22 05:26:40.922466 np0000005624 nova-scheduler[96464]: DEBUG cotyledon.oslo_config_glue [-] oslo_limit.endpoint_service_name = None {{(pid=96464) log_opt_values /opt/stack/data/venv/lib/python3.12/site-packages/oslo_config/cfg.py:3253}}
Jul 22 05:26:40.922466 np0000005624 nova-scheduler[96464]: DEBUG cotyledon.oslo_config_glue [-] oslo_limit.endpoint_service_type = None {{(pid=96464) log_opt_values /opt/stack/data/venv/lib/python3.12/site-packages/oslo_config/cfg.py:3253}}
Jul 22 05:26:40.922466 np0000005624 nova-scheduler[96464]: DEBUG cotyledon.oslo_config_glue [-] oslo_limit.insecure = False {{(pid=96464) log_opt_values /opt/stack/data/venv/lib/python3.12/site-packages/oslo_config/cfg.py:3253}}
Jul 22 05:26:40.922808 np0000005624 nova-scheduler[96464]: DEBUG cotyledon.oslo_config_glue [-] oslo_limit.keyfile = None {{(pid=96464) log_opt_values /opt/stack/data/venv/lib/python3.12/site-packages/oslo_config/cfg.py:3253}}
Jul 22 05:26:40.922808 np0000005624 nova-scheduler[96464]: DEBUG cotyledon.oslo_config_glue [-] oslo_limit.max_version = None {{(pid=96464) log_opt_values /opt/stack/data/venv/lib/python3.12/site-packages/oslo_config/cfg.py:3253}}
Jul 22 05:26:40.922808 np0000005624 nova-scheduler[96464]: DEBUG cotyledon.oslo_config_glue [-] oslo_limit.min_version = None {{(pid=96464) log_opt_values /opt/stack/data/venv/lib/python3.12/site-packages/oslo_config/cfg.py:3253}}
Jul 22 05:26:40.922808 np0000005624 nova-scheduler[96464]: DEBUG cotyledon.oslo_config_glue [-] oslo_limit.region_name = None {{(pid=96464) log_opt_values /opt/stack/data/venv/lib/python3.12/site-packages/oslo_config/cfg.py:3253}}
Jul 22 05:26:40.922808 np0000005624 nova-scheduler[96464]: DEBUG cotyledon.oslo_config_glue [-] oslo_limit.retriable_status_codes = None {{(pid=96464) log_opt_values /opt/stack/data/venv/lib/python3.12/site-packages/oslo_config/cfg.py:3253}}
Jul 22 05:26:40.922808 np0000005624 nova-scheduler[96464]: DEBUG cotyledon.oslo_config_glue [-] oslo_limit.service_name = None {{(pid=96464) log_opt_values /opt/stack/data/venv/lib/python3.12/site-packages/oslo_config/cfg.py:3253}}
Jul 22 05:26:40.922808 np0000005624 nova-scheduler[96464]: DEBUG cotyledon.oslo_config_glue [-] oslo_limit.service_type = None {{(pid=96464) log_opt_values /opt/stack/data/venv/lib/python3.12/site-packages/oslo_config/cfg.py:3253}}
Jul 22 05:26:40.922808 np0000005624 nova-scheduler[96464]: DEBUG cotyledon.oslo_config_glue [-] oslo_limit.split_loggers = False {{(pid=96464) log_opt_values /opt/stack/data/venv/lib/python3.12/site-packages/oslo_config/cfg.py:3253}}
Jul 22 05:26:40.922808 np0000005624 nova-scheduler[96464]: DEBUG cotyledon.oslo_config_glue [-] oslo_limit.status_code_retries = None {{(pid=96464) log_opt_values /opt/stack/data/venv/lib/python3.12/site-packages/oslo_config/cfg.py:3253}}
Jul 22 05:26:40.923128 np0000005624 nova-scheduler[96464]: DEBUG cotyledon.oslo_config_glue [-] oslo_limit.status_code_retry_delay = None {{(pid=96464) log_opt_values /opt/stack/data/venv/lib/python3.12/site-packages/oslo_config/cfg.py:3253}}
Jul 22 05:26:40.923128 np0000005624 nova-scheduler[96464]: DEBUG cotyledon.oslo_config_glue [-] oslo_limit.timeout = None {{(pid=96464) log_opt_values /opt/stack/data/venv/lib/python3.12/site-packages/oslo_config/cfg.py:3253}}
Jul 22 05:26:40.923128 np0000005624 nova-scheduler[96464]: DEBUG cotyledon.oslo_config_glue [-] oslo_limit.valid_interfaces = None {{(pid=96464) log_opt_values /opt/stack/data/venv/lib/python3.12/site-packages/oslo_config/cfg.py:3253}}
Jul 22 05:26:40.923128 np0000005624 nova-scheduler[96464]: DEBUG cotyledon.oslo_config_glue [-] oslo_limit.version = None {{(pid=96464) log_opt_values /opt/stack/data/venv/lib/python3.12/site-packages/oslo_config/cfg.py:3253}}
Jul 22 05:26:40.923128 np0000005624 nova-scheduler[96464]: DEBUG cotyledon.oslo_config_glue [-] oslo_reports.file_event_handler = None {{(pid=96464) log_opt_values /opt/stack/data/venv/lib/python3.12/site-packages/oslo_config/cfg.py:3253}}
Jul 22 05:26:40.923128 np0000005624 nova-scheduler[96464]: DEBUG cotyledon.oslo_config_glue [-] oslo_reports.file_event_handler_interval = 1 {{(pid=96464) log_opt_values /opt/stack/data/venv/lib/python3.12/site-packages/oslo_config/cfg.py:3253}}
Jul 22 05:26:40.923128 np0000005624 nova-scheduler[96464]: DEBUG cotyledon.oslo_config_glue [-] oslo_reports.log_dir = None {{(pid=96464) log_opt_values /opt/stack/data/venv/lib/python3.12/site-packages/oslo_config/cfg.py:3253}}
Jul 22 05:26:40.923128 np0000005624 nova-scheduler[96464]: DEBUG cotyledon.oslo_config_glue [-] ******************************************************************************** {{(pid=96464) log_opt_values /opt/stack/data/venv/lib/python3.12/site-packages/oslo_config/cfg.py:3260}}
Jul 22 05:26:40.923128 np0000005624 nova-scheduler[96464]: DEBUG cotyledon._service_worker [-] Run service ServiceWrapper(3) [96464] {{(pid=96464) wait_forever /opt/stack/data/venv/lib/python3.12/site-packages/cotyledon/_service_worker.py:218}}
Jul 22 05:26:40.923416 np0000005624 nova-scheduler[96458]: DEBUG oslo_db.sqlalchemy.engines [None req-a877a042-d188-44a5-bdee-a8036d61ad79 None None] MySQL server mode set to STRICT_TRANS_TABLES,STRICT_ALL_TABLES,NO_ZERO_IN_DATE,NO_ZERO_DATE,ERROR_FOR_DIVISION_BY_ZERO,TRADITIONAL,NO_ENGINE_SUBSTITUTION {{(pid=96458) _check_effective_sql_mode /opt/stack/data/venv/lib/python3.12/site-packages/oslo_db/sqlalchemy/engines.py:325}}
Jul 22 05:26:40.923473 np0000005624 nova-scheduler[96464]: INFO nova.service [-] Starting scheduler node (version 33.1.0)
Jul 22 05:26:40.923473 np0000005624 nova-scheduler[96464]: INFO dbcounter [None req-5b348d04-a853-4b78-9925-4475d3d08548 None None] Registered counter for database nova_cell0
Jul 22 05:26:40.923687 np0000005624 nova-scheduler[96460]: DEBUG oslo_db.sqlalchemy.engines [None req-e295f71c-a2e3-4d5f-9526-6056e1615f7e None None] MySQL server mode set to STRICT_TRANS_TABLES,STRICT_ALL_TABLES,NO_ZERO_IN_DATE,NO_ZERO_DATE,ERROR_FOR_DIVISION_BY_ZERO,TRADITIONAL,NO_ENGINE_SUBSTITUTION {{(pid=96460) _check_effective_sql_mode /opt/stack/data/venv/lib/python3.12/site-packages/oslo_db/sqlalchemy/engines.py:325}}
Jul 22 05:26:40.925726 np0000005624 nova-scheduler[96458]: DEBUG dbcounter [-] [96458] Writer thread running {{(pid=96458) stat_writer /opt/stack/data/venv/lib/python3.12/site-packages/dbcounter.py:102}}
Jul 22 05:26:40.926494 np0000005624 nova-scheduler[96460]: DEBUG dbcounter [-] [96460] Writer thread running {{(pid=96460) stat_writer /opt/stack/data/venv/lib/python3.12/site-packages/dbcounter.py:102}}
Jul 22 05:26:40.943976 np0000005624 nova-scheduler[96462]: DEBUG oslo_db.sqlalchemy.engines [None req-b76518e8-3cf8-4c35-9879-8d26aca2a207 None None] MySQL server mode set to STRICT_TRANS_TABLES,STRICT_ALL_TABLES,NO_ZERO_IN_DATE,NO_ZERO_DATE,ERROR_FOR_DIVISION_BY_ZERO,TRADITIONAL,NO_ENGINE_SUBSTITUTION {{(pid=96462) _check_effective_sql_mode /opt/stack/data/venv/lib/python3.12/site-packages/oslo_db/sqlalchemy/engines.py:325}}
Jul 22 05:26:40.952661 np0000005624 nova-scheduler[96460]: DEBUG nova.service [None req-e295f71c-a2e3-4d5f-9526-6056e1615f7e None None] Creating RPC server for service: nova-scheduler on topic: scheduler {{(pid=96460) start /opt/stack/nova/nova/service.py:196}}
Jul 22 05:26:40.957237 np0000005624 nova-scheduler[96462]: DEBUG dbcounter [-] [96462] Writer thread running {{(pid=96462) stat_writer /opt/stack/data/venv/lib/python3.12/site-packages/dbcounter.py:102}}
Jul 22 05:26:40.958890 np0000005624 nova-scheduler[96458]: DEBUG nova.service [None req-a877a042-d188-44a5-bdee-a8036d61ad79 None None] Creating RPC server for service: nova-scheduler on topic: scheduler {{(pid=96458) start /opt/stack/nova/nova/service.py:196}}
Jul 22 05:26:40.960657 np0000005624 nova-scheduler[96462]: DEBUG nova.service [None req-b76518e8-3cf8-4c35-9879-8d26aca2a207 None None] Creating RPC server for service: nova-scheduler on topic: scheduler {{(pid=96462) start /opt/stack/nova/nova/service.py:196}}
Jul 22 05:26:40.968867 np0000005624 nova-scheduler[96464]: DEBUG oslo_db.sqlalchemy.engines [None req-5b348d04-a853-4b78-9925-4475d3d08548 None None] MySQL server mode set to STRICT_TRANS_TABLES,STRICT_ALL_TABLES,NO_ZERO_IN_DATE,NO_ZERO_DATE,ERROR_FOR_DIVISION_BY_ZERO,TRADITIONAL,NO_ENGINE_SUBSTITUTION {{(pid=96464) _check_effective_sql_mode /opt/stack/data/venv/lib/python3.12/site-packages/oslo_db/sqlalchemy/engines.py:325}}
Jul 22 05:26:40.982067 np0000005624 nova-scheduler[96464]: DEBUG dbcounter [-] [96464] Writer thread running {{(pid=96464) stat_writer /opt/stack/data/venv/lib/python3.12/site-packages/dbcounter.py:102}}
Jul 22 05:26:40.983222 np0000005624 nova-scheduler[96462]: DEBUG nova.service [None req-b76518e8-3cf8-4c35-9879-8d26aca2a207 None None] Join ServiceGroup membership for this service scheduler {{(pid=96462) start /opt/stack/nova/nova/service.py:222}}
Jul 22 05:26:40.983504 np0000005624 nova-scheduler[96462]: DEBUG nova.servicegroup.drivers.db [None req-b76518e8-3cf8-4c35-9879-8d26aca2a207 None None] DB_Driver: join new ServiceGroup member np0000005624 to the scheduler group, service = {{(pid=96462) join /opt/stack/nova/nova/servicegroup/drivers/db.py:44}}
Jul 22 05:26:40.985661 np0000005624 nova-scheduler[96464]: DEBUG nova.service [None req-5b348d04-a853-4b78-9925-4475d3d08548 None None] Creating RPC server for service: nova-scheduler on topic: scheduler {{(pid=96464) start /opt/stack/nova/nova/service.py:196}}
Jul 22 05:26:40.990261 np0000005624 nova-scheduler[96460]: DEBUG nova.service [None req-e295f71c-a2e3-4d5f-9526-6056e1615f7e None None] Join ServiceGroup membership for this service scheduler {{(pid=96460) start /opt/stack/nova/nova/service.py:222}}
Jul 22 05:26:40.990574 np0000005624 nova-scheduler[96460]: DEBUG nova.servicegroup.drivers.db [None req-e295f71c-a2e3-4d5f-9526-6056e1615f7e None None] DB_Driver: join new ServiceGroup member np0000005624 to the scheduler group, service = {{(pid=96460) join /opt/stack/nova/nova/servicegroup/drivers/db.py:44}}
Jul 22 05:26:40.991579 np0000005624 nova-scheduler[96458]: DEBUG nova.service [None req-a877a042-d188-44a5-bdee-a8036d61ad79 None None] Join ServiceGroup membership for this service scheduler {{(pid=96458) start /opt/stack/nova/nova/service.py:222}}
Jul 22 05:26:40.991936 np0000005624 nova-scheduler[96458]: DEBUG nova.servicegroup.drivers.db [None req-a877a042-d188-44a5-bdee-a8036d61ad79 None None] DB_Driver: join new ServiceGroup member np0000005624 to the scheduler group, service = {{(pid=96458) join /opt/stack/nova/nova/servicegroup/drivers/db.py:44}}
Jul 22 05:26:41.004742 np0000005624 nova-scheduler[96464]: DEBUG nova.service [None req-5b348d04-a853-4b78-9925-4475d3d08548 None None] Join ServiceGroup membership for this service scheduler {{(pid=96464) start /opt/stack/nova/nova/service.py:222}}
Jul 22 05:26:41.005053 np0000005624 nova-scheduler[96464]: DEBUG nova.servicegroup.drivers.db [None req-5b348d04-a853-4b78-9925-4475d3d08548 None None] DB_Driver: join new ServiceGroup member np0000005624 to the scheduler group, service = {{(pid=96464) join /opt/stack/nova/nova/servicegroup/drivers/db.py:44}}
Jul 22 05:26:46.003534 np0000005624 nova-scheduler[96462]: DEBUG oslo.service.backend._threading.loopingcall [-] Fixed interval looping call 'nova.servicegroup.drivers.db.DbDriver._report_state' sleeping for 119.98 seconds {{(pid=96462) _run_loop /opt/stack/data/venv/lib/python3.12/site-packages/oslo_service/backend/_threading/loopingcall.py:125}}
Jul 22 05:26:46.004144 np0000005624 nova-scheduler[96460]: DEBUG oslo.service.backend._threading.loopingcall [-] Fixed interval looping call 'nova.servicegroup.drivers.db.DbDriver._report_state' sleeping for 119.99 seconds {{(pid=96460) _run_loop /opt/stack/data/venv/lib/python3.12/site-packages/oslo_service/backend/_threading/loopingcall.py:125}}
Jul 22 05:26:46.005718 np0000005624 nova-scheduler[96458]: DEBUG oslo.service.backend._threading.loopingcall [-] Fixed interval looping call 'nova.servicegroup.drivers.db.DbDriver._report_state' sleeping for 119.99 seconds {{(pid=96458) _run_loop /opt/stack/data/venv/lib/python3.12/site-packages/oslo_service/backend/_threading/loopingcall.py:125}}
Jul 22 05:26:46.016780 np0000005624 nova-scheduler[96464]: DEBUG oslo.service.backend._threading.loopingcall [-] Fixed interval looping call 'nova.servicegroup.drivers.db.DbDriver._report_state' sleeping for 119.99 seconds {{(pid=96464) _run_loop /opt/stack/data/venv/lib/python3.12/site-packages/oslo_service/backend/_threading/loopingcall.py:125}}
Jul 22 05:26:48.986797 np0000005624 nova-scheduler[96462]: DEBUG oslo.service.backend._threading.loopingcall [None req-2c5fed8c-bc50-43d3-a60b-34c8d195b2c0 None None] Dynamic interval looping call 'nova.service.Service.periodic_tasks' sleeping for 60.00 seconds {{(pid=96462) _run_loop /opt/stack/data/venv/lib/python3.12/site-packages/oslo_service/backend/_threading/loopingcall.py:125}}
Jul 22 05:26:49.509280 np0000005624 nova-scheduler[95206]: DEBUG dbcounter [-] [95206] Writing DB stats nova_api:SELECT=3 {{(pid=95206) stat_writer /opt/stack/data/venv/lib/python3.12/site-packages/dbcounter.py:115}}
Jul 22 05:26:49.649312 np0000005624 nova-scheduler[95206]: DEBUG dbcounter [-] [95206] Writing DB stats nova_cell0:SELECT=1 {{(pid=95206) stat_writer /opt/stack/data/venv/lib/python3.12/site-packages/dbcounter.py:115}}
Jul 22 05:26:49.654304 np0000005624 nova-scheduler[95206]: DEBUG dbcounter [-] [95206] Writing DB stats nova_cell1:SELECT=1 {{(pid=95206) stat_writer /opt/stack/data/venv/lib/python3.12/site-packages/dbcounter.py:115}}
Jul 22 05:26:54.007795 np0000005624 nova-scheduler[96464]: DEBUG oslo.service.backend._threading.loopingcall [None req-b43656de-e57b-489f-bc1c-ee768cf385d6 None None] Dynamic interval looping call 'nova.service.Service.periodic_tasks' sleeping for 60.00 seconds {{(pid=96464) _run_loop /opt/stack/data/venv/lib/python3.12/site-packages/oslo_service/backend/_threading/loopingcall.py:125}}
Jul 22 05:26:55.998571 np0000005624 nova-scheduler[96462]: DEBUG dbcounter [-] [96462] Writing DB stats nova_cell0:SELECT=3,nova_cell0:UPDATE=1 {{(pid=96462) stat_writer /opt/stack/data/venv/lib/python3.12/site-packages/dbcounter.py:115}}
Jul 22 05:26:56.000748 np0000005624 nova-scheduler[96460]: DEBUG dbcounter [-] [96460] Writing DB stats nova_cell0:SELECT=4,nova_cell0:INSERT=1,nova_cell0:UPDATE=1 {{(pid=96460) stat_writer /opt/stack/data/venv/lib/python3.12/site-packages/dbcounter.py:115}}
Jul 22 05:26:56.003899 np0000005624 nova-scheduler[96458]: DEBUG dbcounter [-] [96458] Writing DB stats nova_cell0:SELECT=5,nova_cell0:INSERT=1,nova_cell0:UPDATE=1 {{(pid=96458) stat_writer /opt/stack/data/venv/lib/python3.12/site-packages/dbcounter.py:115}}
Jul 22 05:26:56.013993 np0000005624 nova-scheduler[96464]: DEBUG dbcounter [-] [96464] Writing DB stats nova_cell0:SELECT=3 {{(pid=96464) stat_writer /opt/stack/data/venv/lib/python3.12/site-packages/dbcounter.py:115}}
Jul 22 05:27:03.994315 np0000005624 nova-scheduler[96458]: DEBUG oslo.service.backend._threading.loopingcall [None req-7dafb556-de3f-42a0-9108-85dd4c999e07 None None] Dynamic interval looping call 'nova.service.Service.periodic_tasks' sleeping for 60.00 seconds {{(pid=96458) _run_loop /opt/stack/data/venv/lib/python3.12/site-packages/oslo_service/backend/_threading/loopingcall.py:125}}
Jul 22 05:27:31.993344 np0000005624 nova-scheduler[96460]: DEBUG oslo.service.backend._threading.loopingcall [None req-100af10e-8b8c-4980-8faf-065e422bffc1 None None] Dynamic interval looping call 'nova.service.Service.periodic_tasks' sleeping for 60.00 seconds {{(pid=96460) _run_loop /opt/stack/data/venv/lib/python3.12/site-packages/oslo_service/backend/_threading/loopingcall.py:125}}
Jul 22 05:27:48.987321 np0000005624 nova-scheduler[96462]: DEBUG oslo.service.backend._threading.loopingcall [None req-2c5fed8c-bc50-43d3-a60b-34c8d195b2c0 None None] Dynamic interval looping call 'nova.service.Service.periodic_tasks' sleeping for 60.00 seconds {{(pid=96462) _run_loop /opt/stack/data/venv/lib/python3.12/site-packages/oslo_service/backend/_threading/loopingcall.py:125}}
Jul 22 05:27:54.008352 np0000005624 nova-scheduler[96464]: DEBUG oslo.service.backend._threading.loopingcall [None req-b43656de-e57b-489f-bc1c-ee768cf385d6 None None] Dynamic interval looping call 'nova.service.Service.periodic_tasks' sleeping for 60.00 seconds {{(pid=96464) _run_loop /opt/stack/data/venv/lib/python3.12/site-packages/oslo_service/backend/_threading/loopingcall.py:125}}
Jul 22 05:28:03.994809 np0000005624 nova-scheduler[96458]: DEBUG oslo.service.backend._threading.loopingcall [None req-7dafb556-de3f-42a0-9108-85dd4c999e07 None None] Dynamic interval looping call 'nova.service.Service.periodic_tasks' sleeping for 60.00 seconds {{(pid=96458) _run_loop /opt/stack/data/venv/lib/python3.12/site-packages/oslo_service/backend/_threading/loopingcall.py:125}}
Jul 22 05:28:31.993887 np0000005624 nova-scheduler[96460]: DEBUG oslo.service.backend._threading.loopingcall [None req-100af10e-8b8c-4980-8faf-065e422bffc1 None None] Dynamic interval looping call 'nova.service.Service.periodic_tasks' sleeping for 60.00 seconds {{(pid=96460) _run_loop /opt/stack/data/venv/lib/python3.12/site-packages/oslo_service/backend/_threading/loopingcall.py:125}}
Jul 22 05:28:45.991048 np0000005624 nova-scheduler[96462]: DEBUG oslo.service.backend._threading.loopingcall [-] Fixed interval looping call 'nova.servicegroup.drivers.db.DbDriver._report_state' sleeping for 119.99 seconds {{(pid=96462) _run_loop /opt/stack/data/venv/lib/python3.12/site-packages/oslo_service/backend/_threading/loopingcall.py:125}}
Jul 22 05:28:45.998018 np0000005624 nova-scheduler[96460]: DEBUG oslo.service.backend._threading.loopingcall [-] Fixed interval looping call 'nova.servicegroup.drivers.db.DbDriver._report_state' sleeping for 120.00 seconds {{(pid=96460) _run_loop /opt/stack/data/venv/lib/python3.12/site-packages/oslo_service/backend/_threading/loopingcall.py:125}}
Jul 22 05:28:45.999951 np0000005624 nova-scheduler[96458]: DEBUG oslo.service.backend._threading.loopingcall [-] Fixed interval looping call 'nova.servicegroup.drivers.db.DbDriver._report_state' sleeping for 120.00 seconds {{(pid=96458) _run_loop /opt/stack/data/venv/lib/python3.12/site-packages/oslo_service/backend/_threading/loopingcall.py:125}}
Jul 22 05:28:46.010309 np0000005624 nova-scheduler[96464]: DEBUG oslo.service.backend._threading.loopingcall [-] Fixed interval looping call 'nova.servicegroup.drivers.db.DbDriver._report_state' sleeping for 120.00 seconds {{(pid=96464) _run_loop /opt/stack/data/venv/lib/python3.12/site-packages/oslo_service/backend/_threading/loopingcall.py:125}}
Jul 22 05:28:48.987914 np0000005624 nova-scheduler[96462]: DEBUG oslo.service.backend._threading.loopingcall [None req-2c5fed8c-bc50-43d3-a60b-34c8d195b2c0 None None] Dynamic interval looping call 'nova.service.Service.periodic_tasks' sleeping for 60.00 seconds {{(pid=96462) _run_loop /opt/stack/data/venv/lib/python3.12/site-packages/oslo_service/backend/_threading/loopingcall.py:125}}
Jul 22 05:28:54.008950 np0000005624 nova-scheduler[96464]: DEBUG oslo.service.backend._threading.loopingcall [None req-b43656de-e57b-489f-bc1c-ee768cf385d6 None None] Dynamic interval looping call 'nova.service.Service.periodic_tasks' sleeping for 60.00 seconds {{(pid=96464) _run_loop /opt/stack/data/venv/lib/python3.12/site-packages/oslo_service/backend/_threading/loopingcall.py:125}}
Jul 22 05:28:55.987722 np0000005624 nova-scheduler[96462]: DEBUG dbcounter [-] [96462] Writing DB stats nova_cell0:SELECT=1,nova_cell0:UPDATE=1 {{(pid=96462) stat_writer /opt/stack/data/venv/lib/python3.12/site-packages/dbcounter.py:115}}
Jul 22 05:28:55.996556 np0000005624 nova-scheduler[96460]: DEBUG dbcounter [-] [96460] Writing DB stats nova_cell0:SELECT=1 {{(pid=96460) stat_writer /opt/stack/data/venv/lib/python3.12/site-packages/dbcounter.py:115}}
Jul 22 05:28:55.998172 np0000005624 nova-scheduler[96458]: DEBUG dbcounter [-] [96458] Writing DB stats nova_cell0:SELECT=1 {{(pid=96458) stat_writer /opt/stack/data/venv/lib/python3.12/site-packages/dbcounter.py:115}}
Jul 22 05:28:56.008600 np0000005624 nova-scheduler[96464]: DEBUG dbcounter [-] [96464] Writing DB stats nova_cell0:SELECT=1 {{(pid=96464) stat_writer /opt/stack/data/venv/lib/python3.12/site-packages/dbcounter.py:115}}
Jul 22 05:29:03.995534 np0000005624 nova-scheduler[96458]: DEBUG oslo.service.backend._threading.loopingcall [None req-7dafb556-de3f-42a0-9108-85dd4c999e07 None None] Dynamic interval looping call 'nova.service.Service.periodic_tasks' sleeping for 60.00 seconds {{(pid=96458) _run_loop /opt/stack/data/venv/lib/python3.12/site-packages/oslo_service/backend/_threading/loopingcall.py:125}}
Jul 22 05:29:25.644561 np0000005624 nova-scheduler[96462]: DEBUG nova.scheduler.manager [None req-3c685b37-9122-4930-a617-7d2b4e9da688 tempest-DeleteServersTestJSON-983031243 tempest-DeleteServersTestJSON-983031243-project-member] Starting to schedule for instances: ['26d48d1f-2ed5-4259-8548-762c06c9fc5c'] {{(pid=96462) select_destinations /opt/stack/nova/nova/scheduler/manager.py:209}}
Jul 22 05:29:25.645764 np0000005624 nova-scheduler[96462]: DEBUG nova.scheduler.request_filter [None req-3c685b37-9122-4930-a617-7d2b4e9da688 tempest-DeleteServersTestJSON-983031243 tempest-DeleteServersTestJSON-983031243-project-member] compute_status_filter request filter added forbidden trait COMPUTE_STATUS_DISABLED {{(pid=96462) compute_status_filter /opt/stack/nova/nova/scheduler/request_filter.py:253}}
Jul 22 05:29:25.645764 np0000005624 nova-scheduler[96462]: DEBUG nova.scheduler.request_filter [None req-3c685b37-9122-4930-a617-7d2b4e9da688 tempest-DeleteServersTestJSON-983031243 tempest-DeleteServersTestJSON-983031243-project-member] Request filter 'compute_status_filter' took 0.0 seconds {{(pid=96462) wrapper /opt/stack/nova/nova/scheduler/request_filter.py:46}}
Jul 22 05:29:25.646012 np0000005624 nova-scheduler[96462]: DEBUG nova.scheduler.request_filter [None req-3c685b37-9122-4930-a617-7d2b4e9da688 tempest-DeleteServersTestJSON-983031243 tempest-DeleteServersTestJSON-983031243-project-member] Request filter 'accelerators_filter' took 0.0 seconds {{(pid=96462) wrapper /opt/stack/nova/nova/scheduler/request_filter.py:46}}
Jul 22 05:29:25.647959 np0000005624 nova-scheduler[96462]: DEBUG nova.scheduler.request_filter [None req-3c685b37-9122-4930-a617-7d2b4e9da688 tempest-DeleteServersTestJSON-983031243 tempest-DeleteServersTestJSON-983031243-project-member] Request filter 'packed_virtqueue_filter' took 0.0 seconds {{(pid=96462) wrapper /opt/stack/nova/nova/scheduler/request_filter.py:46}}
Jul 22 05:29:25.648323 np0000005624 nova-scheduler[96462]: DEBUG nova.scheduler.request_filter [None req-3c685b37-9122-4930-a617-7d2b4e9da688 tempest-DeleteServersTestJSON-983031243 tempest-DeleteServersTestJSON-983031243-project-member] Request filter 'remote_managed_ports_filter' took 0.0 seconds {{(pid=96462) wrapper /opt/stack/nova/nova/scheduler/request_filter.py:46}}
Jul 22 05:29:25.648547 np0000005624 nova-scheduler[96462]: DEBUG nova.scheduler.request_filter [None req-3c685b37-9122-4930-a617-7d2b4e9da688 tempest-DeleteServersTestJSON-983031243 tempest-DeleteServersTestJSON-983031243-project-member] ephemeral_encryption_filter skipped {{(pid=96462) ephemeral_encryption_filter /opt/stack/nova/nova/scheduler/request_filter.py:426}}
Jul 22 05:29:25.649298 np0000005624 nova-scheduler[96462]: DEBUG nova.scheduler.request_filter [None req-3c685b37-9122-4930-a617-7d2b4e9da688 tempest-DeleteServersTestJSON-983031243 tempest-DeleteServersTestJSON-983031243-project-member] virtio_sound_filter skipped {{(pid=96462) virtio_sound_filter /opt/stack/nova/nova/scheduler/request_filter.py:460}}
Jul 22 05:29:25.649467 np0000005624 nova-scheduler[96462]: DEBUG nova.scheduler.request_filter [None req-3c685b37-9122-4930-a617-7d2b4e9da688 tempest-DeleteServersTestJSON-983031243 tempest-DeleteServersTestJSON-983031243-project-member] tpm_secret_security_filter skipped {{(pid=96462) tpm_secret_security_filter /opt/stack/nova/nova/scheduler/request_filter.py:477}}
Jul 22 05:29:26.372051 np0000005624 nova-scheduler[96462]: INFO nova.utils [None req-3c685b37-9122-4930-a617-7d2b4e9da688 tempest-DeleteServersTestJSON-983031243 tempest-DeleteServersTestJSON-983031243-project-member] The cell worker thread pool ForkProcess-3.cell_worker is initialized
Jul 22 05:29:26.372536 np0000005624 nova-scheduler[96462]: DEBUG oslo_concurrency.lockutils [None req-3c685b37-9122-4930-a617-7d2b4e9da688 tempest-DeleteServersTestJSON-983031243 tempest-DeleteServersTestJSON-983031243-project-member] Acquiring lock "3f1ac1c0-24af-47e4-8548-6320450f2d7c" by "nova.context.set_target_cell..get_or_set_cached_cell_and_set_connections" {{(pid=96462) inner /opt/stack/data/venv/lib/python3.12/site-packages/oslo_concurrency/lockutils.py:512}}
Jul 22 05:29:26.373157 np0000005624 nova-scheduler[96462]: DEBUG oslo_concurrency.lockutils [None req-3c685b37-9122-4930-a617-7d2b4e9da688 tempest-DeleteServersTestJSON-983031243 tempest-DeleteServersTestJSON-983031243-project-member] Lock "3f1ac1c0-24af-47e4-8548-6320450f2d7c" acquired by "nova.context.set_target_cell..get_or_set_cached_cell_and_set_connections" :: waited 0.000s {{(pid=96462) inner /opt/stack/data/venv/lib/python3.12/site-packages/oslo_concurrency/lockutils.py:525}}
Jul 22 05:29:26.374501 np0000005624 nova-scheduler[96462]: DEBUG oslo_concurrency.lockutils [None req-3c685b37-9122-4930-a617-7d2b4e9da688 tempest-DeleteServersTestJSON-983031243 tempest-DeleteServersTestJSON-983031243-project-member] Lock "3f1ac1c0-24af-47e4-8548-6320450f2d7c" "released" by "nova.context.set_target_cell..get_or_set_cached_cell_and_set_connections" :: held 0.002s {{(pid=96462) inner /opt/stack/data/venv/lib/python3.12/site-packages/oslo_concurrency/lockutils.py:544}}
Jul 22 05:29:26.376775 np0000005624 nova-scheduler[96462]: INFO dbcounter [None req-3c685b37-9122-4930-a617-7d2b4e9da688 tempest-DeleteServersTestJSON-983031243 tempest-DeleteServersTestJSON-983031243-project-member] Registered counter for database nova_cell1
Jul 22 05:29:26.428603 np0000005624 nova-scheduler[96462]: DEBUG oslo_db.sqlalchemy.engines [None req-3c685b37-9122-4930-a617-7d2b4e9da688 tempest-DeleteServersTestJSON-983031243 tempest-DeleteServersTestJSON-983031243-project-member] MySQL server mode set to STRICT_TRANS_TABLES,STRICT_ALL_TABLES,NO_ZERO_IN_DATE,NO_ZERO_DATE,ERROR_FOR_DIVISION_BY_ZERO,TRADITIONAL,NO_ENGINE_SUBSTITUTION {{(pid=96462) _check_effective_sql_mode /opt/stack/data/venv/lib/python3.12/site-packages/oslo_db/sqlalchemy/engines.py:325}}
Jul 22 05:29:26.439109 np0000005624 nova-scheduler[96462]: DEBUG dbcounter [-] [96462] Writer thread running {{(pid=96462) stat_writer /opt/stack/data/venv/lib/python3.12/site-packages/dbcounter.py:102}}
Jul 22 05:29:26.452524 np0000005624 nova-scheduler[96462]: DEBUG oslo_db.sqlalchemy.engines [None req-3c685b37-9122-4930-a617-7d2b4e9da688 tempest-DeleteServersTestJSON-983031243 tempest-DeleteServersTestJSON-983031243-project-member] Parent process 95206 forked (96462) with an open database connection, which is being discarded and recreated. {{(pid=96462) checkout /opt/stack/data/venv/lib/python3.12/site-packages/oslo_db/sqlalchemy/engines.py:402}}
Jul 22 05:29:26.504755 np0000005624 nova-scheduler[96462]: DEBUG dbcounter [-] [96462] Writer thread running {{(pid=96462) stat_writer /opt/stack/data/venv/lib/python3.12/site-packages/dbcounter.py:102}}
