Jul 22 05:26:36.008879 np0000005624 devstack@neutron-api.service[90617]: [pid: 90617|app: 0|req: 8/33] 10.4.3.91 () {64 vars in 1363 bytes} [Wed Jul 22 05:26:35 2026] GET /networking/v2.0/ports?device_id=bcf1473c-3b38-42cf-9ace-da2b2a18f644 => generated 2594 bytes in 48 msecs (HTTP/1.1 200) 4 headers in 158 bytes (1 switches on core 0)
Jul 22 05:26:41.470010 np0000005624 devstack@neutron-api.service[90618]: DEBUG futurist.periodics [-] Submitting periodic callback 'neutron.plugins.ml2.drivers.ovn.mech_driver.ovsdb.maintenance.HashRingHealthCheckPeriodics.touch_hash_ring_node' {{(pid=90618) _process_scheduled /opt/stack/data/venv/lib/python3.12/site-packages/futurist/periodics.py:784}}
Jul 22 05:26:41.470485 np0000005624 devstack@neutron-api.service[90618]: DEBUG neutron.plugins.ml2.drivers.ovn.mech_driver.ovsdb.maintenance [-] Touching Hash Ring node "c7bad69a44eb53c881f74b71efe6d1f6" from periodic health check thread {{(pid=90618) touch_hash_ring_node /opt/stack/neutron/neutron/plugins/ml2/drivers/ovn/mech_driver/ovsdb/maintenance.py:1417}}
Jul 22 05:26:42.539396 np0000005624 devstack@neutron-api.service[90619]: DEBUG futurist.periodics [-] Submitting periodic callback 'neutron.plugins.ml2.drivers.ovn.mech_driver.ovsdb.maintenance.HashRingHealthCheckPeriodics.touch_hash_ring_node' {{(pid=90619) _process_scheduled /opt/stack/data/venv/lib/python3.12/site-packages/futurist/periodics.py:784}}
Jul 22 05:26:42.539882 np0000005624 devstack@neutron-api.service[90619]: DEBUG neutron.plugins.ml2.drivers.ovn.mech_driver.ovsdb.maintenance [-] Touching Hash Ring node "fefacec39b1d53a6ae0385711c0b9241" from periodic health check thread {{(pid=90619) touch_hash_ring_node /opt/stack/neutron/neutron/plugins/ml2/drivers/ovn/mech_driver/ovsdb/maintenance.py:1417}}
Jul 22 05:26:42.570802 np0000005624 devstack@neutron-api.service[90620]: DEBUG futurist.periodics [-] Submitting periodic callback 'neutron.plugins.ml2.drivers.ovn.mech_driver.ovsdb.maintenance.HashRingHealthCheckPeriodics.touch_hash_ring_node' {{(pid=90620) _process_scheduled /opt/stack/data/venv/lib/python3.12/site-packages/futurist/periodics.py:784}}
Jul 22 05:26:42.572961 np0000005624 devstack@neutron-api.service[90620]: DEBUG neutron.plugins.ml2.drivers.ovn.mech_driver.ovsdb.maintenance [-] Touching Hash Ring node "f62034e345e65b20b3ee5d7251a20aa8" from periodic health check thread {{(pid=90620) touch_hash_ring_node /opt/stack/neutron/neutron/plugins/ml2/drivers/ovn/mech_driver/ovsdb/maintenance.py:1417}}
Jul 22 05:26:42.590074 np0000005624 devstack@neutron-api.service[90617]: DEBUG futurist.periodics [-] Submitting periodic callback 'neutron.plugins.ml2.drivers.ovn.mech_driver.ovsdb.maintenance.HashRingHealthCheckPeriodics.touch_hash_ring_node' {{(pid=90617) _process_scheduled /opt/stack/data/venv/lib/python3.12/site-packages/futurist/periodics.py:784}}
Jul 22 05:26:42.590543 np0000005624 devstack@neutron-api.service[90617]: DEBUG neutron.plugins.ml2.drivers.ovn.mech_driver.ovsdb.maintenance [-] Touching Hash Ring node "6253b6a787d05dd2a9c1ca8437b0d19f" from periodic health check thread {{(pid=90617) touch_hash_ring_node /opt/stack/neutron/neutron/plugins/ml2/drivers/ovn/mech_driver/ovsdb/maintenance.py:1417}}
Jul 22 05:26:51.485748 np0000005624 devstack@neutron-api.service[90618]: DEBUG dbcounter [-] [90618] Writing DB stats neutron:SELECT=1593,neutron:INSERT=671,neutron:DELETE=5,neutron:UPDATE=115 {{(pid=90618) stat_writer /opt/stack/data/venv/lib/python3.12/site-packages/dbcounter.py:115}}
Jul 22 05:26:52.548427 np0000005624 devstack@neutron-api.service[90619]: DEBUG dbcounter [-] [90619] Writing DB stats neutron:SELECT=1287,neutron:INSERT=37,neutron:DELETE=10,neutron:UPDATE=66 {{(pid=90619) stat_writer /opt/stack/data/venv/lib/python3.12/site-packages/dbcounter.py:115}}
Jul 22 05:26:52.579509 np0000005624 devstack@neutron-api.service[90620]: DEBUG dbcounter [-] [90620] Writing DB stats neutron:SELECT=1405,neutron:INSERT=40,neutron:DELETE=8,neutron:UPDATE=42 {{(pid=90620) stat_writer /opt/stack/data/venv/lib/python3.12/site-packages/dbcounter.py:115}}
Jul 22 05:26:52.600533 np0000005624 devstack@neutron-api.service[90617]: DEBUG dbcounter [-] [90617] Writing DB stats neutron:SELECT=1528,neutron:INSERT=59,neutron:DELETE=6,neutron:UPDATE=50 {{(pid=90617) stat_writer /opt/stack/data/venv/lib/python3.12/site-packages/dbcounter.py:115}}
Jul 22 05:26:56.470688 np0000005624 devstack@neutron-api.service[90618]: DEBUG futurist.periodics [-] Submitting periodic callback 'neutron.plugins.ml2.drivers.ovn.mech_driver.ovsdb.maintenance.HashRingHealthCheckPeriodics.touch_hash_ring_node' {{(pid=90618) _process_scheduled /opt/stack/data/venv/lib/python3.12/site-packages/futurist/periodics.py:784}}
Jul 22 05:26:56.471200 np0000005624 devstack@neutron-api.service[90618]: DEBUG neutron.plugins.ml2.drivers.ovn.mech_driver.ovsdb.maintenance [-] Touching Hash Ring node "c7bad69a44eb53c881f74b71efe6d1f6" from periodic health check thread {{(pid=90618) touch_hash_ring_node /opt/stack/neutron/neutron/plugins/ml2/drivers/ovn/mech_driver/ovsdb/maintenance.py:1417}}
Jul 22 05:26:57.540198 np0000005624 devstack@neutron-api.service[90619]: DEBUG futurist.periodics [-] Submitting periodic callback 'neutron.plugins.ml2.drivers.ovn.mech_driver.ovsdb.maintenance.HashRingHealthCheckPeriodics.touch_hash_ring_node' {{(pid=90619) _process_scheduled /opt/stack/data/venv/lib/python3.12/site-packages/futurist/periodics.py:784}}
Jul 22 05:26:57.540740 np0000005624 devstack@neutron-api.service[90619]: DEBUG neutron.plugins.ml2.drivers.ovn.mech_driver.ovsdb.maintenance [-] Touching Hash Ring node "fefacec39b1d53a6ae0385711c0b9241" from periodic health check thread {{(pid=90619) touch_hash_ring_node /opt/stack/neutron/neutron/plugins/ml2/drivers/ovn/mech_driver/ovsdb/maintenance.py:1417}}
Jul 22 05:26:57.571798 np0000005624 devstack@neutron-api.service[90620]: DEBUG futurist.periodics [-] Submitting periodic callback 'neutron.plugins.ml2.drivers.ovn.mech_driver.ovsdb.maintenance.HashRingHealthCheckPeriodics.touch_hash_ring_node' {{(pid=90620) _process_scheduled /opt/stack/data/venv/lib/python3.12/site-packages/futurist/periodics.py:784}}
Jul 22 05:26:57.572234 np0000005624 devstack@neutron-api.service[90620]: DEBUG neutron.plugins.ml2.drivers.ovn.mech_driver.ovsdb.maintenance [-] Touching Hash Ring node "f62034e345e65b20b3ee5d7251a20aa8" from periodic health check thread {{(pid=90620) touch_hash_ring_node /opt/stack/neutron/neutron/plugins/ml2/drivers/ovn/mech_driver/ovsdb/maintenance.py:1417}}
Jul 22 05:26:57.590716 np0000005624 devstack@neutron-api.service[90617]: DEBUG futurist.periodics [-] Submitting periodic callback 'neutron.plugins.ml2.drivers.ovn.mech_driver.ovsdb.maintenance.HashRingHealthCheckPeriodics.touch_hash_ring_node' {{(pid=90617) _process_scheduled /opt/stack/data/venv/lib/python3.12/site-packages/futurist/periodics.py:784}}
Jul 22 05:26:57.591170 np0000005624 devstack@neutron-api.service[90617]: DEBUG neutron.plugins.ml2.drivers.ovn.mech_driver.ovsdb.maintenance [-] Touching Hash Ring node "6253b6a787d05dd2a9c1ca8437b0d19f" from periodic health check thread {{(pid=90617) touch_hash_ring_node /opt/stack/neutron/neutron/plugins/ml2/drivers/ovn/mech_driver/ovsdb/maintenance.py:1417}}
Jul 22 05:27:06.480005 np0000005624 devstack@neutron-api.service[90618]: DEBUG dbcounter [-] [90618] Writing DB stats neutron:UPDATE=1,neutron:SELECT=1 {{(pid=90618) stat_writer /opt/stack/data/venv/lib/python3.12/site-packages/dbcounter.py:115}}
Jul 22 05:27:07.548521 np0000005624 devstack@neutron-api.service[90619]: DEBUG dbcounter [-] [90619] Writing DB stats neutron:UPDATE=1,neutron:SELECT=1 {{(pid=90619) stat_writer /opt/stack/data/venv/lib/python3.12/site-packages/dbcounter.py:115}}
Jul 22 05:27:07.579316 np0000005624 devstack@neutron-api.service[90620]: DEBUG dbcounter [-] [90620] Writing DB stats neutron:UPDATE=1,neutron:SELECT=1 {{(pid=90620) stat_writer /opt/stack/data/venv/lib/python3.12/site-packages/dbcounter.py:115}}
Jul 22 05:27:07.600708 np0000005624 devstack@neutron-api.service[90617]: DEBUG dbcounter [-] [90617] Writing DB stats neutron:UPDATE=1,neutron:SELECT=1 {{(pid=90617) stat_writer /opt/stack/data/venv/lib/python3.12/site-packages/dbcounter.py:115}}
Jul 22 05:27:11.471493 np0000005624 devstack@neutron-api.service[90618]: DEBUG futurist.periodics [-] Submitting periodic callback 'neutron.plugins.ml2.drivers.ovn.mech_driver.ovsdb.maintenance.HashRingHealthCheckPeriodics.touch_hash_ring_node' {{(pid=90618) _process_scheduled /opt/stack/data/venv/lib/python3.12/site-packages/futurist/periodics.py:784}}
Jul 22 05:27:11.471876 np0000005624 devstack@neutron-api.service[90618]: DEBUG neutron.plugins.ml2.drivers.ovn.mech_driver.ovsdb.maintenance [-] Touching Hash Ring node "c7bad69a44eb53c881f74b71efe6d1f6" from periodic health check thread {{(pid=90618) touch_hash_ring_node /opt/stack/neutron/neutron/plugins/ml2/drivers/ovn/mech_driver/ovsdb/maintenance.py:1417}}
Jul 22 05:27:12.540713 np0000005624 devstack@neutron-api.service[90619]: DEBUG futurist.periodics [-] Submitting periodic callback 'neutron.plugins.ml2.drivers.ovn.mech_driver.ovsdb.maintenance.HashRingHealthCheckPeriodics.touch_hash_ring_node' {{(pid=90619) _process_scheduled /opt/stack/data/venv/lib/python3.12/site-packages/futurist/periodics.py:784}}
Jul 22 05:27:12.541119 np0000005624 devstack@neutron-api.service[90619]: DEBUG neutron.plugins.ml2.drivers.ovn.mech_driver.ovsdb.maintenance [-] Touching Hash Ring node "fefacec39b1d53a6ae0385711c0b9241" from periodic health check thread {{(pid=90619) touch_hash_ring_node /opt/stack/neutron/neutron/plugins/ml2/drivers/ovn/mech_driver/ovsdb/maintenance.py:1417}}
Jul 22 05:27:12.572276 np0000005624 devstack@neutron-api.service[90620]: DEBUG futurist.periodics [-] Submitting periodic callback 'neutron.plugins.ml2.drivers.ovn.mech_driver.ovsdb.maintenance.HashRingHealthCheckPeriodics.touch_hash_ring_node' {{(pid=90620) _process_scheduled /opt/stack/data/venv/lib/python3.12/site-packages/futurist/periodics.py:784}}
Jul 22 05:27:12.572722 np0000005624 devstack@neutron-api.service[90620]: DEBUG neutron.plugins.ml2.drivers.ovn.mech_driver.ovsdb.maintenance [-] Touching Hash Ring node "f62034e345e65b20b3ee5d7251a20aa8" from periodic health check thread {{(pid=90620) touch_hash_ring_node /opt/stack/neutron/neutron/plugins/ml2/drivers/ovn/mech_driver/ovsdb/maintenance.py:1417}}
Jul 22 05:27:12.591278 np0000005624 devstack@neutron-api.service[90617]: DEBUG futurist.periodics [-] Submitting periodic callback 'neutron.plugins.ml2.drivers.ovn.mech_driver.ovsdb.maintenance.HashRingHealthCheckPeriodics.touch_hash_ring_node' {{(pid=90617) _process_scheduled /opt/stack/data/venv/lib/python3.12/site-packages/futurist/periodics.py:784}}
Jul 22 05:27:12.591677 np0000005624 devstack@neutron-api.service[90617]: DEBUG neutron.plugins.ml2.drivers.ovn.mech_driver.ovsdb.maintenance [-] Touching Hash Ring node "6253b6a787d05dd2a9c1ca8437b0d19f" from periodic health check thread {{(pid=90617) touch_hash_ring_node /opt/stack/neutron/neutron/plugins/ml2/drivers/ovn/mech_driver/ovsdb/maintenance.py:1417}}
Jul 22 05:27:21.478102 np0000005624 devstack@neutron-api.service[90618]: DEBUG dbcounter [-] [90618] Writing DB stats neutron:UPDATE=1,neutron:SELECT=1 {{(pid=90618) stat_writer /opt/stack/data/venv/lib/python3.12/site-packages/dbcounter.py:115}}
Jul 22 05:27:22.546986 np0000005624 devstack@neutron-api.service[90619]: DEBUG dbcounter [-] [90619] Writing DB stats neutron:UPDATE=1,neutron:SELECT=1 {{(pid=90619) stat_writer /opt/stack/data/venv/lib/python3.12/site-packages/dbcounter.py:115}}
Jul 22 05:27:22.579329 np0000005624 devstack@neutron-api.service[90620]: DEBUG dbcounter [-] [90620] Writing DB stats neutron:UPDATE=1,neutron:SELECT=1 {{(pid=90620) stat_writer /opt/stack/data/venv/lib/python3.12/site-packages/dbcounter.py:115}}
Jul 22 05:27:22.597611 np0000005624 devstack@neutron-api.service[90617]: DEBUG dbcounter [-] [90617] Writing DB stats neutron:UPDATE=1,neutron:SELECT=1 {{(pid=90617) stat_writer /opt/stack/data/venv/lib/python3.12/site-packages/dbcounter.py:115}}
Jul 22 05:27:26.472007 np0000005624 devstack@neutron-api.service[90618]: DEBUG futurist.periodics [-] Submitting periodic callback 'neutron.plugins.ml2.drivers.ovn.mech_driver.ovsdb.maintenance.HashRingHealthCheckPeriodics.touch_hash_ring_node' {{(pid=90618) _process_scheduled /opt/stack/data/venv/lib/python3.12/site-packages/futurist/periodics.py:784}}
Jul 22 05:27:26.472499 np0000005624 devstack@neutron-api.service[90618]: DEBUG neutron.plugins.ml2.drivers.ovn.mech_driver.ovsdb.maintenance [-] Touching Hash Ring node "c7bad69a44eb53c881f74b71efe6d1f6" from periodic health check thread {{(pid=90618) touch_hash_ring_node /opt/stack/neutron/neutron/plugins/ml2/drivers/ovn/mech_driver/ovsdb/maintenance.py:1417}}
Jul 22 05:27:27.541251 np0000005624 devstack@neutron-api.service[90619]: DEBUG futurist.periodics [-] Submitting periodic callback 'neutron.plugins.ml2.drivers.ovn.mech_driver.ovsdb.maintenance.HashRingHealthCheckPeriodics.touch_hash_ring_node' {{(pid=90619) _process_scheduled /opt/stack/data/venv/lib/python3.12/site-packages/futurist/periodics.py:784}}
Jul 22 05:27:27.541659 np0000005624 devstack@neutron-api.service[90619]: DEBUG neutron.plugins.ml2.drivers.ovn.mech_driver.ovsdb.maintenance [-] Touching Hash Ring node "fefacec39b1d53a6ae0385711c0b9241" from periodic health check thread {{(pid=90619) touch_hash_ring_node /opt/stack/neutron/neutron/plugins/ml2/drivers/ovn/mech_driver/ovsdb/maintenance.py:1417}}
Jul 22 05:27:27.572802 np0000005624 devstack@neutron-api.service[90620]: DEBUG futurist.periodics [-] Submitting periodic callback 'neutron.plugins.ml2.drivers.ovn.mech_driver.ovsdb.maintenance.HashRingHealthCheckPeriodics.touch_hash_ring_node' {{(pid=90620) _process_scheduled /opt/stack/data/venv/lib/python3.12/site-packages/futurist/periodics.py:784}}
Jul 22 05:27:27.573225 np0000005624 devstack@neutron-api.service[90620]: DEBUG neutron.plugins.ml2.drivers.ovn.mech_driver.ovsdb.maintenance [-] Touching Hash Ring node "f62034e345e65b20b3ee5d7251a20aa8" from periodic health check thread {{(pid=90620) touch_hash_ring_node /opt/stack/neutron/neutron/plugins/ml2/drivers/ovn/mech_driver/ovsdb/maintenance.py:1417}}
Jul 22 05:27:27.591860 np0000005624 devstack@neutron-api.service[90617]: DEBUG futurist.periodics [-] Submitting periodic callback 'neutron.plugins.ml2.drivers.ovn.mech_driver.ovsdb.maintenance.HashRingHealthCheckPeriodics.touch_hash_ring_node' {{(pid=90617) _process_scheduled /opt/stack/data/venv/lib/python3.12/site-packages/futurist/periodics.py:784}}
Jul 22 05:27:27.592271 np0000005624 devstack@neutron-api.service[90617]: DEBUG neutron.plugins.ml2.drivers.ovn.mech_driver.ovsdb.maintenance [-] Touching Hash Ring node "6253b6a787d05dd2a9c1ca8437b0d19f" from periodic health check thread {{(pid=90617) touch_hash_ring_node /opt/stack/neutron/neutron/plugins/ml2/drivers/ovn/mech_driver/ovsdb/maintenance.py:1417}}
Jul 22 05:27:36.480121 np0000005624 devstack@neutron-api.service[90618]: DEBUG dbcounter [-] [90618] Writing DB stats neutron:UPDATE=1,neutron:SELECT=1 {{(pid=90618) stat_writer /opt/stack/data/venv/lib/python3.12/site-packages/dbcounter.py:115}}
Jul 22 05:27:37.548474 np0000005624 devstack@neutron-api.service[90619]: DEBUG dbcounter [-] [90619] Writing DB stats neutron:UPDATE=1,neutron:SELECT=1 {{(pid=90619) stat_writer /opt/stack/data/venv/lib/python3.12/site-packages/dbcounter.py:115}}
Jul 22 05:27:37.579102 np0000005624 devstack@neutron-api.service[90620]: DEBUG dbcounter [-] [90620] Writing DB stats neutron:UPDATE=1,neutron:SELECT=1 {{(pid=90620) stat_writer /opt/stack/data/venv/lib/python3.12/site-packages/dbcounter.py:115}}
Jul 22 05:27:37.599015 np0000005624 devstack@neutron-api.service[90617]: DEBUG dbcounter [-] [90617] Writing DB stats neutron:UPDATE=1,neutron:SELECT=1 {{(pid=90617) stat_writer /opt/stack/data/venv/lib/python3.12/site-packages/dbcounter.py:115}}
Jul 22 05:27:41.472713 np0000005624 devstack@neutron-api.service[90618]: DEBUG futurist.periodics [-] Submitting periodic callback 'neutron.plugins.ml2.drivers.ovn.mech_driver.ovsdb.maintenance.HashRingHealthCheckPeriodics.touch_hash_ring_node' {{(pid=90618) _process_scheduled /opt/stack/data/venv/lib/python3.12/site-packages/futurist/periodics.py:784}}
Jul 22 05:27:41.473163 np0000005624 devstack@neutron-api.service[90618]: DEBUG neutron.plugins.ml2.drivers.ovn.mech_driver.ovsdb.maintenance [-] Touching Hash Ring node "c7bad69a44eb53c881f74b71efe6d1f6" from periodic health check thread {{(pid=90618) touch_hash_ring_node /opt/stack/neutron/neutron/plugins/ml2/drivers/ovn/mech_driver/ovsdb/maintenance.py:1417}}
Jul 22 05:27:41.963593 np0000005624 devstack@neutron-api.service[90618]: DEBUG neutron.api.wsgi [None req-ee37f2af-e229-4225-bebd-8d5aa7ba5889 admin admin] Missing Content-Type {{(pid=90618) get_content_type /opt/stack/neutron/neutron/api/wsgi.py:80}}
Jul 22 05:27:41.964027 np0000005624 devstack@neutron-api.service[90618]: DEBUG neutron.api.wsgi [None req-ee37f2af-e229-4225-bebd-8d5aa7ba5889 admin admin] https://10.4.3.91/networking/v2.0/extensions returned with HTTP 200 {{(pid=90618) __call__ /opt/stack/neutron/neutron/api/wsgi.py:540}}
Jul 22 05:27:41.964391 np0000005624 devstack@neutron-api.service[90618]: [pid: 90618|app: 0|req: 10/34] 10.4.3.91 () {64 vars in 1285 bytes} [Wed Jul 22 05:27:41 2026] GET /networking/v2.0/extensions => generated 16171 bytes in 4 msecs (HTTP/1.1 200) 4 headers in 159 bytes (1 switches on core 0)
Jul 22 05:27:42.268227 np0000005624 devstack@neutron-api.service[90620]: INFO neutron.pecan_wsgi.hooks.translation [None req-81c3cde0-22d5-4cd1-8d3a-2af63d3de567 admin admin] GET failed (client error): The resource could not be found.
Jul 22 05:27:42.268902 np0000005624 devstack@neutron-api.service[90620]: [pid: 90620|app: 0|req: 9/35] 10.4.3.91 () {64 vars in 1287 bytes} [Wed Jul 22 05:27:42 2026] GET /networking/v2.0/networks/public => generated 108 bytes in 10 msecs (HTTP/1.1 404) 4 headers in 164 bytes (1 switches on core 0)
Jul 22 05:27:42.321241 np0000005624 devstack@neutron-api.service[90619]: DEBUG neutron.pecan_wsgi.hooks.policy_enforcement [None req-6846aec5-148f-48b8-97f8-1c2626915726 admin admin] Attributes excluded by policy engine: ['standard_attr_id'] {{(pid=90619) _exclude_attributes_by_policy /opt/stack/neutron/neutron/pecan_wsgi/hooks/policy_enforcement.py:259}}
Jul 22 05:27:42.322102 np0000005624 devstack@neutron-api.service[90619]: [pid: 90619|app: 0|req: 9/36] 10.4.3.91 () {64 vars in 1302 bytes} [Wed Jul 22 05:27:42 2026] GET /networking/v2.0/networks?name=public => generated 759 bytes in 45 msecs (HTTP/1.1 200) 4 headers in 157 bytes (1 switches on core 0)
Jul 22 05:27:42.541854 np0000005624 devstack@neutron-api.service[90619]: DEBUG futurist.periodics [-] Submitting periodic callback 'neutron.plugins.ml2.drivers.ovn.mech_driver.ovsdb.maintenance.HashRingHealthCheckPeriodics.touch_hash_ring_node' {{(pid=90619) _process_scheduled /opt/stack/data/venv/lib/python3.12/site-packages/futurist/periodics.py:784}}
Jul 22 05:27:42.542183 np0000005624 devstack@neutron-api.service[90619]: DEBUG neutron.plugins.ml2.drivers.ovn.mech_driver.ovsdb.maintenance [-] Touching Hash Ring node "fefacec39b1d53a6ae0385711c0b9241" from periodic health check thread {{(pid=90619) touch_hash_ring_node /opt/stack/neutron/neutron/plugins/ml2/drivers/ovn/mech_driver/ovsdb/maintenance.py:1417}}
Jul 22 05:27:42.573324 np0000005624 devstack@neutron-api.service[90620]: DEBUG futurist.periodics [-] Submitting periodic callback 'neutron.plugins.ml2.drivers.ovn.mech_driver.ovsdb.maintenance.HashRingHealthCheckPeriodics.touch_hash_ring_node' {{(pid=90620) _process_scheduled /opt/stack/data/venv/lib/python3.12/site-packages/futurist/periodics.py:784}}
Jul 22 05:27:42.573713 np0000005624 devstack@neutron-api.service[90620]: DEBUG neutron.plugins.ml2.drivers.ovn.mech_driver.ovsdb.maintenance [-] Touching Hash Ring node "f62034e345e65b20b3ee5d7251a20aa8" from periodic health check thread {{(pid=90620) touch_hash_ring_node /opt/stack/neutron/neutron/plugins/ml2/drivers/ovn/mech_driver/ovsdb/maintenance.py:1417}}
Jul 22 05:27:42.588578 np0000005624 devstack@neutron-api.service[90617]: DEBUG neutron.api.v2.base [None req-05e133a3-deee-4ff8-aa69-9930d73f68d5 admin admin] Request body: {'network': {'admin_state_up': True, 'shared': True, 'name': 'shared'}} {{(pid=90617) prepare_request_body /opt/stack/neutron/neutron/api/v2/base.py:727}}
Jul 22 05:27:42.592484 np0000005624 devstack@neutron-api.service[90617]: DEBUG futurist.periodics [-] Submitting periodic callback 'neutron.plugins.ml2.drivers.ovn.mech_driver.ovsdb.maintenance.HashRingHealthCheckPeriodics.touch_hash_ring_node' {{(pid=90617) _process_scheduled /opt/stack/data/venv/lib/python3.12/site-packages/futurist/periodics.py:784}}
Jul 22 05:27:42.593114 np0000005624 devstack@neutron-api.service[90617]: DEBUG neutron.plugins.ml2.drivers.ovn.mech_driver.ovsdb.maintenance [-] Touching Hash Ring node "6253b6a787d05dd2a9c1ca8437b0d19f" from periodic health check thread {{(pid=90617) touch_hash_ring_node /opt/stack/neutron/neutron/plugins/ml2/drivers/ovn/mech_driver/ovsdb/maintenance.py:1417}}
Jul 22 05:27:42.607286 np0000005624 devstack@neutron-api.service[90617]: DEBUG neutron.pecan_wsgi.hooks.quota_enforcement [None req-05e133a3-deee-4ff8-aa69-9930d73f68d5 admin admin] Made reservation on behalf of 2acbfd0ec82d465180d05a596b614857 for: {'network': 1} {{(pid=90617) before /opt/stack/neutron/neutron/pecan_wsgi/hooks/quota_enforcement.py:66}}
Jul 22 05:27:42.610838 np0000005624 devstack@neutron-api.service[90617]: DEBUG neutron_lib.callbacks.manager [None req-05e133a3-deee-4ff8-aa69-9930d73f68d5 admin admin] Publish callbacks ['neutron.plugins.ml2.plugin.SecurityGroupDbMixin._ensure_default_security_group_handler-232903'] for network (None), before_create {{(pid=90617) _notify_loop /opt/stack/data/venv/lib/python3.12/site-packages/neutron_lib/callbacks/manager.py:184}}
Jul 22 05:27:42.640698 np0000005624 devstack@neutron-api.service[90617]: WARNING neutron.services.revisions.revision_plugin [None req-05e133a3-deee-4ff8-aa69-9930d73f68d5 admin admin] Could not find related network for resource to bump revision.
Jul 22 05:27:42.670391 np0000005624 devstack@neutron-api.service[90617]: DEBUG neutron.plugins.ml2.drivers.helpers [None req-05e133a3-deee-4ff8-aa69-9930d73f68d5 admin admin] geneve segment allocate from pool success with {'geneve_vni': 64322} {{(pid=90617) allocate_partially_specified_segment /opt/stack/neutron/neutron/plugins/ml2/drivers/helpers.py:142}}
Jul 22 05:27:42.680032 np0000005624 devstack@neutron-api.service[90617]: DEBUG neutron_lib.callbacks.manager [None req-05e133a3-deee-4ff8-aa69-9930d73f68d5 admin admin] Publish callbacks ['neutron.services.segments.db._add_segment_host_mapping_for_segment-8097257299972', 'neutron.plugins.ml2.plugin.Ml2Plugin._handle_segment_change-517627'] for segment (02b01255-0556-4786-ba31-5d0cddece054), precommit_create {{(pid=90617) _notify_loop /opt/stack/data/venv/lib/python3.12/site-packages/neutron_lib/callbacks/manager.py:184}}
Jul 22 05:27:42.680254 np0000005624 devstack@neutron-api.service[90617]: INFO neutron.db.segments_db [None req-05e133a3-deee-4ff8-aa69-9930d73f68d5 admin admin] Added segment 02b01255-0556-4786-ba31-5d0cddece054 of type geneve for network 1e2a87a8-939f-4da8-991a-4c1dea561bea
Jul 22 05:27:42.698242 np0000005624 devstack@neutron-api.service[90617]: DEBUG neutron_lib.callbacks.manager [None req-05e133a3-deee-4ff8-aa69-9930d73f68d5 admin admin] Publish callbacks ['neutron.services.auto_allocate.db._ensure_external_network_default_value_callback-8097255955196'] for network (1e2a87a8-939f-4da8-991a-4c1dea561bea), precommit_create {{(pid=90617) _notify_loop /opt/stack/data/venv/lib/python3.12/site-packages/neutron_lib/callbacks/manager.py:184}}
Jul 22 05:27:42.711610 np0000005624 devstack@neutron-api.service[90617]: DEBUG neutron.plugins.ml2.drivers.ovn.mech_driver.mech_driver [None req-05e133a3-deee-4ff8-aa69-9930d73f68d5 admin admin] Validating network segment with type geneve, segmentation ID 64322, physical network None {{(pid=90617) _validate_network_segments /opt/stack/neutron/neutron/plugins/ml2/drivers/ovn/mech_driver/mech_driver.py:646}}
Jul 22 05:27:42.711814 np0000005624 devstack@neutron-api.service[90617]: DEBUG neutron.db.ovn_revision_numbers_db [None req-05e133a3-deee-4ff8-aa69-9930d73f68d5 admin admin] create_initial_revision uuid=1e2a87a8-939f-4da8-991a-4c1dea561bea, type=networks, rev=-1 {{(pid=90617) create_initial_revision /opt/stack/neutron/neutron/db/ovn_revision_numbers_db.py:98}}
Jul 22 05:27:42.720286 np0000005624 devstack@neutron-api.service[90617]: DEBUG neutron_lib.callbacks.manager [None req-05e133a3-deee-4ff8-aa69-9930d73f68d5 admin admin] Publish callbacks ['neutron.plugins.ml2.ovo_rpc._ObjectChangeHandler.handle_event-2487905'] for network (1e2a87a8-939f-4da8-991a-4c1dea561bea), after_create {{(pid=90617) _notify_loop /opt/stack/data/venv/lib/python3.12/site-packages/neutron_lib/callbacks/manager.py:184}}
Jul 22 05:27:42.739592 np0000005624 devstack@neutron-api.service[90617]: DEBUG neutron.api.rpc.handlers.resources_rpc [None req-05e133a3-deee-4ff8-aa69-9930d73f68d5 admin admin] Pushing event updated for resources: {'Network': ['ID=1e2a87a8-939f-4da8-991a-4c1dea561bea,revision_number=1']} {{(pid=90617) push /opt/stack/neutron/neutron/api/rpc/handlers/resources_rpc.py:237}}
Jul 22 05:27:42.745141 np0000005624 devstack@neutron-api.service[90617]: DEBUG ovsdbapp.backend.ovs_idl.transaction [None req-dde70152-792c-4488-a616-10d09f6ff462 None None] Running txn n=1 command(idx=0): CheckLivenessCommand(_result=None) {{(pid=90617) do_commit /opt/stack/data/venv/lib/python3.12/site-packages/ovsdbapp/backend/ovs_idl/transaction.py:89}}
Jul 22 05:27:42.753448 np0000005624 devstack@neutron-api.service[90619]: DEBUG ovsdbapp.backend.ovs_idl.event [None req-26ff6ccc-8185-4423-b70f-97052084a588 None None] Matched UPDATE: ChassisAgentWriteEvent(events=('create', 'update'), table='Chassis_Private', conditions=None, old_conditions=None), priority=20 to row=Chassis_Private(uuid=b6cdb0d0-482f-4e4d-98a4-d0f94f9d398b, chassis=4808f376-d639-4d78-809e-1c20e28f9c88, external_ids={'neutron:ovn-bridge': 'br-int', 'neutron:ovn-neutron-agent-id': '121bad97-7261-5de0-8d11-9df4f6bd3e05', 'neutron:ovn-neutron-agent-sb-cfg': '1'}, name='ccc959d6-f6ce-45b0-a3a1-16cd29499e12', nb_cfg=2, nb_cfg_timestamp=1784698062748) old=Chassis_Private(uuid=b6cdb0d0-482f-4e4d-98a4-d0f94f9d398b, nb_cfg=1, nb_cfg_timestamp=1784697979602) {{(pid=90619) matches /opt/stack/data/venv/lib/python3.12/site-packages/ovsdbapp/backend/ovs_idl/event.py:55}}
Jul 22 05:27:42.753784 np0000005624 devstack@neutron-api.service[90620]: DEBUG ovsdbapp.backend.ovs_idl.event [None req-82bf5c3d-7683-4742-b5b4-5a88d9fed706 None None] Matched UPDATE: ChassisAgentWriteEvent(events=('create', 'update'), table='Chassis_Private', conditions=None, old_conditions=None), priority=20 to row=Chassis_Private(uuid=b6cdb0d0-482f-4e4d-98a4-d0f94f9d398b, chassis=4808f376-d639-4d78-809e-1c20e28f9c88, external_ids={'neutron:ovn-bridge': 'br-int', 'neutron:ovn-neutron-agent-id': '121bad97-7261-5de0-8d11-9df4f6bd3e05', 'neutron:ovn-neutron-agent-sb-cfg': '1'}, name='ccc959d6-f6ce-45b0-a3a1-16cd29499e12', nb_cfg=2, nb_cfg_timestamp=1784698062748) old=Chassis_Private(uuid=b6cdb0d0-482f-4e4d-98a4-d0f94f9d398b, nb_cfg=1, nb_cfg_timestamp=1784697979602) {{(pid=90620) matches /opt/stack/data/venv/lib/python3.12/site-packages/ovsdbapp/backend/ovs_idl/event.py:55}}
Jul 22 05:27:42.753998 np0000005624 devstack@neutron-api.service[90617]: DEBUG ovsdbapp.backend.ovs_idl.event [-] Matched UPDATE: ChassisAgentWriteEvent(events=('create', 'update'), table='Chassis_Private', conditions=None, old_conditions=None), priority=20 to row=Chassis_Private(uuid=b6cdb0d0-482f-4e4d-98a4-d0f94f9d398b, chassis=4808f376-d639-4d78-809e-1c20e28f9c88, external_ids={'neutron:ovn-bridge': 'br-int', 'neutron:ovn-neutron-agent-id': '121bad97-7261-5de0-8d11-9df4f6bd3e05', 'neutron:ovn-neutron-agent-sb-cfg': '1'}, name='ccc959d6-f6ce-45b0-a3a1-16cd29499e12', nb_cfg=2, nb_cfg_timestamp=1784698062748) old=Chassis_Private(uuid=b6cdb0d0-482f-4e4d-98a4-d0f94f9d398b, nb_cfg=1, nb_cfg_timestamp=1784697979602) {{(pid=90617) matches /opt/stack/data/venv/lib/python3.12/site-packages/ovsdbapp/backend/ovs_idl/event.py:55}}
Jul 22 05:27:42.754292 np0000005624 devstack@neutron-api.service[90618]: DEBUG ovsdbapp.backend.ovs_idl.event [None req-2fa9c873-57a7-49ed-a3a6-7ac7c67c4f2e None None] Matched UPDATE: ChassisAgentWriteEvent(events=('create', 'update'), table='Chassis_Private', conditions=None, old_conditions=None), priority=20 to row=Chassis_Private(uuid=b6cdb0d0-482f-4e4d-98a4-d0f94f9d398b, chassis=4808f376-d639-4d78-809e-1c20e28f9c88, external_ids={'neutron:ovn-bridge': 'br-int', 'neutron:ovn-neutron-agent-id': '121bad97-7261-5de0-8d11-9df4f6bd3e05', 'neutron:ovn-neutron-agent-sb-cfg': '1'}, name='ccc959d6-f6ce-45b0-a3a1-16cd29499e12', nb_cfg=2, nb_cfg_timestamp=1784698062748) old=Chassis_Private(uuid=b6cdb0d0-482f-4e4d-98a4-d0f94f9d398b, nb_cfg=1, nb_cfg_timestamp=1784697979602) {{(pid=90618) matches /opt/stack/data/venv/lib/python3.12/site-packages/ovsdbapp/backend/ovs_idl/event.py:55}}
Jul 22 05:27:42.762751 np0000005624 devstack@neutron-api.service[90618]: DEBUG neutron.common.ovn.hash_ring_manager [None req-2fa9c873-57a7-49ed-a3a6-7ac7c67c4f2e None None] Hash Ring loaded. 4 active nodes. 0 offline nodes {{(pid=90618) _load_hash_ring /opt/stack/neutron/neutron/common/ovn/hash_ring_manager.py:110}}
Jul 22 05:27:42.763188 np0000005624 devstack@neutron-api.service[90620]: DEBUG neutron.common.ovn.hash_ring_manager [None req-ad0a284f-70e8-4ee1-a036-9caf2a06e51a None None] Hash Ring loaded. 4 active nodes. 0 offline nodes {{(pid=90620) _load_hash_ring /opt/stack/neutron/neutron/common/ovn/hash_ring_manager.py:110}}
Jul 22 05:27:42.763360 np0000005624 devstack@neutron-api.service[90618]: DEBUG neutron.common.ovn.hash_ring_manager [None req-a8c61250-7fab-4132-9fdd-d83416fe7a64 None None] Hash Ring loaded. 4 active nodes. 0 offline nodes {{(pid=90618) _load_hash_ring /opt/stack/neutron/neutron/common/ovn/hash_ring_manager.py:110}}
Jul 22 05:27:42.763949 np0000005624 devstack@neutron-api.service[90620]: DEBUG neutron.plugins.ml2.drivers.ovn.mech_driver.ovsdb.ovsdb_monitor [None req-ad0a284f-70e8-4ee1-a036-9caf2a06e51a None None] Hash Ring: Node f62034e345e65b20b3ee5d7251a20aa8 (host: np0000005624) handling event "update" for row c55e9bdf-9433-40bb-95dd-534ce8cba877 (table: NB_Global) {{(pid=90620) notify /opt/stack/neutron/neutron/plugins/ml2/drivers/ovn/mech_driver/ovsdb/ovsdb_monitor.py:1013}}
Jul 22 05:27:42.764496 np0000005624 devstack@neutron-api.service[90617]: DEBUG neutron.common.ovn.hash_ring_manager [None req-dde70152-792c-4488-a616-10d09f6ff462 None None] Hash Ring loaded. 4 active nodes. 0 offline nodes {{(pid=90617) _load_hash_ring /opt/stack/neutron/neutron/common/ovn/hash_ring_manager.py:110}}
Jul 22 05:27:42.765048 np0000005624 devstack@neutron-api.service[90620]: DEBUG neutron.plugins.ml2.drivers.ovn.mech_driver.ovsdb.ovsdb_monitor [None req-ad0a284f-70e8-4ee1-a036-9caf2a06e51a None None] Hash Ring: Node f62034e345e65b20b3ee5d7251a20aa8 (host: np0000005624) handling event "update" for row c55e9bdf-9433-40bb-95dd-534ce8cba877 (table: NB_Global) {{(pid=90620) notify /opt/stack/neutron/neutron/plugins/ml2/drivers/ovn/mech_driver/ovsdb/ovsdb_monitor.py:1013}}
Jul 22 05:27:42.765371 np0000005624 devstack@neutron-api.service[90619]: DEBUG neutron.common.ovn.hash_ring_manager [None req-26ff6ccc-8185-4423-b70f-97052084a588 None None] Hash Ring loaded. 4 active nodes. 0 offline nodes {{(pid=90619) _load_hash_ring /opt/stack/neutron/neutron/common/ovn/hash_ring_manager.py:110}}
Jul 22 05:27:42.765654 np0000005624 devstack@neutron-api.service[90620]: DEBUG neutron.plugins.ml2.drivers.ovn.mech_driver.ovsdb.ovsdb_monitor [None req-ad0a284f-70e8-4ee1-a036-9caf2a06e51a None None] Hash Ring: Node f62034e345e65b20b3ee5d7251a20aa8 (host: np0000005624) handling event "update" for row c55e9bdf-9433-40bb-95dd-534ce8cba877 (table: NB_Global) {{(pid=90620) notify /opt/stack/neutron/neutron/plugins/ml2/drivers/ovn/mech_driver/ovsdb/ovsdb_monitor.py:1013}}
Jul 22 05:27:42.765933 np0000005624 devstack@neutron-api.service[90619]: DEBUG neutron.common.ovn.hash_ring_manager [None req-c8e42f5b-1999-42c7-94df-df827373d9b3 None None] Hash Ring loaded. 4 active nodes. 0 offline nodes {{(pid=90619) _load_hash_ring /opt/stack/neutron/neutron/common/ovn/hash_ring_manager.py:110}}
Jul 22 05:27:42.765997 np0000005624 devstack@neutron-api.service[90620]: DEBUG neutron.common.ovn.hash_ring_manager [None req-82bf5c3d-7683-4742-b5b4-5a88d9fed706 None None] Hash Ring loaded. 4 active nodes. 0 offline nodes {{(pid=90620) _load_hash_ring /opt/stack/neutron/neutron/common/ovn/hash_ring_manager.py:110}}
Jul 22 05:27:42.766492 np0000005624 devstack@neutron-api.service[90620]: DEBUG neutron.plugins.ml2.drivers.ovn.mech_driver.ovsdb.ovsdb_monitor [None req-ad0a284f-70e8-4ee1-a036-9caf2a06e51a None None] Hash Ring: Node f62034e345e65b20b3ee5d7251a20aa8 (host: np0000005624) handling event "update" for row c55e9bdf-9433-40bb-95dd-534ce8cba877 (table: NB_Global) {{(pid=90620) notify /opt/stack/neutron/neutron/plugins/ml2/drivers/ovn/mech_driver/ovsdb/ovsdb_monitor.py:1013}}
Jul 22 05:27:42.766690 np0000005624 devstack@neutron-api.service[90617]: DEBUG neutron.common.ovn.hash_ring_manager [-] Hash Ring loaded. 4 active nodes. 0 offline nodes {{(pid=90617) _load_hash_ring /opt/stack/neutron/neutron/common/ovn/hash_ring_manager.py:110}}
Jul 22 05:27:42.767200 np0000005624 devstack@neutron-api.service[90617]: DEBUG neutron.plugins.ml2.drivers.ovn.mech_driver.ovsdb.ovsdb_monitor [-] Hash Ring: Node 6253b6a787d05dd2a9c1ca8437b0d19f (host: np0000005624) handling event "update" for row b6cdb0d0-482f-4e4d-98a4-d0f94f9d398b (table: Chassis_Private) {{(pid=90617) notify /opt/stack/neutron/neutron/plugins/ml2/drivers/ovn/mech_driver/ovsdb/ovsdb_monitor.py:1013}}
Jul 22 05:27:42.770597 np0000005624 devstack@neutron-api.service[90617]: DEBUG neutron.api.rpc.callbacks.version_manager [None req-05e133a3-deee-4ff8-aa69-9930d73f68d5 admin admin] Tracked resource versions report:
Jul 22 05:27:42.770597 np0000005624 devstack@neutron-api.service[90617]: pushed versions:
Jul 22 05:27:42.770597 np0000005624 devstack@neutron-api.service[90617]: { 'AddressGroup': {'1.2'},
Jul 22 05:27:42.770597 np0000005624 devstack@neutron-api.service[90617]: 'Agent': {'1.1'},
Jul 22 05:27:42.770597 np0000005624 devstack@neutron-api.service[90617]: 'ConntrackHelper': {'1.0'},
Jul 22 05:27:42.770597 np0000005624 devstack@neutron-api.service[90617]: 'LocalIPAssociation': {'1.0'},
Jul 22 05:27:42.770597 np0000005624 devstack@neutron-api.service[90617]: 'Log': {'1.0'},
Jul 22 05:27:42.770597 np0000005624 devstack@neutron-api.service[90617]: 'NDPProxy': {'1.0'},
Jul 22 05:27:42.770597 np0000005624 devstack@neutron-api.service[90617]: 'Network': {'1.3'},
Jul 22 05:27:42.770597 np0000005624 devstack@neutron-api.service[90617]: 'Port': {'1.11'},
Jul 22 05:27:42.770597 np0000005624 devstack@neutron-api.service[90617]: 'PortForwarding': {'1.3'},
Jul 22 05:27:42.770597 np0000005624 devstack@neutron-api.service[90617]: 'QosPolicy': {'1.10'},
Jul 22 05:27:42.770597 np0000005624 devstack@neutron-api.service[90617]: 'SecurityGroup': {'1.6'},
Jul 22 05:27:42.770597 np0000005624 devstack@neutron-api.service[90617]: 'SecurityGroupRule': {'1.3'},
Jul 22 05:27:42.770597 np0000005624 devstack@neutron-api.service[90617]: 'SubPort': {'1.0'},
Jul 22 05:27:42.770597 np0000005624 devstack@neutron-api.service[90617]: 'Subnet': {'1.2'},
Jul 22 05:27:42.770597 np0000005624 devstack@neutron-api.service[90617]: 'Trunk': {'1.1'}}
Jul 22 05:27:42.770597 np0000005624 devstack@neutron-api.service[90617]: consumer versions:
Jul 22 05:27:42.770597 np0000005624 devstack@neutron-api.service[90617]: { OVN Neutron agent@np0000005624: {},
Jul 22 05:27:42.770597 np0000005624 devstack@neutron-api.service[90617]: OVN Controller Gateway agent@np0000005624: {}}
Jul 22 05:27:42.770597 np0000005624 devstack@neutron-api.service[90617]: {{(pid=90617) report /opt/stack/neutron/neutron/api/rpc/callbacks/version_manager.py:183}}
Jul 22 05:27:42.782133 np0000005624 devstack@neutron-api.service[90617]: DEBUG ovsdbapp.backend.ovs_idl.transaction [None req-dde70152-792c-4488-a616-10d09f6ff462 None None] Running txn n=1 command(idx=0): AddNetworkCommand(_result=None, network_uuid=1e2a87a8-939f-4da8-991a-4c1dea561bea, may_exist=True, columns={'external_ids': {'neutron:network_name': 'shared', 'neutron:mtu': '1372', 'neutron:revision_number': '1', 'neutron:availability_zone_hints': '', 'neutron:provnet-network-type': 'geneve'}, 'other_config': {'mcast_snoop': 'false', 'mcast_flood_unregistered': 'false', 'vlan-passthru': 'false'}}) {{(pid=90617) do_commit /opt/stack/data/venv/lib/python3.12/site-packages/ovsdbapp/backend/ovs_idl/transaction.py:89}}
Jul 22 05:27:42.786941 np0000005624 devstack@neutron-api.service[90619]: DEBUG neutron.plugins.ml2.drivers.ovn.mech_driver.ovsdb.ovsdb_monitor [None req-c8e42f5b-1999-42c7-94df-df827373d9b3 None None] Hash Ring: Node fefacec39b1d53a6ae0385711c0b9241 (host: np0000005624) handling event "create" for row 1e2a87a8-939f-4da8-991a-4c1dea561bea (table: Logical_Switch) {{(pid=90619) notify /opt/stack/neutron/neutron/plugins/ml2/drivers/ovn/mech_driver/ovsdb/ovsdb_monitor.py:1013}}
Jul 22 05:27:42.788979 np0000005624 devstack@neutron-api.service[90618]: DEBUG neutron.plugins.ml2.drivers.ovn.mech_driver.ovsdb.ovsdb_monitor [None req-2fa9c873-57a7-49ed-a3a6-7ac7c67c4f2e None None] Hash Ring: Node c7bad69a44eb53c881f74b71efe6d1f6 (host: np0000005624) handling event "create" for row ab9b23cc-e863-4b09-b9ab-009ab5151db7 (table: Datapath_Binding) {{(pid=90618) notify /opt/stack/neutron/neutron/plugins/ml2/drivers/ovn/mech_driver/ovsdb/ovsdb_monitor.py:1013}}
Jul 22 05:27:42.807833 np0000005624 devstack@neutron-api.service[90617]: INFO neutron.db.ovn_revision_numbers_db [None req-05e133a3-deee-4ff8-aa69-9930d73f68d5 admin admin] Successfully bumped revision number for resource 1e2a87a8-939f-4da8-991a-4c1dea561bea (type: networks) to 1
Jul 22 05:27:42.819115 np0000005624 devstack@neutron-api.service[90617]: DEBUG neutron_lib.callbacks.manager [None req-05e133a3-deee-4ff8-aa69-9930d73f68d5 admin admin] Publish callbacks ['neutron.plugins.ml2.plugin.SecurityGroupDbMixin._ensure_default_security_group_handler-232903'] for port (None), before_create {{(pid=90617) _notify_loop /opt/stack/data/venv/lib/python3.12/site-packages/neutron_lib/callbacks/manager.py:184}}
Jul 22 05:27:42.891698 np0000005624 devstack@neutron-api.service[90617]: DEBUG neutron_lib.callbacks.manager [None req-05e133a3-deee-4ff8-aa69-9930d73f68d5 admin admin] Publish callbacks ['neutron.plugins.ml2.drivers.ovn.mech_driver.mech_driver.OVNMechanismDriver._validate_allowed_address_pairs-3973026'] for allowed_address_pair (e6254970-9719-48f3-bff9-860f20a5595e), before_create {{(pid=90617) _notify_loop /opt/stack/data/venv/lib/python3.12/site-packages/neutron_lib/callbacks/manager.py:184}}
Jul 22 05:27:42.892333 np0000005624 devstack@neutron-api.service[90617]: DEBUG neutron_lib.callbacks.manager [None req-05e133a3-deee-4ff8-aa69-9930d73f68d5 admin admin] Publish callbacks [] for port (e6254970-9719-48f3-bff9-860f20a5595e), precommit_create {{(pid=90617) _notify_loop /opt/stack/data/venv/lib/python3.12/site-packages/neutron_lib/callbacks/manager.py:184}}
Jul 22 05:27:42.892533 np0000005624 devstack@neutron-api.service[90617]: DEBUG neutron.plugins.ml2.drivers.ovn.mech_driver.mech_driver [None req-05e133a3-deee-4ff8-aa69-9930d73f68d5 admin admin] No provisioning block for port e6254970-9719-48f3-bff9-860f20a5595e since it does not have a host {{(pid=90617) _is_port_provisioning_required /opt/stack/neutron/neutron/plugins/ml2/drivers/ovn/mech_driver/mech_driver.py:899}}
Jul 22 05:27:42.892713 np0000005624 devstack@neutron-api.service[90617]: DEBUG neutron.db.ovn_revision_numbers_db [None req-05e133a3-deee-4ff8-aa69-9930d73f68d5 admin admin] create_initial_revision uuid=e6254970-9719-48f3-bff9-860f20a5595e, type=ports, rev=-1 {{(pid=90617) create_initial_revision /opt/stack/neutron/neutron/db/ovn_revision_numbers_db.py:98}}
Jul 22 05:27:42.924722 np0000005624 devstack@neutron-api.service[90617]: DEBUG neutron_lib.callbacks.manager [None req-05e133a3-deee-4ff8-aa69-9930d73f68d5 admin admin] Publish callbacks ['neutron.plugins.ml2.ovo_rpc._ObjectChangeHandler.handle_event-2487888'] for port (e6254970-9719-48f3-bff9-860f20a5595e), after_create {{(pid=90617) _notify_loop /opt/stack/data/venv/lib/python3.12/site-packages/neutron_lib/callbacks/manager.py:184}}
Jul 22 05:27:42.964736 np0000005624 devstack@neutron-api.service[90617]: DEBUG neutron.api.rpc.handlers.resources_rpc [None req-05e133a3-deee-4ff8-aa69-9930d73f68d5 admin admin] Pushing event updated for resources: {'Port': ['ID=e6254970-9719-48f3-bff9-860f20a5595e,revision_number=1']} {{(pid=90617) push /opt/stack/neutron/neutron/api/rpc/handlers/resources_rpc.py:237}}
Jul 22 05:27:42.972871 np0000005624 devstack@neutron-api.service[90617]: DEBUG neutron.plugins.ml2.drivers.ovn.mech_driver.ovsdb.commands [None req-05e133a3-deee-4ff8-aa69-9930d73f68d5 admin admin] Converting tag [] to a tag_request {{(pid=90617) _tag_column_to_tag_request /opt/stack/neutron/neutron/plugins/ml2/drivers/ovn/mech_driver/ovsdb/commands.py:205}}
Jul 22 05:27:42.973904 np0000005624 devstack@neutron-api.service[90617]: DEBUG ovsdbapp.backend.ovs_idl.transaction [None req-dde70152-792c-4488-a616-10d09f6ff462 None None] Running txn n=1 command(idx=0): AddLSwitchPortCommand(_result=None, lport=e6254970-9719-48f3-bff9-860f20a5595e, lswitch=neutron-1e2a87a8-939f-4da8-991a-4c1dea561bea, may_exist=True, network_uuid=1e2a87a8-939f-4da8-991a-4c1dea561bea, columns={'addresses': ['fa:16:3e:1c:62:2b'], 'external_ids': {'neutron:port_name': '', 'neutron:device_id': 'ovnmeta-1e2a87a8-939f-4da8-991a-4c1dea561bea', 'neutron:project_id': '2acbfd0ec82d465180d05a596b614857', 'neutron:cidrs': '', 'neutron:device_owner': 'network:distributed', 'neutron:subnet_pool_addr_scope4': '', 'neutron:subnet_pool_addr_scope6': '', 'neutron:network_name': 'neutron-1e2a87a8-939f-4da8-991a-4c1dea561bea', 'neutron:security_group_ids': '', 'neutron:revision_number': '1', 'neutron:vnic_type': 'normal', 'neutron:port_capabilities': '', 'neutron:mtu': '1372'}, 'parent_name': [], 'enabled': True, 'options': {}, 'type': 'localport', 'port_security': [], 'dhcpv4_options': [], 'dhcpv6_options': [], 'tag_request': []}) {{(pid=90617) do_commit /opt/stack/data/venv/lib/python3.12/site-packages/ovsdbapp/backend/ovs_idl/transaction.py:89}}
Jul 22 05:27:42.974595 np0000005624 devstack@neutron-api.service[90617]: DEBUG ovsdbapp.backend.ovs_idl.transaction [None req-dde70152-792c-4488-a616-10d09f6ff462 None None] Running txn n=1 command(idx=1): QoSDelCommand(_result=None, switch=neutron-1e2a87a8-939f-4da8-991a-4c1dea561bea, conditions=[('direction', '=', 'to-lport'), ('priority', '=', 2002), ('match', '=', 'outport == "e6254970-9719-48f3-bff9-860f20a5595e"')], if_exists=True) {{(pid=90617) do_commit /opt/stack/data/venv/lib/python3.12/site-packages/ovsdbapp/backend/ovs_idl/transaction.py:89}}
Jul 22 05:27:42.974883 np0000005624 devstack@neutron-api.service[90617]: DEBUG ovsdbapp.backend.ovs_idl.transaction [None req-dde70152-792c-4488-a616-10d09f6ff462 None None] Running txn n=1 command(idx=2): QoSDelCommand(_result=None, switch=neutron-1e2a87a8-939f-4da8-991a-4c1dea561bea, conditions=[('direction', '=', 'from-lport'), ('priority', '=', 2002), ('match', '=', 'inport == "e6254970-9719-48f3-bff9-860f20a5595e"')], if_exists=True) {{(pid=90617) do_commit /opt/stack/data/venv/lib/python3.12/site-packages/ovsdbapp/backend/ovs_idl/transaction.py:89}}
Jul 22 05:27:42.980510 np0000005624 devstack@neutron-api.service[90619]: DEBUG neutron.plugins.ml2.drivers.ovn.mech_driver.ovsdb.ovsdb_monitor [None req-c8e42f5b-1999-42c7-94df-df827373d9b3 None None] Hash Ring: Node fefacec39b1d53a6ae0385711c0b9241 (host: np0000005624) handling event "update" for row 1e2a87a8-939f-4da8-991a-4c1dea561bea (table: Logical_Switch) {{(pid=90619) notify /opt/stack/neutron/neutron/plugins/ml2/drivers/ovn/mech_driver/ovsdb/ovsdb_monitor.py:1013}}
Jul 22 05:27:42.981270 np0000005624 devstack@neutron-api.service[90619]: DEBUG neutron.plugins.ml2.drivers.ovn.mech_driver.ovsdb.ovsdb_monitor [None req-c8e42f5b-1999-42c7-94df-df827373d9b3 None None] Hash Ring: Node fefacec39b1d53a6ae0385711c0b9241 (host: np0000005624) handling event "create" for row 4168f3d0-e292-4492-ae76-80b528576422 (table: Logical_Switch_Port) {{(pid=90619) notify /opt/stack/neutron/neutron/plugins/ml2/drivers/ovn/mech_driver/ovsdb/ovsdb_monitor.py:1013}}
Jul 22 05:27:42.983069 np0000005624 devstack@neutron-api.service[90619]: DEBUG ovsdbapp.backend.ovs_idl.event [None req-c8e42f5b-1999-42c7-94df-df827373d9b3 None None] Matched CREATE: LogicalSwitchPortCreateEvent(events=('create',), table='Logical_Switch_Port', conditions=[], old_conditions=None), priority=20 to row=Logical_Switch_Port(uuid=4168f3d0-e292-4492-ae76-80b528576422, addresses=['fa:16:3e:1c:62:2b'], dhcpv4_options=[], dhcpv6_options=[], dynamic_addresses=[], enabled=True, external_ids={'neutron:cidrs': '', 'neutron:device_id': 'ovnmeta-1e2a87a8-939f-4da8-991a-4c1dea561bea', 'neutron:device_owner': 'network:distributed', 'neutron:mtu': '1372', 'neutron:network_name': 'neutron-1e2a87a8-939f-4da8-991a-4c1dea561bea', 'neutron:port_capabilities': '', 'neutron:port_name': '', 'neutron:project_id': '2acbfd0ec82d465180d05a596b614857', 'neutron:revision_number': '1', 'neutron:security_group_ids': '', 'neutron:subnet_pool_addr_scope4': '', 'neutron:subnet_pool_addr_scope6': '', 'neutron:vnic_type': 'normal'}, ha_chassis_group=[], mirror_rules=[], name='e6254970-9719-48f3-bff9-860f20a5595e', options={}, parent_name=[], port_security=[], tag=[], tag_request=[], type='localport', up=[]) old= {{(pid=90619) matches /opt/stack/data/venv/lib/python3.12/site-packages/ovsdbapp/backend/ovs_idl/event.py:55}}
Jul 22 05:27:42.985194 np0000005624 devstack@neutron-api.service[90619]: INFO neutron.plugins.ml2.drivers.ovn.mech_driver.mech_driver [None req-58b4e2ce-6fa8-4936-9329-42f65ec1e93e None None] OVN reports status down for port: e6254970-9719-48f3-bff9-860f20a5595e
Jul 22 05:27:42.987126 np0000005624 devstack@neutron-api.service[90619]: DEBUG neutron.plugins.ml2.drivers.ovn.mech_driver.ovsdb.ovsdb_monitor [None req-c8e42f5b-1999-42c7-94df-df827373d9b3 None None] Hash Ring: Node fefacec39b1d53a6ae0385711c0b9241 (host: np0000005624) handling event "update" for row 4168f3d0-e292-4492-ae76-80b528576422 (table: Logical_Switch_Port) {{(pid=90619) notify /opt/stack/neutron/neutron/plugins/ml2/drivers/ovn/mech_driver/ovsdb/ovsdb_monitor.py:1013}}
Jul 22 05:27:42.989723 np0000005624 devstack@neutron-api.service[90619]: DEBUG neutron.plugins.ml2.drivers.ovn.mech_driver.ovsdb.ovsdb_monitor [None req-26ff6ccc-8185-4423-b70f-97052084a588 None None] Hash Ring: Node fefacec39b1d53a6ae0385711c0b9241 (host: np0000005624) handling event "create" for row 1b5cdf6b-cef8-4e2f-9a61-7b6b35b41593 (table: Port_Binding) {{(pid=90619) notify /opt/stack/neutron/neutron/plugins/ml2/drivers/ovn/mech_driver/ovsdb/ovsdb_monitor.py:1013}}
Jul 22 05:27:43.012818 np0000005624 devstack@neutron-api.service[90617]: INFO neutron.db.ovn_revision_numbers_db [None req-05e133a3-deee-4ff8-aa69-9930d73f68d5 admin admin] Successfully bumped revision number for resource e6254970-9719-48f3-bff9-860f20a5595e (type: ports) to 1
Jul 22 05:27:43.016771 np0000005624 devstack@neutron-api.service[90619]: DEBUG neutron.db.provisioning_blocks [None req-58b4e2ce-6fa8-4936-9329-42f65ec1e93e None None] Transition to ACTIVE for port object e6254970-9719-48f3-bff9-860f20a5595e will not be triggered until provisioned by entity L2. {{(pid=90619) add_provisioning_component /opt/stack/neutron/neutron/db/provisioning_blocks.py:74}}
Jul 22 05:27:43.020661 np0000005624 devstack@neutron-api.service[90617]: DEBUG neutron.pecan_wsgi.hooks.policy_enforcement [None req-05e133a3-deee-4ff8-aa69-9930d73f68d5 admin admin] Attributes excluded by policy engine: ['standard_attr_id'] {{(pid=90617) _exclude_attributes_by_policy /opt/stack/neutron/neutron/pecan_wsgi/hooks/policy_enforcement.py:259}}
Jul 22 05:27:43.021140 np0000005624 devstack@neutron-api.service[90617]: DEBUG neutron_lib.callbacks.manager [None req-05e133a3-deee-4ff8-aa69-9930d73f68d5 admin admin] Publish callbacks [] for network (None), before_response {{(pid=90617) _notify_loop /opt/stack/data/venv/lib/python3.12/site-packages/neutron_lib/callbacks/manager.py:184}}
Jul 22 05:27:43.034274 np0000005624 devstack@neutron-api.service[90617]: [pid: 90617|app: 0|req: 9/37] 10.4.3.91 () {68 vars in 1319 bytes} [Wed Jul 22 05:27:42 2026] POST /networking/v2.0/networks => generated 679 bytes in 449 msecs (HTTP/1.1 201) 4 headers in 162 bytes (1 switches on core 0)
Jul 22 05:27:43.044670 np0000005624 devstack@neutron-api.service[90619]: DEBUG neutron.plugins.ml2.plugin [None req-58b4e2ce-6fa8-4936-9329-42f65ec1e93e None None] Current status of the port e6254970-9719-48f3-bff9-860f20a5595e is: DOWN; New status is: DOWN {{(pid=90619) _update_individual_port_db_status /opt/stack/neutron/neutron/plugins/ml2/plugin.py:2473}}
