Aug 18 09:11:28.142093 np0000007625 devstack@c-api.service[100267]: [pid: 100267|app: 0|req: 97/387] 10.4.3.41 () {66 vars in 1335 bytes} [Tue Aug 18 09:11:28 2026] GET /volume/v3/types/41a91614-945b-4669-b63f-3d142548ef6a => generated 114 bytes in 10 msecs (HTTP/1.1 404) 7 headers in 292 bytes (1 switches on core 0)
Aug 18 09:11:28.153615 np0000007625 devstack@c-api.service[100265]: DEBUG cinder.api.middleware.request_id [None req-7ffcc434-aca9-43bc-bc8e-0106c69f871d None None] RequestId filter calling following filter/app {{(pid=100265) _context_setter /opt/stack/cinder/cinder/api/middleware/request_id.py:62}}
Aug 18 09:11:28.156947 np0000007625 devstack@c-api.service[100265]: INFO cinder.api.openstack.wsgi [None req-7ffcc434-aca9-43bc-bc8e-0106c69f871d tempest-UserMessagesTest-586298591 tempest-UserMessagesTest-586298591-project-admin] POST https://10.4.3.41/volume/v3/types
Aug 18 09:11:28.157413 np0000007625 devstack@c-api.service[100265]: DEBUG cinder.api.openstack.wsgi [None req-7ffcc434-aca9-43bc-bc8e-0106c69f871d tempest-UserMessagesTest-586298591 tempest-UserMessagesTest-586298591-project-admin] Action: 'create', calling method: _create, body: {"volume_type": {"name": "tempest-UserMessagesTest-volume-type-1600897234", "extra_specs": {"storage_protocol": "tempest-storage_protocol-1505419755", "vendor_name": "tempest-vendor_name-20964637"}}} {{(pid=100265) _process_stack /opt/stack/cinder/cinder/api/openstack/wsgi.py:876}}
Aug 18 09:11:28.205085 np0000007625 devstack@c-api.service[100265]: INFO cinder.api.openstack.wsgi [None req-7ffcc434-aca9-43bc-bc8e-0106c69f871d tempest-UserMessagesTest-586298591 tempest-UserMessagesTest-586298591-project-admin] https://10.4.3.41/volume/v3/types returned with HTTP 200
Aug 18 09:11:28.205673 np0000007625 devstack@c-api.service[100265]: [pid: 100265|app: 0|req: 96/388] 10.4.3.41 () {68 vars in 1246 bytes} [Tue Aug 18 09:11:28 2026] POST /volume/v3/types => generated 326 bytes in 53 msecs (HTTP/1.1 200) 7 headers in 285 bytes (1 switches on core 0)
Aug 18 09:11:28.224180 np0000007625 devstack@c-api.service[100266]: DEBUG cinder.api.middleware.request_id [None req-89370749-dfce-4992-842e-2cae1a12093c None None] RequestId filter calling following filter/app {{(pid=100266) _context_setter /opt/stack/cinder/cinder/api/middleware/request_id.py:62}}
Aug 18 09:11:28.225215 np0000007625 devstack@c-api.service[100266]: INFO cinder.api.openstack.wsgi [None req-89370749-dfce-4992-842e-2cae1a12093c tempest-UserMessagesTest-1869592715 tempest-UserMessagesTest-1869592715-project-member] POST https://10.4.3.41/volume/v3/volumes
Aug 18 09:11:28.225636 np0000007625 devstack@c-api.service[100266]: DEBUG cinder.api.openstack.wsgi [None req-89370749-dfce-4992-842e-2cae1a12093c tempest-UserMessagesTest-1869592715 tempest-UserMessagesTest-1869592715-project-member] Action: 'create', calling method: create, body: {"volume": {"volume_type": "bbc3e649-e60e-4b11-92a5-47a5611f63ad", "size": 1, "name": "tempest-UserMessagesTest-Volume-540564466"}} {{(pid=100266) _process_stack /opt/stack/cinder/cinder/api/openstack/wsgi.py:876}}
Aug 18 09:11:28.227083 np0000007625 devstack@c-api.service[100266]: DEBUG cinder.api.v3.volumes [None req-89370749-dfce-4992-842e-2cae1a12093c tempest-UserMessagesTest-1869592715 tempest-UserMessagesTest-1869592715-project-member] Create volume request body: {'volume': {'volume_type': 'bbc3e649-e60e-4b11-92a5-47a5611f63ad', 'size': 1, 'name': 'tempest-UserMessagesTest-Volume-540564466'}} {{(pid=100266) create /opt/stack/cinder/cinder/api/v3/volumes.py:368}}
Aug 18 09:11:28.231899 np0000007625 devstack@c-api.service[100266]: INFO cinder.api.v3.volumes [None req-89370749-dfce-4992-842e-2cae1a12093c tempest-UserMessagesTest-1869592715 tempest-UserMessagesTest-1869592715-project-member] Create volume of 1 GB
Aug 18 09:11:28.232298 np0000007625 devstack@c-api.service[100266]: /opt/stack/data/venv/lib/python3.12/site-packages/oslo_context/context.py:102: DeprecationWarning: Policy enforcement is depending on the value of is_admin. This key is deprecated. Please update your policy file to use the standard policy values.
Aug 18 09:11:28.232298 np0000007625 devstack@c-api.service[100266]: warnings.warn(
Aug 18 09:11:28.232879 np0000007625 devstack@c-api.service[100266]: INFO cinder.volume.api [None req-89370749-dfce-4992-842e-2cae1a12093c tempest-UserMessagesTest-1869592715 tempest-UserMessagesTest-1869592715-project-member] Availability Zones retrieved successfully.
Aug 18 09:11:28.239273 np0000007625 devstack@c-api.service[100266]: DEBUG cinder.volume.api [None req-89370749-dfce-4992-842e-2cae1a12093c tempest-UserMessagesTest-1869592715 tempest-UserMessagesTest-1869592715-project-member] Flow 'volume_create_api' (f23563bc-3a53-4721-82f7-7216939f23c8) transitioned into state 'RUNNING' from state 'PENDING' {{(pid=100266) _flow_receiver /opt/stack/data/venv/lib/python3.12/site-packages/taskflow/listeners/logging.py:160}}
Aug 18 09:11:28.241876 np0000007625 devstack@c-api.service[100266]: DEBUG cinder.volume.api [None req-89370749-dfce-4992-842e-2cae1a12093c tempest-UserMessagesTest-1869592715 tempest-UserMessagesTest-1869592715-project-member] Task 'cinder.volume.flows.api.create_volume.ExtractVolumeRequestTask;volume:create' (21f2f547-4bd6-4c9c-9cff-9009b5ec6b1c) transitioned into state 'RUNNING' from state 'PENDING' {{(pid=100266) _task_receiver /opt/stack/data/venv/lib/python3.12/site-packages/taskflow/listeners/logging.py:242}}
Aug 18 09:11:28.243089 np0000007625 devstack@c-api.service[100266]: DEBUG cinder.volume.flows.api.create_volume [None req-89370749-dfce-4992-842e-2cae1a12093c tempest-UserMessagesTest-1869592715 tempest-UserMessagesTest-1869592715-project-member] Validating volume size '1' using validate_int {{(pid=100266) _extract_size /opt/stack/cinder/cinder/volume/flows/api/create_volume.py:226}}
Aug 18 09:11:28.266486 np0000007625 devstack@c-api.service[100266]: DEBUG cinder.volume.api [None req-89370749-dfce-4992-842e-2cae1a12093c tempest-UserMessagesTest-1869592715 tempest-UserMessagesTest-1869592715-project-member] Task 'cinder.volume.flows.api.create_volume.ExtractVolumeRequestTask;volume:create' (21f2f547-4bd6-4c9c-9cff-9009b5ec6b1c) transitioned into state 'SUCCESS' from state 'RUNNING' with result '{'size': 1, 'snapshot_id': None, 'source_volid': None, 'volume_type': VolumeType(created_at=2026-08-18T09:11:28Z,deleted=False,deleted_at=None,description=None,extra_specs={storage_protocol='tempest-storage_protocol-1505419755',vendor_name='tempest-vendor_name-20964637'},id=bbc3e649-e60e-4b11-92a5-47a5611f63ad,is_public=True,name='tempest-UserMessagesTest-volume-type-1600897234',projects=[],qos_specs=,qos_specs_id=None,updated_at=None), 'volume_type_id': 'bbc3e649-e60e-4b11-92a5-47a5611f63ad', 'encryption_key_id': None, 'qos_specs': None, 'consistencygroup_id': None, 'cgsnapshot_id': None, 'group_id': None, 'replication_status': 'disabled', 'refresh_az': False, 'backup_id': None, 'multiattach': False, 'availability_zones': ['nova']}' {{(pid=100266) _task_receiver /opt/stack/data/venv/lib/python3.12/site-packages/taskflow/listeners/logging.py:218}}
Aug 18 09:11:28.267384 np0000007625 devstack@c-api.service[100266]: DEBUG cinder.volume.api [None req-89370749-dfce-4992-842e-2cae1a12093c tempest-UserMessagesTest-1869592715 tempest-UserMessagesTest-1869592715-project-member] Task 'cinder.volume.flows.api.create_volume.QuotaReserveTask;volume:create' (635d18f7-89d4-4888-89df-604a90d796b0) transitioned into state 'RUNNING' from state 'PENDING' {{(pid=100266) _task_receiver /opt/stack/data/venv/lib/python3.12/site-packages/taskflow/listeners/logging.py:242}}
Aug 18 09:11:28.305261 np0000007625 devstack@c-api.service[100266]: WARNING cinder.quota [None req-89370749-dfce-4992-842e-2cae1a12093c tempest-UserMessagesTest-1869592715 tempest-UserMessagesTest-1869592715-project-member] Deprecated: Default quota for resource: volumes_tempest-UserMessagesTest-volume-type-1600897234 is set by the default quota flag: quota_volumes_tempest-UserMessagesTest-volume-type-1600897234, it is now deprecated. Please use the default quota class for default quota.
Aug 18 09:11:28.305716 np0000007625 devstack@c-api.service[100266]: WARNING cinder.quota [None req-89370749-dfce-4992-842e-2cae1a12093c tempest-UserMessagesTest-1869592715 tempest-UserMessagesTest-1869592715-project-member] Deprecated: Default quota for resource: gigabytes_tempest-UserMessagesTest-volume-type-1600897234 is set by the default quota flag: quota_gigabytes_tempest-UserMessagesTest-volume-type-1600897234, it is now deprecated. Please use the default quota class for default quota.
Aug 18 09:11:28.369601 np0000007625 devstack@c-api.service[100266]: DEBUG cinder.quota [None req-89370749-dfce-4992-842e-2cae1a12093c tempest-UserMessagesTest-1869592715 tempest-UserMessagesTest-1869592715-project-member] Created reservations ['039f96e1-888b-4465-a053-6b2ce3ee2564', 'c18086c8-63aa-4e75-9c87-1635503c3f54', '45f40efc-51b7-4d85-872a-db4814ee4296', '39dd75b7-1299-4f33-835c-e85603176646'] {{(pid=100266) reserve /opt/stack/cinder/cinder/quota.py:752}}
Aug 18 09:11:28.370735 np0000007625 devstack@c-api.service[100266]: DEBUG cinder.volume.api [None req-89370749-dfce-4992-842e-2cae1a12093c tempest-UserMessagesTest-1869592715 tempest-UserMessagesTest-1869592715-project-member] Task 'cinder.volume.flows.api.create_volume.QuotaReserveTask;volume:create' (635d18f7-89d4-4888-89df-604a90d796b0) transitioned into state 'SUCCESS' from state 'RUNNING' with result '{'reservations': ['039f96e1-888b-4465-a053-6b2ce3ee2564', 'c18086c8-63aa-4e75-9c87-1635503c3f54', '45f40efc-51b7-4d85-872a-db4814ee4296', '39dd75b7-1299-4f33-835c-e85603176646']}' {{(pid=100266) _task_receiver /opt/stack/data/venv/lib/python3.12/site-packages/taskflow/listeners/logging.py:218}}
Aug 18 09:11:28.371806 np0000007625 devstack@c-api.service[100266]: DEBUG cinder.volume.api [None req-89370749-dfce-4992-842e-2cae1a12093c tempest-UserMessagesTest-1869592715 tempest-UserMessagesTest-1869592715-project-member] Task 'cinder.volume.flows.api.create_volume.EntryCreateTask;volume:create' (41ff0407-a427-4524-a808-c4d1493f6699) transitioned into state 'RUNNING' from state 'PENDING' {{(pid=100266) _task_receiver /opt/stack/data/venv/lib/python3.12/site-packages/taskflow/listeners/logging.py:242}}
Aug 18 09:11:28.417245 np0000007625 devstack@c-api.service[100266]: DEBUG cinder.volume.api [None req-89370749-dfce-4992-842e-2cae1a12093c tempest-UserMessagesTest-1869592715 tempest-UserMessagesTest-1869592715-project-member] Task 'cinder.volume.flows.api.create_volume.EntryCreateTask;volume:create' (41ff0407-a427-4524-a808-c4d1493f6699) transitioned into state 'SUCCESS' from state 'RUNNING' with result '{'volume_id': '0f06abe5-1825-4f43-9fb2-12ab794c10f1', 'volume_properties': VolumeProperties(attach_status='detached',availability_zone='nova',cgsnapshot_id=None,consistencygroup_id=None,display_description=None,display_name='tempest-UserMessagesTest-Volume-540564466',encryption_key_id=None,group_id=None,group_type_id=,metadata={},multiattach=False,project_id='b6ca28db54484496a52829696d47bf35',qos_specs=None,replication_status=,reservations=['039f96e1-888b-4465-a053-6b2ce3ee2564','c18086c8-63aa-4e75-9c87-1635503c3f54','45f40efc-51b7-4d85-872a-db4814ee4296','39dd75b7-1299-4f33-835c-e85603176646'],size=1,snapshot_id=None,source_replicaid=,source_volid=None,status='creating',user_id='4d571c3229874f9a8b35f52e7f1d5e34',volume_type_id=bbc3e649-e60e-4b11-92a5-47a5611f63ad), 'volume': Volume(_name_id=None,admin_metadata=,attach_status='detached',availability_zone='nova',bootable=False,cluster=,cluster_name=None,consistencygroup=,consistencygroup_id=None,created_at=2026-08-18T09:11:28Z,deleted=False,deleted_at=None,display_description=None,display_name='tempest-UserMessagesTest-Volume-540564466',ec2_id=None,encryption_key_id=None,glance_metadata=,group=,group_id=None,host=None,id=0f06abe5-1825-4f43-9fb2-12ab794c10f1,launched_at=None,metadata={},migration_status=None,multiattach=False,previous_status=None,project_id='b6ca28db54484496a52829696d47bf35',provider_auth=None,provider_geometry=None,provider_id=None,provider_location=None,replication_driver_data=None,replication_extended_status=None,replication_status=None,scheduled_at=None,service_uuid=None,shared_targets=True,size=1,snapshot_id=None,snapshots=,source_volid=None,status='creating',terminated_at=None,updated_at=None,use_quota=True,user_id='4d571c3229874f9a8b35f52e7f1d5e34',volume_attachment=VolumeAttachmentList,volume_type=VolumeType(bbc3e649-e60e-4b11-92a5-47a5611f63ad),volume_type_id=bbc3e649-e60e-4b11-92a5-47a5611f63ad)}' {{(pid=100266) _task_receiver /opt/stack/data/venv/lib/python3.12/site-packages/taskflow/listeners/logging.py:218}}
Aug 18 09:11:28.418576 np0000007625 devstack@c-api.service[100266]: DEBUG cinder.volume.api [None req-89370749-dfce-4992-842e-2cae1a12093c tempest-UserMessagesTest-1869592715 tempest-UserMessagesTest-1869592715-project-member] Task 'cinder.volume.flows.api.create_volume.QuotaCommitTask;volume:create' (4511a1b7-5e06-4061-b2fc-f47d95778dc3) transitioned into state 'RUNNING' from state 'PENDING' {{(pid=100266) _task_receiver /opt/stack/data/venv/lib/python3.12/site-packages/taskflow/listeners/logging.py:242}}
Aug 18 09:11:28.442312 np0000007625 devstack@c-api.service[100264]: DEBUG cinder.api.middleware.request_id [None req-e7c8f524-673b-4a32-b3af-ac015ed23252 None None] RequestId filter calling following filter/app {{(pid=100264) _context_setter /opt/stack/cinder/cinder/api/middleware/request_id.py:62}}
Aug 18 09:11:28.444958 np0000007625 devstack@c-api.service[100264]: INFO cinder.api.openstack.wsgi [None req-e7c8f524-673b-4a32-b3af-ac015ed23252 tempest-VolumeSnapshotQuotasNegativeTestJSON-2077574836 tempest-VolumeSnapshotQuotasNegativeTestJSON-2077574836-project-member] GET https://10.4.3.41/volume/v3/snapshots/ad209d8f-bd38-41a8-af5f-f8d66ba9a29b
Aug 18 09:11:28.445052 np0000007625 devstack@c-api.service[100264]: DEBUG cinder.api.openstack.wsgi [None req-e7c8f524-673b-4a32-b3af-ac015ed23252 tempest-VolumeSnapshotQuotasNegativeTestJSON-2077574836 tempest-VolumeSnapshotQuotasNegativeTestJSON-2077574836-project-member] Empty body provided in request {{(pid=100264) get_body /opt/stack/cinder/cinder/api/openstack/wsgi.py:725}}
Aug 18 09:11:28.445324 np0000007625 devstack@c-api.service[100264]: DEBUG cinder.api.openstack.wsgi [None req-e7c8f524-673b-4a32-b3af-ac015ed23252 tempest-VolumeSnapshotQuotasNegativeTestJSON-2077574836 tempest-VolumeSnapshotQuotasNegativeTestJSON-2077574836-project-member] Calling method 'show' {{(pid=100264) _process_stack /opt/stack/cinder/cinder/api/openstack/wsgi.py:878}}
Aug 18 09:11:28.453499 np0000007625 devstack@c-api.service[100264]: INFO cinder.api.openstack.wsgi [None req-e7c8f524-673b-4a32-b3af-ac015ed23252 tempest-VolumeSnapshotQuotasNegativeTestJSON-2077574836 tempest-VolumeSnapshotQuotasNegativeTestJSON-2077574836-project-member] https://10.4.3.41/volume/v3/snapshots/ad209d8f-bd38-41a8-af5f-f8d66ba9a29b returned with HTTP 404
Aug 18 09:11:28.453887 np0000007625 devstack@c-api.service[100266]: DEBUG cinder.volume.api [None req-89370749-dfce-4992-842e-2cae1a12093c tempest-UserMessagesTest-1869592715 tempest-UserMessagesTest-1869592715-project-member] Task 'cinder.volume.flows.api.create_volume.QuotaCommitTask;volume:create' (4511a1b7-5e06-4061-b2fc-f47d95778dc3) transitioned into state 'SUCCESS' from state 'RUNNING' with result '{'volume_properties': VolumeProperties(attach_status='detached',availability_zone='nova',cgsnapshot_id=None,consistencygroup_id=None,display_description=None,display_name='tempest-UserMessagesTest-Volume-540564466',encryption_key_id=None,group_id=None,group_type_id=,metadata={},multiattach=False,project_id='b6ca28db54484496a52829696d47bf35',qos_specs=None,replication_status=,reservations=['039f96e1-888b-4465-a053-6b2ce3ee2564','c18086c8-63aa-4e75-9c87-1635503c3f54','45f40efc-51b7-4d85-872a-db4814ee4296','39dd75b7-1299-4f33-835c-e85603176646'],size=1,snapshot_id=None,source_replicaid=,source_volid=None,status='creating',user_id='4d571c3229874f9a8b35f52e7f1d5e34',volume_type_id=bbc3e649-e60e-4b11-92a5-47a5611f63ad)}' {{(pid=100266) _task_receiver /opt/stack/data/venv/lib/python3.12/site-packages/taskflow/listeners/logging.py:218}}
Aug 18 09:11:28.454108 np0000007625 devstack@c-api.service[100264]: [pid: 100264|app: 0|req: 100/389] 10.4.3.41 () {66 vars in 1347 bytes} [Tue Aug 18 09:11:28 2026] GET /volume/v3/snapshots/ad209d8f-bd38-41a8-af5f-f8d66ba9a29b => generated 111 bytes in 13 msecs (HTTP/1.1 404) 7 headers in 292 bytes (1 switches on core 0)
Aug 18 09:11:28.455024 np0000007625 devstack@c-api.service[100266]: DEBUG cinder.volume.api [None req-89370749-dfce-4992-842e-2cae1a12093c tempest-UserMessagesTest-1869592715 tempest-UserMessagesTest-1869592715-project-member] Task 'cinder.volume.flows.api.create_volume.VolumeCastTask;volume:create' (5487ce3c-c7cd-466c-8114-d8dc5e1d78dd) transitioned into state 'RUNNING' from state 'PENDING' {{(pid=100266) _task_receiver /opt/stack/data/venv/lib/python3.12/site-packages/taskflow/listeners/logging.py:242}}
Aug 18 09:11:28.465844 np0000007625 devstack@c-api.service[100267]: DEBUG cinder.api.middleware.request_id [None req-0b26492e-a185-43c7-a7ef-c0dc275602c2 None None] RequestId filter calling following filter/app {{(pid=100267) _context_setter /opt/stack/cinder/cinder/api/middleware/request_id.py:62}}
Aug 18 09:11:28.468210 np0000007625 devstack@c-api.service[100267]: INFO cinder.api.openstack.wsgi [None req-0b26492e-a185-43c7-a7ef-c0dc275602c2 tempest-VolumeSnapshotQuotasNegativeTestJSON-2077574836 tempest-VolumeSnapshotQuotasNegativeTestJSON-2077574836-project-member] GET https://10.4.3.41/volume/v3/volumes/104b37e8-0c18-4347-8656-8a1383323668
Aug 18 09:11:28.468562 np0000007625 devstack@c-api.service[100267]: DEBUG cinder.api.openstack.wsgi [None req-0b26492e-a185-43c7-a7ef-c0dc275602c2 tempest-VolumeSnapshotQuotasNegativeTestJSON-2077574836 tempest-VolumeSnapshotQuotasNegativeTestJSON-2077574836-project-member] Empty body provided in request {{(pid=100267) get_body /opt/stack/cinder/cinder/api/openstack/wsgi.py:725}}
Aug 18 09:11:28.468776 np0000007625 devstack@c-api.service[100266]: DEBUG cinder.volume.api [None req-89370749-dfce-4992-842e-2cae1a12093c tempest-UserMessagesTest-1869592715 tempest-UserMessagesTest-1869592715-project-member] Task 'cinder.volume.flows.api.create_volume.VolumeCastTask;volume:create' (5487ce3c-c7cd-466c-8114-d8dc5e1d78dd) transitioned into state 'SUCCESS' from state 'RUNNING' with result 'None' {{(pid=100266) _task_receiver /opt/stack/data/venv/lib/python3.12/site-packages/taskflow/listeners/logging.py:218}}
Aug 18 09:11:28.468850 np0000007625 devstack@c-api.service[100267]: DEBUG cinder.api.openstack.wsgi [None req-0b26492e-a185-43c7-a7ef-c0dc275602c2 tempest-VolumeSnapshotQuotasNegativeTestJSON-2077574836 tempest-VolumeSnapshotQuotasNegativeTestJSON-2077574836-project-member] Calling method 'show' {{(pid=100267) _process_stack /opt/stack/cinder/cinder/api/openstack/wsgi.py:878}}
Aug 18 09:11:28.469669 np0000007625 devstack@c-api.service[100266]: DEBUG cinder.volume.api [None req-89370749-dfce-4992-842e-2cae1a12093c tempest-UserMessagesTest-1869592715 tempest-UserMessagesTest-1869592715-project-member] Flow 'volume_create_api' (f23563bc-3a53-4721-82f7-7216939f23c8) transitioned into state 'SUCCESS' from state 'RUNNING' {{(pid=100266) _flow_receiver /opt/stack/data/venv/lib/python3.12/site-packages/taskflow/listeners/logging.py:160}}
Aug 18 09:11:28.470039 np0000007625 devstack@c-api.service[100266]: INFO cinder.volume.api [None req-89370749-dfce-4992-842e-2cae1a12093c tempest-UserMessagesTest-1869592715 tempest-UserMessagesTest-1869592715-project-member] Create volume request issued successfully.
Aug 18 09:11:28.470767 np0000007625 devstack@c-api.service[100266]: INFO cinder.api.openstack.wsgi [None req-89370749-dfce-4992-842e-2cae1a12093c tempest-UserMessagesTest-1869592715 tempest-UserMessagesTest-1869592715-project-member] https://10.4.3.41/volume/v3/volumes returned with HTTP 202
Aug 18 09:11:28.471297 np0000007625 devstack@c-api.service[100266]: [pid: 100266|app: 0|req: 97/390] 10.4.3.41 () {70 vars in 1292 bytes} [Tue Aug 18 09:11:28 2026] POST /volume/v3/volumes => generated 783 bytes in 249 msecs (HTTP/1.1 202) 7 headers in 291 bytes (1 switches on core 0)
Aug 18 09:11:28.485879 np0000007625 devstack@c-api.service[100267]: /opt/stack/data/venv/lib/python3.12/site-packages/oslo_context/context.py:102: DeprecationWarning: Policy enforcement is depending on the value of is_admin. This key is deprecated. Please update your policy file to use the standard policy values.
Aug 18 09:11:28.485879 np0000007625 devstack@c-api.service[100267]: warnings.warn(
Aug 18 09:11:28.490587 np0000007625 devstack@c-api.service[100267]: INFO cinder.volume.api [None req-0b26492e-a185-43c7-a7ef-c0dc275602c2 tempest-VolumeSnapshotQuotasNegativeTestJSON-2077574836 tempest-VolumeSnapshotQuotasNegativeTestJSON-2077574836-project-member] Volume info retrieved successfully.
Aug 18 09:11:28.497114 np0000007625 devstack@c-api.service[100265]: DEBUG cinder.api.middleware.request_id [None req-5c53432d-5c6a-46b0-b7e0-26999a80c28c None None] RequestId filter calling following filter/app {{(pid=100265) _context_setter /opt/stack/cinder/cinder/api/middleware/request_id.py:62}}
Aug 18 09:11:28.499618 np0000007625 devstack@c-api.service[100267]: INFO cinder.api.openstack.wsgi [None req-0b26492e-a185-43c7-a7ef-c0dc275602c2 tempest-VolumeSnapshotQuotasNegativeTestJSON-2077574836 tempest-VolumeSnapshotQuotasNegativeTestJSON-2077574836-project-member] https://10.4.3.41/volume/v3/volumes/104b37e8-0c18-4347-8656-8a1383323668 returned with HTTP 200
Aug 18 09:11:28.500009 np0000007625 devstack@c-api.service[100265]: INFO cinder.api.openstack.wsgi [None req-5c53432d-5c6a-46b0-b7e0-26999a80c28c tempest-UserMessagesTest-1869592715 tempest-UserMessagesTest-1869592715-project-member] GET https://10.4.3.41/volume/v3/volumes/0f06abe5-1825-4f43-9fb2-12ab794c10f1
Aug 18 09:11:28.500204 np0000007625 devstack@c-api.service[100267]: [pid: 100267|app: 0|req: 98/391] 10.4.3.41 () {66 vars in 1341 bytes} [Tue Aug 18 09:11:28 2026] GET /volume/v3/volumes/104b37e8-0c18-4347-8656-8a1383323668 => generated 857 bytes in 35 msecs (HTTP/1.1 200) 7 headers in 285 bytes (1 switches on core 0)
Aug 18 09:11:28.501259 np0000007625 devstack@c-api.service[100265]: DEBUG cinder.api.openstack.wsgi [None req-5c53432d-5c6a-46b0-b7e0-26999a80c28c tempest-UserMessagesTest-1869592715 tempest-UserMessagesTest-1869592715-project-member] Empty body provided in request {{(pid=100265) get_body /opt/stack/cinder/cinder/api/openstack/wsgi.py:725}}
Aug 18 09:11:28.501636 np0000007625 devstack@c-api.service[100265]: DEBUG cinder.api.openstack.wsgi [None req-5c53432d-5c6a-46b0-b7e0-26999a80c28c tempest-UserMessagesTest-1869592715 tempest-UserMessagesTest-1869592715-project-member] Calling method 'show' {{(pid=100265) _process_stack /opt/stack/cinder/cinder/api/openstack/wsgi.py:878}}
Aug 18 09:11:28.511442 np0000007625 devstack@c-api.service[100265]: /opt/stack/data/venv/lib/python3.12/site-packages/oslo_context/context.py:102: DeprecationWarning: Policy enforcement is depending on the value of is_admin. This key is deprecated. Please update your policy file to use the standard policy values.
Aug 18 09:11:28.511442 np0000007625 devstack@c-api.service[100265]: warnings.warn(
Aug 18 09:11:28.514746 np0000007625 devstack@c-api.service[100264]: DEBUG cinder.api.middleware.request_id [None req-1d49018e-496f-4cb6-bba6-117a09579079 None None] RequestId filter calling following filter/app {{(pid=100264) _context_setter /opt/stack/cinder/cinder/api/middleware/request_id.py:62}}
Aug 18 09:11:28.517094 np0000007625 devstack@c-api.service[100265]: INFO cinder.volume.api [None req-5c53432d-5c6a-46b0-b7e0-26999a80c28c tempest-UserMessagesTest-1869592715 tempest-UserMessagesTest-1869592715-project-member] Volume info retrieved successfully.
Aug 18 09:11:28.517709 np0000007625 devstack@c-api.service[100264]: INFO cinder.api.openstack.wsgi [None req-1d49018e-496f-4cb6-bba6-117a09579079 tempest-VolumeSnapshotQuotasNegativeTestJSON-2077574836 tempest-VolumeSnapshotQuotasNegativeTestJSON-2077574836-project-member] DELETE https://10.4.3.41/volume/v3/volumes/104b37e8-0c18-4347-8656-8a1383323668
Aug 18 09:11:28.517900 np0000007625 devstack@c-api.service[100264]: DEBUG cinder.api.openstack.wsgi [None req-1d49018e-496f-4cb6-bba6-117a09579079 tempest-VolumeSnapshotQuotasNegativeTestJSON-2077574836 tempest-VolumeSnapshotQuotasNegativeTestJSON-2077574836-project-member] Empty body provided in request {{(pid=100264) get_body /opt/stack/cinder/cinder/api/openstack/wsgi.py:725}}
Aug 18 09:11:28.518084 np0000007625 devstack@c-api.service[100264]: DEBUG cinder.api.openstack.wsgi [None req-1d49018e-496f-4cb6-bba6-117a09579079 tempest-VolumeSnapshotQuotasNegativeTestJSON-2077574836 tempest-VolumeSnapshotQuotasNegativeTestJSON-2077574836-project-member] Calling method 'delete' {{(pid=100264) _process_stack /opt/stack/cinder/cinder/api/openstack/wsgi.py:878}}
Aug 18 09:11:28.518271 np0000007625 devstack@c-api.service[100264]: INFO cinder.api.v3.volumes [None req-1d49018e-496f-4cb6-bba6-117a09579079 tempest-VolumeSnapshotQuotasNegativeTestJSON-2077574836 tempest-VolumeSnapshotQuotasNegativeTestJSON-2077574836-project-member] Delete volume with id: 104b37e8-0c18-4347-8656-8a1383323668
Aug 18 09:11:28.522876 np0000007625 devstack@c-api.service[100265]: INFO cinder.api.openstack.wsgi [None req-5c53432d-5c6a-46b0-b7e0-26999a80c28c tempest-UserMessagesTest-1869592715 tempest-UserMessagesTest-1869592715-project-member] https://10.4.3.41/volume/v3/volumes/0f06abe5-1825-4f43-9fb2-12ab794c10f1 returned with HTTP 200
Aug 18 09:11:28.523426 np0000007625 devstack@c-api.service[100265]: [pid: 100265|app: 0|req: 97/392] 10.4.3.41 () {68 vars in 1381 bytes} [Tue Aug 18 09:11:28 2026] GET /volume/v3/volumes/0f06abe5-1825-4f43-9fb2-12ab794c10f1 => generated 851 bytes in 29 msecs (HTTP/1.1 200) 7 headers in 285 bytes (1 switches on core 0)
Aug 18 09:11:28.526834 np0000007625 devstack@c-api.service[100264]: /opt/stack/data/venv/lib/python3.12/site-packages/oslo_context/context.py:102: DeprecationWarning: Policy enforcement is depending on the value of is_admin. This key is deprecated. Please update your policy file to use the standard policy values.
Aug 18 09:11:28.526834 np0000007625 devstack@c-api.service[100264]: warnings.warn(
Aug 18 09:11:28.527263 np0000007625 devstack@c-api.service[100264]: INFO cinder.volume.api [None req-1d49018e-496f-4cb6-bba6-117a09579079 tempest-VolumeSnapshotQuotasNegativeTestJSON-2077574836 tempest-VolumeSnapshotQuotasNegativeTestJSON-2077574836-project-member] Volume info retrieved successfully.
Aug 18 09:11:28.550019 np0000007625 devstack@c-api.service[100264]: INFO cinder.volume.api [None req-1d49018e-496f-4cb6-bba6-117a09579079 tempest-VolumeSnapshotQuotasNegativeTestJSON-2077574836 tempest-VolumeSnapshotQuotasNegativeTestJSON-2077574836-project-member] Delete volume request issued successfully.
Aug 18 09:11:28.550019 np0000007625 devstack@c-api.service[100264]: INFO cinder.api.openstack.wsgi [None req-1d49018e-496f-4cb6-bba6-117a09579079 tempest-VolumeSnapshotQuotasNegativeTestJSON-2077574836 tempest-VolumeSnapshotQuotasNegativeTestJSON-2077574836-project-member] https://10.4.3.41/volume/v3/volumes/104b37e8-0c18-4347-8656-8a1383323668 returned with HTTP 202
Aug 18 09:11:28.550019 np0000007625 devstack@c-api.service[100264]: [pid: 100264|app: 0|req: 101/393] 10.4.3.41 () {66 vars in 1344 bytes} [Tue Aug 18 09:11:28 2026] DELETE /volume/v3/volumes/104b37e8-0c18-4347-8656-8a1383323668 => generated 0 bytes in 36 msecs (HTTP/1.1 202) 6 headers in 233 bytes (1 switches on core 0)
Aug 18 09:11:28.560982 np0000007625 devstack@c-api.service[100266]: DEBUG cinder.api.middleware.request_id [None req-f0bc5d7c-323b-4ffc-abd4-3a8327889cb3 None None] RequestId filter calling following filter/app {{(pid=100266) _context_setter /opt/stack/cinder/cinder/api/middleware/request_id.py:62}}
Aug 18 09:11:28.563381 np0000007625 devstack@c-api.service[100266]: INFO cinder.api.openstack.wsgi [None req-f0bc5d7c-323b-4ffc-abd4-3a8327889cb3 tempest-VolumeSnapshotQuotasNegativeTestJSON-2077574836 tempest-VolumeSnapshotQuotasNegativeTestJSON-2077574836-project-member] GET https://10.4.3.41/volume/v3/volumes/104b37e8-0c18-4347-8656-8a1383323668
Aug 18 09:11:28.563725 np0000007625 devstack@c-api.service[100266]: DEBUG cinder.api.openstack.wsgi [None req-f0bc5d7c-323b-4ffc-abd4-3a8327889cb3 tempest-VolumeSnapshotQuotasNegativeTestJSON-2077574836 tempest-VolumeSnapshotQuotasNegativeTestJSON-2077574836-project-member] Empty body provided in request {{(pid=100266) get_body /opt/stack/cinder/cinder/api/openstack/wsgi.py:725}}
Aug 18 09:11:28.564029 np0000007625 devstack@c-api.service[100266]: DEBUG cinder.api.openstack.wsgi [None req-f0bc5d7c-323b-4ffc-abd4-3a8327889cb3 tempest-VolumeSnapshotQuotasNegativeTestJSON-2077574836 tempest-VolumeSnapshotQuotasNegativeTestJSON-2077574836-project-member] Calling method 'show' {{(pid=100266) _process_stack /opt/stack/cinder/cinder/api/openstack/wsgi.py:878}}
Aug 18 09:11:28.573874 np0000007625 devstack@c-api.service[100266]: /opt/stack/data/venv/lib/python3.12/site-packages/oslo_context/context.py:102: DeprecationWarning: Policy enforcement is depending on the value of is_admin. This key is deprecated. Please update your policy file to use the standard policy values.
Aug 18 09:11:28.573874 np0000007625 devstack@c-api.service[100266]: warnings.warn(
Aug 18 09:11:28.580678 np0000007625 devstack@c-api.service[100266]: INFO cinder.volume.api [None req-f0bc5d7c-323b-4ffc-abd4-3a8327889cb3 tempest-VolumeSnapshotQuotasNegativeTestJSON-2077574836 tempest-VolumeSnapshotQuotasNegativeTestJSON-2077574836-project-member] Volume info retrieved successfully.
Aug 18 09:11:28.587437 np0000007625 devstack@c-api.service[100266]: INFO cinder.api.openstack.wsgi [None req-f0bc5d7c-323b-4ffc-abd4-3a8327889cb3 tempest-VolumeSnapshotQuotasNegativeTestJSON-2077574836 tempest-VolumeSnapshotQuotasNegativeTestJSON-2077574836-project-member] https://10.4.3.41/volume/v3/volumes/104b37e8-0c18-4347-8656-8a1383323668 returned with HTTP 200
Aug 18 09:11:28.587998 np0000007625 devstack@c-api.service[100266]: [pid: 100266|app: 0|req: 98/394] 10.4.3.41 () {66 vars in 1341 bytes} [Tue Aug 18 09:11:28 2026] GET /volume/v3/volumes/104b37e8-0c18-4347-8656-8a1383323668 => generated 856 bytes in 28 msecs (HTTP/1.1 200) 7 headers in 285 bytes (1 switches on core 0)
Aug 18 09:11:28.606443 np0000007625 devstack@c-api.service[100267]: DEBUG cinder.api.middleware.request_id [None req-7d2a7e2d-c40a-4ef1-97ac-6325130e4418 None None] RequestId filter calling following filter/app {{(pid=100267) _context_setter /opt/stack/cinder/cinder/api/middleware/request_id.py:62}}
Aug 18 09:11:28.609281 np0000007625 devstack@c-api.service[100267]: INFO cinder.api.openstack.wsgi [None req-7d2a7e2d-c40a-4ef1-97ac-6325130e4418 tempest-AttachVolumeMultiAttachTest-505970535 tempest-AttachVolumeMultiAttachTest-505970535-project-member] GET https://10.4.3.41/volume/v3/volumes/f8bbde2e-3f27-415d-914b-39bb028dbfbc
Aug 18 09:11:28.609497 np0000007625 devstack@c-api.service[100267]: DEBUG cinder.api.openstack.wsgi [None req-7d2a7e2d-c40a-4ef1-97ac-6325130e4418 tempest-AttachVolumeMultiAttachTest-505970535 tempest-AttachVolumeMultiAttachTest-505970535-project-member] Empty body provided in request {{(pid=100267) get_body /opt/stack/cinder/cinder/api/openstack/wsgi.py:725}}
Aug 18 09:11:28.609722 np0000007625 devstack@c-api.service[100267]: DEBUG cinder.api.openstack.wsgi [None req-7d2a7e2d-c40a-4ef1-97ac-6325130e4418 tempest-AttachVolumeMultiAttachTest-505970535 tempest-AttachVolumeMultiAttachTest-505970535-project-member] Calling method 'show' {{(pid=100267) _process_stack /opt/stack/cinder/cinder/api/openstack/wsgi.py:878}}
Aug 18 09:11:28.623621 np0000007625 devstack@c-api.service[100267]: /opt/stack/data/venv/lib/python3.12/site-packages/oslo_context/context.py:102: DeprecationWarning: Policy enforcement is depending on the value of is_admin. This key is deprecated. Please update your policy file to use the standard policy values.
Aug 18 09:11:28.623621 np0000007625 devstack@c-api.service[100267]: warnings.warn(
Aug 18 09:11:28.632578 np0000007625 devstack@c-api.service[100267]: INFO cinder.volume.api [None req-7d2a7e2d-c40a-4ef1-97ac-6325130e4418 tempest-AttachVolumeMultiAttachTest-505970535 tempest-AttachVolumeMultiAttachTest-505970535-project-member] Volume info retrieved successfully.
Aug 18 09:11:28.638028 np0000007625 devstack@c-api.service[100267]: INFO cinder.api.openstack.wsgi [None req-7d2a7e2d-c40a-4ef1-97ac-6325130e4418 tempest-AttachVolumeMultiAttachTest-505970535 tempest-AttachVolumeMultiAttachTest-505970535-project-member] https://10.4.3.41/volume/v3/volumes/f8bbde2e-3f27-415d-914b-39bb028dbfbc returned with HTTP 200
Aug 18 09:11:28.638468 np0000007625 devstack@c-api.service[100267]: [pid: 100267|app: 0|req: 99/395] 10.4.3.41 () {66 vars in 1341 bytes} [Tue Aug 18 09:11:28 2026] GET /volume/v3/volumes/f8bbde2e-3f27-415d-914b-39bb028dbfbc => generated 1143 bytes in 33 msecs (HTTP/1.1 200) 7 headers in 286 bytes (1 switches on core 0)
Aug 18 09:11:28.729151 np0000007625 devstack@c-api.service[100265]: DEBUG cinder.api.middleware.request_id [req-55128631-278e-4485-a1be-b9dbb73b4fed req-1a906abd-5367-4362-b43e-1c6a2d41428c None None] RequestId filter calling following filter/app {{(pid=100265) _context_setter /opt/stack/cinder/cinder/api/middleware/request_id.py:62}}
Aug 18 09:11:28.733065 np0000007625 devstack@c-api.service[100265]: INFO cinder.api.openstack.wsgi [req-55128631-278e-4485-a1be-b9dbb73b4fed req-1a906abd-5367-4362-b43e-1c6a2d41428c tempest-AttachVolumeMultiAttachTest-505970535 tempest-AttachVolumeMultiAttachTest-505970535-project-member] GET https://10.4.3.41/volume/v3/volumes/f8bbde2e-3f27-415d-914b-39bb028dbfbc
Aug 18 09:11:28.733388 np0000007625 devstack@c-api.service[100265]: DEBUG cinder.api.openstack.wsgi [req-55128631-278e-4485-a1be-b9dbb73b4fed req-1a906abd-5367-4362-b43e-1c6a2d41428c tempest-AttachVolumeMultiAttachTest-505970535 tempest-AttachVolumeMultiAttachTest-505970535-project-member] Empty body provided in request {{(pid=100265) get_body /opt/stack/cinder/cinder/api/openstack/wsgi.py:725}}
Aug 18 09:11:28.733700 np0000007625 devstack@c-api.service[100265]: DEBUG cinder.api.openstack.wsgi [req-55128631-278e-4485-a1be-b9dbb73b4fed req-1a906abd-5367-4362-b43e-1c6a2d41428c tempest-AttachVolumeMultiAttachTest-505970535 tempest-AttachVolumeMultiAttachTest-505970535-project-member] Calling method 'show' {{(pid=100265) _process_stack /opt/stack/cinder/cinder/api/openstack/wsgi.py:878}}
Aug 18 09:11:28.747020 np0000007625 devstack@c-api.service[100265]: /opt/stack/data/venv/lib/python3.12/site-packages/oslo_context/context.py:102: DeprecationWarning: Policy enforcement is depending on the value of is_admin. This key is deprecated. Please update your policy file to use the standard policy values.
Aug 18 09:11:28.747020 np0000007625 devstack@c-api.service[100265]: warnings.warn(
Aug 18 09:11:28.753382 np0000007625 devstack@c-api.service[100265]: INFO cinder.volume.api [req-55128631-278e-4485-a1be-b9dbb73b4fed req-1a906abd-5367-4362-b43e-1c6a2d41428c tempest-AttachVolumeMultiAttachTest-505970535 tempest-AttachVolumeMultiAttachTest-505970535-project-member] Volume info retrieved successfully.
Aug 18 09:11:28.758728 np0000007625 devstack@c-api.service[100265]: INFO cinder.api.openstack.wsgi [req-55128631-278e-4485-a1be-b9dbb73b4fed req-1a906abd-5367-4362-b43e-1c6a2d41428c tempest-AttachVolumeMultiAttachTest-505970535 tempest-AttachVolumeMultiAttachTest-505970535-project-member] https://10.4.3.41/volume/v3/volumes/f8bbde2e-3f27-415d-914b-39bb028dbfbc returned with HTTP 200
Aug 18 09:11:28.759338 np0000007625 devstack@c-api.service[100265]: [pid: 100265|app: 0|req: 98/396] 10.4.3.41 () {68 vars in 1591 bytes} [Tue Aug 18 09:11:28 2026] GET /volume/v3/volumes/f8bbde2e-3f27-415d-914b-39bb028dbfbc => generated 1143 bytes in 31 msecs (HTTP/1.1 200) 7 headers in 286 bytes (1 switches on core 0)
Aug 18 09:11:29.081906 np0000007625 devstack@c-api.service[100264]: DEBUG cinder.api.middleware.request_id [None req-38e2427d-05cc-427a-8d5f-d79ec8b1e199 None None] RequestId filter calling following filter/app {{(pid=100264) _context_setter /opt/stack/cinder/cinder/api/middleware/request_id.py:62}}
Aug 18 09:11:29.082547 np0000007625 devstack@c-api.service[100264]: INFO cinder.api.openstack.wsgi [None req-38e2427d-05cc-427a-8d5f-d79ec8b1e199 None None] GET https://10.4.3.41/volume//
Aug 18 09:11:29.082787 np0000007625 devstack@c-api.service[100264]: DEBUG cinder.api.openstack.wsgi [None req-38e2427d-05cc-427a-8d5f-d79ec8b1e199 None None] Empty body provided in request {{(pid=100264) get_body /opt/stack/cinder/cinder/api/openstack/wsgi.py:725}}
Aug 18 09:11:29.083068 np0000007625 devstack@c-api.service[100264]: DEBUG cinder.api.openstack.wsgi [None req-38e2427d-05cc-427a-8d5f-d79ec8b1e199 None None] Calling method 'all' {{(pid=100264) _process_stack /opt/stack/cinder/cinder/api/openstack/wsgi.py:878}}
Aug 18 09:11:29.083705 np0000007625 devstack@c-api.service[100264]: INFO cinder.api.openstack.wsgi [None req-38e2427d-05cc-427a-8d5f-d79ec8b1e199 None None] https://10.4.3.41/volume// returned with HTTP 300
Aug 18 09:11:29.084131 np0000007625 devstack@c-api.service[100264]: [pid: 100264|app: 0|req: 102/397] 10.4.3.41 () {66 vars in 1421 bytes} [Tue Aug 18 09:11:29 2026] GET /volume/ => generated 385 bytes in 3 msecs (HTTP/1.1 300) 7 headers in 299 bytes (1 switches on core 0)
Aug 18 09:11:29.105647 np0000007625 devstack@c-api.service[100266]: DEBUG cinder.api.middleware.request_id [req-55128631-278e-4485-a1be-b9dbb73b4fed req-5c8cabac-0f52-4d65-9244-b9cd08b3a035 None None] RequestId filter calling following filter/app {{(pid=100266) _context_setter /opt/stack/cinder/cinder/api/middleware/request_id.py:62}}
Aug 18 09:11:29.305509 np0000007625 devstack@c-api.service[100266]: INFO cinder.api.openstack.wsgi [req-55128631-278e-4485-a1be-b9dbb73b4fed req-5c8cabac-0f52-4d65-9244-b9cd08b3a035 tempest-AttachVolumeMultiAttachTest-505970535 tempest-AttachVolumeMultiAttachTest-505970535-project-member] POST https://10.4.3.41/volume/v3/attachments
Aug 18 09:11:29.305977 np0000007625 devstack@c-api.service[100266]: DEBUG cinder.api.openstack.wsgi [req-55128631-278e-4485-a1be-b9dbb73b4fed req-5c8cabac-0f52-4d65-9244-b9cd08b3a035 tempest-AttachVolumeMultiAttachTest-505970535 tempest-AttachVolumeMultiAttachTest-505970535-project-member] Action: 'create', calling method: version_select, body: {"attachment": {"volume_uuid": "f8bbde2e-3f27-415d-914b-39bb028dbfbc", "connector": null, "instance_uuid": "e3041021-20eb-482f-80ed-6efef1b80c91"}} {{(pid=100266) _process_stack /opt/stack/cinder/cinder/api/openstack/wsgi.py:876}}
Aug 18 09:11:29.323785 np0000007625 devstack@c-api.service[100266]: /opt/stack/data/venv/lib/python3.12/site-packages/oslo_context/context.py:102: DeprecationWarning: Policy enforcement is depending on the value of is_admin. This key is deprecated. Please update your policy file to use the standard policy values.
Aug 18 09:11:29.323785 np0000007625 devstack@c-api.service[100266]: warnings.warn(
Aug 18 09:11:29.364904 np0000007625 devstack@c-api.service[100266]: INFO cinder.api.openstack.wsgi [req-55128631-278e-4485-a1be-b9dbb73b4fed req-5c8cabac-0f52-4d65-9244-b9cd08b3a035 tempest-AttachVolumeMultiAttachTest-505970535 tempest-AttachVolumeMultiAttachTest-505970535-project-member] https://10.4.3.41/volume/v3/attachments returned with HTTP 200
Aug 18 09:11:29.365462 np0000007625 devstack@c-api.service[100266]: [pid: 100266|app: 0|req: 99/398] 10.4.3.41 () {74 vars in 1587 bytes} [Tue Aug 18 09:11:29 2026] POST /volume/v3/attachments => generated 273 bytes in 260 msecs (HTTP/1.1 200) 7 headers in 286 bytes (1 switches on core 0)
Aug 18 09:11:29.397761 np0000007625 devstack@c-api.service[100267]: DEBUG cinder.api.middleware.request_id [None req-b29e6dd4-e60f-450b-9394-39a333830b59 None None] RequestId filter calling following filter/app {{(pid=100267) _context_setter /opt/stack/cinder/cinder/api/middleware/request_id.py:62}}
Aug 18 09:11:29.399646 np0000007625 devstack@c-api.service[100267]: INFO cinder.api.openstack.wsgi [None req-b29e6dd4-e60f-450b-9394-39a333830b59 tempest-AttachVolumeMultiAttachTest-505970535 tempest-AttachVolumeMultiAttachTest-505970535-project-member] GET https://10.4.3.41/volume/v3/volumes/f8bbde2e-3f27-415d-914b-39bb028dbfbc
Aug 18 09:11:29.399849 np0000007625 devstack@c-api.service[100267]: DEBUG cinder.api.openstack.wsgi [None req-b29e6dd4-e60f-450b-9394-39a333830b59 tempest-AttachVolumeMultiAttachTest-505970535 tempest-AttachVolumeMultiAttachTest-505970535-project-member] Empty body provided in request {{(pid=100267) get_body /opt/stack/cinder/cinder/api/openstack/wsgi.py:725}}
Aug 18 09:11:29.400424 np0000007625 devstack@c-api.service[100267]: DEBUG cinder.api.openstack.wsgi [None req-b29e6dd4-e60f-450b-9394-39a333830b59 tempest-AttachVolumeMultiAttachTest-505970535 tempest-AttachVolumeMultiAttachTest-505970535-project-member] Calling method 'show' {{(pid=100267) _process_stack /opt/stack/cinder/cinder/api/openstack/wsgi.py:878}}
Aug 18 09:11:29.410568 np0000007625 devstack@c-api.service[100265]: DEBUG cinder.api.middleware.request_id [None req-7ce46928-5b16-49ab-bccc-d30c4ef91bfa None None] RequestId filter calling following filter/app {{(pid=100265) _context_setter /opt/stack/cinder/cinder/api/middleware/request_id.py:62}}
Aug 18 09:11:29.411058 np0000007625 devstack@c-api.service[100265]: INFO cinder.api.openstack.wsgi [None req-7ce46928-5b16-49ab-bccc-d30c4ef91bfa None None] GET https://10.4.3.41/volume//
Aug 18 09:11:29.411262 np0000007625 devstack@c-api.service[100265]: DEBUG cinder.api.openstack.wsgi [None req-7ce46928-5b16-49ab-bccc-d30c4ef91bfa None None] Empty body provided in request {{(pid=100265) get_body /opt/stack/cinder/cinder/api/openstack/wsgi.py:725}}
Aug 18 09:11:29.411529 np0000007625 devstack@c-api.service[100265]: DEBUG cinder.api.openstack.wsgi [None req-7ce46928-5b16-49ab-bccc-d30c4ef91bfa None None] Calling method 'all' {{(pid=100265) _process_stack /opt/stack/cinder/cinder/api/openstack/wsgi.py:878}}
Aug 18 09:11:29.411946 np0000007625 devstack@c-api.service[100265]: INFO cinder.api.openstack.wsgi [None req-7ce46928-5b16-49ab-bccc-d30c4ef91bfa None None] https://10.4.3.41/volume// returned with HTTP 300
Aug 18 09:11:29.412248 np0000007625 devstack@c-api.service[100265]: [pid: 100265|app: 0|req: 99/399] 10.4.3.41 () {66 vars in 1419 bytes} [Tue Aug 18 09:11:29 2026] GET /volume/ => generated 385 bytes in 2 msecs (HTTP/1.1 300) 7 headers in 299 bytes (1 switches on core 0)
Aug 18 09:11:29.423744 np0000007625 devstack@c-api.service[100267]: /opt/stack/data/venv/lib/python3.12/site-packages/oslo_context/context.py:102: DeprecationWarning: Policy enforcement is depending on the value of is_admin. This key is deprecated. Please update your policy file to use the standard policy values.
Aug 18 09:11:29.423744 np0000007625 devstack@c-api.service[100267]: warnings.warn(
Aug 18 09:11:29.426333 np0000007625 devstack@c-api.service[100264]: DEBUG cinder.api.middleware.request_id [req-55128631-278e-4485-a1be-b9dbb73b4fed req-af0c6c41-fed0-4704-a881-2755af5482c8 None None] RequestId filter calling following filter/app {{(pid=100264) _context_setter /opt/stack/cinder/cinder/api/middleware/request_id.py:62}}
Aug 18 09:11:29.430053 np0000007625 devstack@c-api.service[100264]: INFO cinder.api.openstack.wsgi [req-55128631-278e-4485-a1be-b9dbb73b4fed req-af0c6c41-fed0-4704-a881-2755af5482c8 tempest-AttachVolumeMultiAttachTest-505970535 tempest-AttachVolumeMultiAttachTest-505970535-project-member] GET https://10.4.3.41/volume/v3/volumes/f8bbde2e-3f27-415d-914b-39bb028dbfbc
Aug 18 09:11:29.430350 np0000007625 devstack@c-api.service[100264]: DEBUG cinder.api.openstack.wsgi [req-55128631-278e-4485-a1be-b9dbb73b4fed req-af0c6c41-fed0-4704-a881-2755af5482c8 tempest-AttachVolumeMultiAttachTest-505970535 tempest-AttachVolumeMultiAttachTest-505970535-project-member] Empty body provided in request {{(pid=100264) get_body /opt/stack/cinder/cinder/api/openstack/wsgi.py:725}}
Aug 18 09:11:29.430636 np0000007625 devstack@c-api.service[100264]: DEBUG cinder.api.openstack.wsgi [req-55128631-278e-4485-a1be-b9dbb73b4fed req-af0c6c41-fed0-4704-a881-2755af5482c8 tempest-AttachVolumeMultiAttachTest-505970535 tempest-AttachVolumeMultiAttachTest-505970535-project-member] Calling method 'show' {{(pid=100264) _process_stack /opt/stack/cinder/cinder/api/openstack/wsgi.py:878}}
Aug 18 09:11:29.433428 np0000007625 devstack@c-api.service[100267]: INFO cinder.volume.api [None req-b29e6dd4-e60f-450b-9394-39a333830b59 tempest-AttachVolumeMultiAttachTest-505970535 tempest-AttachVolumeMultiAttachTest-505970535-project-member] Volume info retrieved successfully.
Aug 18 09:11:29.441336 np0000007625 devstack@c-api.service[100267]: INFO cinder.api.openstack.wsgi [None req-b29e6dd4-e60f-450b-9394-39a333830b59 tempest-AttachVolumeMultiAttachTest-505970535 tempest-AttachVolumeMultiAttachTest-505970535-project-member] https://10.4.3.41/volume/v3/volumes/f8bbde2e-3f27-415d-914b-39bb028dbfbc returned with HTTP 200
Aug 18 09:11:29.441899 np0000007625 devstack@c-api.service[100267]: [pid: 100267|app: 0|req: 100/400] 10.4.3.41 () {66 vars in 1341 bytes} [Tue Aug 18 09:11:29 2026] GET /volume/v3/volumes/f8bbde2e-3f27-415d-914b-39bb028dbfbc => generated 1145 bytes in 45 msecs (HTTP/1.1 200) 7 headers in 286 bytes (1 switches on core 0)
Aug 18 09:11:29.445359 np0000007625 devstack@c-api.service[100264]: /opt/stack/data/venv/lib/python3.12/site-packages/oslo_context/context.py:102: DeprecationWarning: Policy enforcement is depending on the value of is_admin. This key is deprecated. Please update your policy file to use the standard policy values.
Aug 18 09:11:29.445359 np0000007625 devstack@c-api.service[100264]: warnings.warn(
Aug 18 09:11:29.448866 np0000007625 devstack@c-api.service[100264]: INFO cinder.volume.api [req-55128631-278e-4485-a1be-b9dbb73b4fed req-af0c6c41-fed0-4704-a881-2755af5482c8 tempest-AttachVolumeMultiAttachTest-505970535 tempest-AttachVolumeMultiAttachTest-505970535-project-member] Volume info retrieved successfully.
Aug 18 09:11:29.454316 np0000007625 devstack@c-api.service[100264]: INFO cinder.api.openstack.wsgi [req-55128631-278e-4485-a1be-b9dbb73b4fed req-af0c6c41-fed0-4704-a881-2755af5482c8 tempest-AttachVolumeMultiAttachTest-505970535 tempest-AttachVolumeMultiAttachTest-505970535-project-member] https://10.4.3.41/volume/v3/volumes/f8bbde2e-3f27-415d-914b-39bb028dbfbc returned with HTTP 200
Aug 18 09:11:29.454939 np0000007625 devstack@c-api.service[100264]: [pid: 100264|app: 0|req: 103/401] 10.4.3.41 () {70 vars in 1632 bytes} [Tue Aug 18 09:11:29 2026] GET /volume/v3/volumes/f8bbde2e-3f27-415d-914b-39bb028dbfbc => generated 1325 bytes in 29 msecs (HTTP/1.1 200) 7 headers in 287 bytes (1 switches on core 0)
Aug 18 09:11:29.535855 np0000007625 devstack@c-api.service[100266]: DEBUG cinder.api.middleware.request_id [req-55128631-278e-4485-a1be-b9dbb73b4fed req-968a9515-c869-404d-b85f-9059e861c58e None None] RequestId filter calling following filter/app {{(pid=100266) _context_setter /opt/stack/cinder/cinder/api/middleware/request_id.py:62}}
Aug 18 09:11:29.538772 np0000007625 devstack@c-api.service[100266]: INFO cinder.api.openstack.wsgi [req-55128631-278e-4485-a1be-b9dbb73b4fed req-968a9515-c869-404d-b85f-9059e861c58e tempest-AttachVolumeMultiAttachTest-505970535 tempest-AttachVolumeMultiAttachTest-505970535-project-member] PUT https://10.4.3.41/volume/v3/attachments/9d591af9-45d3-4b77-9357-ee523075573b
Aug 18 09:11:29.539264 np0000007625 devstack@c-api.service[100266]: DEBUG cinder.api.openstack.wsgi [req-55128631-278e-4485-a1be-b9dbb73b4fed req-968a9515-c869-404d-b85f-9059e861c58e tempest-AttachVolumeMultiAttachTest-505970535 tempest-AttachVolumeMultiAttachTest-505970535-project-member] Action: 'update', calling method: version_select, body: {"attachment": {"connector": {"platform": "x86_64", "os_type": "linux", "ip": "10.4.3.41", "host": "np0000007625", "multipath": true, "enforce_multipath": true, "initiator": "iqn.2016-04.com.open-iscsi:346f5f8796c9", "do_local_attach": false, "uuid": "8515de1c-ba7e-467b-adde-6d9f8a8dbc1f", "system uuid": "0dd28ef3-9270-41c7-af95-eeedd6b62e36", "nvme_native_multipath": false, "mountpoint": "/dev/vdb"}}} {{(pid=100266) _process_stack /opt/stack/cinder/cinder/api/openstack/wsgi.py:876}}
Aug 18 09:11:29.539384 np0000007625 devstack@c-api.service[100265]: DEBUG cinder.api.middleware.request_id [None req-05115a32-513f-48d4-9824-f26c88cae973 None None] RequestId filter calling following filter/app {{(pid=100265) _context_setter /opt/stack/cinder/cinder/api/middleware/request_id.py:62}}
Aug 18 09:11:29.541384 np0000007625 devstack@c-api.service[100265]: INFO cinder.api.openstack.wsgi [None req-05115a32-513f-48d4-9824-f26c88cae973 tempest-UserMessagesTest-1869592715 tempest-UserMessagesTest-1869592715-project-member] GET https://10.4.3.41/volume/v3/volumes/0f06abe5-1825-4f43-9fb2-12ab794c10f1
Aug 18 09:11:29.541674 np0000007625 devstack@c-api.service[100265]: DEBUG cinder.api.openstack.wsgi [None req-05115a32-513f-48d4-9824-f26c88cae973 tempest-UserMessagesTest-1869592715 tempest-UserMessagesTest-1869592715-project-member] Empty body provided in request {{(pid=100265) get_body /opt/stack/cinder/cinder/api/openstack/wsgi.py:725}}
