Jun 12 19:41:18.963517 np0000002741 nova-scheduler[95758]: DEBUG cotyledon.oslo_config_glue [-] oslo_limit.auth_section = None {{(pid=95758) log_opt_values /opt/stack/data/venv/lib/python3.12/site-packages/oslo_config/cfg.py:3253}}
Jun 12 19:41:18.963580 np0000002741 nova-scheduler[95758]: DEBUG cotyledon.oslo_config_glue [-] oslo_limit.auth_type = None {{(pid=95758) log_opt_values /opt/stack/data/venv/lib/python3.12/site-packages/oslo_config/cfg.py:3253}}
Jun 12 19:41:18.963648 np0000002741 nova-scheduler[95758]: DEBUG cotyledon.oslo_config_glue [-] oslo_limit.cafile = None {{(pid=95758) log_opt_values /opt/stack/data/venv/lib/python3.12/site-packages/oslo_config/cfg.py:3253}}
Jun 12 19:41:18.963690 np0000002741 nova-scheduler[95758]: DEBUG cotyledon.oslo_config_glue [-] oslo_limit.certfile = None {{(pid=95758) log_opt_values /opt/stack/data/venv/lib/python3.12/site-packages/oslo_config/cfg.py:3253}}
Jun 12 19:41:18.963729 np0000002741 nova-scheduler[95754]: DEBUG dbcounter [-] [95754] Writer thread running {{(pid=95754) stat_writer /opt/stack/data/venv/lib/python3.12/site-packages/dbcounter.py:102}}
Jun 12 19:41:18.963774 np0000002741 nova-scheduler[95758]: DEBUG cotyledon.oslo_config_glue [-] oslo_limit.collect_timing = False {{(pid=95758) log_opt_values /opt/stack/data/venv/lib/python3.12/site-packages/oslo_config/cfg.py:3253}}
Jun 12 19:41:18.963823 np0000002741 nova-scheduler[95758]: DEBUG cotyledon.oslo_config_glue [-] oslo_limit.connect_retries = None {{(pid=95758) log_opt_values /opt/stack/data/venv/lib/python3.12/site-packages/oslo_config/cfg.py:3253}}
Jun 12 19:41:18.963876 np0000002741 nova-scheduler[95758]: DEBUG cotyledon.oslo_config_glue [-] oslo_limit.connect_retry_delay = None {{(pid=95758) log_opt_values /opt/stack/data/venv/lib/python3.12/site-packages/oslo_config/cfg.py:3253}}
Jun 12 19:41:18.963931 np0000002741 nova-scheduler[95758]: DEBUG cotyledon.oslo_config_glue [-] oslo_limit.endpoint_id = None {{(pid=95758) log_opt_values /opt/stack/data/venv/lib/python3.12/site-packages/oslo_config/cfg.py:3253}}
Jun 12 19:41:18.963981 np0000002741 nova-scheduler[95758]: DEBUG cotyledon.oslo_config_glue [-] oslo_limit.endpoint_interface = public {{(pid=95758) log_opt_values /opt/stack/data/venv/lib/python3.12/site-packages/oslo_config/cfg.py:3253}}
Jun 12 19:41:18.964044 np0000002741 nova-scheduler[95758]: DEBUG cotyledon.oslo_config_glue [-] oslo_limit.endpoint_override = None {{(pid=95758) log_opt_values /opt/stack/data/venv/lib/python3.12/site-packages/oslo_config/cfg.py:3253}}
Jun 12 19:41:18.964133 np0000002741 nova-scheduler[95758]: DEBUG cotyledon.oslo_config_glue [-] oslo_limit.endpoint_region_name = None {{(pid=95758) log_opt_values /opt/stack/data/venv/lib/python3.12/site-packages/oslo_config/cfg.py:3253}}
Jun 12 19:41:18.964200 np0000002741 nova-scheduler[95758]: DEBUG cotyledon.oslo_config_glue [-] oslo_limit.endpoint_service_name = None {{(pid=95758) log_opt_values /opt/stack/data/venv/lib/python3.12/site-packages/oslo_config/cfg.py:3253}}
Jun 12 19:41:18.964266 np0000002741 nova-scheduler[95758]: DEBUG cotyledon.oslo_config_glue [-] oslo_limit.endpoint_service_type = None {{(pid=95758) log_opt_values /opt/stack/data/venv/lib/python3.12/site-packages/oslo_config/cfg.py:3253}}
Jun 12 19:41:18.964330 np0000002741 nova-scheduler[95758]: DEBUG cotyledon.oslo_config_glue [-] oslo_limit.insecure = False {{(pid=95758) log_opt_values /opt/stack/data/venv/lib/python3.12/site-packages/oslo_config/cfg.py:3253}}
Jun 12 19:41:18.964382 np0000002741 nova-scheduler[95758]: DEBUG cotyledon.oslo_config_glue [-] oslo_limit.keyfile = None {{(pid=95758) log_opt_values /opt/stack/data/venv/lib/python3.12/site-packages/oslo_config/cfg.py:3253}}
Jun 12 19:41:18.964438 np0000002741 nova-scheduler[95758]: DEBUG cotyledon.oslo_config_glue [-] oslo_limit.max_version = None {{(pid=95758) log_opt_values /opt/stack/data/venv/lib/python3.12/site-packages/oslo_config/cfg.py:3253}}
Jun 12 19:41:18.964482 np0000002741 nova-scheduler[95758]: DEBUG cotyledon.oslo_config_glue [-] oslo_limit.min_version = None {{(pid=95758) log_opt_values /opt/stack/data/venv/lib/python3.12/site-packages/oslo_config/cfg.py:3253}}
Jun 12 19:41:18.964547 np0000002741 nova-scheduler[95758]: DEBUG cotyledon.oslo_config_glue [-] oslo_limit.region_name = None {{(pid=95758) log_opt_values /opt/stack/data/venv/lib/python3.12/site-packages/oslo_config/cfg.py:3253}}
Jun 12 19:41:18.964589 np0000002741 nova-scheduler[95758]: DEBUG cotyledon.oslo_config_glue [-] oslo_limit.retriable_status_codes = None {{(pid=95758) log_opt_values /opt/stack/data/venv/lib/python3.12/site-packages/oslo_config/cfg.py:3253}}
Jun 12 19:41:18.964662 np0000002741 nova-scheduler[95758]: DEBUG cotyledon.oslo_config_glue [-] oslo_limit.service_name = None {{(pid=95758) log_opt_values /opt/stack/data/venv/lib/python3.12/site-packages/oslo_config/cfg.py:3253}}
Jun 12 19:41:18.964713 np0000002741 nova-scheduler[95758]: DEBUG cotyledon.oslo_config_glue [-] oslo_limit.service_type = None {{(pid=95758) log_opt_values /opt/stack/data/venv/lib/python3.12/site-packages/oslo_config/cfg.py:3253}}
Jun 12 19:41:18.964789 np0000002741 nova-scheduler[95758]: DEBUG cotyledon.oslo_config_glue [-] oslo_limit.split_loggers = False {{(pid=95758) log_opt_values /opt/stack/data/venv/lib/python3.12/site-packages/oslo_config/cfg.py:3253}}
Jun 12 19:41:18.964859 np0000002741 nova-scheduler[95758]: DEBUG cotyledon.oslo_config_glue [-] oslo_limit.status_code_retries = None {{(pid=95758) log_opt_values /opt/stack/data/venv/lib/python3.12/site-packages/oslo_config/cfg.py:3253}}
Jun 12 19:41:18.964905 np0000002741 nova-scheduler[95758]: DEBUG cotyledon.oslo_config_glue [-] oslo_limit.status_code_retry_delay = None {{(pid=95758) log_opt_values /opt/stack/data/venv/lib/python3.12/site-packages/oslo_config/cfg.py:3253}}
Jun 12 19:41:18.964966 np0000002741 nova-scheduler[95758]: DEBUG cotyledon.oslo_config_glue [-] oslo_limit.timeout = None {{(pid=95758) log_opt_values /opt/stack/data/venv/lib/python3.12/site-packages/oslo_config/cfg.py:3253}}
Jun 12 19:41:18.965031 np0000002741 nova-scheduler[95758]: DEBUG cotyledon.oslo_config_glue [-] oslo_limit.valid_interfaces = None {{(pid=95758) log_opt_values /opt/stack/data/venv/lib/python3.12/site-packages/oslo_config/cfg.py:3253}}
Jun 12 19:41:18.965086 np0000002741 nova-scheduler[95758]: DEBUG cotyledon.oslo_config_glue [-] oslo_limit.version = None {{(pid=95758) log_opt_values /opt/stack/data/venv/lib/python3.12/site-packages/oslo_config/cfg.py:3253}}
Jun 12 19:41:18.965166 np0000002741 nova-scheduler[95758]: DEBUG cotyledon.oslo_config_glue [-] oslo_reports.file_event_handler = None {{(pid=95758) log_opt_values /opt/stack/data/venv/lib/python3.12/site-packages/oslo_config/cfg.py:3253}}
Jun 12 19:41:18.965229 np0000002741 nova-scheduler[95758]: DEBUG cotyledon.oslo_config_glue [-] oslo_reports.file_event_handler_interval = 1 {{(pid=95758) log_opt_values /opt/stack/data/venv/lib/python3.12/site-packages/oslo_config/cfg.py:3253}}
Jun 12 19:41:18.965292 np0000002741 nova-scheduler[95758]: DEBUG cotyledon.oslo_config_glue [-] oslo_reports.log_dir = None {{(pid=95758) log_opt_values /opt/stack/data/venv/lib/python3.12/site-packages/oslo_config/cfg.py:3253}}
Jun 12 19:41:18.965346 np0000002741 nova-scheduler[95758]: DEBUG cotyledon.oslo_config_glue [-] ******************************************************************************** {{(pid=95758) log_opt_values /opt/stack/data/venv/lib/python3.12/site-packages/oslo_config/cfg.py:3260}}
Jun 12 19:41:18.965513 np0000002741 nova-scheduler[95758]: DEBUG cotyledon._service_worker [-] Run service ServiceWrapper(2) [95758] {{(pid=95758) wait_forever /opt/stack/data/venv/lib/python3.12/site-packages/cotyledon/_service_worker.py:218}}
Jun 12 19:41:18.966933 np0000002741 nova-scheduler[95758]: INFO nova.service [-] Starting scheduler node (version 33.1.0)
Jun 12 19:41:18.970699 np0000002741 nova-scheduler[95756]: DEBUG oslo_db.sqlalchemy.engines [None req-c93738e5-aaae-4bd7-9964-2df4119b9de6 None None] MySQL server mode set to STRICT_TRANS_TABLES,STRICT_ALL_TABLES,NO_ZERO_IN_DATE,NO_ZERO_DATE,ERROR_FOR_DIVISION_BY_ZERO,TRADITIONAL,NO_ENGINE_SUBSTITUTION {{(pid=95756) _check_effective_sql_mode /opt/stack/data/venv/lib/python3.12/site-packages/oslo_db/sqlalchemy/engines.py:325}}
Jun 12 19:41:18.972085 np0000002741 nova-scheduler[95758]: INFO dbcounter [None req-c910b51b-98b3-467e-b76c-bb71be456a13 None None] Registered counter for database nova_cell0
Jun 12 19:41:18.978793 np0000002741 nova-scheduler[95754]: DEBUG nova.service [None req-879d4947-14a8-4123-b362-e8845d16a5b9 None None] Creating RPC server for service: nova-scheduler on topic: scheduler {{(pid=95754) start /opt/stack/nova/nova/service.py:196}}
Jun 12 19:41:18.981349 np0000002741 nova-scheduler[95756]: DEBUG dbcounter [-] [95756] Writer thread running {{(pid=95756) stat_writer /opt/stack/data/venv/lib/python3.12/site-packages/dbcounter.py:102}}
Jun 12 19:41:18.984944 np0000002741 nova-scheduler[95756]: DEBUG nova.service [None req-c93738e5-aaae-4bd7-9964-2df4119b9de6 None None] Creating RPC server for service: nova-scheduler on topic: scheduler {{(pid=95756) start /opt/stack/nova/nova/service.py:196}}
Jun 12 19:41:19.004472 np0000002741 nova-scheduler[95754]: DEBUG nova.service [None req-879d4947-14a8-4123-b362-e8845d16a5b9 None None] Join ServiceGroup membership for this service scheduler {{(pid=95754) start /opt/stack/nova/nova/service.py:222}}
Jun 12 19:41:19.004610 np0000002741 nova-scheduler[95754]: DEBUG nova.servicegroup.drivers.db [None req-879d4947-14a8-4123-b362-e8845d16a5b9 None None] DB_Driver: join new ServiceGroup member np0000002741 to the scheduler group, service = {{(pid=95754) join /opt/stack/nova/nova/servicegroup/drivers/db.py:44}}
Jun 12 19:41:19.011934 np0000002741 nova-scheduler[95756]: DEBUG nova.service [None req-c93738e5-aaae-4bd7-9964-2df4119b9de6 None None] Join ServiceGroup membership for this service scheduler {{(pid=95756) start /opt/stack/nova/nova/service.py:222}}
Jun 12 19:41:19.012218 np0000002741 nova-scheduler[95756]: DEBUG nova.servicegroup.drivers.db [None req-c93738e5-aaae-4bd7-9964-2df4119b9de6 None None] DB_Driver: join new ServiceGroup member np0000002741 to the scheduler group, service = {{(pid=95756) join /opt/stack/nova/nova/servicegroup/drivers/db.py:44}}
Jun 12 19:41:19.018252 np0000002741 nova-scheduler[95758]: DEBUG oslo_db.sqlalchemy.engines [None req-c910b51b-98b3-467e-b76c-bb71be456a13 None None] MySQL server mode set to STRICT_TRANS_TABLES,STRICT_ALL_TABLES,NO_ZERO_IN_DATE,NO_ZERO_DATE,ERROR_FOR_DIVISION_BY_ZERO,TRADITIONAL,NO_ENGINE_SUBSTITUTION {{(pid=95758) _check_effective_sql_mode /opt/stack/data/venv/lib/python3.12/site-packages/oslo_db/sqlalchemy/engines.py:325}}
Jun 12 19:41:19.027881 np0000002741 nova-scheduler[95758]: DEBUG dbcounter [-] [95758] Writer thread running {{(pid=95758) stat_writer /opt/stack/data/venv/lib/python3.12/site-packages/dbcounter.py:102}}
Jun 12 19:41:19.030791 np0000002741 nova-scheduler[95758]: DEBUG nova.service [None req-c910b51b-98b3-467e-b76c-bb71be456a13 None None] Creating RPC server for service: nova-scheduler on topic: scheduler {{(pid=95758) start /opt/stack/nova/nova/service.py:196}}
Jun 12 19:41:19.062368 np0000002741 nova-scheduler[95758]: DEBUG nova.service [None req-c910b51b-98b3-467e-b76c-bb71be456a13 None None] Join ServiceGroup membership for this service scheduler {{(pid=95758) start /opt/stack/nova/nova/service.py:222}}
Jun 12 19:41:19.062565 np0000002741 nova-scheduler[95758]: DEBUG nova.servicegroup.drivers.db [None req-c910b51b-98b3-467e-b76c-bb71be456a13 None None] DB_Driver: join new ServiceGroup member np0000002741 to the scheduler group, service = {{(pid=95758) join /opt/stack/nova/nova/servicegroup/drivers/db.py:44}}
Jun 12 19:41:24.016990 np0000002741 nova-scheduler[95754]: DEBUG oslo.service.backend._threading.loopingcall [-] Fixed interval looping call 'nova.servicegroup.drivers.db.DbDriver._report_state' sleeping for 119.99 seconds {{(pid=95754) _run_loop /opt/stack/data/venv/lib/python3.12/site-packages/oslo_service/backend/_threading/loopingcall.py:125}}
Jun 12 19:41:24.024175 np0000002741 nova-scheduler[95756]: DEBUG oslo.service.backend._threading.loopingcall [-] Fixed interval looping call 'nova.servicegroup.drivers.db.DbDriver._report_state' sleeping for 119.99 seconds {{(pid=95756) _run_loop /opt/stack/data/venv/lib/python3.12/site-packages/oslo_service/backend/_threading/loopingcall.py:125}}
Jun 12 19:41:24.073503 np0000002741 nova-scheduler[95758]: DEBUG oslo.service.backend._threading.loopingcall [-] Fixed interval looping call 'nova.servicegroup.drivers.db.DbDriver._report_state' sleeping for 119.99 seconds {{(pid=95758) _run_loop /opt/stack/data/venv/lib/python3.12/site-packages/oslo_service/backend/_threading/loopingcall.py:125}}
Jun 12 19:41:27.593284 np0000002741 nova-scheduler[94509]: DEBUG dbcounter [-] [94509] Writing DB stats nova_api:SELECT=3 {{(pid=94509) stat_writer /opt/stack/data/venv/lib/python3.12/site-packages/dbcounter.py:115}}
Jun 12 19:41:27.722087 np0000002741 nova-scheduler[94509]: DEBUG dbcounter [-] [94509] Writing DB stats nova_cell0:SELECT=1 {{(pid=94509) stat_writer /opt/stack/data/venv/lib/python3.12/site-packages/dbcounter.py:115}}
Jun 12 19:41:27.726229 np0000002741 nova-scheduler[94509]: DEBUG dbcounter [-] [94509] Writing DB stats nova_cell1:SELECT=1 {{(pid=94509) stat_writer /opt/stack/data/venv/lib/python3.12/site-packages/dbcounter.py:115}}
Jun 12 19:41:34.014293 np0000002741 nova-scheduler[95754]: DEBUG dbcounter [-] [95754] Writing DB stats nova_cell0:SELECT=4,nova_cell0:INSERT=1,nova_cell0:UPDATE=1 {{(pid=95754) stat_writer /opt/stack/data/venv/lib/python3.12/site-packages/dbcounter.py:115}}
Jun 12 19:41:34.023307 np0000002741 nova-scheduler[95756]: DEBUG dbcounter [-] [95756] Writing DB stats nova_cell0:SELECT=3 {{(pid=95756) stat_writer /opt/stack/data/venv/lib/python3.12/site-packages/dbcounter.py:115}}
Jun 12 19:41:34.070523 np0000002741 nova-scheduler[95758]: DEBUG dbcounter [-] [95758] Writing DB stats nova_cell0:SELECT=3 {{(pid=95758) stat_writer /opt/stack/data/venv/lib/python3.12/site-packages/dbcounter.py:115}}
Jun 12 19:41:47.014494 np0000002741 nova-scheduler[95756]: DEBUG oslo.service.backend._threading.loopingcall [None req-d34769e3-7023-4570-96dc-904ff54eeddc None None] Dynamic interval looping call 'nova.service.Service.periodic_tasks' sleeping for 60.00 seconds {{(pid=95756) _run_loop /opt/stack/data/venv/lib/python3.12/site-packages/oslo_service/backend/_threading/loopingcall.py:125}}
Jun 12 19:42:06.006860 np0000002741 nova-scheduler[95754]: DEBUG oslo.service.backend._threading.loopingcall [None req-d93d1c22-2877-4907-ab5c-011f6531cc72 None None] Dynamic interval looping call 'nova.service.Service.periodic_tasks' sleeping for 60.00 seconds {{(pid=95754) _run_loop /opt/stack/data/venv/lib/python3.12/site-packages/oslo_service/backend/_threading/loopingcall.py:125}}
Jun 12 19:42:13.064913 np0000002741 nova-scheduler[95758]: DEBUG oslo.service.backend._threading.loopingcall [None req-abe44fee-a340-4b77-9489-7c2d8cb2959f None None] Dynamic interval looping call 'nova.service.Service.periodic_tasks' sleeping for 60.00 seconds {{(pid=95758) _run_loop /opt/stack/data/venv/lib/python3.12/site-packages/oslo_service/backend/_threading/loopingcall.py:125}}
Jun 12 19:42:47.014980 np0000002741 nova-scheduler[95756]: DEBUG oslo.service.backend._threading.loopingcall [None req-d34769e3-7023-4570-96dc-904ff54eeddc None None] Dynamic interval looping call 'nova.service.Service.periodic_tasks' sleeping for 60.00 seconds {{(pid=95756) _run_loop /opt/stack/data/venv/lib/python3.12/site-packages/oslo_service/backend/_threading/loopingcall.py:125}}
Jun 12 19:43:06.007245 np0000002741 nova-scheduler[95754]: DEBUG oslo.service.backend._threading.loopingcall [None req-d93d1c22-2877-4907-ab5c-011f6531cc72 None None] Dynamic interval looping call 'nova.service.Service.periodic_tasks' sleeping for 60.00 seconds {{(pid=95754) _run_loop /opt/stack/data/venv/lib/python3.12/site-packages/oslo_service/backend/_threading/loopingcall.py:125}}
Jun 12 19:43:13.065693 np0000002741 nova-scheduler[95758]: DEBUG oslo.service.backend._threading.loopingcall [None req-abe44fee-a340-4b77-9489-7c2d8cb2959f None None] Dynamic interval looping call 'nova.service.Service.periodic_tasks' sleeping for 60.00 seconds {{(pid=95758) _run_loop /opt/stack/data/venv/lib/python3.12/site-packages/oslo_service/backend/_threading/loopingcall.py:125}}
Jun 12 19:43:24.014318 np0000002741 nova-scheduler[95754]: DEBUG oslo.service.backend._threading.loopingcall [-] Fixed interval looping call 'nova.servicegroup.drivers.db.DbDriver._report_state' sleeping for 119.99 seconds {{(pid=95754) _run_loop /opt/stack/data/venv/lib/python3.12/site-packages/oslo_service/backend/_threading/loopingcall.py:125}}
Jun 12 19:43:24.017621 np0000002741 nova-scheduler[95756]: DEBUG oslo.service.backend._threading.loopingcall [-] Fixed interval looping call 'nova.servicegroup.drivers.db.DbDriver._report_state' sleeping for 120.00 seconds {{(pid=95756) _run_loop /opt/stack/data/venv/lib/python3.12/site-packages/oslo_service/backend/_threading/loopingcall.py:125}}
Jun 12 19:43:24.067990 np0000002741 nova-scheduler[95758]: DEBUG oslo.service.backend._threading.loopingcall [-] Fixed interval looping call 'nova.servicegroup.drivers.db.DbDriver._report_state' sleeping for 120.00 seconds {{(pid=95758) _run_loop /opt/stack/data/venv/lib/python3.12/site-packages/oslo_service/backend/_threading/loopingcall.py:125}}
Jun 12 19:43:34.010219 np0000002741 nova-scheduler[95754]: DEBUG dbcounter [-] [95754] Writing DB stats nova_cell0:SELECT=1,nova_cell0:UPDATE=1 {{(pid=95754) stat_writer /opt/stack/data/venv/lib/python3.12/site-packages/dbcounter.py:115}}
Jun 12 19:43:34.015908 np0000002741 nova-scheduler[95756]: DEBUG dbcounter [-] [95756] Writing DB stats nova_cell0:SELECT=1 {{(pid=95756) stat_writer /opt/stack/data/venv/lib/python3.12/site-packages/dbcounter.py:115}}
Jun 12 19:43:34.065750 np0000002741 nova-scheduler[95758]: DEBUG dbcounter [-] [95758] Writing DB stats nova_cell0:SELECT=1 {{(pid=95758) stat_writer /opt/stack/data/venv/lib/python3.12/site-packages/dbcounter.py:115}}
Jun 12 19:43:47.015535 np0000002741 nova-scheduler[95756]: DEBUG oslo.service.backend._threading.loopingcall [None req-d34769e3-7023-4570-96dc-904ff54eeddc None None] Dynamic interval looping call 'nova.service.Service.periodic_tasks' sleeping for 60.00 seconds {{(pid=95756) _run_loop /opt/stack/data/venv/lib/python3.12/site-packages/oslo_service/backend/_threading/loopingcall.py:125}}
Jun 12 19:44:06.007976 np0000002741 nova-scheduler[95754]: DEBUG oslo.service.backend._threading.loopingcall [None req-d93d1c22-2877-4907-ab5c-011f6531cc72 None None] Dynamic interval looping call 'nova.service.Service.periodic_tasks' sleeping for 60.00 seconds {{(pid=95754) _run_loop /opt/stack/data/venv/lib/python3.12/site-packages/oslo_service/backend/_threading/loopingcall.py:125}}
Jun 12 19:44:06.702320 np0000002741 nova-scheduler[95756]: DEBUG nova.scheduler.manager [None req-1cd640a4-73e7-4e0d-9ea2-01e42ff03614 tempest-ServerActionsTestOtherA-1962366992 tempest-ServerActionsTestOtherA-1962366992-project-member] Starting to schedule for instances: ['9394a0e1-1d8d-4ec9-bd7d-4c0234eda9b4'] {{(pid=95756) select_destinations /opt/stack/nova/nova/scheduler/manager.py:210}}
Jun 12 19:44:06.702900 np0000002741 nova-scheduler[95754]: DEBUG nova.scheduler.manager [None req-a1e82ac4-3f8a-459e-9424-e01e1b6e2f24 tempest-ServerActionsTestOtherB-1886077084 tempest-ServerActionsTestOtherB-1886077084-project-member] Starting to schedule for instances: ['52547f1c-c720-4420-a173-65939353115e'] {{(pid=95754) select_destinations /opt/stack/nova/nova/scheduler/manager.py:210}}
Jun 12 19:44:06.703370 np0000002741 nova-scheduler[95756]: DEBUG nova.scheduler.request_filter [None req-1cd640a4-73e7-4e0d-9ea2-01e42ff03614 tempest-ServerActionsTestOtherA-1962366992 tempest-ServerActionsTestOtherA-1962366992-project-member] compute_status_filter request filter added forbidden trait COMPUTE_STATUS_DISABLED {{(pid=95756) compute_status_filter /opt/stack/nova/nova/scheduler/request_filter.py:253}}
Jun 12 19:44:06.703507 np0000002741 nova-scheduler[95754]: DEBUG nova.scheduler.request_filter [None req-a1e82ac4-3f8a-459e-9424-e01e1b6e2f24 tempest-ServerActionsTestOtherB-1886077084 tempest-ServerActionsTestOtherB-1886077084-project-member] compute_status_filter request filter added forbidden trait COMPUTE_STATUS_DISABLED {{(pid=95754) compute_status_filter /opt/stack/nova/nova/scheduler/request_filter.py:253}}
Jun 12 19:44:06.703680 np0000002741 nova-scheduler[95756]: DEBUG nova.scheduler.request_filter [None req-1cd640a4-73e7-4e0d-9ea2-01e42ff03614 tempest-ServerActionsTestOtherA-1962366992 tempest-ServerActionsTestOtherA-1962366992-project-member] Request filter 'compute_status_filter' took 0.0 seconds {{(pid=95756) wrapper /opt/stack/nova/nova/scheduler/request_filter.py:46}}
Jun 12 19:44:06.703993 np0000002741 nova-scheduler[95754]: DEBUG nova.scheduler.request_filter [None req-a1e82ac4-3f8a-459e-9424-e01e1b6e2f24 tempest-ServerActionsTestOtherB-1886077084 tempest-ServerActionsTestOtherB-1886077084-project-member] Request filter 'compute_status_filter' took 0.0 seconds {{(pid=95754) wrapper /opt/stack/nova/nova/scheduler/request_filter.py:46}}
Jun 12 19:44:06.704086 np0000002741 nova-scheduler[95756]: DEBUG nova.scheduler.request_filter [None req-1cd640a4-73e7-4e0d-9ea2-01e42ff03614 tempest-ServerActionsTestOtherA-1962366992 tempest-ServerActionsTestOtherA-1962366992-project-member] Request filter 'accelerators_filter' took 0.0 seconds {{(pid=95756) wrapper /opt/stack/nova/nova/scheduler/request_filter.py:46}}
Jun 12 19:44:06.704353 np0000002741 nova-scheduler[95754]: DEBUG nova.scheduler.request_filter [None req-a1e82ac4-3f8a-459e-9424-e01e1b6e2f24 tempest-ServerActionsTestOtherB-1886077084 tempest-ServerActionsTestOtherB-1886077084-project-member] Request filter 'accelerators_filter' took 0.0 seconds {{(pid=95754) wrapper /opt/stack/nova/nova/scheduler/request_filter.py:46}}
Jun 12 19:44:06.704452 np0000002741 nova-scheduler[95756]: DEBUG nova.scheduler.request_filter [None req-1cd640a4-73e7-4e0d-9ea2-01e42ff03614 tempest-ServerActionsTestOtherA-1962366992 tempest-ServerActionsTestOtherA-1962366992-project-member] Request filter 'packed_virtqueue_filter' took 0.0 seconds {{(pid=95756) wrapper /opt/stack/nova/nova/scheduler/request_filter.py:46}}
Jun 12 19:44:06.704541 np0000002741 nova-scheduler[95754]: DEBUG nova.scheduler.request_filter [None req-a1e82ac4-3f8a-459e-9424-e01e1b6e2f24 tempest-ServerActionsTestOtherB-1886077084 tempest-ServerActionsTestOtherB-1886077084-project-member] Request filter 'packed_virtqueue_filter' took 0.0 seconds {{(pid=95754) wrapper /opt/stack/nova/nova/scheduler/request_filter.py:46}}
Jun 12 19:44:06.704840 np0000002741 nova-scheduler[95756]: DEBUG nova.scheduler.request_filter [None req-1cd640a4-73e7-4e0d-9ea2-01e42ff03614 tempest-ServerActionsTestOtherA-1962366992 tempest-ServerActionsTestOtherA-1962366992-project-member] Request filter 'remote_managed_ports_filter' took 0.0 seconds {{(pid=95756) wrapper /opt/stack/nova/nova/scheduler/request_filter.py:46}}
Jun 12 19:44:06.704909 np0000002741 nova-scheduler[95754]: DEBUG nova.scheduler.request_filter [None req-a1e82ac4-3f8a-459e-9424-e01e1b6e2f24 tempest-ServerActionsTestOtherB-1886077084 tempest-ServerActionsTestOtherB-1886077084-project-member] Request filter 'remote_managed_ports_filter' took 0.0 seconds {{(pid=95754) wrapper /opt/stack/nova/nova/scheduler/request_filter.py:46}}
Jun 12 19:44:06.705097 np0000002741 nova-scheduler[95756]: DEBUG nova.scheduler.request_filter [None req-1cd640a4-73e7-4e0d-9ea2-01e42ff03614 tempest-ServerActionsTestOtherA-1962366992 tempest-ServerActionsTestOtherA-1962366992-project-member] ephemeral_encryption_filter skipped {{(pid=95756) ephemeral_encryption_filter /opt/stack/nova/nova/scheduler/request_filter.py:426}}
Jun 12 19:44:06.705153 np0000002741 nova-scheduler[95754]: DEBUG nova.scheduler.request_filter [None req-a1e82ac4-3f8a-459e-9424-e01e1b6e2f24 tempest-ServerActionsTestOtherB-1886077084 tempest-ServerActionsTestOtherB-1886077084-project-member] ephemeral_encryption_filter skipped {{(pid=95754) ephemeral_encryption_filter /opt/stack/nova/nova/scheduler/request_filter.py:426}}
Jun 12 19:44:06.705207 np0000002741 nova-scheduler[95756]: DEBUG nova.scheduler.request_filter [None req-1cd640a4-73e7-4e0d-9ea2-01e42ff03614 tempest-ServerActionsTestOtherA-1962366992 tempest-ServerActionsTestOtherA-1962366992-project-member] virtio_sound_filter skipped {{(pid=95756) virtio_sound_filter /opt/stack/nova/nova/scheduler/request_filter.py:460}}
Jun 12 19:44:06.705284 np0000002741 nova-scheduler[95754]: DEBUG nova.scheduler.request_filter [None req-a1e82ac4-3f8a-459e-9424-e01e1b6e2f24 tempest-ServerActionsTestOtherB-1886077084 tempest-ServerActionsTestOtherB-1886077084-project-member] virtio_sound_filter skipped {{(pid=95754) virtio_sound_filter /opt/stack/nova/nova/scheduler/request_filter.py:460}}
Jun 12 19:44:06.705471 np0000002741 nova-scheduler[95754]: DEBUG nova.scheduler.request_filter [None req-a1e82ac4-3f8a-459e-9424-e01e1b6e2f24 tempest-ServerActionsTestOtherB-1886077084 tempest-ServerActionsTestOtherB-1886077084-project-member] tpm_secret_security_filter skipped {{(pid=95754) tpm_secret_security_filter /opt/stack/nova/nova/scheduler/request_filter.py:477}}
Jun 12 19:44:06.705530 np0000002741 nova-scheduler[95756]: DEBUG nova.scheduler.request_filter [None req-1cd640a4-73e7-4e0d-9ea2-01e42ff03614 tempest-ServerActionsTestOtherA-1962366992 tempest-ServerActionsTestOtherA-1962366992-project-member] tpm_secret_security_filter skipped {{(pid=95756) tpm_secret_security_filter /opt/stack/nova/nova/scheduler/request_filter.py:477}}
Jun 12 19:44:07.144503 np0000002741 nova-scheduler[95756]: INFO nova.utils [None req-1cd640a4-73e7-4e0d-9ea2-01e42ff03614 tempest-ServerActionsTestOtherA-1962366992 tempest-ServerActionsTestOtherA-1962366992-project-member] The cell worker thread pool ForkProcess-2.cell_worker is initialized
Jun 12 19:44:07.144996 np0000002741 nova-scheduler[95756]: DEBUG oslo_concurrency.lockutils [None req-1cd640a4-73e7-4e0d-9ea2-01e42ff03614 tempest-ServerActionsTestOtherA-1962366992 tempest-ServerActionsTestOtherA-1962366992-project-member] Acquiring lock "7a8f12d3-253f-4b07-9c81-e41d158da26b" by "nova.context.set_target_cell..get_or_set_cached_cell_and_set_connections" {{(pid=95756) inner /opt/stack/data/venv/lib/python3.12/site-packages/oslo_concurrency/lockutils.py:511}}
Jun 12 19:44:07.145325 np0000002741 nova-scheduler[95756]: DEBUG oslo_concurrency.lockutils [None req-1cd640a4-73e7-4e0d-9ea2-01e42ff03614 tempest-ServerActionsTestOtherA-1962366992 tempest-ServerActionsTestOtherA-1962366992-project-member] Lock "7a8f12d3-253f-4b07-9c81-e41d158da26b" acquired by "nova.context.set_target_cell..get_or_set_cached_cell_and_set_connections" :: waited 0.000s {{(pid=95756) inner /opt/stack/data/venv/lib/python3.12/site-packages/oslo_concurrency/lockutils.py:524}}
Jun 12 19:44:07.146701 np0000002741 nova-scheduler[95756]: DEBUG oslo_concurrency.lockutils [None req-1cd640a4-73e7-4e0d-9ea2-01e42ff03614 tempest-ServerActionsTestOtherA-1962366992 tempest-ServerActionsTestOtherA-1962366992-project-member] Lock "7a8f12d3-253f-4b07-9c81-e41d158da26b" "released" by "nova.context.set_target_cell..get_or_set_cached_cell_and_set_connections" :: held 0.001s {{(pid=95756) inner /opt/stack/data/venv/lib/python3.12/site-packages/oslo_concurrency/lockutils.py:543}}
Jun 12 19:44:07.151056 np0000002741 nova-scheduler[95756]: INFO dbcounter [None req-1cd640a4-73e7-4e0d-9ea2-01e42ff03614 tempest-ServerActionsTestOtherA-1962366992 tempest-ServerActionsTestOtherA-1962366992-project-member] Registered counter for database nova_cell1
Jun 12 19:44:07.194259 np0000002741 nova-scheduler[95756]: DEBUG oslo_db.sqlalchemy.engines [None req-1cd640a4-73e7-4e0d-9ea2-01e42ff03614 tempest-ServerActionsTestOtherA-1962366992 tempest-ServerActionsTestOtherA-1962366992-project-member] MySQL server mode set to STRICT_TRANS_TABLES,STRICT_ALL_TABLES,NO_ZERO_IN_DATE,NO_ZERO_DATE,ERROR_FOR_DIVISION_BY_ZERO,TRADITIONAL,NO_ENGINE_SUBSTITUTION {{(pid=95756) _check_effective_sql_mode /opt/stack/data/venv/lib/python3.12/site-packages/oslo_db/sqlalchemy/engines.py:325}}
Jun 12 19:44:07.200494 np0000002741 nova-scheduler[95756]: DEBUG dbcounter [-] [95756] Writer thread running {{(pid=95756) stat_writer /opt/stack/data/venv/lib/python3.12/site-packages/dbcounter.py:102}}
Jun 12 19:44:07.211981 np0000002741 nova-scheduler[95756]: DEBUG oslo_db.sqlalchemy.engines [None req-1cd640a4-73e7-4e0d-9ea2-01e42ff03614 tempest-ServerActionsTestOtherA-1962366992 tempest-ServerActionsTestOtherA-1962366992-project-member] Parent process 94509 forked (95756) with an open database connection, which is being discarded and recreated. {{(pid=95756) checkout /opt/stack/data/venv/lib/python3.12/site-packages/oslo_db/sqlalchemy/engines.py:402}}
Jun 12 19:44:07.253823 np0000002741 nova-scheduler[95754]: INFO nova.utils [None req-a1e82ac4-3f8a-459e-9424-e01e1b6e2f24 tempest-ServerActionsTestOtherB-1886077084 tempest-ServerActionsTestOtherB-1886077084-project-member] The cell worker thread pool ForkProcess-1.cell_worker is initialized
Jun 12 19:44:07.254397 np0000002741 nova-scheduler[95754]: DEBUG oslo_concurrency.lockutils [None req-a1e82ac4-3f8a-459e-9424-e01e1b6e2f24 tempest-ServerActionsTestOtherB-1886077084 tempest-ServerActionsTestOtherB-1886077084-project-member] Acquiring lock "7a8f12d3-253f-4b07-9c81-e41d158da26b" by "nova.context.set_target_cell..get_or_set_cached_cell_and_set_connections" {{(pid=95754) inner /opt/stack/data/venv/lib/python3.12/site-packages/oslo_concurrency/lockutils.py:511}}
Jun 12 19:44:07.254702 np0000002741 nova-scheduler[95754]: DEBUG oslo_concurrency.lockutils [None req-a1e82ac4-3f8a-459e-9424-e01e1b6e2f24 tempest-ServerActionsTestOtherB-1886077084 tempest-ServerActionsTestOtherB-1886077084-project-member] Lock "7a8f12d3-253f-4b07-9c81-e41d158da26b" acquired by "nova.context.set_target_cell..get_or_set_cached_cell_and_set_connections" :: waited 0.000s {{(pid=95754) inner /opt/stack/data/venv/lib/python3.12/site-packages/oslo_concurrency/lockutils.py:524}}
Jun 12 19:44:07.256748 np0000002741 nova-scheduler[95754]: DEBUG oslo_concurrency.lockutils [None req-a1e82ac4-3f8a-459e-9424-e01e1b6e2f24 tempest-ServerActionsTestOtherB-1886077084 tempest-ServerActionsTestOtherB-1886077084-project-member] Lock "7a8f12d3-253f-4b07-9c81-e41d158da26b" "released" by "nova.context.set_target_cell..get_or_set_cached_cell_and_set_connections" :: held 0.002s {{(pid=95754) inner /opt/stack/data/venv/lib/python3.12/site-packages/oslo_concurrency/lockutils.py:543}}
Jun 12 19:44:07.258792 np0000002741 nova-scheduler[95754]: INFO dbcounter [None req-a1e82ac4-3f8a-459e-9424-e01e1b6e2f24 tempest-ServerActionsTestOtherB-1886077084 tempest-ServerActionsTestOtherB-1886077084-project-member] Registered counter for database nova_cell1
Jun 12 19:44:07.260630 np0000002741 nova-scheduler[95756]: DEBUG dbcounter [-] [95756] Writer thread running {{(pid=95756) stat_writer /opt/stack/data/venv/lib/python3.12/site-packages/dbcounter.py:102}}
Jun 12 19:44:07.263878 np0000002741 nova-scheduler[95756]: DEBUG oslo_concurrency.lockutils [None req-1cd640a4-73e7-4e0d-9ea2-01e42ff03614 tempest-ServerActionsTestOtherA-1962366992 tempest-ServerActionsTestOtherA-1962366992-project-member] Acquiring lock "7a8f12d3-253f-4b07-9c81-e41d158da26b" by "nova.context.set_target_cell..get_or_set_cached_cell_and_set_connections" {{(pid=95756) inner /opt/stack/data/venv/lib/python3.12/site-packages/oslo_concurrency/lockutils.py:511}}
Jun 12 19:44:07.264076 np0000002741 nova-scheduler[95756]: DEBUG oslo_concurrency.lockutils [None req-1cd640a4-73e7-4e0d-9ea2-01e42ff03614 tempest-ServerActionsTestOtherA-1962366992 tempest-ServerActionsTestOtherA-1962366992-project-member] Lock "7a8f12d3-253f-4b07-9c81-e41d158da26b" acquired by "nova.context.set_target_cell..get_or_set_cached_cell_and_set_connections" :: waited 0.000s {{(pid=95756) inner /opt/stack/data/venv/lib/python3.12/site-packages/oslo_concurrency/lockutils.py:524}}
Jun 12 19:44:07.264211 np0000002741 nova-scheduler[95756]: DEBUG oslo_concurrency.lockutils [None req-1cd640a4-73e7-4e0d-9ea2-01e42ff03614 tempest-ServerActionsTestOtherA-1962366992 tempest-ServerActionsTestOtherA-1962366992-project-member] Lock "7a8f12d3-253f-4b07-9c81-e41d158da26b" "released" by "nova.context.set_target_cell..get_or_set_cached_cell_and_set_connections" :: held 0.000s {{(pid=95756) inner /opt/stack/data/venv/lib/python3.12/site-packages/oslo_concurrency/lockutils.py:543}}
Jun 12 19:44:07.270758 np0000002741 nova-scheduler[95756]: DEBUG oslo_concurrency.lockutils [None req-1cd640a4-73e7-4e0d-9ea2-01e42ff03614 tempest-ServerActionsTestOtherA-1962366992 tempest-ServerActionsTestOtherA-1962366992-project-member] Acquiring lock "('np0000002741', 'np0000002741')" by "nova.scheduler.host_manager.HostState.update.._locked_update" {{(pid=95756) inner /opt/stack/data/venv/lib/python3.12/site-packages/oslo_concurrency/lockutils.py:511}}
Jun 12 19:44:07.271208 np0000002741 nova-scheduler[95756]: DEBUG oslo_concurrency.lockutils [None req-1cd640a4-73e7-4e0d-9ea2-01e42ff03614 tempest-ServerActionsTestOtherA-1962366992 tempest-ServerActionsTestOtherA-1962366992-project-member] Lock "('np0000002741', 'np0000002741')" acquired by "nova.scheduler.host_manager.HostState.update.._locked_update" :: waited 0.000s {{(pid=95756) inner /opt/stack/data/venv/lib/python3.12/site-packages/oslo_concurrency/lockutils.py:524}}
Jun 12 19:44:07.272798 np0000002741 nova-scheduler[95756]: DEBUG nova.scheduler.host_manager [None req-1cd640a4-73e7-4e0d-9ea2-01e42ff03614 tempest-ServerActionsTestOtherA-1962366992 tempest-ServerActionsTestOtherA-1962366992-project-member] Update host state from compute node: ComputeNode(cpu_allocation_ratio=4.0,cpu_info='{"arch": "x86_64", "model": "EPYC-Milan", "vendor": "AMD", "topology": {"cells": 1, "sockets": 12, "cores": 1, "threads": 1}, "maxphysaddr": {"mode": "emulate", "bits": 40}, "features": ["sse2", "rdtscp", "cx8", "hypervisor", "sep", "mce", "x2apic", "gds-no", "tsc", "abm", "cr8legacy", "de", "sse4a", "pclmuldq", "tsc-scale", "rdrand", "ssbd", "xsaveerptr", "clzero", "nrip-save", "fxsr", "avx2", "skip-l1dfl-vmentry", "vaes", "pfthreshold", "arat", "pause-filter", "fsrm", "lfence-always-serializing", "stibp-always-on", "null-sel-clr-base", "bmi2", "pni", "f16c", "ibrs", "lbrv", "syscall", "npt", "svm", "pschange-mc-no", "smap", "spec-ctrl", "pae", "invpcid", "smep", "msr", "pse36", "mca", "ibpb", "bmi1", "xsave", "clflush", "pdpe1gb", "pku", "erms", "perfctr_core", "fsgsbase", "lahf_lm", "3dnowprefetch", "osvw", "rdseed", "wbnoinvd", "cmp_legacy", "misalignsse", "rdpid", "cx16", "mmx", "pcid", "clwb", "nx", "xsaves", "lm", "amd-stibp", "stibp", "xsaveopt", "adx", "sse4.1", "vgif", "sse4.2", "tsc-deadline", "tsc_adjust", "ssse3", "avx", "movbe", "umip", "flushbyasid", "pge", "fxsr_opt", "vpclmulqdq", "amd-psfd", "mtrr", "xsavec", "fma", "vme", "popcnt", "mmxext", "pat", "apic", "no-nested-data-bp", "mds-no", "pse", "arch-capabilities", "clflushopt", "svme-addr-chk", "vmcb-clean", "aes", "rdctl-no", "virt-ssbd", "xgetbv1", "fpu", "v-vmsave-vmload", "cmov", "topoext", "sse", "sha-ni", "amd-ssbd"]}',created_at=2026-06-12T19:41:44Z,current_workload=0,deleted=False,deleted_at=None,disk_allocation_ratio=1.0,disk_available_least=74,free_disk_gb=95,free_ram_mb=23518,host='np0000002741',host_ip=10.4.3.216,hypervisor_hostname='np0000002741',hypervisor_type='QEMU',hypervisor_version=8002002,id=1,local_gb=95,local_gb_used=0,mapped=1,memory_mb=24030,memory_mb_used=512,metrics='[]',numa_topology='{"nova_object.name": "NUMATopology", "nova_object.namespace": "nova", "nova_object.version": "1.2", "nova_object.data": {"cells": [{"nova_object.name": "NUMACell", "nova_object.namespace": "nova", "nova_object.version": "1.5", "nova_object.data": {"id": 0, "cpuset": [0, 1, 2, 3, 4, 5, 6, 7, 8, 9, 10, 11], "pcpuset": [0, 1, 2, 3, 4, 5, 6, 7, 8, 9, 10, 11], "memory": 24030, "cpu_usage": 0, "memory_usage": 0, "pinned_cpus": [], "siblings": [[6], [2], [5], [11], [8], [4], [1], [7], [10], [0], [3], [9]], "mempages": [{"nova_object.name": "NUMAPagesTopology", "nova_object.namespace": "nova", "nova_object.version": "1.1", "nova_object.data": {"size_kb": 4, "total": 6151798, "used": 0, "reserved": 0}, "nova_object.changes": ["reserved", "size_kb", "total", "used"]}, {"nova_object.name": "NUMAPagesTopology", "nova_object.namespace": "nova", "nova_object.version": "1.1", "nova_object.data": {"size_kb": 2048, "total": 0, "used": 0, "reserved": 0}, "nova_object.changes": ["reserved", "size_kb", "total", "used"]}, {"nova_object.name": "NUMAPagesTopology", "nova_object.namespace": "nova", "nova_object.version": "1.1", "nova_object.data": {"size_kb": 1048576, "total": 0, "used": 0, "reserved": 0}, "nova_object.changes": ["reserved", "size_kb", "total", "used"]}], "network_metadata": {"nova_object.name": "NetworkMetadata", "nova_object.namespace": "nova", "nova_object.version": "1.0", "nova_object.data": {"physnets": [], "tunneled": false}, "nova_object.changes": ["tunneled", "physnets"]}, "socket": null}, "nova_object.changes": ["cpu_usage", "network_metadata", "pcpuset", "id", "socket", "memory_usage", "pinned_cpus", "cpuset", "memory", "siblings", "mempages"]}]}, "nova_object.changes": ["cells"]}',pci_device_pools=PciDevicePoolList,ram_allocation_ratio=1.0,running_vms=0,service_id=3,stats={failed_builds='0',uptime=' 19:43:30 up 25 min, 2 users, load average: 1.30, 1.41, 0.84
Jun 12 19:44:07.272798 np0000002741 nova-scheduler[95756]: '},supported_hv_specs=[HVSpec,HVSpec,HVSpec,HVSpec,HVSpec,HVSpec,HVSpec,HVSpec,HVSpec,HVSpec,HVSpec,HVSpec,HVSpec,HVSpec,HVSpec,HVSpec,HVSpec,HVSpec,HVSpec,HVSpec,HVSpec,HVSpec,HVSpec,HVSpec,HVSpec],updated_at=2026-06-12T19:43:32Z,uuid=332fc5f0-31b8-4fae-94d1-665a261af75a,vcpus=12,vcpus_used=0) {{(pid=95756) _locked_update /opt/stack/nova/nova/scheduler/host_manager.py:168}}
Jun 12 19:44:07.275073 np0000002741 nova-scheduler[95756]: DEBUG nova.scheduler.host_manager [None req-1cd640a4-73e7-4e0d-9ea2-01e42ff03614 tempest-ServerActionsTestOtherA-1962366992 tempest-ServerActionsTestOtherA-1962366992-project-member] Update host state with aggregates: [] {{(pid=95756) _locked_update /opt/stack/nova/nova/scheduler/host_manager.py:171}}
Jun 12 19:44:07.275073 np0000002741 nova-scheduler[95756]: DEBUG nova.scheduler.host_manager [None req-1cd640a4-73e7-4e0d-9ea2-01e42ff03614 tempest-ServerActionsTestOtherA-1962366992 tempest-ServerActionsTestOtherA-1962366992-project-member] Update host state with service dict: {'id': 3, 'uuid': 'a23433ef-cb76-4b61-a797-ae3bb122c034', 'host': 'np0000002741', 'binary': 'nova-compute', 'topic': 'compute', 'report_count': 2, 'disabled': False, 'disabled_reason': None, 'last_seen_up': datetime.datetime(2026, 6, 12, 19, 43, 53, tzinfo=datetime.timezone.utc), 'forced_down': False, 'version': 72, 'created_at': datetime.datetime(2026, 6, 12, 19, 41, 43, tzinfo=datetime.timezone.utc), 'updated_at': datetime.datetime(2026, 6, 12, 19, 43, 53, tzinfo=datetime.timezone.utc), 'deleted_at': None, 'deleted': False} {{(pid=95756) _locked_update /opt/stack/nova/nova/scheduler/host_manager.py:174}}
Jun 12 19:44:07.275073 np0000002741 nova-scheduler[95756]: DEBUG nova.scheduler.host_manager [None req-1cd640a4-73e7-4e0d-9ea2-01e42ff03614 tempest-ServerActionsTestOtherA-1962366992 tempest-ServerActionsTestOtherA-1962366992-project-member] Update host state with instances: [] {{(pid=95756) _locked_update /opt/stack/nova/nova/scheduler/host_manager.py:177}}
Jun 12 19:44:07.275073 np0000002741 nova-scheduler[95756]: DEBUG oslo_concurrency.lockutils [None req-1cd640a4-73e7-4e0d-9ea2-01e42ff03614 tempest-ServerActionsTestOtherA-1962366992 tempest-ServerActionsTestOtherA-1962366992-project-member] Lock "('np0000002741', 'np0000002741')" "released" by "nova.scheduler.host_manager.HostState.update.._locked_update" :: held 0.003s {{(pid=95756) inner /opt/stack/data/venv/lib/python3.12/site-packages/oslo_concurrency/lockutils.py:543}}
Jun 12 19:44:07.275073 np0000002741 nova-scheduler[95756]: DEBUG nova.filters [None req-1cd640a4-73e7-4e0d-9ea2-01e42ff03614 tempest-ServerActionsTestOtherA-1962366992 tempest-ServerActionsTestOtherA-1962366992-project-member] Starting with 1 host(s) {{(pid=95756) get_filtered_objects /opt/stack/nova/nova/filters.py:70}}
Jun 12 19:44:07.275073 np0000002741 nova-scheduler[95756]: DEBUG nova.filters [None req-1cd640a4-73e7-4e0d-9ea2-01e42ff03614 tempest-ServerActionsTestOtherA-1962366992 tempest-ServerActionsTestOtherA-1962366992-project-member] Filter ComputeFilter returned 1 host(s) {{(pid=95756) get_filtered_objects /opt/stack/nova/nova/filters.py:102}}
Jun 12 19:44:07.275073 np0000002741 nova-scheduler[95756]: DEBUG nova.filters [None req-1cd640a4-73e7-4e0d-9ea2-01e42ff03614 tempest-ServerActionsTestOtherA-1962366992 tempest-ServerActionsTestOtherA-1962366992-project-member] Filter ComputeCapabilitiesFilter returned 1 host(s) {{(pid=95756) get_filtered_objects /opt/stack/nova/nova/filters.py:102}}
Jun 12 19:44:07.275073 np0000002741 nova-scheduler[95756]: DEBUG nova.filters [None req-1cd640a4-73e7-4e0d-9ea2-01e42ff03614 tempest-ServerActionsTestOtherA-1962366992 tempest-ServerActionsTestOtherA-1962366992-project-member] Filter ImagePropertiesFilter returned 1 host(s) {{(pid=95756) get_filtered_objects /opt/stack/nova/nova/filters.py:102}}
Jun 12 19:44:07.275073 np0000002741 nova-scheduler[95756]: DEBUG nova.filters [None req-1cd640a4-73e7-4e0d-9ea2-01e42ff03614 tempest-ServerActionsTestOtherA-1962366992 tempest-ServerActionsTestOtherA-1962366992-project-member] Filter ServerGroupAntiAffinityFilter returned 1 host(s) {{(pid=95756) get_filtered_objects /opt/stack/nova/nova/filters.py:102}}
Jun 12 19:44:07.275796 np0000002741 nova-scheduler[95756]: DEBUG nova.filters [None req-1cd640a4-73e7-4e0d-9ea2-01e42ff03614 tempest-ServerActionsTestOtherA-1962366992 tempest-ServerActionsTestOtherA-1962366992-project-member] Filter ServerGroupAffinityFilter returned 1 host(s) {{(pid=95756) get_filtered_objects /opt/stack/nova/nova/filters.py:102}}
Jun 12 19:44:07.275796 np0000002741 nova-scheduler[95756]: DEBUG nova.filters [None req-1cd640a4-73e7-4e0d-9ea2-01e42ff03614 tempest-ServerActionsTestOtherA-1962366992 tempest-ServerActionsTestOtherA-1962366992-project-member] Filter SameHostFilter returned 1 host(s) {{(pid=95756) get_filtered_objects /opt/stack/nova/nova/filters.py:102}}
Jun 12 19:44:07.275796 np0000002741 nova-scheduler[95756]: DEBUG nova.filters [None req-1cd640a4-73e7-4e0d-9ea2-01e42ff03614 tempest-ServerActionsTestOtherA-1962366992 tempest-ServerActionsTestOtherA-1962366992-project-member] Filter DifferentHostFilter returned 1 host(s) {{(pid=95756) get_filtered_objects /opt/stack/nova/nova/filters.py:102}}
Jun 12 19:44:07.275796 np0000002741 nova-scheduler[95756]: DEBUG nova.scheduler.manager [None req-1cd640a4-73e7-4e0d-9ea2-01e42ff03614 tempest-ServerActionsTestOtherA-1962366992 tempest-ServerActionsTestOtherA-1962366992-project-member] Filtered [(np0000002741, np0000002741) ram: 23518MB disk: 75776MB io_ops: 0 instances: 0, allocation_candidates: 1] {{(pid=95756) _get_sorted_hosts /opt/stack/nova/nova/scheduler/manager.py:743}}
Jun 12 19:44:07.275796 np0000002741 nova-scheduler[95756]: DEBUG nova.scheduler.manager [None req-1cd640a4-73e7-4e0d-9ea2-01e42ff03614 tempest-ServerActionsTestOtherA-1962366992 tempest-ServerActionsTestOtherA-1962366992-project-member] Weighed [WeighedHost [host: (np0000002741, np0000002741) ram: 23518MB disk: 75776MB io_ops: 0 instances: 0, allocation_candidates: 1, weight: 0.0]] {{(pid=95756) _get_sorted_hosts /opt/stack/nova/nova/scheduler/manager.py:765}}
Jun 12 19:44:07.275921 np0000002741 nova-scheduler[95756]: DEBUG nova.scheduler.utils [None req-1cd640a4-73e7-4e0d-9ea2-01e42ff03614 tempest-ServerActionsTestOtherA-1962366992 tempest-ServerActionsTestOtherA-1962366992-project-member] Attempting to claim resources in the placement API for instance 9394a0e1-1d8d-4ec9-bd7d-4c0234eda9b4 {{(pid=95756) claim_resources /opt/stack/nova/nova/scheduler/utils.py:1345}}
Jun 12 19:44:07.307063 np0000002741 nova-scheduler[95754]: DEBUG oslo_db.sqlalchemy.engines [None req-a1e82ac4-3f8a-459e-9424-e01e1b6e2f24 tempest-ServerActionsTestOtherB-1886077084 tempest-ServerActionsTestOtherB-1886077084-project-member] MySQL server mode set to STRICT_TRANS_TABLES,STRICT_ALL_TABLES,NO_ZERO_IN_DATE,NO_ZERO_DATE,ERROR_FOR_DIVISION_BY_ZERO,TRADITIONAL,NO_ENGINE_SUBSTITUTION {{(pid=95754) _check_effective_sql_mode /opt/stack/data/venv/lib/python3.12/site-packages/oslo_db/sqlalchemy/engines.py:325}}
Jun 12 19:44:07.314524 np0000002741 nova-scheduler[95754]: DEBUG dbcounter [-] [95754] Writer thread running {{(pid=95754) stat_writer /opt/stack/data/venv/lib/python3.12/site-packages/dbcounter.py:102}}
Jun 12 19:44:07.381578 np0000002741 nova-scheduler[95754]: DEBUG dbcounter [-] [95754] Writer thread running {{(pid=95754) stat_writer /opt/stack/data/venv/lib/python3.12/site-packages/dbcounter.py:102}}
Jun 12 19:44:07.384267 np0000002741 nova-scheduler[95754]: DEBUG oslo_concurrency.lockutils [None req-a1e82ac4-3f8a-459e-9424-e01e1b6e2f24 tempest-ServerActionsTestOtherB-1886077084 tempest-ServerActionsTestOtherB-1886077084-project-member] Acquiring lock "7a8f12d3-253f-4b07-9c81-e41d158da26b" by "nova.context.set_target_cell..get_or_set_cached_cell_and_set_connections" {{(pid=95754) inner /opt/stack/data/venv/lib/python3.12/site-packages/oslo_concurrency/lockutils.py:511}}
Jun 12 19:44:07.384420 np0000002741 nova-scheduler[95754]: DEBUG oslo_concurrency.lockutils [None req-a1e82ac4-3f8a-459e-9424-e01e1b6e2f24 tempest-ServerActionsTestOtherB-1886077084 tempest-ServerActionsTestOtherB-1886077084-project-member] Lock "7a8f12d3-253f-4b07-9c81-e41d158da26b" acquired by "nova.context.set_target_cell..get_or_set_cached_cell_and_set_connections" :: waited 0.000s {{(pid=95754) inner /opt/stack/data/venv/lib/python3.12/site-packages/oslo_concurrency/lockutils.py:524}}
Jun 12 19:44:07.384534 np0000002741 nova-scheduler[95754]: DEBUG oslo_concurrency.lockutils [None req-a1e82ac4-3f8a-459e-9424-e01e1b6e2f24 tempest-ServerActionsTestOtherB-1886077084 tempest-ServerActionsTestOtherB-1886077084-project-member] Lock "7a8f12d3-253f-4b07-9c81-e41d158da26b" "released" by "nova.context.set_target_cell..get_or_set_cached_cell_and_set_connections" :: held 0.000s {{(pid=95754) inner /opt/stack/data/venv/lib/python3.12/site-packages/oslo_concurrency/lockutils.py:543}}
Jun 12 19:44:07.389520 np0000002741 nova-scheduler[95754]: DEBUG oslo_concurrency.lockutils [None req-a1e82ac4-3f8a-459e-9424-e01e1b6e2f24 tempest-ServerActionsTestOtherB-1886077084 tempest-ServerActionsTestOtherB-1886077084-project-member] Acquiring lock "('np0000002741', 'np0000002741')" by "nova.scheduler.host_manager.HostState.update.._locked_update" {{(pid=95754) inner /opt/stack/data/venv/lib/python3.12/site-packages/oslo_concurrency/lockutils.py:511}}
Jun 12 19:44:07.389735 np0000002741 nova-scheduler[95754]: DEBUG oslo_concurrency.lockutils [None req-a1e82ac4-3f8a-459e-9424-e01e1b6e2f24 tempest-ServerActionsTestOtherB-1886077084 tempest-ServerActionsTestOtherB-1886077084-project-member] Lock "('np0000002741', 'np0000002741')" acquired by "nova.scheduler.host_manager.HostState.update.._locked_update" :: waited 0.000s {{(pid=95754) inner /opt/stack/data/venv/lib/python3.12/site-packages/oslo_concurrency/lockutils.py:524}}
