Jun 12 19:40:53.351821 np0000002741 devstack@neutron-api.service[90019]: DEBUG neutron.api.extensions [None req-5e572bab-8b82-4b7b-b5f5-6d723a01134f None None] Ext name="Network Availability Zone" alias="network_availability_zone" description="Availability zone support for network." updated="2015-01-01T10:00:00-00:00" {{(pid=90019) _check_extension /opt/stack/neutron/neutron/api/extensions.py:415}}
Jun 12 19:40:53.351896 np0000002741 devstack@neutron-api.service[90018]: DEBUG neutron_lib.callbacks.manager [None req-9720c3b7-2a44-45d1-a0d5-814a4dbbc4e4 None None] Subscribe: > router precommit_create 55550000, False {{(pid=90018) subscribe /opt/stack/data/venv/lib/python3.12/site-packages/neutron_lib/callbacks/manager.py:52}}
Jun 12 19:40:53.351964 np0000002741 devstack@neutron-api.service[90019]: INFO neutron.api.extensions [None req-5e572bab-8b82-4b7b-b5f5-6d723a01134f None None] Loaded extension: network_availability_zone
Jun 12 19:40:53.352040 np0000002741 devstack@neutron-api.service[90018]: DEBUG neutron_lib.callbacks.manager [None req-9720c3b7-2a44-45d1-a0d5-814a4dbbc4e4 None None] Subscribe: > router precommit_create 55550000, False {{(pid=90018) subscribe /opt/stack/data/venv/lib/python3.12/site-packages/neutron_lib/callbacks/manager.py:52}}
Jun 12 19:40:53.352103 np0000002741 devstack@neutron-api.service[90019]: DEBUG neutron.api.extensions [None req-5e572bab-8b82-4b7b-b5f5-6d723a01134f None None] Loading extension file: network_ha.py {{(pid=90019) _load_all_extensions_from_path /opt/stack/neutron/neutron/api/extensions.py:449}}
Jun 12 19:40:53.352141 np0000002741 devstack@neutron-api.service[90018]: DEBUG neutron_lib.callbacks.manager [None req-9720c3b7-2a44-45d1-a0d5-814a4dbbc4e4 None None] Subscribe: > router precommit_update 55550000, False {{(pid=90018) subscribe /opt/stack/data/venv/lib/python3.12/site-packages/neutron_lib/callbacks/manager.py:52}}
Jun 12 19:40:53.352222 np0000002741 devstack@neutron-api.service[90018]: DEBUG neutron_lib.callbacks.manager [None req-9720c3b7-2a44-45d1-a0d5-814a4dbbc4e4 None None] Subscribe: subnet after_update 55550000, False {{(pid=90018) subscribe /opt/stack/data/venv/lib/python3.12/site-packages/neutron_lib/callbacks/manager.py:52}}
Jun 12 19:40:53.352281 np0000002741 devstack@neutron-api.service[90019]: DEBUG neutron.api.extensions [None req-5e572bab-8b82-4b7b-b5f5-6d723a01134f None None] Ext name="Network HA creation flag" alias="network_ha" description="Network high availability creation flag." updated="2023-04-27T10:00:00-00:00" {{(pid=90019) _check_extension /opt/stack/neutron/neutron/api/extensions.py:415}}
Jun 12 19:40:53.352407 np0000002741 devstack@neutron-api.service[90018]: DEBUG neutron.quota.resource_registry [None req-9720c3b7-2a44-45d1-a0d5-814a4dbbc4e4 None None] Tracking information for resource: router configured {{(pid=90018) set_tracked_resource /opt/stack/neutron/neutron/quota/resource_registry.py:203}}
Jun 12 19:40:53.352460 np0000002741 devstack@neutron-api.service[90019]: INFO neutron.api.extensions [None req-5e572bab-8b82-4b7b-b5f5-6d723a01134f None None] Extension network_ha not supported by any of loaded plugins
Jun 12 19:40:53.352496 np0000002741 devstack@neutron-api.service[90019]: DEBUG neutron.api.extensions [None req-5e572bab-8b82-4b7b-b5f5-6d723a01134f None None] Loading extension file: network_ip_availability.py {{(pid=90019) _load_all_extensions_from_path /opt/stack/neutron/neutron/api/extensions.py:449}}
Jun 12 19:40:53.352532 np0000002741 devstack@neutron-api.service[90018]: DEBUG neutron.quota.resource_registry [None req-9720c3b7-2a44-45d1-a0d5-814a4dbbc4e4 None None] Tracking information for resource: floatingip configured {{(pid=90018) set_tracked_resource /opt/stack/neutron/neutron/quota/resource_registry.py:203}}
Jun 12 19:40:53.352566 np0000002741 devstack@neutron-api.service[90018]: INFO neutron.services.ovn_l3.plugin [None req-9720c3b7-2a44-45d1-a0d5-814a4dbbc4e4 None None] Starting OVNL3RouterPlugin
Jun 12 19:40:53.352759 np0000002741 devstack@neutron-api.service[90019]: DEBUG neutron.api.extensions [None req-5e572bab-8b82-4b7b-b5f5-6d723a01134f None None] Ext name="Network IP Availability" alias="network-ip-availability" description="Provides IP availability data for each network and subnet." updated="2015-09-24T00:00:00-00:00" {{(pid=90019) _check_extension /opt/stack/neutron/neutron/api/extensions.py:415}}
Jun 12 19:40:53.352812 np0000002741 devstack@neutron-api.service[90018]: DEBUG neutron_lib.callbacks.manager [None req-9720c3b7-2a44-45d1-a0d5-814a4dbbc4e4 None None] Subscribe: > port_forwarding_plugin after_init 55550000, False {{(pid=90018) subscribe /opt/stack/data/venv/lib/python3.12/site-packages/neutron_lib/callbacks/manager.py:52}}
Jun 12 19:40:53.352908 np0000002741 devstack@neutron-api.service[90019]: INFO neutron.api.extensions [None req-5e572bab-8b82-4b7b-b5f5-6d723a01134f None None] Loaded extension: network-ip-availability
Jun 12 19:40:53.353016 np0000002741 devstack@neutron-api.service[90019]: DEBUG neutron.api.extensions [None req-5e572bab-8b82-4b7b-b5f5-6d723a01134f None None] Loading extension file: network_ip_availability_details.py {{(pid=90019) _load_all_extensions_from_path /opt/stack/neutron/neutron/api/extensions.py:449}}
Jun 12 19:40:53.353112 np0000002741 devstack@neutron-api.service[90018]: DEBUG neutron_lib.callbacks.manager [None req-9720c3b7-2a44-45d1-a0d5-814a4dbbc4e4 None None] Subscribe: > router before_create 55550100, False {{(pid=90018) subscribe /opt/stack/data/venv/lib/python3.12/site-packages/neutron_lib/callbacks/manager.py:52}}
Jun 12 19:40:53.353207 np0000002741 devstack@neutron-api.service[90018]: DEBUG neutron_lib.callbacks.manager [None req-9720c3b7-2a44-45d1-a0d5-814a4dbbc4e4 None None] Subscribe: > router precommit_delete 55550100, False {{(pid=90018) subscribe /opt/stack/data/venv/lib/python3.12/site-packages/neutron_lib/callbacks/manager.py:52}}
Jun 12 19:40:53.353307 np0000002741 devstack@neutron-api.service[90018]: DEBUG neutron_lib.callbacks.manager [None req-9720c3b7-2a44-45d1-a0d5-814a4dbbc4e4 None None] Subscribe: > router precommit_create 55550100, False {{(pid=90018) subscribe /opt/stack/data/venv/lib/python3.12/site-packages/neutron_lib/callbacks/manager.py:52}}
Jun 12 19:40:53.353355 np0000002741 devstack@neutron-api.service[90019]: DEBUG neutron.api.extensions [None req-5e572bab-8b82-4b7b-b5f5-6d723a01134f None None] Ext name="Network IP Availability Details Extension" alias="network-ip-availability-details" description="Add ip_availability_details attribute to network-ip-availabilities resource." updated="2025-10-31T00:00:00-00:00" {{(pid=90019) _check_extension /opt/stack/neutron/neutron/api/extensions.py:415}}
Jun 12 19:40:53.353403 np0000002741 devstack@neutron-api.service[90018]: DEBUG neutron_lib.callbacks.manager [None req-9720c3b7-2a44-45d1-a0d5-814a4dbbc4e4 None None] Subscribe: > router precommit_update 55550100, False {{(pid=90018) subscribe /opt/stack/data/venv/lib/python3.12/site-packages/neutron_lib/callbacks/manager.py:52}}
Jun 12 19:40:53.353480 np0000002741 devstack@neutron-api.service[90019]: INFO neutron.api.extensions [None req-5e572bab-8b82-4b7b-b5f5-6d723a01134f None None] Loaded extension: network-ip-availability-details
Jun 12 19:40:53.353557 np0000002741 devstack@neutron-api.service[90019]: DEBUG neutron.api.extensions [None req-5e572bab-8b82-4b7b-b5f5-6d723a01134f None None] Loading extension file: network_segment_range.py {{(pid=90019) _load_all_extensions_from_path /opt/stack/neutron/neutron/api/extensions.py:449}}
Jun 12 19:40:53.353937 np0000002741 devstack@neutron-api.service[90019]: DEBUG neutron.api.extensions [None req-5e572bab-8b82-4b7b-b5f5-6d723a01134f None None] Ext name="Neutron Network Segment Range" alias="network-segment-range" description="Provides support for the network segment range management" updated="2018-11-29T00:00:00-00:00" {{(pid=90019) _check_extension /opt/stack/neutron/neutron/api/extensions.py:415}}
Jun 12 19:40:53.354122 np0000002741 devstack@neutron-api.service[90019]: INFO neutron.api.extensions [None req-5e572bab-8b82-4b7b-b5f5-6d723a01134f None None] Extension network-segment-range not supported by any of loaded plugins
Jun 12 19:40:53.354195 np0000002741 devstack@neutron-api.service[90019]: DEBUG neutron.api.extensions [None req-5e572bab-8b82-4b7b-b5f5-6d723a01134f None None] Loading extension file: pagination.py {{(pid=90019) _load_all_extensions_from_path /opt/stack/neutron/neutron/api/extensions.py:449}}
Jun 12 19:40:53.354484 np0000002741 devstack@neutron-api.service[90019]: DEBUG neutron.api.extensions [None req-5e572bab-8b82-4b7b-b5f5-6d723a01134f None None] Ext name="Pagination support" alias="pagination" description="Extension that indicates that pagination is enabled." updated="2016-06-12T00:00:00-00:00" {{(pid=90019) _check_extension /opt/stack/neutron/neutron/api/extensions.py:415}}
Jun 12 19:40:53.354586 np0000002741 devstack@neutron-api.service[90019]: INFO neutron.api.extensions [None req-5e572bab-8b82-4b7b-b5f5-6d723a01134f None None] Loaded extension: pagination
Jun 12 19:40:53.354684 np0000002741 devstack@neutron-api.service[90019]: DEBUG neutron.api.extensions [None req-5e572bab-8b82-4b7b-b5f5-6d723a01134f None None] Loading extension file: port_device_profile.py {{(pid=90019) _load_all_extensions_from_path /opt/stack/neutron/neutron/api/extensions.py:449}}
Jun 12 19:40:53.354918 np0000002741 devstack@neutron-api.service[90019]: DEBUG neutron.api.extensions [None req-5e572bab-8b82-4b7b-b5f5-6d723a01134f None None] Ext name="Port device profile" alias="port-device-profile" description="Expose the port device profile (Cyborg)" updated="2020-12-17T10:00:00-00:00" {{(pid=90019) _check_extension /opt/stack/neutron/neutron/api/extensions.py:415}}
Jun 12 19:40:53.355115 np0000002741 devstack@neutron-api.service[90019]: INFO neutron.api.extensions [None req-5e572bab-8b82-4b7b-b5f5-6d723a01134f None None] Loaded extension: port-device-profile
Jun 12 19:40:53.355220 np0000002741 devstack@neutron-api.service[90019]: DEBUG neutron.api.extensions [None req-5e572bab-8b82-4b7b-b5f5-6d723a01134f None None] Loading extension file: port_hardware_offload_type.py {{(pid=90019) _load_all_extensions_from_path /opt/stack/neutron/neutron/api/extensions.py:449}}
Jun 12 19:40:53.355763 np0000002741 devstack@neutron-api.service[90019]: DEBUG neutron.api.extensions [None req-5e572bab-8b82-4b7b-b5f5-6d723a01134f None None] Ext name="Port hardware offload" alias="port-hardware-offload-type" description="Expose port hardware offload extension" updated="2023-05-09T10:00:00-00:00" {{(pid=90019) _check_extension /opt/stack/neutron/neutron/api/extensions.py:415}}
Jun 12 19:40:53.355763 np0000002741 devstack@neutron-api.service[90019]: INFO neutron.api.extensions [None req-5e572bab-8b82-4b7b-b5f5-6d723a01134f None None] Extension port-hardware-offload-type not supported by any of loaded plugins
Jun 12 19:40:53.355763 np0000002741 devstack@neutron-api.service[90019]: DEBUG neutron.api.extensions [None req-5e572bab-8b82-4b7b-b5f5-6d723a01134f None None] Loading extension file: port_hint_ovs_tx_steering.py {{(pid=90019) _load_all_extensions_from_path /opt/stack/neutron/neutron/api/extensions.py:449}}
Jun 12 19:40:53.355874 np0000002741 devstack@neutron-api.service[90019]: DEBUG neutron.api.extensions [None req-5e572bab-8b82-4b7b-b5f5-6d723a01134f None None] Ext name="Port hint: Open vSwitch Tx steering" alias="port-hint-ovs-tx-steering" description="Enable Port hint: Open vSwitch Tx steering" updated="2023-01-01T00:00:00-00:00" {{(pid=90019) _check_extension /opt/stack/neutron/neutron/api/extensions.py:415}}
Jun 12 19:40:53.356090 np0000002741 devstack@neutron-api.service[90019]: INFO neutron.api.extensions [None req-5e572bab-8b82-4b7b-b5f5-6d723a01134f None None] Extension port-hint-ovs-tx-steering not supported by any of loaded plugins
Jun 12 19:40:53.356369 np0000002741 devstack@neutron-api.service[90019]: DEBUG neutron.api.extensions [None req-5e572bab-8b82-4b7b-b5f5-6d723a01134f None None] Loading extension file: port_hints.py {{(pid=90019) _load_all_extensions_from_path /opt/stack/neutron/neutron/api/extensions.py:449}}
Jun 12 19:40:53.356410 np0000002741 devstack@neutron-api.service[90019]: DEBUG neutron.api.extensions [None req-5e572bab-8b82-4b7b-b5f5-6d723a01134f None None] Ext name="Port hints" alias="port-hints" description="Backend specific port hints to allow backend specific tuning" updated="2023-01-01T00:00:00-00:00" {{(pid=90019) _check_extension /opt/stack/neutron/neutron/api/extensions.py:415}}
Jun 12 19:40:53.356591 np0000002741 devstack@neutron-api.service[90019]: INFO neutron.api.extensions [None req-5e572bab-8b82-4b7b-b5f5-6d723a01134f None None] Extension port-hints not supported by any of loaded plugins
Jun 12 19:40:53.356676 np0000002741 devstack@neutron-api.service[90018]: DEBUG neutron.services.provider_configuration [None req-9720c3b7-2a44-45d1-a0d5-814a4dbbc4e4 None None] Service providers = [] {{(pid=90018) parse_service_provider_opt /opt/stack/neutron/neutron/services/provider_configuration.py:170}}
Jun 12 19:40:53.356755 np0000002741 devstack@neutron-api.service[90019]: DEBUG neutron.api.extensions [None req-5e572bab-8b82-4b7b-b5f5-6d723a01134f None None] Loading extension file: port_mac_address_override.py {{(pid=90019) _load_all_extensions_from_path /opt/stack/neutron/neutron/api/extensions.py:449}}
Jun 12 19:40:53.356805 np0000002741 devstack@neutron-api.service[90018]: DEBUG neutron.db.servicetype_db [None req-9720c3b7-2a44-45d1-a0d5-814a4dbbc4e4 None None] Adding provider configuration for service L3_ROUTER_NAT {{(pid=90018) add_provider_configuration /opt/stack/neutron/neutron/db/servicetype_db.py:45}}
Jun 12 19:40:53.356946 np0000002741 devstack@neutron-api.service[90019]: DEBUG neutron.api.extensions [None req-5e572bab-8b82-4b7b-b5f5-6d723a01134f None None] Ext name="Neutron Port MAC address override" alias="port-mac-override" description="Allow overriding the MAC address of a direct-physical Port via the active binding profile" updated="2022-03-18T10:00:00-00:00" {{(pid=90019) _check_extension /opt/stack/neutron/neutron/api/extensions.py:415}}
Jun 12 19:40:53.357150 np0000002741 devstack@neutron-api.service[90019]: INFO neutron.api.extensions [None req-5e572bab-8b82-4b7b-b5f5-6d723a01134f None None] Extension port-mac-override not supported by any of loaded plugins
Jun 12 19:40:53.357238 np0000002741 devstack@neutron-api.service[90019]: DEBUG neutron.api.extensions [None req-5e572bab-8b82-4b7b-b5f5-6d723a01134f None None] Loading extension file: port_mac_address_regenerate.py {{(pid=90019) _load_all_extensions_from_path /opt/stack/neutron/neutron/api/extensions.py:449}}
Jun 12 19:40:53.357461 np0000002741 devstack@neutron-api.service[90019]: DEBUG neutron.api.extensions [None req-5e572bab-8b82-4b7b-b5f5-6d723a01134f None None] Ext name="Neutron Port MAC address regenerate" alias="port-mac-address-regenerate" description="Network port MAC address regenerate" updated="2018-05-03T10:00:00-00:00" {{(pid=90019) _check_extension /opt/stack/neutron/neutron/api/extensions.py:415}}
Jun 12 19:40:53.357627 np0000002741 devstack@neutron-api.service[90019]: INFO neutron.api.extensions [None req-5e572bab-8b82-4b7b-b5f5-6d723a01134f None None] Loaded extension: port-mac-address-regenerate
Jun 12 19:40:53.357724 np0000002741 devstack@neutron-api.service[90019]: DEBUG neutron.api.extensions [None req-5e572bab-8b82-4b7b-b5f5-6d723a01134f None None] Loading extension file: port_numa_affinity_policy.py {{(pid=90019) _load_all_extensions_from_path /opt/stack/neutron/neutron/api/extensions.py:449}}
Jun 12 19:40:53.357954 np0000002741 devstack@neutron-api.service[90019]: DEBUG neutron.api.extensions [None req-5e572bab-8b82-4b7b-b5f5-6d723a01134f None None] Ext name="Port NUMA affinity policy" alias="port-numa-affinity-policy" description="Expose the port NUMA affinity policy" updated="2020-07-08T10:00:00-00:00" {{(pid=90019) _check_extension /opt/stack/neutron/neutron/api/extensions.py:415}}
Jun 12 19:40:53.358130 np0000002741 devstack@neutron-api.service[90019]: INFO neutron.api.extensions [None req-5e572bab-8b82-4b7b-b5f5-6d723a01134f None None] Loaded extension: port-numa-affinity-policy
Jun 12 19:40:53.358212 np0000002741 devstack@neutron-api.service[90019]: DEBUG neutron.api.extensions [None req-5e572bab-8b82-4b7b-b5f5-6d723a01134f None None] Loading extension file: port_numa_affinity_policy_socket.py {{(pid=90019) _load_all_extensions_from_path /opt/stack/neutron/neutron/api/extensions.py:449}}
Jun 12 19:40:53.358369 np0000002741 devstack@neutron-api.service[90018]: DEBUG neutron_lib.callbacks.manager [None req-9720c3b7-2a44-45d1-a0d5-814a4dbbc4e4 None None] Subscribe: > router precommit_create 55549900, False {{(pid=90018) subscribe /opt/stack/data/venv/lib/python3.12/site-packages/neutron_lib/callbacks/manager.py:52}}
Jun 12 19:40:53.358418 np0000002741 devstack@neutron-api.service[90019]: DEBUG neutron.api.extensions [None req-5e572bab-8b82-4b7b-b5f5-6d723a01134f None None] Ext name="Port NUMA affinity policy "socket"" alias="port-numa-affinity-policy-socket" description="Adds "socket" to the supported port NUMA affinity policies" updated="2024-02-09T10:00:00-00:00" {{(pid=90019) _check_extension /opt/stack/neutron/neutron/api/extensions.py:415}}
Jun 12 19:40:53.358555 np0000002741 devstack@neutron-api.service[90018]: DEBUG neutron_lib.callbacks.manager [None req-9720c3b7-2a44-45d1-a0d5-814a4dbbc4e4 None None] Subscribe: > router_interface after_create 55550000, False {{(pid=90018) subscribe /opt/stack/data/venv/lib/python3.12/site-packages/neutron_lib/callbacks/manager.py:52}}
Jun 12 19:40:53.358612 np0000002741 devstack@neutron-api.service[90019]: INFO neutron.api.extensions [None req-5e572bab-8b82-4b7b-b5f5-6d723a01134f None None] Loaded extension: port-numa-affinity-policy-socket
Jun 12 19:40:53.358654 np0000002741 devstack@neutron-api.service[90019]: DEBUG neutron.api.extensions [None req-5e572bab-8b82-4b7b-b5f5-6d723a01134f None None] Loading extension file: port_resource_request.py {{(pid=90019) _load_all_extensions_from_path /opt/stack/neutron/neutron/api/extensions.py:449}}
Jun 12 19:40:53.358690 np0000002741 devstack@neutron-api.service[90018]: DEBUG neutron_lib.callbacks.manager [None req-9720c3b7-2a44-45d1-a0d5-814a4dbbc4e4 None None] Subscribe: > floatingip after_create 55550000, False {{(pid=90018) subscribe /opt/stack/data/venv/lib/python3.12/site-packages/neutron_lib/callbacks/manager.py:52}}
Jun 12 19:40:53.358823 np0000002741 devstack@neutron-api.service[90018]: DEBUG neutron_lib.callbacks.manager [None req-9720c3b7-2a44-45d1-a0d5-814a4dbbc4e4 None None] Subscribe: > floatingip precommit_create 55550000, False {{(pid=90018) subscribe /opt/stack/data/venv/lib/python3.12/site-packages/neutron_lib/callbacks/manager.py:52}}
Jun 12 19:40:53.358864 np0000002741 devstack@neutron-api.service[90019]: DEBUG neutron.api.extensions [None req-5e572bab-8b82-4b7b-b5f5-6d723a01134f None None] Ext name="Port Resource Request" alias="port-resource-request" description="Expose resource request to Port" updated="2018-05-08T10:00:00-00:00" {{(pid=90019) _check_extension /opt/stack/neutron/neutron/api/extensions.py:415}}
Jun 12 19:40:53.358902 np0000002741 devstack@neutron-api.service[90018]: DEBUG neutron_lib.callbacks.manager [None req-9720c3b7-2a44-45d1-a0d5-814a4dbbc4e4 None None] Subscribe: > floatingip precommit_update 55550000, False {{(pid=90018) subscribe /opt/stack/data/venv/lib/python3.12/site-packages/neutron_lib/callbacks/manager.py:52}}
Jun 12 19:40:53.358990 np0000002741 devstack@neutron-api.service[90018]: DEBUG neutron_lib.callbacks.manager [None req-9720c3b7-2a44-45d1-a0d5-814a4dbbc4e4 None None] Subscribe: > floatingip after_delete 55550000, False {{(pid=90018) subscribe /opt/stack/data/venv/lib/python3.12/site-packages/neutron_lib/callbacks/manager.py:52}}
Jun 12 19:40:53.359083 np0000002741 devstack@neutron-api.service[90019]: INFO neutron.api.extensions [None req-5e572bab-8b82-4b7b-b5f5-6d723a01134f None None] Extension port-resource-request not supported by any of loaded plugins
Jun 12 19:40:53.359157 np0000002741 devstack@neutron-api.service[90018]: DEBUG neutron_lib.callbacks.manager [None req-9720c3b7-2a44-45d1-a0d5-814a4dbbc4e4 None None] Subscribe: > floatingip after_status_update 55550000, False {{(pid=90018) subscribe /opt/stack/data/venv/lib/python3.12/site-packages/neutron_lib/callbacks/manager.py:52}}
Jun 12 19:40:53.359222 np0000002741 devstack@neutron-api.service[90019]: DEBUG neutron.api.extensions [None req-5e572bab-8b82-4b7b-b5f5-6d723a01134f None None] Loading extension file: port_resource_request_groups.py {{(pid=90019) _load_all_extensions_from_path /opt/stack/neutron/neutron/api/extensions.py:449}}
Jun 12 19:40:53.359283 np0000002741 devstack@neutron-api.service[90018]: DEBUG neutron_lib.callbacks.manager [None req-9720c3b7-2a44-45d1-a0d5-814a4dbbc4e4 None None] Subscribe: > floatingip after_update 55550000, False {{(pid=90018) subscribe /opt/stack/data/venv/lib/python3.12/site-packages/neutron_lib/callbacks/manager.py:52}}
Jun 12 19:40:53.359354 np0000002741 devstack@neutron-api.service[90018]: DEBUG neutron_lib.callbacks.manager [None req-9720c3b7-2a44-45d1-a0d5-814a4dbbc4e4 None None] Subscribe: > port_forwarding after_create 55550000, False {{(pid=90018) subscribe /opt/stack/data/venv/lib/python3.12/site-packages/neutron_lib/callbacks/manager.py:52}}
Jun 12 19:40:53.359426 np0000002741 devstack@neutron-api.service[90019]: DEBUG neutron.api.extensions [None req-5e572bab-8b82-4b7b-b5f5-6d723a01134f None None] Ext name="Port Resource Request Groups" alias="port-resource-request-groups" description="Support requesting multiple groups of resources and traits from the same RP subtree in resource_request" updated="2021-08-02T10:00:00-00:00" {{(pid=90019) _check_extension /opt/stack/neutron/neutron/api/extensions.py:415}}
Jun 12 19:40:53.359488 np0000002741 devstack@neutron-api.service[90018]: DEBUG neutron_lib.callbacks.manager [None req-9720c3b7-2a44-45d1-a0d5-814a4dbbc4e4 None None] Subscribe: > router_interface after_delete 55550000, False {{(pid=90018) subscribe /opt/stack/data/venv/lib/python3.12/site-packages/neutron_lib/callbacks/manager.py:52}}
Jun 12 19:40:53.359488 np0000002741 devstack@neutron-api.service[90018]: DEBUG neutron_lib.callbacks.manager [None req-9720c3b7-2a44-45d1-a0d5-814a4dbbc4e4 None None] Subscribe: > router after_create 55550000, False {{(pid=90018) subscribe /opt/stack/data/venv/lib/python3.12/site-packages/neutron_lib/callbacks/manager.py:52}}
Jun 12 19:40:53.359562 np0000002741 devstack@neutron-api.service[90019]: INFO neutron.api.extensions [None req-5e572bab-8b82-4b7b-b5f5-6d723a01134f None None] Extension port-resource-request-groups not supported by any of loaded plugins
Jun 12 19:40:53.359599 np0000002741 devstack@neutron-api.service[90018]: DEBUG neutron_lib.callbacks.manager [None req-9720c3b7-2a44-45d1-a0d5-814a4dbbc4e4 None None] Subscribe: > router precommit_create 55550000, False {{(pid=90018) subscribe /opt/stack/data/venv/lib/python3.12/site-packages/neutron_lib/callbacks/manager.py:52}}
Jun 12 19:40:53.359672 np0000002741 devstack@neutron-api.service[90019]: DEBUG neutron.api.extensions [None req-5e572bab-8b82-4b7b-b5f5-6d723a01134f None None] Loading extension file: port_trusted_vif.py {{(pid=90019) _load_all_extensions_from_path /opt/stack/neutron/neutron/api/extensions.py:449}}
Jun 12 19:40:53.359741 np0000002741 devstack@neutron-api.service[90018]: DEBUG neutron_lib.callbacks.manager [None req-9720c3b7-2a44-45d1-a0d5-814a4dbbc4e4 None None] Subscribe: > router after_delete 55550000, False {{(pid=90018) subscribe /opt/stack/data/venv/lib/python3.12/site-packages/neutron_lib/callbacks/manager.py:52}}
Jun 12 19:40:53.359813 np0000002741 devstack@neutron-api.service[90018]: DEBUG neutron_lib.callbacks.manager [None req-9720c3b7-2a44-45d1-a0d5-814a4dbbc4e4 None None] Subscribe: > router after_update 55550000, False {{(pid=90018) subscribe /opt/stack/data/venv/lib/python3.12/site-packages/neutron_lib/callbacks/manager.py:52}}
Jun 12 19:40:53.359883 np0000002741 devstack@neutron-api.service[90019]: DEBUG neutron.api.extensions [None req-5e572bab-8b82-4b7b-b5f5-6d723a01134f None None] Ext name="Port trusted vif" alias="port-trusted-vif" description="Expose port 'trusted' attribute in the API" updated="2024-07-10T10:00:00-00:00" {{(pid=90019) _check_extension /opt/stack/neutron/neutron/api/extensions.py:415}}
Jun 12 19:40:53.359955 np0000002741 devstack@neutron-api.service[90018]: DEBUG neutron.services.service_base [None req-9720c3b7-2a44-45d1-a0d5-814a4dbbc4e4 None None] Loaded 'neutron.services.ovn_l3.service_providers.ovn.OvnDriver' provider for service L3_ROUTER_NAT {{(pid=90018) load_drivers /opt/stack/neutron/neutron/services/service_base.py:49}}
Jun 12 19:40:53.360038 np0000002741 devstack@neutron-api.service[90019]: INFO neutron.api.extensions [None req-5e572bab-8b82-4b7b-b5f5-6d723a01134f None None] Extension port-trusted-vif not supported by any of loaded plugins
Jun 12 19:40:53.360133 np0000002741 devstack@neutron-api.service[90019]: DEBUG neutron.api.extensions [None req-5e572bab-8b82-4b7b-b5f5-6d723a01134f None None] Loading extension file: portbindings.py {{(pid=90019) _load_all_extensions_from_path /opt/stack/neutron/neutron/api/extensions.py:449}}
Jun 12 19:40:53.360190 np0000002741 devstack@neutron-api.service[90018]: DEBUG neutron_lib.callbacks.manager [None req-9720c3b7-2a44-45d1-a0d5-814a4dbbc4e4 None None] Subscribe: > process after_init 55550001, True {{(pid=90018) subscribe /opt/stack/data/venv/lib/python3.12/site-packages/neutron_lib/callbacks/manager.py:52}}
Jun 12 19:40:53.360321 np0000002741 devstack@neutron-api.service[90018]: DEBUG neutron.manager [None req-9720c3b7-2a44-45d1-a0d5-814a4dbbc4e4 None None] Successfully loaded L3_ROUTER_NAT plugin. Description: L3 Router Service Plugin for basic L3 forwarding using OVN {{(pid=90018) _create_and_add_service_plugin /opt/stack/neutron/neutron/manager.py:239}}
Jun 12 19:40:53.360368 np0000002741 devstack@neutron-api.service[90019]: DEBUG neutron.api.extensions [None req-5e572bab-8b82-4b7b-b5f5-6d723a01134f None None] Ext name="Port Binding" alias="binding" description="Expose port bindings of a virtual port to external application" updated="2014-02-03T10:00:00-00:00" {{(pid=90019) _check_extension /opt/stack/neutron/neutron/api/extensions.py:415}}
Jun 12 19:40:53.360443 np0000002741 devstack@neutron-api.service[90018]: INFO neutron.manager [None req-9720c3b7-2a44-45d1-a0d5-814a4dbbc4e4 None None] Loading Plugin: auto_allocate
Jun 12 19:40:53.360506 np0000002741 devstack@neutron-api.service[90019]: INFO neutron.api.extensions [None req-5e572bab-8b82-4b7b-b5f5-6d723a01134f None None] Loaded extension: binding
Jun 12 19:40:53.360560 np0000002741 devstack@neutron-api.service[90019]: DEBUG neutron.api.extensions [None req-5e572bab-8b82-4b7b-b5f5-6d723a01134f None None] Loading extension file: portbindings_extended.py {{(pid=90019) _load_all_extensions_from_path /opt/stack/neutron/neutron/api/extensions.py:449}}
Jun 12 19:40:53.360843 np0000002741 devstack@neutron-api.service[90019]: DEBUG neutron.api.extensions [None req-5e572bab-8b82-4b7b-b5f5-6d723a01134f None None] Ext name="Port Bindings Extended" alias="binding-extended" description="Expose port bindings of a virtual port to external application" updated="2017-07-17T10:00:00-00:00" {{(pid=90019) _check_extension /opt/stack/neutron/neutron/api/extensions.py:415}}
Jun 12 19:40:53.360986 np0000002741 devstack@neutron-api.service[90019]: INFO neutron.api.extensions [None req-5e572bab-8b82-4b7b-b5f5-6d723a01134f None None] Loaded extension: binding-extended
Jun 12 19:40:53.361101 np0000002741 devstack@neutron-api.service[90019]: DEBUG neutron.api.extensions [None req-5e572bab-8b82-4b7b-b5f5-6d723a01134f None None] Loading extension file: portsecurity.py {{(pid=90019) _load_all_extensions_from_path /opt/stack/neutron/neutron/api/extensions.py:449}}
Jun 12 19:40:53.361566 np0000002741 devstack@neutron-api.service[90019]: DEBUG neutron.api.extensions [None req-5e572bab-8b82-4b7b-b5f5-6d723a01134f None None] Ext name="Port Security" alias="port-security" description="Provides port security" updated="2012-07-23T10:00:00-00:00" {{(pid=90019) _check_extension /opt/stack/neutron/neutron/api/extensions.py:415}}
Jun 12 19:40:53.361617 np0000002741 devstack@neutron-api.service[90018]: DEBUG neutron_lib.callbacks.manager [None req-9720c3b7-2a44-45d1-a0d5-814a4dbbc4e4 None None] Subscribe: network precommit_update 55550000, False {{(pid=90018) subscribe /opt/stack/data/venv/lib/python3.12/site-packages/neutron_lib/callbacks/manager.py:52}}
Jun 12 19:40:53.361723 np0000002741 devstack@neutron-api.service[90019]: INFO neutron.api.extensions [None req-5e572bab-8b82-4b7b-b5f5-6d723a01134f None None] Loaded extension: port-security
Jun 12 19:40:53.361776 np0000002741 devstack@neutron-api.service[90018]: DEBUG neutron_lib.callbacks.manager [None req-9720c3b7-2a44-45d1-a0d5-814a4dbbc4e4 None None] Subscribe: network precommit_create 55550000, False {{(pid=90018) subscribe /opt/stack/data/venv/lib/python3.12/site-packages/neutron_lib/callbacks/manager.py:52}}
Jun 12 19:40:53.361815 np0000002741 devstack@neutron-api.service[90019]: DEBUG neutron.api.extensions [None req-5e572bab-8b82-4b7b-b5f5-6d723a01134f None None] Loading extension file: project_id.py {{(pid=90019) _load_all_extensions_from_path /opt/stack/neutron/neutron/api/extensions.py:449}}
Jun 12 19:40:53.362044 np0000002741 devstack@neutron-api.service[90019]: DEBUG neutron.api.extensions [None req-5e572bab-8b82-4b7b-b5f5-6d723a01134f None None] Ext name="project_id field enabled" alias="project-id" description="Extension that indicates that project_id field is enabled." updated="2016-09-09T09:09:09-09:09" {{(pid=90019) _check_extension /opt/stack/neutron/neutron/api/extensions.py:415}}
Jun 12 19:40:53.362119 np0000002741 devstack@neutron-api.service[90018]: DEBUG neutron.manager [None req-9720c3b7-2a44-45d1-a0d5-814a4dbbc4e4 None None] Successfully loaded auto-allocated-topology plugin. Description: Auto Allocated Topology - aka get me a network. {{(pid=90018) _create_and_add_service_plugin /opt/stack/neutron/neutron/manager.py:239}}
Jun 12 19:40:53.362161 np0000002741 devstack@neutron-api.service[90019]: INFO neutron.api.extensions [None req-5e572bab-8b82-4b7b-b5f5-6d723a01134f None None] Loaded extension: project-id
Jun 12 19:40:53.362202 np0000002741 devstack@neutron-api.service[90018]: INFO neutron.manager [None req-9720c3b7-2a44-45d1-a0d5-814a4dbbc4e4 None None] Loading Plugin: tag
Jun 12 19:40:53.362238 np0000002741 devstack@neutron-api.service[90019]: DEBUG neutron.api.extensions [None req-5e572bab-8b82-4b7b-b5f5-6d723a01134f None None] Loading extension file: providernet.py {{(pid=90019) _load_all_extensions_from_path /opt/stack/neutron/neutron/api/extensions.py:449}}
Jun 12 19:40:53.362451 np0000002741 devstack@neutron-api.service[90019]: DEBUG neutron.api.extensions [None req-5e572bab-8b82-4b7b-b5f5-6d723a01134f None None] Ext name="Provider Network" alias="provider" description="Expose mapping of virtual networks to physical networks" updated="2012-09-07T10:00:00-00:00" {{(pid=90019) _check_extension /opt/stack/neutron/neutron/api/extensions.py:415}}
Jun 12 19:40:53.362600 np0000002741 devstack@neutron-api.service[90019]: INFO neutron.api.extensions [None req-5e572bab-8b82-4b7b-b5f5-6d723a01134f None None] Loaded extension: provider
Jun 12 19:40:53.362690 np0000002741 devstack@neutron-api.service[90019]: DEBUG neutron.api.extensions [None req-5e572bab-8b82-4b7b-b5f5-6d723a01134f None None] Loading extension file: pvlan.py {{(pid=90019) _load_all_extensions_from_path /opt/stack/neutron/neutron/api/extensions.py:449}}
Jun 12 19:40:53.362936 np0000002741 devstack@neutron-api.service[90019]: DEBUG neutron.api.extensions [None req-5e572bab-8b82-4b7b-b5f5-6d723a01134f None None] Ext name="Private VLAN" alias="pvlan" description="The Private VLAN semantics extension." updated="2026-02-03T10:00:00-00:00" {{(pid=90019) _check_extension /opt/stack/neutron/neutron/api/extensions.py:415}}
Jun 12 19:40:53.363125 np0000002741 devstack@neutron-api.service[90019]: INFO neutron.api.extensions [None req-5e572bab-8b82-4b7b-b5f5-6d723a01134f None None] Extension pvlan not supported by any of loaded plugins
Jun 12 19:40:53.363217 np0000002741 devstack@neutron-api.service[90019]: DEBUG neutron.api.extensions [None req-5e572bab-8b82-4b7b-b5f5-6d723a01134f None None] Loading extension file: qinq.py {{(pid=90019) _load_all_extensions_from_path /opt/stack/neutron/neutron/api/extensions.py:449}}
Jun 12 19:40:53.363480 np0000002741 devstack@neutron-api.service[90019]: DEBUG neutron.api.extensions [None req-5e572bab-8b82-4b7b-b5f5-6d723a01134f None None] Ext name="QinQ networks" alias="qinq" description="Expose network 'qinq' attribute in the API. This allows to configure network to allow vlan in vlan configuration using 0x88a8 ethertype (QinQ)." updated="2024-12-02T10:00:00-00:00" {{(pid=90019) _check_extension /opt/stack/neutron/neutron/api/extensions.py:415}}
Jun 12 19:40:53.363618 np0000002741 devstack@neutron-api.service[90019]: INFO neutron.api.extensions [None req-5e572bab-8b82-4b7b-b5f5-6d723a01134f None None] Loaded extension: qinq
Jun 12 19:40:53.363699 np0000002741 devstack@neutron-api.service[90019]: DEBUG neutron.api.extensions [None req-5e572bab-8b82-4b7b-b5f5-6d723a01134f None None] Loading extension file: qos.py {{(pid=90019) _load_all_extensions_from_path /opt/stack/neutron/neutron/api/extensions.py:449}}
Jun 12 19:40:53.364641 np0000002741 devstack@neutron-api.service[90019]: DEBUG neutron.api.extensions [None req-5e572bab-8b82-4b7b-b5f5-6d723a01134f None None] Ext name="Quality of Service" alias="qos" description="The Quality of Service extension." updated="2015-06-08T10:00:00-00:00" {{(pid=90019) _check_extension /opt/stack/neutron/neutron/api/extensions.py:415}}
Jun 12 19:40:53.364819 np0000002741 devstack@neutron-api.service[90019]: INFO neutron.api.extensions [None req-5e572bab-8b82-4b7b-b5f5-6d723a01134f None None] Extension qos not supported by any of loaded plugins
Jun 12 19:40:53.364912 np0000002741 devstack@neutron-api.service[90019]: DEBUG neutron.api.extensions [None req-5e572bab-8b82-4b7b-b5f5-6d723a01134f None None] Loading extension file: qos_bw_limit_direction.py {{(pid=90019) _load_all_extensions_from_path /opt/stack/neutron/neutron/api/extensions.py:449}}
Jun 12 19:40:53.365249 np0000002741 devstack@neutron-api.service[90019]: DEBUG neutron.api.extensions [None req-5e572bab-8b82-4b7b-b5f5-6d723a01134f None None] Ext name="Direction for QoS bandwidth limit rule" alias="qos-bw-limit-direction" description="Allow to configure QoS bandwidth limit rule with specific direction: ingress or egress" updated="2017-04-10T10:00:00-00:00" {{(pid=90019) _check_extension /opt/stack/neutron/neutron/api/extensions.py:415}}
Jun 12 19:40:53.365393 np0000002741 devstack@neutron-api.service[90019]: INFO neutron.api.extensions [None req-5e572bab-8b82-4b7b-b5f5-6d723a01134f None None] Extension qos-bw-limit-direction not supported by any of loaded plugins
Jun 12 19:40:53.365474 np0000002741 devstack@neutron-api.service[90019]: DEBUG neutron.api.extensions [None req-5e572bab-8b82-4b7b-b5f5-6d723a01134f None None] Loading extension file: qos_bw_minimum_ingress.py {{(pid=90019) _load_all_extensions_from_path /opt/stack/neutron/neutron/api/extensions.py:449}}
Jun 12 19:40:53.365551 np0000002741 devstack@neutron-api.service[90018]: DEBUG neutron.manager [None req-9720c3b7-2a44-45d1-a0d5-814a4dbbc4e4 None None] Successfully loaded TAG plugin. Description: Tag support {{(pid=90018) _create_and_add_service_plugin /opt/stack/neutron/neutron/manager.py:239}}
Jun 12 19:40:53.365668 np0000002741 devstack@neutron-api.service[90018]: INFO neutron.manager [None req-9720c3b7-2a44-45d1-a0d5-814a4dbbc4e4 None None] Loading Plugin: timestamp
Jun 12 19:40:53.365726 np0000002741 devstack@neutron-api.service[90019]: DEBUG neutron.api.extensions [None req-5e572bab-8b82-4b7b-b5f5-6d723a01134f None None] Ext name="Ingress direction for QoS minimum bandwidth rule" alias="qos-bw-minimum-ingress" description="Allow to configure QoS minumum bandwidth rule with ingress direction." updated="2018-07-09T10:00:00-00:00" {{(pid=90019) _check_extension /opt/stack/neutron/neutron/api/extensions.py:415}}
Jun 12 19:40:53.365850 np0000002741 devstack@neutron-api.service[90019]: INFO neutron.api.extensions [None req-5e572bab-8b82-4b7b-b5f5-6d723a01134f None None] Extension qos-bw-minimum-ingress not supported by any of loaded plugins
Jun 12 19:40:53.365928 np0000002741 devstack@neutron-api.service[90019]: DEBUG neutron.api.extensions [None req-5e572bab-8b82-4b7b-b5f5-6d723a01134f None None] Loading extension file: qos_default.py {{(pid=90019) _load_all_extensions_from_path /opt/stack/neutron/neutron/api/extensions.py:449}}
Jun 12 19:40:53.366188 np0000002741 devstack@neutron-api.service[90019]: DEBUG neutron.api.extensions [None req-5e572bab-8b82-4b7b-b5f5-6d723a01134f None None] Ext name="QoS default policy" alias="qos-default" description="Expose the QoS default policy per project" updated="2017-041-06T10:00:00-00:00" {{(pid=90019) _check_extension /opt/stack/neutron/neutron/api/extensions.py:415}}
Jun 12 19:40:53.366324 np0000002741 devstack@neutron-api.service[90019]: INFO neutron.api.extensions [None req-5e572bab-8b82-4b7b-b5f5-6d723a01134f None None] Extension qos-default not supported by any of loaded plugins
Jun 12 19:40:53.366407 np0000002741 devstack@neutron-api.service[90019]: DEBUG neutron.api.extensions [None req-5e572bab-8b82-4b7b-b5f5-6d723a01134f None None] Loading extension file: qos_fip.py {{(pid=90019) _load_all_extensions_from_path /opt/stack/neutron/neutron/api/extensions.py:449}}
Jun 12 19:40:53.366632 np0000002741 devstack@neutron-api.service[90019]: DEBUG neutron.api.extensions [None req-5e572bab-8b82-4b7b-b5f5-6d723a01134f None None] Ext name="Floating IP QoS" alias="qos-fip" description="The floating IP Quality of Service extension" updated="2017-07-20T00:00:00-00:00" {{(pid=90019) _check_extension /opt/stack/neutron/neutron/api/extensions.py:415}}
Jun 12 19:40:53.366769 np0000002741 devstack@neutron-api.service[90019]: INFO neutron.api.extensions [None req-5e572bab-8b82-4b7b-b5f5-6d723a01134f None None] Extension qos-fip not supported by any of loaded plugins
Jun 12 19:40:53.366850 np0000002741 devstack@neutron-api.service[90019]: DEBUG neutron.api.extensions [None req-5e572bab-8b82-4b7b-b5f5-6d723a01134f None None] Loading extension file: qos_fip_network_policy.py {{(pid=90019) _load_all_extensions_from_path /opt/stack/neutron/neutron/api/extensions.py:449}}
Jun 12 19:40:53.367106 np0000002741 devstack@neutron-api.service[90019]: DEBUG neutron.api.extensions [None req-5e572bab-8b82-4b7b-b5f5-6d723a01134f None None] Ext name="QoS floating IP network policy ID" alias="qos-fip-network-policy" description="Adds a the QoS network ID to the floating IP definition" updated="2021-11-15T10:00:00-00:00" {{(pid=90019) _check_extension /opt/stack/neutron/neutron/api/extensions.py:415}}
Jun 12 19:40:53.367212 np0000002741 devstack@neutron-api.service[90018]: DEBUG neutron.manager [None req-9720c3b7-2a44-45d1-a0d5-814a4dbbc4e4 None None] Successfully loaded timestamp plugin. Description: Adds timestamps to Neutron resources with standard attributes {{(pid=90018) _create_and_add_service_plugin /opt/stack/neutron/neutron/manager.py:239}}
Jun 12 19:40:53.367318 np0000002741 devstack@neutron-api.service[90019]: INFO neutron.api.extensions [None req-5e572bab-8b82-4b7b-b5f5-6d723a01134f None None] Extension qos-fip-network-policy not supported by any of loaded plugins
Jun 12 19:40:53.367370 np0000002741 devstack@neutron-api.service[90018]: INFO neutron.manager [None req-9720c3b7-2a44-45d1-a0d5-814a4dbbc4e4 None None] Loading Plugin: network_ip_availability
Jun 12 19:40:53.367408 np0000002741 devstack@neutron-api.service[90019]: DEBUG neutron.api.extensions [None req-5e572bab-8b82-4b7b-b5f5-6d723a01134f None None] Loading extension file: qos_gateway_ip.py {{(pid=90019) _load_all_extensions_from_path /opt/stack/neutron/neutron/api/extensions.py:449}}
Jun 12 19:40:53.367624 np0000002741 devstack@neutron-api.service[90019]: DEBUG neutron.api.extensions [None req-5e572bab-8b82-4b7b-b5f5-6d723a01134f None None] Ext name="Router gateway IP QoS" alias="qos-gateway-ip" description="The Router gateway IP Quality of Service extension" updated="2018-02-24T00:00:00-00:00" {{(pid=90019) _check_extension /opt/stack/neutron/neutron/api/extensions.py:415}}
Jun 12 19:40:53.367839 np0000002741 devstack@neutron-api.service[90019]: INFO neutron.api.extensions [None req-5e572bab-8b82-4b7b-b5f5-6d723a01134f None None] Extension qos-gateway-ip not supported by any of loaded plugins
Jun 12 19:40:53.367839 np0000002741 devstack@neutron-api.service[90019]: DEBUG neutron.api.extensions [None req-5e572bab-8b82-4b7b-b5f5-6d723a01134f None None] Loading extension file: qos_port_network_policy.py {{(pid=90019) _load_all_extensions_from_path /opt/stack/neutron/neutron/api/extensions.py:449}}
Jun 12 19:40:53.368100 np0000002741 devstack@neutron-api.service[90019]: DEBUG neutron.api.extensions [None req-5e572bab-8b82-4b7b-b5f5-6d723a01134f None None] Ext name="QoS port network policy ID" alias="qos-port-network-policy" description="Adds a the QoS network ID to the port definition" updated="2019-11-01T10:00:00-00:00" {{(pid=90019) _check_extension /opt/stack/neutron/neutron/api/extensions.py:415}}
Jun 12 19:40:53.368248 np0000002741 devstack@neutron-api.service[90019]: INFO neutron.api.extensions [None req-5e572bab-8b82-4b7b-b5f5-6d723a01134f None None] Extension qos-port-network-policy not supported by any of loaded plugins
Jun 12 19:40:53.368327 np0000002741 devstack@neutron-api.service[90019]: DEBUG neutron.api.extensions [None req-5e572bab-8b82-4b7b-b5f5-6d723a01134f None None] Loading extension file: qos_pps_minimum_rule.py {{(pid=90019) _load_all_extensions_from_path /opt/stack/neutron/neutron/api/extensions.py:449}}
Jun 12 19:40:53.368576 np0000002741 devstack@neutron-api.service[90019]: DEBUG neutron.api.extensions [None req-5e572bab-8b82-4b7b-b5f5-6d723a01134f None None] Ext name="QoS minimum packet rate rule" alias="qos-pps-minimum" description="Allow to configure QoS minimum packet rate rule." updated="2021-07-14T10:00:00-00:00" {{(pid=90019) _check_extension /opt/stack/neutron/neutron/api/extensions.py:415}}
Jun 12 19:40:53.368713 np0000002741 devstack@neutron-api.service[90019]: INFO neutron.api.extensions [None req-5e572bab-8b82-4b7b-b5f5-6d723a01134f None None] Extension qos-pps-minimum not supported by any of loaded plugins
Jun 12 19:40:53.368794 np0000002741 devstack@neutron-api.service[90019]: DEBUG neutron.api.extensions [None req-5e572bab-8b82-4b7b-b5f5-6d723a01134f None None] Loading extension file: qos_pps_minimum_rule_alias.py {{(pid=90019) _load_all_extensions_from_path /opt/stack/neutron/neutron/api/extensions.py:449}}
Jun 12 19:40:53.369069 np0000002741 devstack@neutron-api.service[90019]: DEBUG neutron.api.extensions [None req-5e572bab-8b82-4b7b-b5f5-6d723a01134f None None] Ext name="QoS minimum packet rate rule alias" alias="qos-pps-minimum-rule-alias" description="API to enable GET, PUT and DELETE operations on QoS minimum packet rate rule without specifying policy ID" updated="2021-10-22T10:00:00-00:00" {{(pid=90019) _check_extension /opt/stack/neutron/neutron/api/extensions.py:415}}
Jun 12 19:40:53.369197 np0000002741 devstack@neutron-api.service[90018]: DEBUG neutron.manager [None req-9720c3b7-2a44-45d1-a0d5-814a4dbbc4e4 None None] Successfully loaded network-ip-availability plugin. Description: Provides IP availability data for each network and subnet. {{(pid=90018) _create_and_add_service_plugin /opt/stack/neutron/neutron/manager.py:239}}
Jun 12 19:40:53.369281 np0000002741 devstack@neutron-api.service[90019]: INFO neutron.api.extensions [None req-5e572bab-8b82-4b7b-b5f5-6d723a01134f None None] Extension qos-pps-minimum-rule-alias not supported by any of loaded plugins
Jun 12 19:40:53.369317 np0000002741 devstack@neutron-api.service[90018]: INFO neutron.manager [None req-9720c3b7-2a44-45d1-a0d5-814a4dbbc4e4 None None] Loading Plugin: flavors
Jun 12 19:40:53.369382 np0000002741 devstack@neutron-api.service[90019]: DEBUG neutron.api.extensions [None req-5e572bab-8b82-4b7b-b5f5-6d723a01134f None None] Loading extension file: qos_pps_rule.py {{(pid=90019) _load_all_extensions_from_path /opt/stack/neutron/neutron/api/extensions.py:449}}
Jun 12 19:40:53.369636 np0000002741 devstack@neutron-api.service[90019]: DEBUG neutron.api.extensions [None req-5e572bab-8b82-4b7b-b5f5-6d723a01134f None None] Ext name="QoS Rule Type Packet per Second Extension" alias="qos-pps" description="Add QoS Rule Type Packet per Second" updated="2021-05-12T10:00:00-00:00" {{(pid=90019) _check_extension /opt/stack/neutron/neutron/api/extensions.py:415}}
Jun 12 19:40:53.369784 np0000002741 devstack@neutron-api.service[90019]: INFO neutron.api.extensions [None req-5e572bab-8b82-4b7b-b5f5-6d723a01134f None None] Extension qos-pps not supported by any of loaded plugins
Jun 12 19:40:53.369864 np0000002741 devstack@neutron-api.service[90019]: DEBUG neutron.api.extensions [None req-5e572bab-8b82-4b7b-b5f5-6d723a01134f None None] Loading extension file: qos_rule_type_details.py {{(pid=90019) _load_all_extensions_from_path /opt/stack/neutron/neutron/api/extensions.py:449}}
Jun 12 19:40:53.370127 np0000002741 devstack@neutron-api.service[90019]: DEBUG neutron.api.extensions [None req-5e572bab-8b82-4b7b-b5f5-6d723a01134f None None] Ext name="Details of QoS rule types" alias="qos-rule-type-details" description="Expose details about QoS rule types supported by loaded backend drivers" updated="2017-06-22T10:00:00-00:00" {{(pid=90019) _check_extension /opt/stack/neutron/neutron/api/extensions.py:415}}
Jun 12 19:40:53.370193 np0000002741 devstack@neutron-api.service[90018]: DEBUG neutron.manager [None req-9720c3b7-2a44-45d1-a0d5-814a4dbbc4e4 None None] Successfully loaded FLAVORS plugin. Description: Neutron Flavors and Service Profiles manager plugin {{(pid=90018) _create_and_add_service_plugin /opt/stack/neutron/neutron/manager.py:239}}
Jun 12 19:40:53.370262 np0000002741 devstack@neutron-api.service[90019]: INFO neutron.api.extensions [None req-5e572bab-8b82-4b7b-b5f5-6d723a01134f None None] Extension qos-rule-type-details not supported by any of loaded plugins
Jun 12 19:40:53.370304 np0000002741 devstack@neutron-api.service[90018]: INFO neutron.manager [None req-9720c3b7-2a44-45d1-a0d5-814a4dbbc4e4 None None] Loading Plugin: revisions
Jun 12 19:40:53.370372 np0000002741 devstack@neutron-api.service[90019]: DEBUG neutron.api.extensions [None req-5e572bab-8b82-4b7b-b5f5-6d723a01134f None None] Loading extension file: qos_rule_type_filter.py {{(pid=90019) _load_all_extensions_from_path /opt/stack/neutron/neutron/api/extensions.py:449}}
Jun 12 19:40:53.370551 np0000002741 devstack@neutron-api.service[90019]: DEBUG neutron.api.extensions [None req-5e572bab-8b82-4b7b-b5f5-6d723a01134f None None] Ext name="Allow to filter the list of QoS rule types" alias="qos-rule-type-filter" description="Allows to filter the QoS rule type list adding two new flags. "all_rules" prints all implemented QoS rule types."all_supported" prints all supported QoS rule types by the loaded mechanism drivers" updated="2022-02-02T10:00:00-00:00" {{(pid=90019) _check_extension /opt/stack/neutron/neutron/api/extensions.py:415}}
Jun 12 19:40:53.370688 np0000002741 devstack@neutron-api.service[90019]: INFO neutron.api.extensions [None req-5e572bab-8b82-4b7b-b5f5-6d723a01134f None None] Extension qos-rule-type-filter not supported by any of loaded plugins
Jun 12 19:40:53.370768 np0000002741 devstack@neutron-api.service[90019]: DEBUG neutron.api.extensions [None req-5e572bab-8b82-4b7b-b5f5-6d723a01134f None None] Loading extension file: qos_rules_alias.py {{(pid=90019) _load_all_extensions_from_path /opt/stack/neutron/neutron/api/extensions.py:449}}
Jun 12 19:40:53.371035 np0000002741 devstack@neutron-api.service[90019]: DEBUG neutron.api.extensions [None req-5e572bab-8b82-4b7b-b5f5-6d723a01134f None None] Ext name="Quality of Service rules alias API" alias="qos-rules-alias" description="API to enable GET, PUT and DELETE operations on QoS policy rules without specifying policy ID" updated="2018-10-07T10:00:00-00:00" {{(pid=90019) _check_extension /opt/stack/neutron/neutron/api/extensions.py:415}}
Jun 12 19:40:53.371196 np0000002741 devstack@neutron-api.service[90019]: INFO neutron.api.extensions [None req-5e572bab-8b82-4b7b-b5f5-6d723a01134f None None] Extension qos-rules-alias not supported by any of loaded plugins
Jun 12 19:40:53.371279 np0000002741 devstack@neutron-api.service[90019]: DEBUG neutron.api.extensions [None req-5e572bab-8b82-4b7b-b5f5-6d723a01134f None None] Loading extension file: quota_check_limit.py {{(pid=90019) _load_all_extensions_from_path /opt/stack/neutron/neutron/api/extensions.py:449}}
Jun 12 19:40:53.371337 np0000002741 devstack@neutron-api.service[90018]: DEBUG neutron.manager [None req-9720c3b7-2a44-45d1-a0d5-814a4dbbc4e4 None None] Successfully loaded revision_plugin plugin. Description: Adds revision numbers to resources. {{(pid=90018) _create_and_add_service_plugin /opt/stack/neutron/neutron/manager.py:239}}
Jun 12 19:40:53.371468 np0000002741 devstack@neutron-api.service[90018]: DEBUG oslo_concurrency.lockutils [None req-9720c3b7-2a44-45d1-a0d5-814a4dbbc4e4 None None] Lock "manager" "released" by "neutron.manager.NeutronManager._create_instance" :: held 4.025s {{(pid=90018) inner /opt/stack/data/venv/lib/python3.12/site-packages/oslo_concurrency/lockutils.py:543}}
