Jul 31 05:25:59.705228 np0000006182 devstack@c-api.service[100285]: /opt/stack/data/venv/lib/python3.12/site-packages/oslo_context/context.py:102: DeprecationWarning: Policy enforcement is depending on the value of is_admin. This key is deprecated. Please update your policy file to use the standard policy values.
Jul 31 05:25:59.705228 np0000006182 devstack@c-api.service[100285]: warnings.warn(
Jul 31 05:25:59.711230 np0000006182 devstack@c-api.service[100285]: INFO cinder.volume.api [req-f9f90920-674e-4423-96e4-40fac312a5f4 req-c6c93eaf-b969-49ca-b4fc-e64e2ced4d44 tempest-ServerActionsTestOtherB-529072107 tempest-ServerActionsTestOtherB-529072107-project-member] Volume info retrieved successfully.
Jul 31 05:25:59.719502 np0000006182 devstack@c-api.service[100285]: INFO cinder.api.openstack.wsgi [req-f9f90920-674e-4423-96e4-40fac312a5f4 req-c6c93eaf-b969-49ca-b4fc-e64e2ced4d44 tempest-ServerActionsTestOtherB-529072107 tempest-ServerActionsTestOtherB-529072107-project-member] https://10.4.3.227/volume/v3/volumes/40bc395c-5241-4680-9a8c-cdddbcd47c1f returned with HTTP 200
Jul 31 05:25:59.720366 np0000006182 devstack@c-api.service[100285]: [pid: 100285|app: 0|req: 28/112] 10.4.3.227 () {68 vars in 1598 bytes} [Fri Jul 31 05:25:59 2026] GET /volume/v3/volumes/40bc395c-5241-4680-9a8c-cdddbcd47c1f => generated 847 bytes in 36 msecs (HTTP/1.1 200) 7 headers in 285 bytes (1 switches on core 0)
Jul 31 05:26:00.062760 np0000006182 devstack@c-api.service[100284]: DEBUG cinder.api.middleware.request_id [None req-8440d530-df3f-43ab-88e8-36b8c9ae8bee None None] RequestId filter calling following filter/app {{(pid=100284) _context_setter /opt/stack/cinder/cinder/api/middleware/request_id.py:62}}
Jul 31 05:26:00.063423 np0000006182 devstack@c-api.service[100284]: INFO cinder.api.openstack.wsgi [None req-8440d530-df3f-43ab-88e8-36b8c9ae8bee None None] GET https://10.4.3.227/volume//
Jul 31 05:26:00.063616 np0000006182 devstack@c-api.service[100284]: DEBUG cinder.api.openstack.wsgi [None req-8440d530-df3f-43ab-88e8-36b8c9ae8bee None None] Empty body provided in request {{(pid=100284) get_body /opt/stack/cinder/cinder/api/openstack/wsgi.py:725}}
Jul 31 05:26:00.063796 np0000006182 devstack@c-api.service[100284]: DEBUG cinder.api.openstack.wsgi [None req-8440d530-df3f-43ab-88e8-36b8c9ae8bee None None] Calling method 'all' {{(pid=100284) _process_stack /opt/stack/cinder/cinder/api/openstack/wsgi.py:878}}
Jul 31 05:26:00.064342 np0000006182 devstack@c-api.service[100284]: INFO cinder.api.openstack.wsgi [None req-8440d530-df3f-43ab-88e8-36b8c9ae8bee None None] https://10.4.3.227/volume// returned with HTTP 300
Jul 31 05:26:00.064600 np0000006182 devstack@c-api.service[100284]: [pid: 100284|app: 0|req: 29/113] 10.4.3.227 () {66 vars in 1428 bytes} [Fri Jul 31 05:26:00 2026] GET /volume/ => generated 386 bytes in 2 msecs (HTTP/1.1 300) 7 headers in 299 bytes (1 switches on core 0)
Jul 31 05:26:00.090338 np0000006182 devstack@c-api.service[100283]: DEBUG cinder.api.middleware.request_id [req-f9f90920-674e-4423-96e4-40fac312a5f4 req-36f8d08d-7bab-4f69-b515-36584d74c363 None None] RequestId filter calling following filter/app {{(pid=100283) _context_setter /opt/stack/cinder/cinder/api/middleware/request_id.py:62}}
Jul 31 05:26:00.388177 np0000006182 devstack@c-api.service[100283]: INFO cinder.api.openstack.wsgi [req-f9f90920-674e-4423-96e4-40fac312a5f4 req-36f8d08d-7bab-4f69-b515-36584d74c363 tempest-ServerActionsTestOtherB-529072107 tempest-ServerActionsTestOtherB-529072107-project-member] POST https://10.4.3.227/volume/v3/attachments
Jul 31 05:26:00.388177 np0000006182 devstack@c-api.service[100283]: DEBUG cinder.api.openstack.wsgi [req-f9f90920-674e-4423-96e4-40fac312a5f4 req-36f8d08d-7bab-4f69-b515-36584d74c363 tempest-ServerActionsTestOtherB-529072107 tempest-ServerActionsTestOtherB-529072107-project-member] Action: 'create', calling method: version_select, body: {"attachment": {"volume_uuid": "40bc395c-5241-4680-9a8c-cdddbcd47c1f", "connector": null, "instance_uuid": "084b9c21-8b29-4839-a172-1ce059e13256"}} {{(pid=100283) _process_stack /opt/stack/cinder/cinder/api/openstack/wsgi.py:876}}
Jul 31 05:26:00.406219 np0000006182 devstack@c-api.service[100283]: /opt/stack/data/venv/lib/python3.12/site-packages/oslo_context/context.py:102: DeprecationWarning: Policy enforcement is depending on the value of is_admin. This key is deprecated. Please update your policy file to use the standard policy values.
Jul 31 05:26:00.406219 np0000006182 devstack@c-api.service[100283]: warnings.warn(
Jul 31 05:26:00.456984 np0000006182 devstack@c-api.service[100283]: /opt/stack/cinder/cinder/db/api.py:2468: SAWarning: SELECT statement has a cartesian product between FROM element(s) "volumes" and FROM element "volumes_1". Apply join condition(s) between each element to resolve.
Jul 31 05:26:00.456984 np0000006182 devstack@c-api.service[100283]: .first()
Jul 31 05:26:00.491697 np0000006182 devstack@c-api.service[100283]: INFO cinder.api.openstack.wsgi [req-f9f90920-674e-4423-96e4-40fac312a5f4 req-36f8d08d-7bab-4f69-b515-36584d74c363 tempest-ServerActionsTestOtherB-529072107 tempest-ServerActionsTestOtherB-529072107-project-member] https://10.4.3.227/volume/v3/attachments returned with HTTP 200
Jul 31 05:26:00.491697 np0000006182 devstack@c-api.service[100283]: [pid: 100283|app: 0|req: 29/114] 10.4.3.227 () {74 vars in 1594 bytes} [Fri Jul 31 05:26:00 2026] POST /volume/v3/attachments => generated 273 bytes in 402 msecs (HTTP/1.1 200) 7 headers in 286 bytes (1 switches on core 0)
Jul 31 05:26:00.552840 np0000006182 devstack@c-api.service[100286]: DEBUG cinder.api.middleware.request_id [None req-c59c4411-57f3-412e-b1e3-5b72a76f308d None None] RequestId filter calling following filter/app {{(pid=100286) _context_setter /opt/stack/cinder/cinder/api/middleware/request_id.py:62}}
Jul 31 05:26:00.556470 np0000006182 devstack@c-api.service[100285]: DEBUG cinder.api.middleware.request_id [None req-12ab5a7e-a169-4b3f-a256-0e83173a05b4 None None] RequestId filter calling following filter/app {{(pid=100285) _context_setter /opt/stack/cinder/cinder/api/middleware/request_id.py:62}}
Jul 31 05:26:00.557005 np0000006182 devstack@c-api.service[100286]: INFO cinder.api.openstack.wsgi [None req-c59c4411-57f3-412e-b1e3-5b72a76f308d tempest-ServerActionsTestOtherB-529072107 tempest-ServerActionsTestOtherB-529072107-project-member] GET https://10.4.3.227/volume/v3/volumes/40bc395c-5241-4680-9a8c-cdddbcd47c1f
Jul 31 05:26:00.557005 np0000006182 devstack@c-api.service[100286]: DEBUG cinder.api.openstack.wsgi [None req-c59c4411-57f3-412e-b1e3-5b72a76f308d tempest-ServerActionsTestOtherB-529072107 tempest-ServerActionsTestOtherB-529072107-project-member] Empty body provided in request {{(pid=100286) get_body /opt/stack/cinder/cinder/api/openstack/wsgi.py:725}}
Jul 31 05:26:00.557529 np0000006182 devstack@c-api.service[100286]: DEBUG cinder.api.openstack.wsgi [None req-c59c4411-57f3-412e-b1e3-5b72a76f308d tempest-ServerActionsTestOtherB-529072107 tempest-ServerActionsTestOtherB-529072107-project-member] Calling method 'show' {{(pid=100286) _process_stack /opt/stack/cinder/cinder/api/openstack/wsgi.py:878}}
Jul 31 05:26:00.558705 np0000006182 devstack@c-api.service[100284]: DEBUG cinder.api.middleware.request_id [None req-998a1ce4-3f78-4fe1-b128-9c4e47282d03 None None] RequestId filter calling following filter/app {{(pid=100284) _context_setter /opt/stack/cinder/cinder/api/middleware/request_id.py:62}}
Jul 31 05:26:00.558788 np0000006182 devstack@c-api.service[100285]: INFO cinder.api.openstack.wsgi [None req-12ab5a7e-a169-4b3f-a256-0e83173a05b4 tempest-ServerActionsV293TestJSON-1978752980 tempest-ServerActionsV293TestJSON-1978752980-project-member] GET https://10.4.3.227/volume/v3/volumes/6f8f72fd-ac28-4324-b95b-6e5a8c000746
Jul 31 05:26:00.559124 np0000006182 devstack@c-api.service[100285]: DEBUG cinder.api.openstack.wsgi [None req-12ab5a7e-a169-4b3f-a256-0e83173a05b4 tempest-ServerActionsV293TestJSON-1978752980 tempest-ServerActionsV293TestJSON-1978752980-project-member] Empty body provided in request {{(pid=100285) get_body /opt/stack/cinder/cinder/api/openstack/wsgi.py:725}}
Jul 31 05:26:00.559191 np0000006182 devstack@c-api.service[100284]: INFO cinder.api.openstack.wsgi [None req-998a1ce4-3f78-4fe1-b128-9c4e47282d03 None None] GET https://10.4.3.227/volume//
Jul 31 05:26:00.559327 np0000006182 devstack@c-api.service[100284]: DEBUG cinder.api.openstack.wsgi [None req-998a1ce4-3f78-4fe1-b128-9c4e47282d03 None None] Empty body provided in request {{(pid=100284) get_body /opt/stack/cinder/cinder/api/openstack/wsgi.py:725}}
Jul 31 05:26:00.559378 np0000006182 devstack@c-api.service[100285]: DEBUG cinder.api.openstack.wsgi [None req-12ab5a7e-a169-4b3f-a256-0e83173a05b4 tempest-ServerActionsV293TestJSON-1978752980 tempest-ServerActionsV293TestJSON-1978752980-project-member] Calling method 'show' {{(pid=100285) _process_stack /opt/stack/cinder/cinder/api/openstack/wsgi.py:878}}
Jul 31 05:26:00.559520 np0000006182 devstack@c-api.service[100284]: DEBUG cinder.api.openstack.wsgi [None req-998a1ce4-3f78-4fe1-b128-9c4e47282d03 None None] Calling method 'all' {{(pid=100284) _process_stack /opt/stack/cinder/cinder/api/openstack/wsgi.py:878}}
Jul 31 05:26:00.560280 np0000006182 devstack@c-api.service[100284]: INFO cinder.api.openstack.wsgi [None req-998a1ce4-3f78-4fe1-b128-9c4e47282d03 None None] https://10.4.3.227/volume// returned with HTTP 300
Jul 31 05:26:00.560455 np0000006182 devstack@c-api.service[100284]: [pid: 100284|app: 0|req: 30/115] 10.4.3.227 () {66 vars in 1426 bytes} [Fri Jul 31 05:26:00 2026] GET /volume/ => generated 386 bytes in 2 msecs (HTTP/1.1 300) 7 headers in 299 bytes (1 switches on core 0)
Jul 31 05:26:00.567898 np0000006182 devstack@c-api.service[100285]: /opt/stack/data/venv/lib/python3.12/site-packages/oslo_context/context.py:102: DeprecationWarning: Policy enforcement is depending on the value of is_admin. This key is deprecated. Please update your policy file to use the standard policy values.
Jul 31 05:26:00.567898 np0000006182 devstack@c-api.service[100285]: warnings.warn(
Jul 31 05:26:00.572840 np0000006182 devstack@c-api.service[100285]: INFO cinder.volume.api [None req-12ab5a7e-a169-4b3f-a256-0e83173a05b4 tempest-ServerActionsV293TestJSON-1978752980 tempest-ServerActionsV293TestJSON-1978752980-project-member] Volume info retrieved successfully.
Jul 31 05:26:00.578017 np0000006182 devstack@c-api.service[100286]: /opt/stack/data/venv/lib/python3.12/site-packages/oslo_context/context.py:102: DeprecationWarning: Policy enforcement is depending on the value of is_admin. This key is deprecated. Please update your policy file to use the standard policy values.
Jul 31 05:26:00.578017 np0000006182 devstack@c-api.service[100286]: warnings.warn(
Jul 31 05:26:00.581274 np0000006182 devstack@c-api.service[100285]: INFO cinder.api.openstack.wsgi [None req-12ab5a7e-a169-4b3f-a256-0e83173a05b4 tempest-ServerActionsV293TestJSON-1978752980 tempest-ServerActionsV293TestJSON-1978752980-project-member] https://10.4.3.227/volume/v3/volumes/6f8f72fd-ac28-4324-b95b-6e5a8c000746 returned with HTTP 200
Jul 31 05:26:00.581811 np0000006182 devstack@c-api.service[100285]: [pid: 100285|app: 0|req: 29/116] 10.4.3.227 () {68 vars in 1389 bytes} [Fri Jul 31 05:26:00 2026] GET /volume/v3/volumes/6f8f72fd-ac28-4324-b95b-6e5a8c000746 => generated 1052 bytes in 26 msecs (HTTP/1.1 200) 7 headers in 287 bytes (1 switches on core 0)
Jul 31 05:26:00.582835 np0000006182 devstack@c-api.service[100286]: INFO cinder.volume.api [None req-c59c4411-57f3-412e-b1e3-5b72a76f308d tempest-ServerActionsTestOtherB-529072107 tempest-ServerActionsTestOtherB-529072107-project-member] Volume info retrieved successfully.
Jul 31 05:26:00.593172 np0000006182 devstack@c-api.service[100283]: DEBUG cinder.api.middleware.request_id [None req-ff3b43c8-35ff-40d4-838f-f8c9a52d7883 None None] RequestId filter calling following filter/app {{(pid=100283) _context_setter /opt/stack/cinder/cinder/api/middleware/request_id.py:62}}
Jul 31 05:26:00.593606 np0000006182 devstack@c-api.service[100286]: INFO cinder.api.openstack.wsgi [None req-c59c4411-57f3-412e-b1e3-5b72a76f308d tempest-ServerActionsTestOtherB-529072107 tempest-ServerActionsTestOtherB-529072107-project-member] https://10.4.3.227/volume/v3/volumes/40bc395c-5241-4680-9a8c-cdddbcd47c1f returned with HTTP 200
Jul 31 05:26:00.593606 np0000006182 devstack@c-api.service[100286]: [pid: 100286|app: 0|req: 29/117] 10.4.3.227 () {66 vars in 1348 bytes} [Fri Jul 31 05:26:00 2026] GET /volume/v3/volumes/40bc395c-5241-4680-9a8c-cdddbcd47c1f => generated 846 bytes in 39 msecs (HTTP/1.1 200) 7 headers in 285 bytes (1 switches on core 0)
Jul 31 05:26:00.593741 np0000006182 devstack@c-api.service[100283]: INFO cinder.api.openstack.wsgi [None req-ff3b43c8-35ff-40d4-838f-f8c9a52d7883 tempest-ImageDependencyTests-251718539 tempest-ImageDependencyTests-251718539-project-member] GET https://10.4.3.227/volume/v3/volumes/f31eb998-e085-4cfc-a163-42f8b6a3df0b
Jul 31 05:26:00.593741 np0000006182 devstack@c-api.service[100283]: DEBUG cinder.api.openstack.wsgi [None req-ff3b43c8-35ff-40d4-838f-f8c9a52d7883 tempest-ImageDependencyTests-251718539 tempest-ImageDependencyTests-251718539-project-member] Empty body provided in request {{(pid=100283) get_body /opt/stack/cinder/cinder/api/openstack/wsgi.py:725}}
Jul 31 05:26:00.593741 np0000006182 devstack@c-api.service[100283]: DEBUG cinder.api.openstack.wsgi [None req-ff3b43c8-35ff-40d4-838f-f8c9a52d7883 tempest-ImageDependencyTests-251718539 tempest-ImageDependencyTests-251718539-project-member] Calling method 'show' {{(pid=100283) _process_stack /opt/stack/cinder/cinder/api/openstack/wsgi.py:878}}
Jul 31 05:26:00.599998 np0000006182 devstack@c-api.service[100284]: DEBUG cinder.api.middleware.request_id [req-f9f90920-674e-4423-96e4-40fac312a5f4 req-7302a20e-596c-4d8d-b461-0de300105517 None None] RequestId filter calling following filter/app {{(pid=100284) _context_setter /opt/stack/cinder/cinder/api/middleware/request_id.py:62}}
Jul 31 05:26:00.601565 np0000006182 devstack@c-api.service[100284]: INFO cinder.api.openstack.wsgi [req-f9f90920-674e-4423-96e4-40fac312a5f4 req-7302a20e-596c-4d8d-b461-0de300105517 tempest-ServerActionsTestOtherB-529072107 tempest-ServerActionsTestOtherB-529072107-project-member] GET https://10.4.3.227/volume/v3/volumes/40bc395c-5241-4680-9a8c-cdddbcd47c1f
Jul 31 05:26:00.601819 np0000006182 devstack@c-api.service[100284]: DEBUG cinder.api.openstack.wsgi [req-f9f90920-674e-4423-96e4-40fac312a5f4 req-7302a20e-596c-4d8d-b461-0de300105517 tempest-ServerActionsTestOtherB-529072107 tempest-ServerActionsTestOtherB-529072107-project-member] Empty body provided in request {{(pid=100284) get_body /opt/stack/cinder/cinder/api/openstack/wsgi.py:725}}
Jul 31 05:26:00.602088 np0000006182 devstack@c-api.service[100284]: DEBUG cinder.api.openstack.wsgi [req-f9f90920-674e-4423-96e4-40fac312a5f4 req-7302a20e-596c-4d8d-b461-0de300105517 tempest-ServerActionsTestOtherB-529072107 tempest-ServerActionsTestOtherB-529072107-project-member] Calling method 'show' {{(pid=100284) _process_stack /opt/stack/cinder/cinder/api/openstack/wsgi.py:878}}
Jul 31 05:26:00.605030 np0000006182 devstack@c-api.service[100283]: /opt/stack/data/venv/lib/python3.12/site-packages/oslo_context/context.py:102: DeprecationWarning: Policy enforcement is depending on the value of is_admin. This key is deprecated. Please update your policy file to use the standard policy values.
Jul 31 05:26:00.605030 np0000006182 devstack@c-api.service[100283]: warnings.warn(
Jul 31 05:26:00.610832 np0000006182 devstack@c-api.service[100283]: INFO cinder.volume.api [None req-ff3b43c8-35ff-40d4-838f-f8c9a52d7883 tempest-ImageDependencyTests-251718539 tempest-ImageDependencyTests-251718539-project-member] Volume info retrieved successfully.
Jul 31 05:26:00.615800 np0000006182 devstack@c-api.service[100284]: /opt/stack/data/venv/lib/python3.12/site-packages/oslo_context/context.py:102: DeprecationWarning: Policy enforcement is depending on the value of is_admin. This key is deprecated. Please update your policy file to use the standard policy values.
Jul 31 05:26:00.615800 np0000006182 devstack@c-api.service[100284]: warnings.warn(
Jul 31 05:26:00.617453 np0000006182 devstack@c-api.service[100283]: INFO cinder.api.openstack.wsgi [None req-ff3b43c8-35ff-40d4-838f-f8c9a52d7883 tempest-ImageDependencyTests-251718539 tempest-ImageDependencyTests-251718539-project-member] https://10.4.3.227/volume/v3/volumes/f31eb998-e085-4cfc-a163-42f8b6a3df0b returned with HTTP 200
Jul 31 05:26:00.618310 np0000006182 devstack@c-api.service[100283]: [pid: 100283|app: 0|req: 30/118] 10.4.3.227 () {66 vars in 1348 bytes} [Fri Jul 31 05:26:00 2026] GET /volume/v3/volumes/f31eb998-e085-4cfc-a163-42f8b6a3df0b => generated 906 bytes in 29 msecs (HTTP/1.1 200) 7 headers in 285 bytes (2 switches on core 0)
Jul 31 05:26:00.621924 np0000006182 devstack@c-api.service[100284]: INFO cinder.volume.api [req-f9f90920-674e-4423-96e4-40fac312a5f4 req-7302a20e-596c-4d8d-b461-0de300105517 tempest-ServerActionsTestOtherB-529072107 tempest-ServerActionsTestOtherB-529072107-project-member] Volume info retrieved successfully.
Jul 31 05:26:00.628959 np0000006182 devstack@c-api.service[100284]: INFO cinder.api.openstack.wsgi [req-f9f90920-674e-4423-96e4-40fac312a5f4 req-7302a20e-596c-4d8d-b461-0de300105517 tempest-ServerActionsTestOtherB-529072107 tempest-ServerActionsTestOtherB-529072107-project-member] https://10.4.3.227/volume/v3/volumes/40bc395c-5241-4680-9a8c-cdddbcd47c1f returned with HTTP 200
Jul 31 05:26:00.629577 np0000006182 devstack@c-api.service[100284]: [pid: 100284|app: 0|req: 31/119] 10.4.3.227 () {70 vars in 1639 bytes} [Fri Jul 31 05:26:00 2026] GET /volume/v3/volumes/40bc395c-5241-4680-9a8c-cdddbcd47c1f => generated 1026 bytes in 30 msecs (HTTP/1.1 200) 7 headers in 287 bytes (1 switches on core 0)
Jul 31 05:26:00.743232 np0000006182 devstack@c-api.service[100285]: DEBUG cinder.api.middleware.request_id [None req-272b82d1-a197-4b16-b03e-a2f1f6c8e2ad None None] RequestId filter calling following filter/app {{(pid=100285) _context_setter /opt/stack/cinder/cinder/api/middleware/request_id.py:62}}
Jul 31 05:26:00.745583 np0000006182 devstack@c-api.service[100285]: INFO cinder.api.openstack.wsgi [None req-272b82d1-a197-4b16-b03e-a2f1f6c8e2ad tempest-AttachSCSIVolumeTestJSON-1241983514 tempest-AttachSCSIVolumeTestJSON-1241983514-project-member] POST https://10.4.3.227/volume/v3/volumes
Jul 31 05:26:00.746039 np0000006182 devstack@c-api.service[100285]: DEBUG cinder.api.openstack.wsgi [None req-272b82d1-a197-4b16-b03e-a2f1f6c8e2ad tempest-AttachSCSIVolumeTestJSON-1241983514 tempest-AttachSCSIVolumeTestJSON-1241983514-project-member] Action: 'create', calling method: create, body: {"volume": {"size": 1, "display_name": "tempest-AttachSCSIVolumeTestJSON-volume-221431017"}} {{(pid=100285) _process_stack /opt/stack/cinder/cinder/api/openstack/wsgi.py:876}}
Jul 31 05:26:00.748531 np0000006182 devstack@c-api.service[100285]: DEBUG cinder.api.v3.volumes [None req-272b82d1-a197-4b16-b03e-a2f1f6c8e2ad tempest-AttachSCSIVolumeTestJSON-1241983514 tempest-AttachSCSIVolumeTestJSON-1241983514-project-member] Create volume request body: {'volume': {'size': 1, 'display_name': 'tempest-AttachSCSIVolumeTestJSON-volume-221431017'}} {{(pid=100285) create /opt/stack/cinder/cinder/api/v3/volumes.py:368}}
Jul 31 05:26:00.748775 np0000006182 devstack@c-api.service[100285]: INFO cinder.api.v3.volumes [None req-272b82d1-a197-4b16-b03e-a2f1f6c8e2ad tempest-AttachSCSIVolumeTestJSON-1241983514 tempest-AttachSCSIVolumeTestJSON-1241983514-project-member] Create volume of 1 GB
Jul 31 05:26:00.756034 np0000006182 devstack@c-api.service[100285]: INFO cinder.volume.api [None req-272b82d1-a197-4b16-b03e-a2f1f6c8e2ad tempest-AttachSCSIVolumeTestJSON-1241983514 tempest-AttachSCSIVolumeTestJSON-1241983514-project-member] Availability Zones retrieved successfully.
Jul 31 05:26:00.765668 np0000006182 devstack@c-api.service[100285]: DEBUG cinder.volume.api [None req-272b82d1-a197-4b16-b03e-a2f1f6c8e2ad tempest-AttachSCSIVolumeTestJSON-1241983514 tempest-AttachSCSIVolumeTestJSON-1241983514-project-member] Flow 'volume_create_api' (e395f297-8976-4cdb-a16d-c0af8eb7e7b6) transitioned into state 'RUNNING' from state 'PENDING' {{(pid=100285) _flow_receiver /opt/stack/data/venv/lib/python3.12/site-packages/taskflow/listeners/logging.py:160}}
Jul 31 05:26:00.768892 np0000006182 devstack@c-api.service[100285]: DEBUG cinder.volume.api [None req-272b82d1-a197-4b16-b03e-a2f1f6c8e2ad tempest-AttachSCSIVolumeTestJSON-1241983514 tempest-AttachSCSIVolumeTestJSON-1241983514-project-member] Task 'cinder.volume.flows.api.create_volume.ExtractVolumeRequestTask;volume:create' (fce7c39c-c6e4-4a91-b218-9779fdf9801d) transitioned into state 'RUNNING' from state 'PENDING' {{(pid=100285) _task_receiver /opt/stack/data/venv/lib/python3.12/site-packages/taskflow/listeners/logging.py:242}}
Jul 31 05:26:00.771232 np0000006182 devstack@c-api.service[100285]: DEBUG cinder.volume.flows.api.create_volume [None req-272b82d1-a197-4b16-b03e-a2f1f6c8e2ad tempest-AttachSCSIVolumeTestJSON-1241983514 tempest-AttachSCSIVolumeTestJSON-1241983514-project-member] Validating volume size '1' using validate_int {{(pid=100285) _extract_size /opt/stack/cinder/cinder/volume/flows/api/create_volume.py:226}}
Jul 31 05:26:00.826528 np0000006182 devstack@c-api.service[100285]: DEBUG cinder.volume.api [None req-272b82d1-a197-4b16-b03e-a2f1f6c8e2ad tempest-AttachSCSIVolumeTestJSON-1241983514 tempest-AttachSCSIVolumeTestJSON-1241983514-project-member] Task 'cinder.volume.flows.api.create_volume.ExtractVolumeRequestTask;volume:create' (fce7c39c-c6e4-4a91-b218-9779fdf9801d) transitioned into state 'SUCCESS' from state 'RUNNING' with result '{'size': 1, 'snapshot_id': None, 'source_volid': None, 'volume_type': VolumeType(created_at=2026-07-31T05:22:51Z,deleted=False,deleted_at=None,description=None,extra_specs={volume_backend_name='storpool'},id=e1330a49-eff5-466e-875e-1fdcc160b655,is_public=True,name='storpool',projects=[],qos_specs=,qos_specs_id=None,updated_at=None), 'volume_type_id': 'e1330a49-eff5-466e-875e-1fdcc160b655', 'encryption_key_id': None, 'qos_specs': None, 'consistencygroup_id': None, 'cgsnapshot_id': None, 'group_id': None, 'replication_status': 'disabled', 'refresh_az': False, 'backup_id': None, 'multiattach': False, 'availability_zones': ['nova']}' {{(pid=100285) _task_receiver /opt/stack/data/venv/lib/python3.12/site-packages/taskflow/listeners/logging.py:218}}
Jul 31 05:26:00.827740 np0000006182 devstack@c-api.service[100285]: DEBUG cinder.volume.api [None req-272b82d1-a197-4b16-b03e-a2f1f6c8e2ad tempest-AttachSCSIVolumeTestJSON-1241983514 tempest-AttachSCSIVolumeTestJSON-1241983514-project-member] Task 'cinder.volume.flows.api.create_volume.QuotaReserveTask;volume:create' (b9fe1d76-f05c-4f97-be7b-05150cfa16a4) transitioned into state 'RUNNING' from state 'PENDING' {{(pid=100285) _task_receiver /opt/stack/data/venv/lib/python3.12/site-packages/taskflow/listeners/logging.py:242}}
Jul 31 05:26:00.925293 np0000006182 devstack@c-api.service[100285]: DEBUG cinder.quota [None req-272b82d1-a197-4b16-b03e-a2f1f6c8e2ad tempest-AttachSCSIVolumeTestJSON-1241983514 tempest-AttachSCSIVolumeTestJSON-1241983514-project-member] Created reservations ['c14e2f96-2c62-4dbd-adb1-7507797dd0b4', '6a8e6aef-53ad-4746-8978-cc7f4ee2ecb4', '2d45edd6-24b4-4583-9a7a-55efe95ff6c5', 'cac01ee8-d773-4404-a78e-8eeb5d93593d'] {{(pid=100285) reserve /opt/stack/cinder/cinder/quota.py:752}}
Jul 31 05:26:00.926224 np0000006182 devstack@c-api.service[100285]: DEBUG cinder.volume.api [None req-272b82d1-a197-4b16-b03e-a2f1f6c8e2ad tempest-AttachSCSIVolumeTestJSON-1241983514 tempest-AttachSCSIVolumeTestJSON-1241983514-project-member] Task 'cinder.volume.flows.api.create_volume.QuotaReserveTask;volume:create' (b9fe1d76-f05c-4f97-be7b-05150cfa16a4) transitioned into state 'SUCCESS' from state 'RUNNING' with result '{'reservations': ['c14e2f96-2c62-4dbd-adb1-7507797dd0b4', '6a8e6aef-53ad-4746-8978-cc7f4ee2ecb4', '2d45edd6-24b4-4583-9a7a-55efe95ff6c5', 'cac01ee8-d773-4404-a78e-8eeb5d93593d']}' {{(pid=100285) _task_receiver /opt/stack/data/venv/lib/python3.12/site-packages/taskflow/listeners/logging.py:218}}
Jul 31 05:26:00.927261 np0000006182 devstack@c-api.service[100285]: DEBUG cinder.volume.api [None req-272b82d1-a197-4b16-b03e-a2f1f6c8e2ad tempest-AttachSCSIVolumeTestJSON-1241983514 tempest-AttachSCSIVolumeTestJSON-1241983514-project-member] Task 'cinder.volume.flows.api.create_volume.EntryCreateTask;volume:create' (874b4324-e620-4752-83ae-a25cdbcb0aec) transitioned into state 'RUNNING' from state 'PENDING' {{(pid=100285) _task_receiver /opt/stack/data/venv/lib/python3.12/site-packages/taskflow/listeners/logging.py:242}}
Jul 31 05:26:00.962652 np0000006182 devstack@c-api.service[100285]: DEBUG cinder.volume.api [None req-272b82d1-a197-4b16-b03e-a2f1f6c8e2ad tempest-AttachSCSIVolumeTestJSON-1241983514 tempest-AttachSCSIVolumeTestJSON-1241983514-project-member] Task 'cinder.volume.flows.api.create_volume.EntryCreateTask;volume:create' (874b4324-e620-4752-83ae-a25cdbcb0aec) transitioned into state 'SUCCESS' from state 'RUNNING' with result '{'volume_id': '8909e2de-b7d0-4e04-8416-90ca1f1fdf13', 'volume_properties': VolumeProperties(attach_status='detached',availability_zone='nova',cgsnapshot_id=None,consistencygroup_id=None,display_description=None,display_name='tempest-AttachSCSIVolumeTestJSON-volume-221431017',encryption_key_id=None,group_id=None,group_type_id=,metadata={},multiattach=False,project_id='b5640709f3c54b4e936dff1f719e45b7',qos_specs=None,replication_status=,reservations=['c14e2f96-2c62-4dbd-adb1-7507797dd0b4','6a8e6aef-53ad-4746-8978-cc7f4ee2ecb4','2d45edd6-24b4-4583-9a7a-55efe95ff6c5','cac01ee8-d773-4404-a78e-8eeb5d93593d'],size=1,snapshot_id=None,source_replicaid=,source_volid=None,status='creating',user_id='3e88750cbe184f0db330c2ba3da4b8a7',volume_type_id=e1330a49-eff5-466e-875e-1fdcc160b655), 'volume': Volume(_name_id=None,admin_metadata=,attach_status='detached',availability_zone='nova',bootable=False,cluster=,cluster_name=None,consistencygroup=,consistencygroup_id=None,created_at=2026-07-31T05:26:00Z,deleted=False,deleted_at=None,display_description=None,display_name='tempest-AttachSCSIVolumeTestJSON-volume-221431017',ec2_id=None,encryption_key_id=None,glance_metadata=,group=,group_id=None,host=None,id=8909e2de-b7d0-4e04-8416-90ca1f1fdf13,launched_at=None,metadata={},migration_status=None,multiattach=False,previous_status=None,project_id='b5640709f3c54b4e936dff1f719e45b7',provider_auth=None,provider_geometry=None,provider_id=None,provider_location=None,replication_driver_data=None,replication_extended_status=None,replication_status=None,scheduled_at=None,service_uuid=None,shared_targets=True,size=1,snapshot_id=None,snapshots=,source_volid=None,status='creating',terminated_at=None,updated_at=None,use_quota=True,user_id='3e88750cbe184f0db330c2ba3da4b8a7',volume_attachment=VolumeAttachmentList,volume_type=VolumeType(e1330a49-eff5-466e-875e-1fdcc160b655),volume_type_id=e1330a49-eff5-466e-875e-1fdcc160b655)}' {{(pid=100285) _task_receiver /opt/stack/data/venv/lib/python3.12/site-packages/taskflow/listeners/logging.py:218}}
Jul 31 05:26:00.963970 np0000006182 devstack@c-api.service[100285]: DEBUG cinder.volume.api [None req-272b82d1-a197-4b16-b03e-a2f1f6c8e2ad tempest-AttachSCSIVolumeTestJSON-1241983514 tempest-AttachSCSIVolumeTestJSON-1241983514-project-member] Task 'cinder.volume.flows.api.create_volume.QuotaCommitTask;volume:create' (3e768e4b-9b76-40c6-bb67-b2042b3a263f) transitioned into state 'RUNNING' from state 'PENDING' {{(pid=100285) _task_receiver /opt/stack/data/venv/lib/python3.12/site-packages/taskflow/listeners/logging.py:242}}
Jul 31 05:26:00.992630 np0000006182 devstack@c-api.service[100285]: DEBUG cinder.volume.api [None req-272b82d1-a197-4b16-b03e-a2f1f6c8e2ad tempest-AttachSCSIVolumeTestJSON-1241983514 tempest-AttachSCSIVolumeTestJSON-1241983514-project-member] Task 'cinder.volume.flows.api.create_volume.QuotaCommitTask;volume:create' (3e768e4b-9b76-40c6-bb67-b2042b3a263f) transitioned into state 'SUCCESS' from state 'RUNNING' with result '{'volume_properties': VolumeProperties(attach_status='detached',availability_zone='nova',cgsnapshot_id=None,consistencygroup_id=None,display_description=None,display_name='tempest-AttachSCSIVolumeTestJSON-volume-221431017',encryption_key_id=None,group_id=None,group_type_id=,metadata={},multiattach=False,project_id='b5640709f3c54b4e936dff1f719e45b7',qos_specs=None,replication_status=,reservations=['c14e2f96-2c62-4dbd-adb1-7507797dd0b4','6a8e6aef-53ad-4746-8978-cc7f4ee2ecb4','2d45edd6-24b4-4583-9a7a-55efe95ff6c5','cac01ee8-d773-4404-a78e-8eeb5d93593d'],size=1,snapshot_id=None,source_replicaid=,source_volid=None,status='creating',user_id='3e88750cbe184f0db330c2ba3da4b8a7',volume_type_id=e1330a49-eff5-466e-875e-1fdcc160b655)}' {{(pid=100285) _task_receiver /opt/stack/data/venv/lib/python3.12/site-packages/taskflow/listeners/logging.py:218}}
Jul 31 05:26:00.994216 np0000006182 devstack@c-api.service[100285]: DEBUG cinder.volume.api [None req-272b82d1-a197-4b16-b03e-a2f1f6c8e2ad tempest-AttachSCSIVolumeTestJSON-1241983514 tempest-AttachSCSIVolumeTestJSON-1241983514-project-member] Task 'cinder.volume.flows.api.create_volume.VolumeCastTask;volume:create' (b98a0e96-dc50-4dfa-87c6-f3924295cb0c) transitioned into state 'RUNNING' from state 'PENDING' {{(pid=100285) _task_receiver /opt/stack/data/venv/lib/python3.12/site-packages/taskflow/listeners/logging.py:242}}
Jul 31 05:26:01.007126 np0000006182 devstack@c-api.service[100285]: DEBUG cinder.volume.api [None req-272b82d1-a197-4b16-b03e-a2f1f6c8e2ad tempest-AttachSCSIVolumeTestJSON-1241983514 tempest-AttachSCSIVolumeTestJSON-1241983514-project-member] Task 'cinder.volume.flows.api.create_volume.VolumeCastTask;volume:create' (b98a0e96-dc50-4dfa-87c6-f3924295cb0c) transitioned into state 'SUCCESS' from state 'RUNNING' with result 'None' {{(pid=100285) _task_receiver /opt/stack/data/venv/lib/python3.12/site-packages/taskflow/listeners/logging.py:218}}
Jul 31 05:26:01.007126 np0000006182 devstack@c-api.service[100285]: DEBUG cinder.volume.api [None req-272b82d1-a197-4b16-b03e-a2f1f6c8e2ad tempest-AttachSCSIVolumeTestJSON-1241983514 tempest-AttachSCSIVolumeTestJSON-1241983514-project-member] Flow 'volume_create_api' (e395f297-8976-4cdb-a16d-c0af8eb7e7b6) transitioned into state 'SUCCESS' from state 'RUNNING' {{(pid=100285) _flow_receiver /opt/stack/data/venv/lib/python3.12/site-packages/taskflow/listeners/logging.py:160}}
Jul 31 05:26:01.007126 np0000006182 devstack@c-api.service[100285]: INFO cinder.volume.api [None req-272b82d1-a197-4b16-b03e-a2f1f6c8e2ad tempest-AttachSCSIVolumeTestJSON-1241983514 tempest-AttachSCSIVolumeTestJSON-1241983514-project-member] Create volume request issued successfully.
Jul 31 05:26:01.007480 np0000006182 devstack@c-api.service[100285]: INFO cinder.api.openstack.wsgi [None req-272b82d1-a197-4b16-b03e-a2f1f6c8e2ad tempest-AttachSCSIVolumeTestJSON-1241983514 tempest-AttachSCSIVolumeTestJSON-1241983514-project-member] https://10.4.3.227/volume/v3/volumes returned with HTTP 202
Jul 31 05:26:01.007972 np0000006182 devstack@c-api.service[100285]: [pid: 100285|app: 0|req: 30/120] 10.4.3.227 () {68 vars in 1258 bytes} [Fri Jul 31 05:26:00 2026] POST /volume/v3/volumes => generated 754 bytes in 266 msecs (HTTP/1.1 202) 7 headers in 291 bytes (1 switches on core 0)
Jul 31 05:26:01.025168 np0000006182 devstack@c-api.service[100286]: DEBUG cinder.api.middleware.request_id [None req-6fd9a0cb-ae01-43c1-9d6f-7a758ff54243 None None] RequestId filter calling following filter/app {{(pid=100286) _context_setter /opt/stack/cinder/cinder/api/middleware/request_id.py:62}}
Jul 31 05:26:01.028617 np0000006182 devstack@c-api.service[100286]: INFO cinder.api.openstack.wsgi [None req-6fd9a0cb-ae01-43c1-9d6f-7a758ff54243 tempest-AttachSCSIVolumeTestJSON-1241983514 tempest-AttachSCSIVolumeTestJSON-1241983514-project-member] GET https://10.4.3.227/volume/v3/volumes/8909e2de-b7d0-4e04-8416-90ca1f1fdf13
Jul 31 05:26:01.028937 np0000006182 devstack@c-api.service[100286]: DEBUG cinder.api.openstack.wsgi [None req-6fd9a0cb-ae01-43c1-9d6f-7a758ff54243 tempest-AttachSCSIVolumeTestJSON-1241983514 tempest-AttachSCSIVolumeTestJSON-1241983514-project-member] Empty body provided in request {{(pid=100286) get_body /opt/stack/cinder/cinder/api/openstack/wsgi.py:725}}
Jul 31 05:26:01.029230 np0000006182 devstack@c-api.service[100286]: DEBUG cinder.api.openstack.wsgi [None req-6fd9a0cb-ae01-43c1-9d6f-7a758ff54243 tempest-AttachSCSIVolumeTestJSON-1241983514 tempest-AttachSCSIVolumeTestJSON-1241983514-project-member] Calling method 'show' {{(pid=100286) _process_stack /opt/stack/cinder/cinder/api/openstack/wsgi.py:878}}
Jul 31 05:26:01.042137 np0000006182 devstack@c-api.service[100286]: /opt/stack/data/venv/lib/python3.12/site-packages/oslo_context/context.py:102: DeprecationWarning: Policy enforcement is depending on the value of is_admin. This key is deprecated. Please update your policy file to use the standard policy values.
Jul 31 05:26:01.042137 np0000006182 devstack@c-api.service[100286]: warnings.warn(
Jul 31 05:26:01.046383 np0000006182 devstack@c-api.service[100286]: INFO cinder.volume.api [None req-6fd9a0cb-ae01-43c1-9d6f-7a758ff54243 tempest-AttachSCSIVolumeTestJSON-1241983514 tempest-AttachSCSIVolumeTestJSON-1241983514-project-member] Volume info retrieved successfully.
Jul 31 05:26:01.053158 np0000006182 devstack@c-api.service[100286]: INFO cinder.api.openstack.wsgi [None req-6fd9a0cb-ae01-43c1-9d6f-7a758ff54243 tempest-AttachSCSIVolumeTestJSON-1241983514 tempest-AttachSCSIVolumeTestJSON-1241983514-project-member] https://10.4.3.227/volume/v3/volumes/8909e2de-b7d0-4e04-8416-90ca1f1fdf13 returned with HTTP 200
Jul 31 05:26:01.053686 np0000006182 devstack@c-api.service[100286]: [pid: 100286|app: 0|req: 30/121] 10.4.3.227 () {66 vars in 1348 bytes} [Fri Jul 31 05:26:01 2026] GET /volume/v3/volumes/8909e2de-b7d0-4e04-8416-90ca1f1fdf13 => generated 822 bytes in 29 msecs (HTTP/1.1 200) 7 headers in 285 bytes (1 switches on core 0)
Jul 31 05:26:01.176303 np0000006182 devstack@c-api.service[100283]: DEBUG cinder.api.middleware.request_id [req-5c2dc72f-e37d-41b5-ba5e-1a0e482696df req-7d0689c1-72f3-4259-8aea-a423705ff8cc None None] RequestId filter calling following filter/app {{(pid=100283) _context_setter /opt/stack/cinder/cinder/api/middleware/request_id.py:62}}
Jul 31 05:26:01.179878 np0000006182 devstack@c-api.service[100283]: INFO cinder.api.openstack.wsgi [req-5c2dc72f-e37d-41b5-ba5e-1a0e482696df req-7d0689c1-72f3-4259-8aea-a423705ff8cc tempest-VolumesAssistedSnapshotsTest-921056643 tempest-VolumesAssistedSnapshotsTest-921056643-project-admin] GET https://10.4.3.227/volume/v3/volumes/256622cd-4be8-461d-b719-36ef81913020
Jul 31 05:26:01.180457 np0000006182 devstack@c-api.service[100283]: DEBUG cinder.api.openstack.wsgi [req-5c2dc72f-e37d-41b5-ba5e-1a0e482696df req-7d0689c1-72f3-4259-8aea-a423705ff8cc tempest-VolumesAssistedSnapshotsTest-921056643 tempest-VolumesAssistedSnapshotsTest-921056643-project-admin] Empty body provided in request {{(pid=100283) get_body /opt/stack/cinder/cinder/api/openstack/wsgi.py:725}}
Jul 31 05:26:01.180932 np0000006182 devstack@c-api.service[100283]: DEBUG cinder.api.openstack.wsgi [req-5c2dc72f-e37d-41b5-ba5e-1a0e482696df req-7d0689c1-72f3-4259-8aea-a423705ff8cc tempest-VolumesAssistedSnapshotsTest-921056643 tempest-VolumesAssistedSnapshotsTest-921056643-project-admin] Calling method 'show' {{(pid=100283) _process_stack /opt/stack/cinder/cinder/api/openstack/wsgi.py:878}}
Jul 31 05:26:01.191067 np0000006182 devstack@c-api.service[100283]: /opt/stack/data/venv/lib/python3.12/site-packages/oslo_context/context.py:102: DeprecationWarning: Policy enforcement is depending on the value of is_admin. This key is deprecated. Please update your policy file to use the standard policy values.
Jul 31 05:26:01.191067 np0000006182 devstack@c-api.service[100283]: warnings.warn(
Jul 31 05:26:01.197770 np0000006182 devstack@c-api.service[100283]: INFO cinder.volume.api [req-5c2dc72f-e37d-41b5-ba5e-1a0e482696df req-7d0689c1-72f3-4259-8aea-a423705ff8cc tempest-VolumesAssistedSnapshotsTest-921056643 tempest-VolumesAssistedSnapshotsTest-921056643-project-admin] Volume info retrieved successfully.
Jul 31 05:26:01.203506 np0000006182 devstack@c-api.service[100283]: INFO cinder.api.openstack.wsgi [req-5c2dc72f-e37d-41b5-ba5e-1a0e482696df req-7d0689c1-72f3-4259-8aea-a423705ff8cc tempest-VolumesAssistedSnapshotsTest-921056643 tempest-VolumesAssistedSnapshotsTest-921056643-project-admin] https://10.4.3.227/volume/v3/volumes/256622cd-4be8-461d-b719-36ef81913020 returned with HTTP 200
Jul 31 05:26:01.204207 np0000006182 devstack@c-api.service[100283]: [pid: 100283|app: 0|req: 31/122] 10.4.3.227 () {68 vars in 1598 bytes} [Fri Jul 31 05:26:01 2026] GET /volume/v3/volumes/256622cd-4be8-461d-b719-36ef81913020 => generated 1025 bytes in 28 msecs (HTTP/1.1 200) 7 headers in 286 bytes (1 switches on core 0)
Jul 31 05:26:01.594480 np0000006182 devstack@c-api.service[100284]: DEBUG cinder.api.middleware.request_id [req-f9f90920-674e-4423-96e4-40fac312a5f4 req-065c4483-5fb7-4eb7-9409-422899bfdd9d None None] RequestId filter calling following filter/app {{(pid=100284) _context_setter /opt/stack/cinder/cinder/api/middleware/request_id.py:62}}
Jul 31 05:26:01.605411 np0000006182 devstack@c-api.service[100284]: INFO cinder.api.openstack.wsgi [req-f9f90920-674e-4423-96e4-40fac312a5f4 req-065c4483-5fb7-4eb7-9409-422899bfdd9d tempest-ServerActionsTestOtherB-529072107 tempest-ServerActionsTestOtherB-529072107-project-member] PUT https://10.4.3.227/volume/v3/attachments/500e5936-1d65-43e2-a98d-6dc3cdcc39d5
Jul 31 05:26:01.605411 np0000006182 devstack@c-api.service[100284]: DEBUG cinder.api.openstack.wsgi [req-f9f90920-674e-4423-96e4-40fac312a5f4 req-065c4483-5fb7-4eb7-9409-422899bfdd9d tempest-ServerActionsTestOtherB-529072107 tempest-ServerActionsTestOtherB-529072107-project-member] Action: 'update', calling method: version_select, body: {"attachment": {"connector": {"platform": "x86_64", "os_type": "linux", "ip": "10.4.3.227", "host": "np0000006182", "multipath": true, "enforce_multipath": true, "initiator": "iqn.2016-04.com.open-iscsi:35af52244b97", "do_local_attach": false, "uuid": "8515de1c-ba7e-467b-adde-6d9f8a8dbc1f", "system uuid": "c0d6b086-18ba-41e5-b261-1362c16bc26a", "nvme_native_multipath": false, "mountpoint": "/dev/vdb"}}} {{(pid=100284) _process_stack /opt/stack/cinder/cinder/api/openstack/wsgi.py:876}}
Jul 31 05:26:01.607736 np0000006182 devstack@c-api.service[100285]: DEBUG cinder.api.middleware.request_id [None req-e945bf4b-bbb3-4c49-baf8-ae2394709632 None None] RequestId filter calling following filter/app {{(pid=100285) _context_setter /opt/stack/cinder/cinder/api/middleware/request_id.py:62}}
Jul 31 05:26:01.608057 np0000006182 devstack@c-api.service[100286]: DEBUG cinder.api.middleware.request_id [None req-434813f4-d809-4294-990e-e6696e5373b5 None None] RequestId filter calling following filter/app {{(pid=100286) _context_setter /opt/stack/cinder/cinder/api/middleware/request_id.py:62}}
Jul 31 05:26:01.612027 np0000006182 devstack@c-api.service[100285]: INFO cinder.api.openstack.wsgi [None req-e945bf4b-bbb3-4c49-baf8-ae2394709632 tempest-ServerActionsTestOtherB-529072107 tempest-ServerActionsTestOtherB-529072107-project-member] GET https://10.4.3.227/volume/v3/volumes/40bc395c-5241-4680-9a8c-cdddbcd47c1f
Jul 31 05:26:01.615120 np0000006182 devstack@c-api.service[100285]: DEBUG cinder.api.openstack.wsgi [None req-e945bf4b-bbb3-4c49-baf8-ae2394709632 tempest-ServerActionsTestOtherB-529072107 tempest-ServerActionsTestOtherB-529072107-project-member] Empty body provided in request {{(pid=100285) get_body /opt/stack/cinder/cinder/api/openstack/wsgi.py:725}}
Jul 31 05:26:01.615120 np0000006182 devstack@c-api.service[100285]: DEBUG cinder.api.openstack.wsgi [None req-e945bf4b-bbb3-4c49-baf8-ae2394709632 tempest-ServerActionsTestOtherB-529072107 tempest-ServerActionsTestOtherB-529072107-project-member] Calling method 'show' {{(pid=100285) _process_stack /opt/stack/cinder/cinder/api/openstack/wsgi.py:878}}
Jul 31 05:26:01.615638 np0000006182 devstack@c-api.service[100286]: INFO cinder.api.openstack.wsgi [None req-434813f4-d809-4294-990e-e6696e5373b5 tempest-ServerActionsV293TestJSON-1978752980 tempest-ServerActionsV293TestJSON-1978752980-project-member] GET https://10.4.3.227/volume/v3/volumes/6f8f72fd-ac28-4324-b95b-6e5a8c000746
Jul 31 05:26:01.615638 np0000006182 devstack@c-api.service[100286]: DEBUG cinder.api.openstack.wsgi [None req-434813f4-d809-4294-990e-e6696e5373b5 tempest-ServerActionsV293TestJSON-1978752980 tempest-ServerActionsV293TestJSON-1978752980-project-member] Empty body provided in request {{(pid=100286) get_body /opt/stack/cinder/cinder/api/openstack/wsgi.py:725}}
Jul 31 05:26:01.615638 np0000006182 devstack@c-api.service[100286]: DEBUG cinder.api.openstack.wsgi [None req-434813f4-d809-4294-990e-e6696e5373b5 tempest-ServerActionsV293TestJSON-1978752980 tempest-ServerActionsV293TestJSON-1978752980-project-member] Calling method 'show' {{(pid=100286) _process_stack /opt/stack/cinder/cinder/api/openstack/wsgi.py:878}}
Jul 31 05:26:01.628304 np0000006182 devstack@c-api.service[100286]: /opt/stack/data/venv/lib/python3.12/site-packages/oslo_context/context.py:102: DeprecationWarning: Policy enforcement is depending on the value of is_admin. This key is deprecated. Please update your policy file to use the standard policy values.
Jul 31 05:26:01.628304 np0000006182 devstack@c-api.service[100286]: warnings.warn(
Jul 31 05:26:01.633363 np0000006182 devstack@c-api.service[100284]: /opt/stack/cinder/cinder/db/api.py:2468: SAWarning: SELECT statement has a cartesian product between FROM element(s) "volumes" and FROM element "volumes_1". Apply join condition(s) between each element to resolve.
Jul 31 05:26:01.633363 np0000006182 devstack@c-api.service[100284]: .first()
Jul 31 05:26:01.636507 np0000006182 devstack@c-api.service[100283]: DEBUG cinder.api.middleware.request_id [None req-92328b3d-4143-4504-93a1-64635b3a3519 None None] RequestId filter calling following filter/app {{(pid=100283) _context_setter /opt/stack/cinder/cinder/api/middleware/request_id.py:62}}
Jul 31 05:26:01.637611 np0000006182 devstack@c-api.service[100286]: INFO cinder.volume.api [None req-434813f4-d809-4294-990e-e6696e5373b5 tempest-ServerActionsV293TestJSON-1978752980 tempest-ServerActionsV293TestJSON-1978752980-project-member] Volume info retrieved successfully.
Jul 31 05:26:01.639405 np0000006182 devstack@c-api.service[100285]: /opt/stack/data/venv/lib/python3.12/site-packages/oslo_context/context.py:102: DeprecationWarning: Policy enforcement is depending on the value of is_admin. This key is deprecated. Please update your policy file to use the standard policy values.
Jul 31 05:26:01.639405 np0000006182 devstack@c-api.service[100285]: warnings.warn(
Jul 31 05:26:01.639550 np0000006182 devstack@c-api.service[100283]: INFO cinder.api.openstack.wsgi [None req-92328b3d-4143-4504-93a1-64635b3a3519 tempest-ImageDependencyTests-251718539 tempest-ImageDependencyTests-251718539-project-member] GET https://10.4.3.227/volume/v3/volumes/f31eb998-e085-4cfc-a163-42f8b6a3df0b
Jul 31 05:26:01.641867 np0000006182 devstack@c-api.service[100283]: DEBUG cinder.api.openstack.wsgi [None req-92328b3d-4143-4504-93a1-64635b3a3519 tempest-ImageDependencyTests-251718539 tempest-ImageDependencyTests-251718539-project-member] Empty body provided in request {{(pid=100283) get_body /opt/stack/cinder/cinder/api/openstack/wsgi.py:725}}
Jul 31 05:26:01.641867 np0000006182 devstack@c-api.service[100283]: DEBUG cinder.api.openstack.wsgi [None req-92328b3d-4143-4504-93a1-64635b3a3519 tempest-ImageDependencyTests-251718539 tempest-ImageDependencyTests-251718539-project-member] Calling method 'show' {{(pid=100283) _process_stack /opt/stack/cinder/cinder/api/openstack/wsgi.py:878}}
Jul 31 05:26:01.643077 np0000006182 devstack@c-api.service[100286]: INFO cinder.api.openstack.wsgi [None req-434813f4-d809-4294-990e-e6696e5373b5 tempest-ServerActionsV293TestJSON-1978752980 tempest-ServerActionsV293TestJSON-1978752980-project-member] https://10.4.3.227/volume/v3/volumes/6f8f72fd-ac28-4324-b95b-6e5a8c000746 returned with HTTP 200
Jul 31 05:26:01.643920 np0000006182 devstack@c-api.service[100286]: [pid: 100286|app: 0|req: 31/123] 10.4.3.227 () {68 vars in 1389 bytes} [Fri Jul 31 05:26:01 2026] GET /volume/v3/volumes/6f8f72fd-ac28-4324-b95b-6e5a8c000746 => generated 1052 bytes in 36 msecs (HTTP/1.1 200) 7 headers in 287 bytes (1 switches on core 0)
Jul 31 05:26:01.649444 np0000006182 devstack@c-api.service[100285]: INFO cinder.volume.api [None req-e945bf4b-bbb3-4c49-baf8-ae2394709632 tempest-ServerActionsTestOtherB-529072107 tempest-ServerActionsTestOtherB-529072107-project-member] Volume info retrieved successfully.
Jul 31 05:26:01.649635 np0000006182 devstack@c-api.service[100284]: DEBUG cinder.coordination [req-f9f90920-674e-4423-96e4-40fac312a5f4 req-065c4483-5fb7-4eb7-9409-422899bfdd9d tempest-ServerActionsTestOtherB-529072107 tempest-ServerActionsTestOtherB-529072107-project-member] Acquiring lock "cinder-attachment_update-40bc395c-5241-4680-9a8c-cdddbcd47c1f-np0000006182" by "attachment_update" {{(pid=100284) __acquire /opt/stack/cinder/cinder/coordination.py:138}}
Jul 31 05:26:01.650883 np0000006182 devstack@c-api.service[100283]: /opt/stack/data/venv/lib/python3.12/site-packages/oslo_context/context.py:102: DeprecationWarning: Policy enforcement is depending on the value of is_admin. This key is deprecated. Please update your policy file to use the standard policy values.
Jul 31 05:26:01.650883 np0000006182 devstack@c-api.service[100283]: warnings.warn(
Jul 31 05:26:01.657420 np0000006182 devstack@c-api.service[100284]: DEBUG cinder.coordination [req-f9f90920-674e-4423-96e4-40fac312a5f4 req-065c4483-5fb7-4eb7-9409-422899bfdd9d tempest-ServerActionsTestOtherB-529072107 tempest-ServerActionsTestOtherB-529072107-project-member] Lock "cinder-attachment_update-40bc395c-5241-4680-9a8c-cdddbcd47c1f-np0000006182" acquired by "attachment_update" :: waited 0.006s {{(pid=100284) __acquire /opt/stack/cinder/cinder/coordination.py:141}}
Jul 31 05:26:01.657796 np0000006182 devstack@c-api.service[100285]: INFO cinder.api.openstack.wsgi [None req-e945bf4b-bbb3-4c49-baf8-ae2394709632 tempest-ServerActionsTestOtherB-529072107 tempest-ServerActionsTestOtherB-529072107-project-member] https://10.4.3.227/volume/v3/volumes/40bc395c-5241-4680-9a8c-cdddbcd47c1f returned with HTTP 200
Jul 31 05:26:01.657796 np0000006182 devstack@c-api.service[100285]: [pid: 100285|app: 0|req: 31/124] 10.4.3.227 () {66 vars in 1348 bytes} [Fri Jul 31 05:26:01 2026] GET /volume/v3/volumes/40bc395c-5241-4680-9a8c-cdddbcd47c1f => generated 846 bytes in 50 msecs (HTTP/1.1 200) 7 headers in 285 bytes (1 switches on core 0)
Jul 31 05:26:01.657873 np0000006182 devstack@c-api.service[100284]: /opt/stack/data/venv/lib/python3.12/site-packages/oslo_context/context.py:102: DeprecationWarning: Policy enforcement is depending on the value of is_admin. This key is deprecated. Please update your policy file to use the standard policy values.
Jul 31 05:26:01.657873 np0000006182 devstack@c-api.service[100284]: warnings.warn(
Jul 31 05:26:01.657950 np0000006182 devstack@c-api.service[100283]: INFO cinder.volume.api [None req-92328b3d-4143-4504-93a1-64635b3a3519 tempest-ImageDependencyTests-251718539 tempest-ImageDependencyTests-251718539-project-member] Volume info retrieved successfully.
Jul 31 05:26:01.665993 np0000006182 devstack@c-api.service[100283]: INFO cinder.api.openstack.wsgi [None req-92328b3d-4143-4504-93a1-64635b3a3519 tempest-ImageDependencyTests-251718539 tempest-ImageDependencyTests-251718539-project-member] https://10.4.3.227/volume/v3/volumes/f31eb998-e085-4cfc-a163-42f8b6a3df0b returned with HTTP 200
Jul 31 05:26:01.666573 np0000006182 devstack@c-api.service[100283]: [pid: 100283|app: 0|req: 32/125] 10.4.3.227 () {66 vars in 1348 bytes} [Fri Jul 31 05:26:01 2026] GET /volume/v3/volumes/f31eb998-e085-4cfc-a163-42f8b6a3df0b => generated 906 bytes in 31 msecs (HTTP/1.1 200) 7 headers in 285 bytes (1 switches on core 0)
Jul 31 05:26:01.690382 np0000006182 devstack@c-api.service[100286]: DEBUG cinder.api.middleware.request_id [None req-7f9995a3-a731-4c27-ac8c-8bd0f12a63d1 None None] RequestId filter calling following filter/app {{(pid=100286) _context_setter /opt/stack/cinder/cinder/api/middleware/request_id.py:62}}
Jul 31 05:26:01.690759 np0000006182 devstack@c-api.service[100286]: INFO cinder.api.openstack.wsgi [None req-7f9995a3-a731-4c27-ac8c-8bd0f12a63d1 None None] GET https://10.4.3.227/volume//
Jul 31 05:26:01.691037 np0000006182 devstack@c-api.service[100286]: DEBUG cinder.api.openstack.wsgi [None req-7f9995a3-a731-4c27-ac8c-8bd0f12a63d1 None None] Empty body provided in request {{(pid=100286) get_body /opt/stack/cinder/cinder/api/openstack/wsgi.py:725}}
Jul 31 05:26:01.691339 np0000006182 devstack@c-api.service[100286]: DEBUG cinder.api.openstack.wsgi [None req-7f9995a3-a731-4c27-ac8c-8bd0f12a63d1 None None] Calling method 'all' {{(pid=100286) _process_stack /opt/stack/cinder/cinder/api/openstack/wsgi.py:878}}
Jul 31 05:26:01.691801 np0000006182 devstack@c-api.service[100286]: INFO cinder.api.openstack.wsgi [None req-7f9995a3-a731-4c27-ac8c-8bd0f12a63d1 None None] https://10.4.3.227/volume// returned with HTTP 300
Jul 31 05:26:01.692282 np0000006182 devstack@c-api.service[100286]: [pid: 100286|app: 0|req: 32/126] 10.4.3.227 () {66 vars in 1428 bytes} [Fri Jul 31 05:26:01 2026] GET /volume/ => generated 386 bytes in 3 msecs (HTTP/1.1 300) 7 headers in 299 bytes (1 switches on core 0)
