Jul 31 05:22:28.126565 np0000006182 systemd[1]: Starting devstack@n-api-meta.service - Devstack devstack@n-api-meta.service...
Jul 31 05:22:28.133543 np0000006182 devstack@n-api-meta.service[96034]: [uWSGI] getting INI configuration from /etc/nova/nova-metadata-uwsgi.ini
Jul 31 05:22:28.136582 np0000006182 devstack@n-api-meta.service[96034]: *** Starting uWSGI 2.0.24-debian (64bit) on [Fri Jul 31 05:22:28 2026] ***
Jul 31 05:22:28.136582 np0000006182 devstack@n-api-meta.service[96034]: compiled with version: 13.2.0 on 17 April 2024 16:23:48
Jul 31 05:22:28.136582 np0000006182 devstack@n-api-meta.service[96034]: os: Linux-6.8.0-100-generic #100-Ubuntu SMP PREEMPT_DYNAMIC Tue Jan 13 16:40:06 UTC 2026
Jul 31 05:22:28.136582 np0000006182 devstack@n-api-meta.service[96034]: nodename: np0000006182
Jul 31 05:22:28.136582 np0000006182 devstack@n-api-meta.service[96034]: machine: x86_64
Jul 31 05:22:28.136582 np0000006182 devstack@n-api-meta.service[96034]: clock source: unix
Jul 31 05:22:28.136582 np0000006182 devstack@n-api-meta.service[96034]: pcre jit disabled
Jul 31 05:22:28.136582 np0000006182 devstack@n-api-meta.service[96034]: detected number of CPU cores: 16
Jul 31 05:22:28.136582 np0000006182 devstack@n-api-meta.service[96034]: current working directory: /
Jul 31 05:22:28.136582 np0000006182 devstack@n-api-meta.service[96034]: detected binary path: /usr/bin/uwsgi-core
Jul 31 05:22:28.136582 np0000006182 devstack@n-api-meta.service[96034]: your processes number limit is 257052
Jul 31 05:22:28.136582 np0000006182 devstack@n-api-meta.service[96034]: your memory page size is 4096 bytes
Jul 31 05:22:28.136582 np0000006182 devstack@n-api-meta.service[96034]: detected max file descriptor number: 2048
Jul 31 05:22:28.136582 np0000006182 devstack@n-api-meta.service[96034]: lock engine: pthread robust mutexes
Jul 31 05:22:28.137249 np0000006182 devstack@n-api-meta.service[96034]: thunder lock: enabled
Jul 31 05:22:28.137249 np0000006182 devstack@n-api-meta.service[96034]: uWSGI http bound on 0.0.0.0:8775 fd 5
Jul 31 05:22:28.137249 np0000006182 devstack@n-api-meta.service[96034]: uwsgi socket 0 bound to TCP address 127.0.0.1:43109 (port auto-assigned) fd 4
Jul 31 05:22:28.137249 np0000006182 devstack@n-api-meta.service[96034]: Python version: 3.12.3 (main, Jun 19 2026, 12:46:00) [GCC 13.3.0]
Jul 31 05:22:28.137249 np0000006182 devstack@n-api-meta.service[96034]: PEP 405 virtualenv detected: /opt/stack/data/venv
Jul 31 05:22:28.137249 np0000006182 devstack@n-api-meta.service[96034]: Set PythonHome to /opt/stack/data/venv
Jul 31 05:22:28.186557 np0000006182 devstack@n-api-meta.service[96034]: Python main interpreter initialized at 0x7d19f82a4668
Jul 31 05:22:28.186557 np0000006182 devstack@n-api-meta.service[96034]: python threads support enabled
Jul 31 05:22:28.186557 np0000006182 devstack@n-api-meta.service[96034]: your server socket listen backlog is limited to 100 connections
Jul 31 05:22:28.186557 np0000006182 devstack@n-api-meta.service[96034]: your mercy for graceful operations on workers is 80 seconds
Jul 31 05:22:28.187267 np0000006182 devstack@n-api-meta.service[96034]: mapped 671795 bytes (656 KB) for 4 cores
Jul 31 05:22:28.187479 np0000006182 devstack@n-api-meta.service[96034]: *** Operational MODE: preforking ***
Jul 31 05:22:28.187741 np0000006182 devstack@n-api-meta.service[96034]: *** uWSGI is running in multiple interpreter mode ***
Jul 31 05:22:28.187741 np0000006182 devstack@n-api-meta.service[96034]: spawned uWSGI master process (pid: 96034)
Jul 31 05:22:28.187961 np0000006182 systemd[1]: Started devstack@n-api-meta.service - Devstack devstack@n-api-meta.service.
Jul 31 05:22:28.188685 np0000006182 devstack@n-api-meta.service[96034]: spawned uWSGI worker 1 (pid: 96035, cores: 1)
Jul 31 05:22:28.189258 np0000006182 devstack@n-api-meta.service[96034]: spawned uWSGI worker 2 (pid: 96036, cores: 1)
Jul 31 05:22:28.189801 np0000006182 devstack@n-api-meta.service[96034]: spawned uWSGI worker 3 (pid: 96037, cores: 1)
Jul 31 05:22:28.190416 np0000006182 devstack@n-api-meta.service[96034]: spawned uWSGI worker 4 (pid: 96038, cores: 1)
Jul 31 05:22:28.191005 np0000006182 devstack@n-api-meta.service[96034]: spawned uWSGI http 1 (pid: 96040)
Jul 31 05:22:28.191005 np0000006182 devstack@n-api-meta.service[96034]: running "unix_signal:15 gracefully_kill_them_all" (master-start)...
Jul 31 05:22:30.108550 np0000006182 devstack@n-api-meta.service[96035]: INFO dbcounter [None req-66a703ce-3173-4f9b-9390-7ea118dedaf4 None None] Registered counter for database nova_api
Jul 31 05:22:30.159767 np0000006182 devstack@n-api-meta.service[96035]: DEBUG oslo_db.sqlalchemy.engines [None req-66a703ce-3173-4f9b-9390-7ea118dedaf4 None None] MySQL server mode set to STRICT_TRANS_TABLES,STRICT_ALL_TABLES,NO_ZERO_IN_DATE,NO_ZERO_DATE,ERROR_FOR_DIVISION_BY_ZERO,TRADITIONAL,NO_ENGINE_SUBSTITUTION {{(pid=96035) _check_effective_sql_mode /opt/stack/data/venv/lib/python3.12/site-packages/oslo_db/sqlalchemy/engines.py:325}}
Jul 31 05:22:30.188053 np0000006182 devstack@n-api-meta.service[96037]: INFO dbcounter [None req-8eac25cf-c61a-4c99-b316-e013fd028a1f None None] Registered counter for database nova_api
Jul 31 05:22:30.190789 np0000006182 devstack@n-api-meta.service[96035]: DEBUG dbcounter [-] [96035] Writer thread running {{(pid=96035) stat_writer /opt/stack/data/venv/lib/python3.12/site-packages/dbcounter.py:102}}
Jul 31 05:22:30.193950 np0000006182 devstack@n-api-meta.service[96035]: DEBUG nova.context [None req-66a703ce-3173-4f9b-9390-7ea118dedaf4 None None] Found 2 cells: 00000000-0000-0000-0000-000000000000(cell0),5de7b75e-c0cb-4fd9-852c-a3632e3cebda(cell1) {{(pid=96035) load_cells /opt/stack/nova/nova/context.py:509}}
Jul 31 05:22:30.194228 np0000006182 devstack@n-api-meta.service[96035]: INFO nova.utils [None req-66a703ce-3173-4f9b-9390-7ea118dedaf4 None None] The cell worker thread pool MainProcess.cell_worker is initialized
Jul 31 05:22:30.195931 np0000006182 devstack@n-api-meta.service[96035]: DEBUG oslo_concurrency.lockutils [None req-66a703ce-3173-4f9b-9390-7ea118dedaf4 None None] Acquiring lock "00000000-0000-0000-0000-000000000000" by "nova.context.set_target_cell..get_or_set_cached_cell_and_set_connections" {{(pid=96035) inner /opt/stack/data/venv/lib/python3.12/site-packages/oslo_concurrency/lockutils.py:512}}
Jul 31 05:22:30.196128 np0000006182 devstack@n-api-meta.service[96035]: DEBUG oslo_concurrency.lockutils [None req-66a703ce-3173-4f9b-9390-7ea118dedaf4 None None] Lock "00000000-0000-0000-0000-000000000000" acquired by "nova.context.set_target_cell..get_or_set_cached_cell_and_set_connections" :: waited 0.000s {{(pid=96035) inner /opt/stack/data/venv/lib/python3.12/site-packages/oslo_concurrency/lockutils.py:525}}
Jul 31 05:22:30.196649 np0000006182 devstack@n-api-meta.service[96035]: DEBUG oslo_concurrency.lockutils [None req-66a703ce-3173-4f9b-9390-7ea118dedaf4 None None] Lock "00000000-0000-0000-0000-000000000000" "released" by "nova.context.set_target_cell..get_or_set_cached_cell_and_set_connections" :: held 0.000s {{(pid=96035) inner /opt/stack/data/venv/lib/python3.12/site-packages/oslo_concurrency/lockutils.py:544}}
Jul 31 05:22:30.197420 np0000006182 devstack@n-api-meta.service[96038]: INFO dbcounter [None req-46fe51eb-7a17-4472-980f-a6911bab1e87 None None] Registered counter for database nova_api
Jul 31 05:22:30.197830 np0000006182 devstack@n-api-meta.service[96035]: DEBUG oslo_concurrency.lockutils [None req-66a703ce-3173-4f9b-9390-7ea118dedaf4 None None] Acquiring lock "5de7b75e-c0cb-4fd9-852c-a3632e3cebda" by "nova.context.set_target_cell..get_or_set_cached_cell_and_set_connections" {{(pid=96035) inner /opt/stack/data/venv/lib/python3.12/site-packages/oslo_concurrency/lockutils.py:512}}
Jul 31 05:22:30.197830 np0000006182 devstack@n-api-meta.service[96035]: DEBUG oslo_concurrency.lockutils [None req-66a703ce-3173-4f9b-9390-7ea118dedaf4 None None] Lock "5de7b75e-c0cb-4fd9-852c-a3632e3cebda" acquired by "nova.context.set_target_cell..get_or_set_cached_cell_and_set_connections" :: waited 0.000s {{(pid=96035) inner /opt/stack/data/venv/lib/python3.12/site-packages/oslo_concurrency/lockutils.py:525}}
Jul 31 05:22:30.198824 np0000006182 devstack@n-api-meta.service[96035]: DEBUG oslo_concurrency.lockutils [None req-66a703ce-3173-4f9b-9390-7ea118dedaf4 None None] Lock "5de7b75e-c0cb-4fd9-852c-a3632e3cebda" "released" by "nova.context.set_target_cell..get_or_set_cached_cell_and_set_connections" :: held 0.001s {{(pid=96035) inner /opt/stack/data/venv/lib/python3.12/site-packages/oslo_concurrency/lockutils.py:544}}
Jul 31 05:22:30.201405 np0000006182 devstack@n-api-meta.service[96035]: INFO dbcounter [None req-66a703ce-3173-4f9b-9390-7ea118dedaf4 None None] Registered counter for database nova_cell0
Jul 31 05:22:30.203717 np0000006182 devstack@n-api-meta.service[96036]: INFO dbcounter [None req-aa1cb420-b33a-4811-887b-9bf6ea0f8c1e None None] Registered counter for database nova_api
Jul 31 05:22:30.204652 np0000006182 devstack@n-api-meta.service[96035]: INFO dbcounter [None req-66a703ce-3173-4f9b-9390-7ea118dedaf4 None None] Registered counter for database nova_cell1
Jul 31 05:22:30.249724 np0000006182 devstack@n-api-meta.service[96035]: DEBUG oslo_db.sqlalchemy.engines [None req-66a703ce-3173-4f9b-9390-7ea118dedaf4 None None] MySQL server mode set to STRICT_TRANS_TABLES,STRICT_ALL_TABLES,NO_ZERO_IN_DATE,NO_ZERO_DATE,ERROR_FOR_DIVISION_BY_ZERO,TRADITIONAL,NO_ENGINE_SUBSTITUTION {{(pid=96035) _check_effective_sql_mode /opt/stack/data/venv/lib/python3.12/site-packages/oslo_db/sqlalchemy/engines.py:325}}
Jul 31 05:22:30.253889 np0000006182 devstack@n-api-meta.service[96037]: DEBUG oslo_db.sqlalchemy.engines [None req-8eac25cf-c61a-4c99-b316-e013fd028a1f None None] MySQL server mode set to STRICT_TRANS_TABLES,STRICT_ALL_TABLES,NO_ZERO_IN_DATE,NO_ZERO_DATE,ERROR_FOR_DIVISION_BY_ZERO,TRADITIONAL,NO_ENGINE_SUBSTITUTION {{(pid=96037) _check_effective_sql_mode /opt/stack/data/venv/lib/python3.12/site-packages/oslo_db/sqlalchemy/engines.py:325}}
Jul 31 05:22:30.258196 np0000006182 devstack@n-api-meta.service[96036]: DEBUG oslo_db.sqlalchemy.engines [None req-aa1cb420-b33a-4811-887b-9bf6ea0f8c1e None None] MySQL server mode set to STRICT_TRANS_TABLES,STRICT_ALL_TABLES,NO_ZERO_IN_DATE,NO_ZERO_DATE,ERROR_FOR_DIVISION_BY_ZERO,TRADITIONAL,NO_ENGINE_SUBSTITUTION {{(pid=96036) _check_effective_sql_mode /opt/stack/data/venv/lib/python3.12/site-packages/oslo_db/sqlalchemy/engines.py:325}}
Jul 31 05:22:30.260840 np0000006182 devstack@n-api-meta.service[96038]: DEBUG oslo_db.sqlalchemy.engines [None req-46fe51eb-7a17-4472-980f-a6911bab1e87 None None] MySQL server mode set to STRICT_TRANS_TABLES,STRICT_ALL_TABLES,NO_ZERO_IN_DATE,NO_ZERO_DATE,ERROR_FOR_DIVISION_BY_ZERO,TRADITIONAL,NO_ENGINE_SUBSTITUTION {{(pid=96038) _check_effective_sql_mode /opt/stack/data/venv/lib/python3.12/site-packages/oslo_db/sqlalchemy/engines.py:325}}
Jul 31 05:22:30.286784 np0000006182 devstack@n-api-meta.service[96037]: DEBUG dbcounter [-] [96037] Writer thread running {{(pid=96037) stat_writer /opt/stack/data/venv/lib/python3.12/site-packages/dbcounter.py:102}}
Jul 31 05:22:30.289933 np0000006182 devstack@n-api-meta.service[96037]: DEBUG nova.context [None req-8eac25cf-c61a-4c99-b316-e013fd028a1f None None] Found 2 cells: 00000000-0000-0000-0000-000000000000(cell0),5de7b75e-c0cb-4fd9-852c-a3632e3cebda(cell1) {{(pid=96037) load_cells /opt/stack/nova/nova/context.py:509}}
Jul 31 05:22:30.290204 np0000006182 devstack@n-api-meta.service[96037]: INFO nova.utils [None req-8eac25cf-c61a-4c99-b316-e013fd028a1f None None] The cell worker thread pool MainProcess.cell_worker is initialized
Jul 31 05:22:30.292157 np0000006182 devstack@n-api-meta.service[96037]: DEBUG oslo_concurrency.lockutils [None req-8eac25cf-c61a-4c99-b316-e013fd028a1f None None] Acquiring lock "00000000-0000-0000-0000-000000000000" by "nova.context.set_target_cell..get_or_set_cached_cell_and_set_connections" {{(pid=96037) inner /opt/stack/data/venv/lib/python3.12/site-packages/oslo_concurrency/lockutils.py:512}}
Jul 31 05:22:30.292433 np0000006182 devstack@n-api-meta.service[96037]: DEBUG oslo_concurrency.lockutils [None req-8eac25cf-c61a-4c99-b316-e013fd028a1f None None] Lock "00000000-0000-0000-0000-000000000000" acquired by "nova.context.set_target_cell..get_or_set_cached_cell_and_set_connections" :: waited 0.000s {{(pid=96037) inner /opt/stack/data/venv/lib/python3.12/site-packages/oslo_concurrency/lockutils.py:525}}
Jul 31 05:22:30.292968 np0000006182 devstack@n-api-meta.service[96037]: DEBUG oslo_concurrency.lockutils [None req-8eac25cf-c61a-4c99-b316-e013fd028a1f None None] Lock "00000000-0000-0000-0000-000000000000" "released" by "nova.context.set_target_cell..get_or_set_cached_cell_and_set_connections" :: held 0.001s {{(pid=96037) inner /opt/stack/data/venv/lib/python3.12/site-packages/oslo_concurrency/lockutils.py:544}}
Jul 31 05:22:30.293699 np0000006182 devstack@n-api-meta.service[96038]: DEBUG dbcounter [-] [96038] Writer thread running {{(pid=96038) stat_writer /opt/stack/data/venv/lib/python3.12/site-packages/dbcounter.py:102}}
Jul 31 05:22:30.293891 np0000006182 devstack@n-api-meta.service[96037]: DEBUG oslo_concurrency.lockutils [None req-8eac25cf-c61a-4c99-b316-e013fd028a1f None None] Acquiring lock "5de7b75e-c0cb-4fd9-852c-a3632e3cebda" by "nova.context.set_target_cell..get_or_set_cached_cell_and_set_connections" {{(pid=96037) inner /opt/stack/data/venv/lib/python3.12/site-packages/oslo_concurrency/lockutils.py:512}}
Jul 31 05:22:30.294132 np0000006182 devstack@n-api-meta.service[96037]: DEBUG oslo_concurrency.lockutils [None req-8eac25cf-c61a-4c99-b316-e013fd028a1f None None] Lock "5de7b75e-c0cb-4fd9-852c-a3632e3cebda" acquired by "nova.context.set_target_cell..get_or_set_cached_cell_and_set_connections" :: waited 0.000s {{(pid=96037) inner /opt/stack/data/venv/lib/python3.12/site-packages/oslo_concurrency/lockutils.py:525}}
Jul 31 05:22:30.297569 np0000006182 devstack@n-api-meta.service[96037]: INFO dbcounter [None req-8eac25cf-c61a-4c99-b316-e013fd028a1f None None] Registered counter for database nova_cell0
Jul 31 05:22:30.299429 np0000006182 devstack@n-api-meta.service[96037]: DEBUG oslo_concurrency.lockutils [None req-8eac25cf-c61a-4c99-b316-e013fd028a1f None None] Lock "5de7b75e-c0cb-4fd9-852c-a3632e3cebda" "released" by "nova.context.set_target_cell..get_or_set_cached_cell_and_set_connections" :: held 0.003s {{(pid=96037) inner /opt/stack/data/venv/lib/python3.12/site-packages/oslo_concurrency/lockutils.py:544}}
Jul 31 05:22:30.299597 np0000006182 devstack@n-api-meta.service[96038]: DEBUG nova.context [None req-46fe51eb-7a17-4472-980f-a6911bab1e87 None None] Found 2 cells: 00000000-0000-0000-0000-000000000000(cell0),5de7b75e-c0cb-4fd9-852c-a3632e3cebda(cell1) {{(pid=96038) load_cells /opt/stack/nova/nova/context.py:509}}
Jul 31 05:22:30.299818 np0000006182 devstack@n-api-meta.service[96038]: INFO nova.utils [None req-46fe51eb-7a17-4472-980f-a6911bab1e87 None None] The cell worker thread pool MainProcess.cell_worker is initialized
Jul 31 05:22:30.302087 np0000006182 devstack@n-api-meta.service[96038]: DEBUG oslo_concurrency.lockutils [None req-46fe51eb-7a17-4472-980f-a6911bab1e87 None None] Acquiring lock "00000000-0000-0000-0000-000000000000" by "nova.context.set_target_cell..get_or_set_cached_cell_and_set_connections" {{(pid=96038) inner /opt/stack/data/venv/lib/python3.12/site-packages/oslo_concurrency/lockutils.py:512}}
Jul 31 05:22:30.302348 np0000006182 devstack@n-api-meta.service[96038]: DEBUG oslo_concurrency.lockutils [None req-46fe51eb-7a17-4472-980f-a6911bab1e87 None None] Lock "00000000-0000-0000-0000-000000000000" acquired by "nova.context.set_target_cell..get_or_set_cached_cell_and_set_connections" :: waited 0.000s {{(pid=96038) inner /opt/stack/data/venv/lib/python3.12/site-packages/oslo_concurrency/lockutils.py:525}}
Jul 31 05:22:30.302409 np0000006182 devstack@n-api-meta.service[96037]: INFO dbcounter [None req-8eac25cf-c61a-4c99-b316-e013fd028a1f None None] Registered counter for database nova_cell1
Jul 31 05:22:30.302805 np0000006182 devstack@n-api-meta.service[96038]: DEBUG oslo_concurrency.lockutils [None req-46fe51eb-7a17-4472-980f-a6911bab1e87 None None] Lock "00000000-0000-0000-0000-000000000000" "released" by "nova.context.set_target_cell..get_or_set_cached_cell_and_set_connections" :: held 0.000s {{(pid=96038) inner /opt/stack/data/venv/lib/python3.12/site-packages/oslo_concurrency/lockutils.py:544}}
Jul 31 05:22:30.303617 np0000006182 devstack@n-api-meta.service[96038]: DEBUG oslo_concurrency.lockutils [None req-46fe51eb-7a17-4472-980f-a6911bab1e87 None None] Acquiring lock "5de7b75e-c0cb-4fd9-852c-a3632e3cebda" by "nova.context.set_target_cell..get_or_set_cached_cell_and_set_connections" {{(pid=96038) inner /opt/stack/data/venv/lib/python3.12/site-packages/oslo_concurrency/lockutils.py:512}}
Jul 31 05:22:30.303775 np0000006182 devstack@n-api-meta.service[96038]: DEBUG oslo_concurrency.lockutils [None req-46fe51eb-7a17-4472-980f-a6911bab1e87 None None] Lock "5de7b75e-c0cb-4fd9-852c-a3632e3cebda" acquired by "nova.context.set_target_cell..get_or_set_cached_cell_and_set_connections" :: waited 0.000s {{(pid=96038) inner /opt/stack/data/venv/lib/python3.12/site-packages/oslo_concurrency/lockutils.py:525}}
Jul 31 05:22:30.304881 np0000006182 devstack@n-api-meta.service[96038]: DEBUG oslo_concurrency.lockutils [None req-46fe51eb-7a17-4472-980f-a6911bab1e87 None None] Lock "5de7b75e-c0cb-4fd9-852c-a3632e3cebda" "released" by "nova.context.set_target_cell..get_or_set_cached_cell_and_set_connections" :: held 0.001s {{(pid=96038) inner /opt/stack/data/venv/lib/python3.12/site-packages/oslo_concurrency/lockutils.py:544}}
Jul 31 05:22:30.306375 np0000006182 devstack@n-api-meta.service[96036]: DEBUG dbcounter [-] [96036] Writer thread running {{(pid=96036) stat_writer /opt/stack/data/venv/lib/python3.12/site-packages/dbcounter.py:102}}
Jul 31 05:22:30.307613 np0000006182 devstack@n-api-meta.service[96038]: INFO dbcounter [None req-46fe51eb-7a17-4472-980f-a6911bab1e87 None None] Registered counter for database nova_cell0
Jul 31 05:22:30.312124 np0000006182 devstack@n-api-meta.service[96038]: INFO dbcounter [None req-46fe51eb-7a17-4472-980f-a6911bab1e87 None None] Registered counter for database nova_cell1
Jul 31 05:22:30.315126 np0000006182 devstack@n-api-meta.service[96036]: DEBUG nova.context [None req-aa1cb420-b33a-4811-887b-9bf6ea0f8c1e None None] Found 2 cells: 00000000-0000-0000-0000-000000000000(cell0),5de7b75e-c0cb-4fd9-852c-a3632e3cebda(cell1) {{(pid=96036) load_cells /opt/stack/nova/nova/context.py:509}}
Jul 31 05:22:30.315126 np0000006182 devstack@n-api-meta.service[96036]: INFO nova.utils [None req-aa1cb420-b33a-4811-887b-9bf6ea0f8c1e None None] The cell worker thread pool MainProcess.cell_worker is initialized
Jul 31 05:22:30.316280 np0000006182 devstack@n-api-meta.service[96036]: DEBUG oslo_concurrency.lockutils [None req-aa1cb420-b33a-4811-887b-9bf6ea0f8c1e None None] Acquiring lock "00000000-0000-0000-0000-000000000000" by "nova.context.set_target_cell..get_or_set_cached_cell_and_set_connections" {{(pid=96036) inner /opt/stack/data/venv/lib/python3.12/site-packages/oslo_concurrency/lockutils.py:512}}
Jul 31 05:22:30.316509 np0000006182 devstack@n-api-meta.service[96036]: DEBUG oslo_concurrency.lockutils [None req-aa1cb420-b33a-4811-887b-9bf6ea0f8c1e None None] Lock "00000000-0000-0000-0000-000000000000" acquired by "nova.context.set_target_cell..get_or_set_cached_cell_and_set_connections" :: waited 0.000s {{(pid=96036) inner /opt/stack/data/venv/lib/python3.12/site-packages/oslo_concurrency/lockutils.py:525}}
Jul 31 05:22:30.316926 np0000006182 devstack@n-api-meta.service[96036]: DEBUG oslo_concurrency.lockutils [None req-aa1cb420-b33a-4811-887b-9bf6ea0f8c1e None None] Lock "00000000-0000-0000-0000-000000000000" "released" by "nova.context.set_target_cell..get_or_set_cached_cell_and_set_connections" :: held 0.000s {{(pid=96036) inner /opt/stack/data/venv/lib/python3.12/site-packages/oslo_concurrency/lockutils.py:544}}
Jul 31 05:22:30.317623 np0000006182 devstack@n-api-meta.service[96036]: DEBUG oslo_concurrency.lockutils [None req-aa1cb420-b33a-4811-887b-9bf6ea0f8c1e None None] Acquiring lock "5de7b75e-c0cb-4fd9-852c-a3632e3cebda" by "nova.context.set_target_cell..get_or_set_cached_cell_and_set_connections" {{(pid=96036) inner /opt/stack/data/venv/lib/python3.12/site-packages/oslo_concurrency/lockutils.py:512}}
Jul 31 05:22:30.317797 np0000006182 devstack@n-api-meta.service[96036]: DEBUG oslo_concurrency.lockutils [None req-aa1cb420-b33a-4811-887b-9bf6ea0f8c1e None None] Lock "5de7b75e-c0cb-4fd9-852c-a3632e3cebda" acquired by "nova.context.set_target_cell..get_or_set_cached_cell_and_set_connections" :: waited 0.000s {{(pid=96036) inner /opt/stack/data/venv/lib/python3.12/site-packages/oslo_concurrency/lockutils.py:525}}
Jul 31 05:22:30.320446 np0000006182 devstack@n-api-meta.service[96036]: INFO dbcounter [None req-aa1cb420-b33a-4811-887b-9bf6ea0f8c1e None None] Registered counter for database nova_cell0
Jul 31 05:22:30.321485 np0000006182 devstack@n-api-meta.service[96035]: DEBUG oslo_db.sqlalchemy.engines [None req-66a703ce-3173-4f9b-9390-7ea118dedaf4 None None] MySQL server mode set to STRICT_TRANS_TABLES,STRICT_ALL_TABLES,NO_ZERO_IN_DATE,NO_ZERO_DATE,ERROR_FOR_DIVISION_BY_ZERO,TRADITIONAL,NO_ENGINE_SUBSTITUTION {{(pid=96035) _check_effective_sql_mode /opt/stack/data/venv/lib/python3.12/site-packages/oslo_db/sqlalchemy/engines.py:325}}
Jul 31 05:22:30.322257 np0000006182 devstack@n-api-meta.service[96036]: DEBUG oslo_concurrency.lockutils [None req-aa1cb420-b33a-4811-887b-9bf6ea0f8c1e None None] Lock "5de7b75e-c0cb-4fd9-852c-a3632e3cebda" "released" by "nova.context.set_target_cell..get_or_set_cached_cell_and_set_connections" :: held 0.002s {{(pid=96036) inner /opt/stack/data/venv/lib/python3.12/site-packages/oslo_concurrency/lockutils.py:544}}
Jul 31 05:22:30.324548 np0000006182 devstack@n-api-meta.service[96036]: INFO dbcounter [None req-aa1cb420-b33a-4811-887b-9bf6ea0f8c1e None None] Registered counter for database nova_cell1
Jul 31 05:22:30.344281 np0000006182 devstack@n-api-meta.service[96035]: DEBUG dbcounter [-] [96035] Writer thread running {{(pid=96035) stat_writer /opt/stack/data/venv/lib/python3.12/site-packages/dbcounter.py:102}}
Jul 31 05:22:30.351753 np0000006182 devstack@n-api-meta.service[96037]: DEBUG oslo_db.sqlalchemy.engines [None req-8eac25cf-c61a-4c99-b316-e013fd028a1f None None] MySQL server mode set to STRICT_TRANS_TABLES,STRICT_ALL_TABLES,NO_ZERO_IN_DATE,NO_ZERO_DATE,ERROR_FOR_DIVISION_BY_ZERO,TRADITIONAL,NO_ENGINE_SUBSTITUTION {{(pid=96037) _check_effective_sql_mode /opt/stack/data/venv/lib/python3.12/site-packages/oslo_db/sqlalchemy/engines.py:325}}
Jul 31 05:22:30.354044 np0000006182 devstack@n-api-meta.service[96035]: DEBUG dbcounter [-] [96035] Writer thread running {{(pid=96035) stat_writer /opt/stack/data/venv/lib/python3.12/site-packages/dbcounter.py:102}}
Jul 31 05:22:30.358408 np0000006182 devstack@n-api-meta.service[96035]: INFO dbcounter [None req-66a703ce-3173-4f9b-9390-7ea118dedaf4 None None] Registered counter for database nova_cell0
Jul 31 05:22:30.372554 np0000006182 devstack@n-api-meta.service[96036]: DEBUG oslo_db.sqlalchemy.engines [None req-aa1cb420-b33a-4811-887b-9bf6ea0f8c1e None None] MySQL server mode set to STRICT_TRANS_TABLES,STRICT_ALL_TABLES,NO_ZERO_IN_DATE,NO_ZERO_DATE,ERROR_FOR_DIVISION_BY_ZERO,TRADITIONAL,NO_ENGINE_SUBSTITUTION {{(pid=96036) _check_effective_sql_mode /opt/stack/data/venv/lib/python3.12/site-packages/oslo_db/sqlalchemy/engines.py:325}}
Jul 31 05:22:30.375223 np0000006182 devstack@n-api-meta.service[96038]: DEBUG oslo_db.sqlalchemy.engines [None req-46fe51eb-7a17-4472-980f-a6911bab1e87 None None] MySQL server mode set to STRICT_TRANS_TABLES,STRICT_ALL_TABLES,NO_ZERO_IN_DATE,NO_ZERO_DATE,ERROR_FOR_DIVISION_BY_ZERO,TRADITIONAL,NO_ENGINE_SUBSTITUTION {{(pid=96038) _check_effective_sql_mode /opt/stack/data/venv/lib/python3.12/site-packages/oslo_db/sqlalchemy/engines.py:325}}
Jul 31 05:22:30.392775 np0000006182 devstack@n-api-meta.service[96035]: DEBUG oslo_db.sqlalchemy.engines [None req-66a703ce-3173-4f9b-9390-7ea118dedaf4 None None] MySQL server mode set to STRICT_TRANS_TABLES,STRICT_ALL_TABLES,NO_ZERO_IN_DATE,NO_ZERO_DATE,ERROR_FOR_DIVISION_BY_ZERO,TRADITIONAL,NO_ENGINE_SUBSTITUTION {{(pid=96035) _check_effective_sql_mode /opt/stack/data/venv/lib/python3.12/site-packages/oslo_db/sqlalchemy/engines.py:325}}
Jul 31 05:22:30.402289 np0000006182 devstack@n-api-meta.service[96035]: DEBUG dbcounter [-] [96035] Writer thread running {{(pid=96035) stat_writer /opt/stack/data/venv/lib/python3.12/site-packages/dbcounter.py:102}}
Jul 31 05:22:30.440042 np0000006182 devstack@n-api-meta.service[96036]: DEBUG oslo_db.sqlalchemy.engines [None req-aa1cb420-b33a-4811-887b-9bf6ea0f8c1e None None] MySQL server mode set to STRICT_TRANS_TABLES,STRICT_ALL_TABLES,NO_ZERO_IN_DATE,NO_ZERO_DATE,ERROR_FOR_DIVISION_BY_ZERO,TRADITIONAL,NO_ENGINE_SUBSTITUTION {{(pid=96036) _check_effective_sql_mode /opt/stack/data/venv/lib/python3.12/site-packages/oslo_db/sqlalchemy/engines.py:325}}
Jul 31 05:22:30.450501 np0000006182 devstack@n-api-meta.service[96038]: DEBUG oslo_db.sqlalchemy.engines [None req-46fe51eb-7a17-4472-980f-a6911bab1e87 None None] MySQL server mode set to STRICT_TRANS_TABLES,STRICT_ALL_TABLES,NO_ZERO_IN_DATE,NO_ZERO_DATE,ERROR_FOR_DIVISION_BY_ZERO,TRADITIONAL,NO_ENGINE_SUBSTITUTION {{(pid=96038) _check_effective_sql_mode /opt/stack/data/venv/lib/python3.12/site-packages/oslo_db/sqlalchemy/engines.py:325}}
Jul 31 05:22:30.452960 np0000006182 devstack@n-api-meta.service[96035]: WARNING nova.api.metadata.handler [None req-66a703ce-3173-4f9b-9390-7ea118dedaf4 None None] metadata_proxy_shared_secret is not configured, the metadata information returned by the proxy cannot be trusted
Jul 31 05:22:30.455129 np0000006182 devstack@n-api-meta.service[96035]: DEBUG nova.api.openstack.wsgi_app [None req-66a703ce-3173-4f9b-9390-7ea118dedaf4 None None] ******************************************************************************** {{(pid=96035) log_opt_values /opt/stack/data/venv/lib/python3.12/site-packages/oslo_config/cfg.py:3226}}
Jul 31 05:22:30.455358 np0000006182 devstack@n-api-meta.service[96035]: DEBUG nova.api.openstack.wsgi_app [None req-66a703ce-3173-4f9b-9390-7ea118dedaf4 None None] Configuration options gathered from: {{(pid=96035) log_opt_values /opt/stack/data/venv/lib/python3.12/site-packages/oslo_config/cfg.py:3227}}
Jul 31 05:22:30.455488 np0000006182 devstack@n-api-meta.service[96035]: DEBUG nova.api.openstack.wsgi_app [None req-66a703ce-3173-4f9b-9390-7ea118dedaf4 None None] command line args: [] {{(pid=96035) log_opt_values /opt/stack/data/venv/lib/python3.12/site-packages/oslo_config/cfg.py:3228}}
Jul 31 05:22:30.455643 np0000006182 devstack@n-api-meta.service[96035]: DEBUG nova.api.openstack.wsgi_app [None req-66a703ce-3173-4f9b-9390-7ea118dedaf4 None None] config files: ['/etc/nova/api-paste.ini', '/etc/nova/nova.conf'] {{(pid=96035) log_opt_values /opt/stack/data/venv/lib/python3.12/site-packages/oslo_config/cfg.py:3229}}
Jul 31 05:22:30.455837 np0000006182 devstack@n-api-meta.service[96035]: DEBUG nova.api.openstack.wsgi_app [None req-66a703ce-3173-4f9b-9390-7ea118dedaf4 None None] ================================================================================ {{(pid=96035) log_opt_values /opt/stack/data/venv/lib/python3.12/site-packages/oslo_config/cfg.py:3234}}
Jul 31 05:22:30.456055 np0000006182 devstack@n-api-meta.service[96035]: DEBUG nova.api.openstack.wsgi_app [None req-66a703ce-3173-4f9b-9390-7ea118dedaf4 None None] allow_resize_to_same_host = True {{(pid=96035) log_opt_values /opt/stack/data/venv/lib/python3.12/site-packages/oslo_config/cfg.py:3242}}
Jul 31 05:22:30.456184 np0000006182 devstack@n-api-meta.service[96035]: DEBUG nova.api.openstack.wsgi_app [None req-66a703ce-3173-4f9b-9390-7ea118dedaf4 None None] arq_binding_timeout = 300 {{(pid=96035) log_opt_values /opt/stack/data/venv/lib/python3.12/site-packages/oslo_config/cfg.py:3242}}
Jul 31 05:22:30.456265 np0000006182 devstack@n-api-meta.service[96035]: DEBUG nova.api.openstack.wsgi_app [None req-66a703ce-3173-4f9b-9390-7ea118dedaf4 None None] block_device_allocate_retries = 60 {{(pid=96035) log_opt_values /opt/stack/data/venv/lib/python3.12/site-packages/oslo_config/cfg.py:3242}}
Jul 31 05:22:30.456407 np0000006182 devstack@n-api-meta.service[96035]: DEBUG nova.api.openstack.wsgi_app [None req-66a703ce-3173-4f9b-9390-7ea118dedaf4 None None] block_device_allocate_retries_interval = 3 {{(pid=96035) log_opt_values /opt/stack/data/venv/lib/python3.12/site-packages/oslo_config/cfg.py:3242}}
Jul 31 05:22:30.456531 np0000006182 devstack@n-api-meta.service[96035]: DEBUG nova.api.openstack.wsgi_app [None req-66a703ce-3173-4f9b-9390-7ea118dedaf4 None None] cell_worker_thread_pool_size = 5 {{(pid=96035) log_opt_values /opt/stack/data/venv/lib/python3.12/site-packages/oslo_config/cfg.py:3242}}
Jul 31 05:22:30.456662 np0000006182 devstack@n-api-meta.service[96035]: DEBUG nova.api.openstack.wsgi_app [None req-66a703ce-3173-4f9b-9390-7ea118dedaf4 None None] cert = self.pem {{(pid=96035) log_opt_values /opt/stack/data/venv/lib/python3.12/site-packages/oslo_config/cfg.py:3242}}
Jul 31 05:22:30.456786 np0000006182 devstack@n-api-meta.service[96035]: DEBUG nova.api.openstack.wsgi_app [None req-66a703ce-3173-4f9b-9390-7ea118dedaf4 None None] compute_driver = libvirt.LibvirtDriver {{(pid=96035) log_opt_values /opt/stack/data/venv/lib/python3.12/site-packages/oslo_config/cfg.py:3242}}
Jul 31 05:22:30.456909 np0000006182 devstack@n-api-meta.service[96035]: DEBUG nova.api.openstack.wsgi_app [None req-66a703ce-3173-4f9b-9390-7ea118dedaf4 None None] compute_monitors = [] {{(pid=96035) log_opt_values /opt/stack/data/venv/lib/python3.12/site-packages/oslo_config/cfg.py:3242}}
Jul 31 05:22:30.457042 np0000006182 devstack@n-api-meta.service[96035]: DEBUG nova.api.openstack.wsgi_app [None req-66a703ce-3173-4f9b-9390-7ea118dedaf4 None None] concurrency_backend = auto {{(pid=96035) log_opt_values /opt/stack/data/venv/lib/python3.12/site-packages/oslo_config/cfg.py:3242}}
Jul 31 05:22:30.457186 np0000006182 devstack@n-api-meta.service[96035]: DEBUG nova.api.openstack.wsgi_app [None req-66a703ce-3173-4f9b-9390-7ea118dedaf4 None None] config_dir = [] {{(pid=96035) log_opt_values /opt/stack/data/venv/lib/python3.12/site-packages/oslo_config/cfg.py:3242}}
Jul 31 05:22:30.457388 np0000006182 devstack@n-api-meta.service[96035]: DEBUG nova.api.openstack.wsgi_app [None req-66a703ce-3173-4f9b-9390-7ea118dedaf4 None None] config_drive_format = iso9660 {{(pid=96035) log_opt_values /opt/stack/data/venv/lib/python3.12/site-packages/oslo_config/cfg.py:3242}}
Jul 31 05:22:30.457492 np0000006182 devstack@n-api-meta.service[96035]: DEBUG nova.api.openstack.wsgi_app [None req-66a703ce-3173-4f9b-9390-7ea118dedaf4 None None] config_file = ['/etc/nova/api-paste.ini', '/etc/nova/nova.conf'] {{(pid=96035) log_opt_values /opt/stack/data/venv/lib/python3.12/site-packages/oslo_config/cfg.py:3242}}
Jul 31 05:22:30.457619 np0000006182 devstack@n-api-meta.service[96035]: DEBUG nova.api.openstack.wsgi_app [None req-66a703ce-3173-4f9b-9390-7ea118dedaf4 None None] config_source = [] {{(pid=96035) log_opt_values /opt/stack/data/venv/lib/python3.12/site-packages/oslo_config/cfg.py:3242}}
Jul 31 05:22:30.457745 np0000006182 devstack@n-api-meta.service[96035]: DEBUG nova.api.openstack.wsgi_app [None req-66a703ce-3173-4f9b-9390-7ea118dedaf4 None None] console_host = np0000006182 {{(pid=96035) log_opt_values /opt/stack/data/venv/lib/python3.12/site-packages/oslo_config/cfg.py:3242}}
Jul 31 05:22:30.457863 np0000006182 devstack@n-api-meta.service[96035]: DEBUG nova.api.openstack.wsgi_app [None req-66a703ce-3173-4f9b-9390-7ea118dedaf4 None None] control_exchange = nova {{(pid=96035) log_opt_values /opt/stack/data/venv/lib/python3.12/site-packages/oslo_config/cfg.py:3242}}
Jul 31 05:22:30.457979 np0000006182 devstack@n-api-meta.service[96035]: DEBUG nova.api.openstack.wsgi_app [None req-66a703ce-3173-4f9b-9390-7ea118dedaf4 None None] cpu_allocation_ratio = None {{(pid=96035) log_opt_values /opt/stack/data/venv/lib/python3.12/site-packages/oslo_config/cfg.py:3242}}
Jul 31 05:22:30.458131 np0000006182 devstack@n-api-meta.service[96035]: DEBUG nova.api.openstack.wsgi_app [None req-66a703ce-3173-4f9b-9390-7ea118dedaf4 None None] daemon = False {{(pid=96035) log_opt_values /opt/stack/data/venv/lib/python3.12/site-packages/oslo_config/cfg.py:3242}}
Jul 31 05:22:30.458251 np0000006182 devstack@n-api-meta.service[96035]: DEBUG nova.api.openstack.wsgi_app [None req-66a703ce-3173-4f9b-9390-7ea118dedaf4 None None] debug = True {{(pid=96035) log_opt_values /opt/stack/data/venv/lib/python3.12/site-packages/oslo_config/cfg.py:3242}}
Jul 31 05:22:30.458379 np0000006182 devstack@n-api-meta.service[96035]: DEBUG nova.api.openstack.wsgi_app [None req-66a703ce-3173-4f9b-9390-7ea118dedaf4 None None] default_access_ip_network_name = None {{(pid=96035) log_opt_values /opt/stack/data/venv/lib/python3.12/site-packages/oslo_config/cfg.py:3242}}
Jul 31 05:22:30.458502 np0000006182 devstack@n-api-meta.service[96035]: DEBUG nova.api.openstack.wsgi_app [None req-66a703ce-3173-4f9b-9390-7ea118dedaf4 None None] default_availability_zone = nova {{(pid=96035) log_opt_values /opt/stack/data/venv/lib/python3.12/site-packages/oslo_config/cfg.py:3242}}
Jul 31 05:22:30.458622 np0000006182 devstack@n-api-meta.service[96035]: DEBUG nova.api.openstack.wsgi_app [None req-66a703ce-3173-4f9b-9390-7ea118dedaf4 None None] default_ephemeral_format = ext4 {{(pid=96035) log_opt_values /opt/stack/data/venv/lib/python3.12/site-packages/oslo_config/cfg.py:3242}}
Jul 31 05:22:30.458758 np0000006182 devstack@n-api-meta.service[96035]: DEBUG nova.api.openstack.wsgi_app [None req-66a703ce-3173-4f9b-9390-7ea118dedaf4 None None] default_green_pool_size = 1000 {{(pid=96035) log_opt_values /opt/stack/data/venv/lib/python3.12/site-packages/oslo_config/cfg.py:3242}}
Jul 31 05:22:30.458924 np0000006182 devstack@n-api-meta.service[96035]: DEBUG nova.api.openstack.wsgi_app [None req-66a703ce-3173-4f9b-9390-7ea118dedaf4 None None] default_log_levels = ['amqp=WARN', 'boto=WARN', 'sqlalchemy=WARN', 'suds=INFO', 'oslo.messaging=INFO', 'oslo_messaging=INFO', 'iso8601=WARN', 'requests.packages.urllib3.connectionpool=WARN', 'urllib3.connectionpool=WARN', 'websocket=WARN', 'requests.packages.urllib3.util.retry=WARN', 'urllib3.util.retry=WARN', 'keystonemiddleware=WARN', 'routes.middleware=WARN', 'stevedore=WARN', 'taskflow=WARN', 'keystoneauth=WARN', 'oslo.cache=INFO', 'oslo_policy=INFO', 'dogpile.core.dogpile=INFO', 'glanceclient=WARN', 'oslo.privsep.daemon=INFO'] {{(pid=96035) log_opt_values /opt/stack/data/venv/lib/python3.12/site-packages/oslo_config/cfg.py:3242}}
Jul 31 05:22:30.459035 np0000006182 devstack@n-api-meta.service[96035]: DEBUG nova.api.openstack.wsgi_app [None req-66a703ce-3173-4f9b-9390-7ea118dedaf4 None None] default_schedule_zone = None {{(pid=96035) log_opt_values /opt/stack/data/venv/lib/python3.12/site-packages/oslo_config/cfg.py:3242}}
Jul 31 05:22:30.459176 np0000006182 devstack@n-api-meta.service[96035]: DEBUG nova.api.openstack.wsgi_app [None req-66a703ce-3173-4f9b-9390-7ea118dedaf4 None None] default_thread_pool_size = 10 {{(pid=96035) log_opt_values /opt/stack/data/venv/lib/python3.12/site-packages/oslo_config/cfg.py:3242}}
Jul 31 05:22:30.459290 np0000006182 devstack@n-api-meta.service[96035]: DEBUG nova.api.openstack.wsgi_app [None req-66a703ce-3173-4f9b-9390-7ea118dedaf4 None None] disk_allocation_ratio = None {{(pid=96035) log_opt_values /opt/stack/data/venv/lib/python3.12/site-packages/oslo_config/cfg.py:3242}}
Jul 31 05:22:30.459945 np0000006182 devstack@n-api-meta.service[96035]: DEBUG nova.api.openstack.wsgi_app [None req-66a703ce-3173-4f9b-9390-7ea118dedaf4 None None] enable_new_services = True {{(pid=96035) log_opt_values /opt/stack/data/venv/lib/python3.12/site-packages/oslo_config/cfg.py:3242}}
Jul 31 05:22:30.459945 np0000006182 devstack@n-api-meta.service[96035]: DEBUG nova.api.openstack.wsgi_app [None req-66a703ce-3173-4f9b-9390-7ea118dedaf4 None None] flat_injected = False {{(pid=96035) log_opt_values /opt/stack/data/venv/lib/python3.12/site-packages/oslo_config/cfg.py:3242}}
Jul 31 05:22:30.459945 np0000006182 devstack@n-api-meta.service[96035]: DEBUG nova.api.openstack.wsgi_app [None req-66a703ce-3173-4f9b-9390-7ea118dedaf4 None None] force_config_drive = True {{(pid=96035) log_opt_values /opt/stack/data/venv/lib/python3.12/site-packages/oslo_config/cfg.py:3242}}
Jul 31 05:22:30.459945 np0000006182 devstack@n-api-meta.service[96035]: DEBUG nova.api.openstack.wsgi_app [None req-66a703ce-3173-4f9b-9390-7ea118dedaf4 None None] force_raw_images = True {{(pid=96035) log_opt_values /opt/stack/data/venv/lib/python3.12/site-packages/oslo_config/cfg.py:3242}}
Jul 31 05:22:30.459945 np0000006182 devstack@n-api-meta.service[96035]: DEBUG nova.api.openstack.wsgi_app [None req-66a703ce-3173-4f9b-9390-7ea118dedaf4 None None] graceful_shutdown_timeout = 5 {{(pid=96035) log_opt_values /opt/stack/data/venv/lib/python3.12/site-packages/oslo_config/cfg.py:3242}}
Jul 31 05:22:30.460069 np0000006182 devstack@n-api-meta.service[96035]: DEBUG nova.api.openstack.wsgi_app [None req-66a703ce-3173-4f9b-9390-7ea118dedaf4 None None] heal_instance_info_cache_interval = -1 {{(pid=96035) log_opt_values /opt/stack/data/venv/lib/python3.12/site-packages/oslo_config/cfg.py:3242}}
Jul 31 05:22:30.460188 np0000006182 devstack@n-api-meta.service[96035]: DEBUG nova.api.openstack.wsgi_app [None req-66a703ce-3173-4f9b-9390-7ea118dedaf4 None None] host = np0000006182 {{(pid=96035) log_opt_values /opt/stack/data/venv/lib/python3.12/site-packages/oslo_config/cfg.py:3242}}
Jul 31 05:22:30.460324 np0000006182 devstack@n-api-meta.service[96035]: DEBUG nova.api.openstack.wsgi_app [None req-66a703ce-3173-4f9b-9390-7ea118dedaf4 None None] initial_cpu_allocation_ratio = 4.0 {{(pid=96035) log_opt_values /opt/stack/data/venv/lib/python3.12/site-packages/oslo_config/cfg.py:3242}}
Jul 31 05:22:30.460458 np0000006182 devstack@n-api-meta.service[96035]: DEBUG nova.api.openstack.wsgi_app [None req-66a703ce-3173-4f9b-9390-7ea118dedaf4 None None] initial_disk_allocation_ratio = 1.0 {{(pid=96035) log_opt_values /opt/stack/data/venv/lib/python3.12/site-packages/oslo_config/cfg.py:3242}}
Jul 31 05:22:30.460579 np0000006182 devstack@n-api-meta.service[96035]: DEBUG nova.api.openstack.wsgi_app [None req-66a703ce-3173-4f9b-9390-7ea118dedaf4 None None] initial_ram_allocation_ratio = 1.0 {{(pid=96035) log_opt_values /opt/stack/data/venv/lib/python3.12/site-packages/oslo_config/cfg.py:3242}}
Jul 31 05:22:30.460743 np0000006182 devstack@n-api-meta.service[96035]: DEBUG nova.api.openstack.wsgi_app [None req-66a703ce-3173-4f9b-9390-7ea118dedaf4 None None] injected_network_template = /opt/stack/nova/nova/virt/interfaces.template {{(pid=96035) log_opt_values /opt/stack/data/venv/lib/python3.12/site-packages/oslo_config/cfg.py:3242}}
Jul 31 05:22:30.460863 np0000006182 devstack@n-api-meta.service[96035]: DEBUG nova.api.openstack.wsgi_app [None req-66a703ce-3173-4f9b-9390-7ea118dedaf4 None None] instance_build_timeout = 0 {{(pid=96035) log_opt_values /opt/stack/data/venv/lib/python3.12/site-packages/oslo_config/cfg.py:3242}}
Jul 31 05:22:30.460981 np0000006182 devstack@n-api-meta.service[96035]: DEBUG nova.api.openstack.wsgi_app [None req-66a703ce-3173-4f9b-9390-7ea118dedaf4 None None] instance_delete_interval = 300 {{(pid=96035) log_opt_values /opt/stack/data/venv/lib/python3.12/site-packages/oslo_config/cfg.py:3242}}
Jul 31 05:22:30.461120 np0000006182 devstack@n-api-meta.service[96035]: DEBUG nova.api.openstack.wsgi_app [None req-66a703ce-3173-4f9b-9390-7ea118dedaf4 None None] instance_format = [instance: %(uuid)s] {{(pid=96035) log_opt_values /opt/stack/data/venv/lib/python3.12/site-packages/oslo_config/cfg.py:3242}}
Jul 31 05:22:30.461269 np0000006182 devstack@n-api-meta.service[96035]: DEBUG nova.api.openstack.wsgi_app [None req-66a703ce-3173-4f9b-9390-7ea118dedaf4 None None] instance_name_template = instance-%08x {{(pid=96035) log_opt_values /opt/stack/data/venv/lib/python3.12/site-packages/oslo_config/cfg.py:3242}}
Jul 31 05:22:30.461399 np0000006182 devstack@n-api-meta.service[96035]: DEBUG nova.api.openstack.wsgi_app [None req-66a703ce-3173-4f9b-9390-7ea118dedaf4 None None] instance_usage_audit = False {{(pid=96035) log_opt_values /opt/stack/data/venv/lib/python3.12/site-packages/oslo_config/cfg.py:3242}}
Jul 31 05:22:30.461431 np0000006182 devstack@n-api-meta.service[96037]: DEBUG oslo_db.sqlalchemy.engines [None req-8eac25cf-c61a-4c99-b316-e013fd028a1f None None] MySQL server mode set to STRICT_TRANS_TABLES,STRICT_ALL_TABLES,NO_ZERO_IN_DATE,NO_ZERO_DATE,ERROR_FOR_DIVISION_BY_ZERO,TRADITIONAL,NO_ENGINE_SUBSTITUTION {{(pid=96037) _check_effective_sql_mode /opt/stack/data/venv/lib/python3.12/site-packages/oslo_db/sqlalchemy/engines.py:325}}
Jul 31 05:22:30.461525 np0000006182 devstack@n-api-meta.service[96035]: DEBUG nova.api.openstack.wsgi_app [None req-66a703ce-3173-4f9b-9390-7ea118dedaf4 None None] instance_usage_audit_period = month {{(pid=96035) log_opt_values /opt/stack/data/venv/lib/python3.12/site-packages/oslo_config/cfg.py:3242}}
Jul 31 05:22:30.461644 np0000006182 devstack@n-api-meta.service[96035]: DEBUG nova.api.openstack.wsgi_app [None req-66a703ce-3173-4f9b-9390-7ea118dedaf4 None None] instance_uuid_format = [instance: %(uuid)s] {{(pid=96035) log_opt_values /opt/stack/data/venv/lib/python3.12/site-packages/oslo_config/cfg.py:3242}}
Jul 31 05:22:30.461766 np0000006182 devstack@n-api-meta.service[96035]: DEBUG nova.api.openstack.wsgi_app [None req-66a703ce-3173-4f9b-9390-7ea118dedaf4 None None] instances_path = /opt/stack/data/nova/instances {{(pid=96035) log_opt_values /opt/stack/data/venv/lib/python3.12/site-packages/oslo_config/cfg.py:3242}}
Jul 31 05:22:30.461885 np0000006182 devstack@n-api-meta.service[96035]: DEBUG nova.api.openstack.wsgi_app [None req-66a703ce-3173-4f9b-9390-7ea118dedaf4 None None] internal_service_availability_zone = internal {{(pid=96035) log_opt_values /opt/stack/data/venv/lib/python3.12/site-packages/oslo_config/cfg.py:3242}}
Jul 31 05:22:30.462003 np0000006182 devstack@n-api-meta.service[96035]: DEBUG nova.api.openstack.wsgi_app [None req-66a703ce-3173-4f9b-9390-7ea118dedaf4 None None] key = None {{(pid=96035) log_opt_values /opt/stack/data/venv/lib/python3.12/site-packages/oslo_config/cfg.py:3242}}
Jul 31 05:22:30.462162 np0000006182 devstack@n-api-meta.service[96035]: DEBUG nova.api.openstack.wsgi_app [None req-66a703ce-3173-4f9b-9390-7ea118dedaf4 None None] live_migration_retry_count = 30 {{(pid=96035) log_opt_values /opt/stack/data/venv/lib/python3.12/site-packages/oslo_config/cfg.py:3242}}
Jul 31 05:22:30.462271 np0000006182 devstack@n-api-meta.service[96035]: DEBUG nova.api.openstack.wsgi_app [None req-66a703ce-3173-4f9b-9390-7ea118dedaf4 None None] log_color = False {{(pid=96035) log_opt_values /opt/stack/data/venv/lib/python3.12/site-packages/oslo_config/cfg.py:3242}}
Jul 31 05:22:30.462408 np0000006182 devstack@n-api-meta.service[96035]: DEBUG nova.api.openstack.wsgi_app [None req-66a703ce-3173-4f9b-9390-7ea118dedaf4 None None] log_config_append = None {{(pid=96035) log_opt_values /opt/stack/data/venv/lib/python3.12/site-packages/oslo_config/cfg.py:3242}}
Jul 31 05:22:30.462528 np0000006182 devstack@n-api-meta.service[96035]: DEBUG nova.api.openstack.wsgi_app [None req-66a703ce-3173-4f9b-9390-7ea118dedaf4 None None] log_date_format = %Y-%m-%d %H:%M:%S {{(pid=96035) log_opt_values /opt/stack/data/venv/lib/python3.12/site-packages/oslo_config/cfg.py:3242}}
Jul 31 05:22:30.462644 np0000006182 devstack@n-api-meta.service[96035]: DEBUG nova.api.openstack.wsgi_app [None req-66a703ce-3173-4f9b-9390-7ea118dedaf4 None None] log_dir = None {{(pid=96035) log_opt_values /opt/stack/data/venv/lib/python3.12/site-packages/oslo_config/cfg.py:3242}}
Jul 31 05:22:30.462757 np0000006182 devstack@n-api-meta.service[96035]: DEBUG nova.api.openstack.wsgi_app [None req-66a703ce-3173-4f9b-9390-7ea118dedaf4 None None] log_file = None {{(pid=96035) log_opt_values /opt/stack/data/venv/lib/python3.12/site-packages/oslo_config/cfg.py:3242}}
Jul 31 05:22:30.462850 np0000006182 devstack@n-api-meta.service[96035]: DEBUG nova.api.openstack.wsgi_app [None req-66a703ce-3173-4f9b-9390-7ea118dedaf4 None None] log_options = True {{(pid=96035) log_opt_values /opt/stack/data/venv/lib/python3.12/site-packages/oslo_config/cfg.py:3242}}
Jul 31 05:22:30.462967 np0000006182 devstack@n-api-meta.service[96035]: DEBUG nova.api.openstack.wsgi_app [None req-66a703ce-3173-4f9b-9390-7ea118dedaf4 None None] log_rotate_interval = 1 {{(pid=96035) log_opt_values /opt/stack/data/venv/lib/python3.12/site-packages/oslo_config/cfg.py:3242}}
Jul 31 05:22:30.463529 np0000006182 devstack@n-api-meta.service[96035]: DEBUG nova.api.openstack.wsgi_app [None req-66a703ce-3173-4f9b-9390-7ea118dedaf4 None None] log_rotate_interval_type = days {{(pid=96035) log_opt_values /opt/stack/data/venv/lib/python3.12/site-packages/oslo_config/cfg.py:3242}}
Jul 31 05:22:30.463529 np0000006182 devstack@n-api-meta.service[96035]: DEBUG nova.api.openstack.wsgi_app [None req-66a703ce-3173-4f9b-9390-7ea118dedaf4 None None] log_rotation_type = none {{(pid=96035) log_opt_values /opt/stack/data/venv/lib/python3.12/site-packages/oslo_config/cfg.py:3242}}
Jul 31 05:22:30.463529 np0000006182 devstack@n-api-meta.service[96035]: DEBUG nova.api.openstack.wsgi_app [None req-66a703ce-3173-4f9b-9390-7ea118dedaf4 None None] logging_context_format_string = %(color)s%(levelname)s %(name)s [%(global_request_id)s %(request_id)s %(project_name)s %(user_name)s%(color)s] %(instance)s%(color)s%(message)s {{(pid=96035) log_opt_values /opt/stack/data/venv/lib/python3.12/site-packages/oslo_config/cfg.py:3242}}
Jul 31 05:22:30.463529 np0000006182 devstack@n-api-meta.service[96035]: DEBUG nova.api.openstack.wsgi_app [None req-66a703ce-3173-4f9b-9390-7ea118dedaf4 None None] logging_debug_format_suffix = {{(pid=%(process)d) %(funcName)s %(pathname)s:%(lineno)d}} {{(pid=96035) log_opt_values /opt/stack/data/venv/lib/python3.12/site-packages/oslo_config/cfg.py:3242}}
Jul 31 05:22:30.463685 np0000006182 devstack@n-api-meta.service[96035]: DEBUG nova.api.openstack.wsgi_app [None req-66a703ce-3173-4f9b-9390-7ea118dedaf4 None None] logging_default_format_string = %(color)s%(levelname)s %(name)s [-%(color)s] %(instance)s%(color)s%(message)s {{(pid=96035) log_opt_values /opt/stack/data/venv/lib/python3.12/site-packages/oslo_config/cfg.py:3242}}
Jul 31 05:22:30.463773 np0000006182 devstack@n-api-meta.service[96035]: DEBUG nova.api.openstack.wsgi_app [None req-66a703ce-3173-4f9b-9390-7ea118dedaf4 None None] logging_exception_prefix = ERROR %(name)s %(instance)s {{(pid=96035) log_opt_values /opt/stack/data/venv/lib/python3.12/site-packages/oslo_config/cfg.py:3242}}
Jul 31 05:22:30.463865 np0000006182 devstack@n-api-meta.service[96035]: DEBUG nova.api.openstack.wsgi_app [None req-66a703ce-3173-4f9b-9390-7ea118dedaf4 None None] logging_user_identity_format = %(user)s %(project)s %(domain)s %(system_scope)s %(user_domain)s %(project_domain)s {{(pid=96035) log_opt_values /opt/stack/data/venv/lib/python3.12/site-packages/oslo_config/cfg.py:3242}}
Jul 31 05:22:30.463984 np0000006182 devstack@n-api-meta.service[96035]: DEBUG nova.api.openstack.wsgi_app [None req-66a703ce-3173-4f9b-9390-7ea118dedaf4 None None] long_rpc_timeout = 1800 {{(pid=96035) log_opt_values /opt/stack/data/venv/lib/python3.12/site-packages/oslo_config/cfg.py:3242}}
Jul 31 05:22:30.464120 np0000006182 devstack@n-api-meta.service[96035]: DEBUG nova.api.openstack.wsgi_app [None req-66a703ce-3173-4f9b-9390-7ea118dedaf4 None None] manager_shutdown_timeout = 160 {{(pid=96035) log_opt_values /opt/stack/data/venv/lib/python3.12/site-packages/oslo_config/cfg.py:3242}}
Jul 31 05:22:30.464266 np0000006182 devstack@n-api-meta.service[96035]: DEBUG nova.api.openstack.wsgi_app [None req-66a703ce-3173-4f9b-9390-7ea118dedaf4 None None] max_concurrent_builds = 10 {{(pid=96035) log_opt_values /opt/stack/data/venv/lib/python3.12/site-packages/oslo_config/cfg.py:3242}}
Jul 31 05:22:30.464408 np0000006182 devstack@n-api-meta.service[96035]: DEBUG nova.api.openstack.wsgi_app [None req-66a703ce-3173-4f9b-9390-7ea118dedaf4 None None] max_concurrent_live_migrations = 1 {{(pid=96035) log_opt_values /opt/stack/data/venv/lib/python3.12/site-packages/oslo_config/cfg.py:3242}}
Jul 31 05:22:30.464525 np0000006182 devstack@n-api-meta.service[96035]: DEBUG nova.api.openstack.wsgi_app [None req-66a703ce-3173-4f9b-9390-7ea118dedaf4 None None] max_concurrent_snapshots = 5 {{(pid=96035) log_opt_values /opt/stack/data/venv/lib/python3.12/site-packages/oslo_config/cfg.py:3242}}
Jul 31 05:22:30.464624 np0000006182 devstack@n-api-meta.service[96037]: DEBUG dbcounter [-] [96037] Writer thread running {{(pid=96037) stat_writer /opt/stack/data/venv/lib/python3.12/site-packages/dbcounter.py:102}}
Jul 31 05:22:30.464669 np0000006182 devstack@n-api-meta.service[96035]: DEBUG nova.api.openstack.wsgi_app [None req-66a703ce-3173-4f9b-9390-7ea118dedaf4 None None] max_local_block_devices = 3 {{(pid=96035) log_opt_values /opt/stack/data/venv/lib/python3.12/site-packages/oslo_config/cfg.py:3242}}
Jul 31 05:22:30.464746 np0000006182 devstack@n-api-meta.service[96035]: DEBUG nova.api.openstack.wsgi_app [None req-66a703ce-3173-4f9b-9390-7ea118dedaf4 None None] max_logfile_count = 30 {{(pid=96035) log_opt_values /opt/stack/data/venv/lib/python3.12/site-packages/oslo_config/cfg.py:3242}}
