Jul 10 14:05:05.552110 np0000005012 nova-conductor[99034]: DEBUG cotyledon.oslo_config_glue [-] workarounds.skip_hypervisor_version_check_on_lm = False {{(pid=99034) log_opt_values /opt/stack/data/venv/lib/python3.12/site-packages/oslo_config/cfg.py:3253}}
Jul 10 14:05:05.552110 np0000005012 nova-conductor[99034]: DEBUG cotyledon.oslo_config_glue [-] workarounds.skip_reserve_in_use_ironic_nodes = False {{(pid=99034) log_opt_values /opt/stack/data/venv/lib/python3.12/site-packages/oslo_config/cfg.py:3253}}
Jul 10 14:05:05.552110 np0000005012 nova-conductor[99034]: DEBUG cotyledon.oslo_config_glue [-] workarounds.unified_limits_count_pcpu_as_vcpu = False {{(pid=99034) log_opt_values /opt/stack/data/venv/lib/python3.12/site-packages/oslo_config/cfg.py:3253}}
Jul 10 14:05:05.552110 np0000005012 nova-conductor[99034]: DEBUG cotyledon.oslo_config_glue [-] workarounds.wait_for_vif_plugged_event_during_hard_reboot = [] {{(pid=99034) log_opt_values /opt/stack/data/venv/lib/python3.12/site-packages/oslo_config/cfg.py:3253}}
Jul 10 14:05:05.552110 np0000005012 nova-conductor[99034]: DEBUG cotyledon.oslo_config_glue [-] wsgi.api_paste_config = /etc/nova/api-paste.ini {{(pid=99034) log_opt_values /opt/stack/data/venv/lib/python3.12/site-packages/oslo_config/cfg.py:3253}}
Jul 10 14:05:05.552351 np0000005012 nova-conductor[99034]: DEBUG cotyledon.oslo_config_glue [-] wsgi.secure_proxy_ssl_header = None {{(pid=99034) log_opt_values /opt/stack/data/venv/lib/python3.12/site-packages/oslo_config/cfg.py:3253}}
Jul 10 14:05:05.552351 np0000005012 nova-conductor[99034]: DEBUG cotyledon.oslo_config_glue [-] zvm.ca_file = None {{(pid=99034) log_opt_values /opt/stack/data/venv/lib/python3.12/site-packages/oslo_config/cfg.py:3253}}
Jul 10 14:05:05.552351 np0000005012 nova-conductor[99034]: DEBUG cotyledon.oslo_config_glue [-] zvm.cloud_connector_url = None {{(pid=99034) log_opt_values /opt/stack/data/venv/lib/python3.12/site-packages/oslo_config/cfg.py:3253}}
Jul 10 14:05:05.552351 np0000005012 nova-conductor[99034]: DEBUG cotyledon.oslo_config_glue [-] zvm.image_tmp_path = /opt/stack/data/nova/images {{(pid=99034) log_opt_values /opt/stack/data/venv/lib/python3.12/site-packages/oslo_config/cfg.py:3253}}
Jul 10 14:05:05.552351 np0000005012 nova-conductor[99034]: DEBUG cotyledon.oslo_config_glue [-] zvm.reachable_timeout = 300 {{(pid=99034) log_opt_values /opt/stack/data/venv/lib/python3.12/site-packages/oslo_config/cfg.py:3253}}
Jul 10 14:05:05.552351 np0000005012 nova-conductor[99034]: DEBUG cotyledon.oslo_config_glue [-] oslo_versionedobjects.fatal_exception_format_errors = False {{(pid=99034) log_opt_values /opt/stack/data/venv/lib/python3.12/site-packages/oslo_config/cfg.py:3253}}
Jul 10 14:05:05.552351 np0000005012 nova-conductor[99034]: DEBUG cotyledon.oslo_config_glue [-] oslo_middleware.http_basic_auth_user_file = /etc/htpasswd {{(pid=99034) log_opt_values /opt/stack/data/venv/lib/python3.12/site-packages/oslo_config/cfg.py:3253}}
Jul 10 14:05:05.552351 np0000005012 nova-conductor[99034]: DEBUG cotyledon.oslo_config_glue [-] profiler.connection_string = messaging:// {{(pid=99034) log_opt_values /opt/stack/data/venv/lib/python3.12/site-packages/oslo_config/cfg.py:3253}}
Jul 10 14:05:05.552351 np0000005012 nova-conductor[99034]: DEBUG cotyledon.oslo_config_glue [-] profiler.enabled = False {{(pid=99034) log_opt_values /opt/stack/data/venv/lib/python3.12/site-packages/oslo_config/cfg.py:3253}}
Jul 10 14:05:05.552724 np0000005012 nova-conductor[99034]: DEBUG cotyledon.oslo_config_glue [-] profiler.es_doc_type = notification {{(pid=99034) log_opt_values /opt/stack/data/venv/lib/python3.12/site-packages/oslo_config/cfg.py:3253}}
Jul 10 14:05:05.552724 np0000005012 nova-conductor[99034]: DEBUG cotyledon.oslo_config_glue [-] profiler.es_scroll_size = 10000 {{(pid=99034) log_opt_values /opt/stack/data/venv/lib/python3.12/site-packages/oslo_config/cfg.py:3253}}
Jul 10 14:05:05.552724 np0000005012 nova-conductor[99034]: DEBUG cotyledon.oslo_config_glue [-] profiler.es_scroll_time = 2m {{(pid=99034) log_opt_values /opt/stack/data/venv/lib/python3.12/site-packages/oslo_config/cfg.py:3253}}
Jul 10 14:05:05.552724 np0000005012 nova-conductor[99034]: DEBUG cotyledon.oslo_config_glue [-] profiler.filter_error_trace = False {{(pid=99034) log_opt_values /opt/stack/data/venv/lib/python3.12/site-packages/oslo_config/cfg.py:3253}}
Jul 10 14:05:05.552724 np0000005012 nova-conductor[99034]: DEBUG cotyledon.oslo_config_glue [-] profiler.hmac_keys = **** {{(pid=99034) log_opt_values /opt/stack/data/venv/lib/python3.12/site-packages/oslo_config/cfg.py:3253}}
Jul 10 14:05:05.552724 np0000005012 nova-conductor[99034]: DEBUG cotyledon.oslo_config_glue [-] profiler.sentinel_service_name = mymaster {{(pid=99034) log_opt_values /opt/stack/data/venv/lib/python3.12/site-packages/oslo_config/cfg.py:3253}}
Jul 10 14:05:05.552724 np0000005012 nova-conductor[99034]: DEBUG cotyledon.oslo_config_glue [-] profiler.socket_timeout = 0.1 {{(pid=99034) log_opt_values /opt/stack/data/venv/lib/python3.12/site-packages/oslo_config/cfg.py:3253}}
Jul 10 14:05:05.552724 np0000005012 nova-conductor[99034]: DEBUG cotyledon.oslo_config_glue [-] profiler.trace_requests = False {{(pid=99034) log_opt_values /opt/stack/data/venv/lib/python3.12/site-packages/oslo_config/cfg.py:3253}}
Jul 10 14:05:05.552724 np0000005012 nova-conductor[99034]: DEBUG cotyledon.oslo_config_glue [-] profiler.trace_sqlalchemy = False {{(pid=99034) log_opt_values /opt/stack/data/venv/lib/python3.12/site-packages/oslo_config/cfg.py:3253}}
Jul 10 14:05:05.553001 np0000005012 nova-conductor[99034]: DEBUG cotyledon.oslo_config_glue [-] profiler_jaeger.process_tags = {} {{(pid=99034) log_opt_values /opt/stack/data/venv/lib/python3.12/site-packages/oslo_config/cfg.py:3253}}
Jul 10 14:05:05.553001 np0000005012 nova-conductor[99034]: DEBUG cotyledon.oslo_config_glue [-] profiler_jaeger.service_name_prefix = None {{(pid=99034) log_opt_values /opt/stack/data/venv/lib/python3.12/site-packages/oslo_config/cfg.py:3253}}
Jul 10 14:05:05.553001 np0000005012 nova-conductor[99034]: DEBUG cotyledon.oslo_config_glue [-] profiler_otlp.service_name_prefix = None {{(pid=99034) log_opt_values /opt/stack/data/venv/lib/python3.12/site-packages/oslo_config/cfg.py:3253}}
Jul 10 14:05:05.553001 np0000005012 nova-conductor[99034]: DEBUG cotyledon.oslo_config_glue [-] oslo_messaging_rabbit.amqp_auto_delete = False {{(pid=99034) log_opt_values /opt/stack/data/venv/lib/python3.12/site-packages/oslo_config/cfg.py:3253}}
Jul 10 14:05:05.553001 np0000005012 nova-conductor[99034]: DEBUG cotyledon.oslo_config_glue [-] oslo_messaging_rabbit.amqp_durable_queues = False {{(pid=99034) log_opt_values /opt/stack/data/venv/lib/python3.12/site-packages/oslo_config/cfg.py:3253}}
Jul 10 14:05:05.553001 np0000005012 nova-conductor[99034]: DEBUG cotyledon.oslo_config_glue [-] oslo_messaging_rabbit.conn_pool_min_size = 2 {{(pid=99034) log_opt_values /opt/stack/data/venv/lib/python3.12/site-packages/oslo_config/cfg.py:3253}}
Jul 10 14:05:05.553001 np0000005012 nova-conductor[99034]: DEBUG cotyledon.oslo_config_glue [-] oslo_messaging_rabbit.conn_pool_ttl = 1200 {{(pid=99034) log_opt_values /opt/stack/data/venv/lib/python3.12/site-packages/oslo_config/cfg.py:3253}}
Jul 10 14:05:05.553001 np0000005012 nova-conductor[99034]: DEBUG cotyledon.oslo_config_glue [-] oslo_messaging_rabbit.direct_mandatory_flag = True {{(pid=99034) log_opt_values /opt/stack/data/venv/lib/python3.12/site-packages/oslo_config/cfg.py:3253}}
Jul 10 14:05:05.553001 np0000005012 nova-conductor[99034]: DEBUG cotyledon.oslo_config_glue [-] oslo_messaging_rabbit.enable_cancel_on_failover = False {{(pid=99034) log_opt_values /opt/stack/data/venv/lib/python3.12/site-packages/oslo_config/cfg.py:3253}}
Jul 10 14:05:05.553270 np0000005012 nova-conductor[99034]: DEBUG cotyledon.oslo_config_glue [-] oslo_messaging_rabbit.heartbeat_rate = 3 {{(pid=99034) log_opt_values /opt/stack/data/venv/lib/python3.12/site-packages/oslo_config/cfg.py:3253}}
Jul 10 14:05:05.553270 np0000005012 nova-conductor[99034]: DEBUG cotyledon.oslo_config_glue [-] oslo_messaging_rabbit.heartbeat_timeout_threshold = 60 {{(pid=99034) log_opt_values /opt/stack/data/venv/lib/python3.12/site-packages/oslo_config/cfg.py:3253}}
Jul 10 14:05:05.553270 np0000005012 nova-conductor[99034]: DEBUG cotyledon.oslo_config_glue [-] oslo_messaging_rabbit.hostname = np0000005012 {{(pid=99034) log_opt_values /opt/stack/data/venv/lib/python3.12/site-packages/oslo_config/cfg.py:3253}}
Jul 10 14:05:05.553270 np0000005012 nova-conductor[99034]: DEBUG cotyledon.oslo_config_glue [-] oslo_messaging_rabbit.kombu_compression = None {{(pid=99034) log_opt_values /opt/stack/data/venv/lib/python3.12/site-packages/oslo_config/cfg.py:3253}}
Jul 10 14:05:05.553270 np0000005012 nova-conductor[99034]: DEBUG cotyledon.oslo_config_glue [-] oslo_messaging_rabbit.kombu_failover_strategy = round-robin {{(pid=99034) log_opt_values /opt/stack/data/venv/lib/python3.12/site-packages/oslo_config/cfg.py:3253}}
Jul 10 14:05:05.553270 np0000005012 nova-conductor[99034]: DEBUG cotyledon.oslo_config_glue [-] oslo_messaging_rabbit.kombu_missing_consumer_retry_timeout = 60 {{(pid=99034) log_opt_values /opt/stack/data/venv/lib/python3.12/site-packages/oslo_config/cfg.py:3253}}
Jul 10 14:05:05.553270 np0000005012 nova-conductor[99034]: DEBUG cotyledon.oslo_config_glue [-] oslo_messaging_rabbit.kombu_reconnect_delay = 1.0 {{(pid=99034) log_opt_values /opt/stack/data/venv/lib/python3.12/site-packages/oslo_config/cfg.py:3253}}
Jul 10 14:05:05.553270 np0000005012 nova-conductor[99034]: DEBUG cotyledon.oslo_config_glue [-] oslo_messaging_rabbit.kombu_reconnect_splay = 0.0 {{(pid=99034) log_opt_values /opt/stack/data/venv/lib/python3.12/site-packages/oslo_config/cfg.py:3253}}
Jul 10 14:05:05.553525 np0000005012 nova-conductor[99020]: INFO dbcounter [None req-52800d0a-6a77-452b-8a9d-667e46ef0446 None None] Registered counter for database nova_cell0
Jul 10 14:05:05.553584 np0000005012 nova-conductor[99034]: DEBUG cotyledon.oslo_config_glue [-] oslo_messaging_rabbit.processname = nova-conductor {{(pid=99034) log_opt_values /opt/stack/data/venv/lib/python3.12/site-packages/oslo_config/cfg.py:3253}}
Jul 10 14:05:05.553584 np0000005012 nova-conductor[99034]: DEBUG cotyledon.oslo_config_glue [-] oslo_messaging_rabbit.rabbit_ha_queues = False {{(pid=99034) log_opt_values /opt/stack/data/venv/lib/python3.12/site-packages/oslo_config/cfg.py:3253}}
Jul 10 14:05:05.553584 np0000005012 nova-conductor[99034]: DEBUG cotyledon.oslo_config_glue [-] oslo_messaging_rabbit.rabbit_interval_max = 30 {{(pid=99034) log_opt_values /opt/stack/data/venv/lib/python3.12/site-packages/oslo_config/cfg.py:3253}}
Jul 10 14:05:05.553584 np0000005012 nova-conductor[99034]: DEBUG cotyledon.oslo_config_glue [-] oslo_messaging_rabbit.rabbit_login_method = AMQPLAIN {{(pid=99034) log_opt_values /opt/stack/data/venv/lib/python3.12/site-packages/oslo_config/cfg.py:3253}}
Jul 10 14:05:05.553584 np0000005012 nova-conductor[99034]: DEBUG cotyledon.oslo_config_glue [-] oslo_messaging_rabbit.rabbit_qos_prefetch_count = 0 {{(pid=99034) log_opt_values /opt/stack/data/venv/lib/python3.12/site-packages/oslo_config/cfg.py:3253}}
Jul 10 14:05:05.553584 np0000005012 nova-conductor[99034]: DEBUG cotyledon.oslo_config_glue [-] oslo_messaging_rabbit.rabbit_quorum_delivery_limit = 0 {{(pid=99034) log_opt_values /opt/stack/data/venv/lib/python3.12/site-packages/oslo_config/cfg.py:3253}}
Jul 10 14:05:05.553584 np0000005012 nova-conductor[99034]: DEBUG cotyledon.oslo_config_glue [-] oslo_messaging_rabbit.rabbit_quorum_max_memory_bytes = 0 {{(pid=99034) log_opt_values /opt/stack/data/venv/lib/python3.12/site-packages/oslo_config/cfg.py:3253}}
Jul 10 14:05:05.553584 np0000005012 nova-conductor[99034]: DEBUG cotyledon.oslo_config_glue [-] oslo_messaging_rabbit.rabbit_quorum_max_memory_length = 0 {{(pid=99034) log_opt_values /opt/stack/data/venv/lib/python3.12/site-packages/oslo_config/cfg.py:3253}}
Jul 10 14:05:05.553584 np0000005012 nova-conductor[99034]: DEBUG cotyledon.oslo_config_glue [-] oslo_messaging_rabbit.rabbit_quorum_queue = False {{(pid=99034) log_opt_values /opt/stack/data/venv/lib/python3.12/site-packages/oslo_config/cfg.py:3253}}
Jul 10 14:05:05.553861 np0000005012 nova-conductor[99034]: DEBUG cotyledon.oslo_config_glue [-] oslo_messaging_rabbit.rabbit_retry_backoff = 2 {{(pid=99034) log_opt_values /opt/stack/data/venv/lib/python3.12/site-packages/oslo_config/cfg.py:3253}}
Jul 10 14:05:05.553861 np0000005012 nova-conductor[99034]: DEBUG cotyledon.oslo_config_glue [-] oslo_messaging_rabbit.rabbit_retry_interval = 1 {{(pid=99034) log_opt_values /opt/stack/data/venv/lib/python3.12/site-packages/oslo_config/cfg.py:3253}}
Jul 10 14:05:05.553861 np0000005012 nova-conductor[99034]: DEBUG cotyledon.oslo_config_glue [-] oslo_messaging_rabbit.rabbit_stream_fanout = False {{(pid=99034) log_opt_values /opt/stack/data/venv/lib/python3.12/site-packages/oslo_config/cfg.py:3253}}
Jul 10 14:05:05.553861 np0000005012 nova-conductor[99034]: DEBUG cotyledon.oslo_config_glue [-] oslo_messaging_rabbit.rabbit_transient_queues_ttl = 1800 {{(pid=99034) log_opt_values /opt/stack/data/venv/lib/python3.12/site-packages/oslo_config/cfg.py:3253}}
Jul 10 14:05:05.553861 np0000005012 nova-conductor[99034]: DEBUG cotyledon.oslo_config_glue [-] oslo_messaging_rabbit.rabbit_transient_quorum_queue = False {{(pid=99034) log_opt_values /opt/stack/data/venv/lib/python3.12/site-packages/oslo_config/cfg.py:3253}}
Jul 10 14:05:05.553861 np0000005012 nova-conductor[99034]: DEBUG cotyledon.oslo_config_glue [-] oslo_messaging_rabbit.rpc_conn_pool_size = 30 {{(pid=99034) log_opt_values /opt/stack/data/venv/lib/python3.12/site-packages/oslo_config/cfg.py:3253}}
Jul 10 14:05:05.553861 np0000005012 nova-conductor[99034]: DEBUG cotyledon.oslo_config_glue [-] oslo_messaging_rabbit.ssl = False {{(pid=99034) log_opt_values /opt/stack/data/venv/lib/python3.12/site-packages/oslo_config/cfg.py:3253}}
Jul 10 14:05:05.553861 np0000005012 nova-conductor[99034]: DEBUG cotyledon.oslo_config_glue [-] oslo_messaging_rabbit.ssl_ca_file = {{(pid=99034) log_opt_values /opt/stack/data/venv/lib/python3.12/site-packages/oslo_config/cfg.py:3253}}
Jul 10 14:05:05.553861 np0000005012 nova-conductor[99034]: DEBUG cotyledon.oslo_config_glue [-] oslo_messaging_rabbit.ssl_cert_file = {{(pid=99034) log_opt_values /opt/stack/data/venv/lib/python3.12/site-packages/oslo_config/cfg.py:3253}}
Jul 10 14:05:05.554124 np0000005012 nova-conductor[99034]: DEBUG cotyledon.oslo_config_glue [-] oslo_messaging_rabbit.ssl_enforce_fips_mode = False {{(pid=99034) log_opt_values /opt/stack/data/venv/lib/python3.12/site-packages/oslo_config/cfg.py:3253}}
Jul 10 14:05:05.554124 np0000005012 nova-conductor[99034]: DEBUG cotyledon.oslo_config_glue [-] oslo_messaging_rabbit.ssl_enforce_hostname_verification = True {{(pid=99034) log_opt_values /opt/stack/data/venv/lib/python3.12/site-packages/oslo_config/cfg.py:3253}}
Jul 10 14:05:05.554124 np0000005012 nova-conductor[99034]: DEBUG cotyledon.oslo_config_glue [-] oslo_messaging_rabbit.ssl_key_file = {{(pid=99034) log_opt_values /opt/stack/data/venv/lib/python3.12/site-packages/oslo_config/cfg.py:3253}}
Jul 10 14:05:05.554124 np0000005012 nova-conductor[99034]: DEBUG cotyledon.oslo_config_glue [-] oslo_messaging_rabbit.ssl_version = {{(pid=99034) log_opt_values /opt/stack/data/venv/lib/python3.12/site-packages/oslo_config/cfg.py:3253}}
Jul 10 14:05:05.554124 np0000005012 nova-conductor[99034]: DEBUG cotyledon.oslo_config_glue [-] oslo_messaging_rabbit.use_queue_manager = False {{(pid=99034) log_opt_values /opt/stack/data/venv/lib/python3.12/site-packages/oslo_config/cfg.py:3253}}
Jul 10 14:05:05.554124 np0000005012 nova-conductor[99034]: DEBUG cotyledon.oslo_config_glue [-] oslo_messaging_notifications.driver = ['messagingv2'] {{(pid=99034) log_opt_values /opt/stack/data/venv/lib/python3.12/site-packages/oslo_config/cfg.py:3253}}
Jul 10 14:05:05.554124 np0000005012 nova-conductor[99034]: DEBUG cotyledon.oslo_config_glue [-] oslo_messaging_notifications.retry = -1 {{(pid=99034) log_opt_values /opt/stack/data/venv/lib/python3.12/site-packages/oslo_config/cfg.py:3253}}
Jul 10 14:05:05.554124 np0000005012 nova-conductor[99034]: DEBUG cotyledon.oslo_config_glue [-] oslo_messaging_notifications.topics = ['notifications'] {{(pid=99034) log_opt_values /opt/stack/data/venv/lib/python3.12/site-packages/oslo_config/cfg.py:3253}}
Jul 10 14:05:05.554124 np0000005012 nova-conductor[99034]: DEBUG cotyledon.oslo_config_glue [-] oslo_messaging_notifications.transport_url = **** {{(pid=99034) log_opt_values /opt/stack/data/venv/lib/python3.12/site-packages/oslo_config/cfg.py:3253}}
Jul 10 14:05:05.554392 np0000005012 nova-conductor[99034]: DEBUG cotyledon.oslo_config_glue [-] oslo_limit.auth_section = None {{(pid=99034) log_opt_values /opt/stack/data/venv/lib/python3.12/site-packages/oslo_config/cfg.py:3253}}
Jul 10 14:05:05.554392 np0000005012 nova-conductor[99034]: DEBUG cotyledon.oslo_config_glue [-] oslo_limit.auth_type = None {{(pid=99034) log_opt_values /opt/stack/data/venv/lib/python3.12/site-packages/oslo_config/cfg.py:3253}}
Jul 10 14:05:05.554392 np0000005012 nova-conductor[99034]: DEBUG cotyledon.oslo_config_glue [-] oslo_limit.cafile = None {{(pid=99034) log_opt_values /opt/stack/data/venv/lib/python3.12/site-packages/oslo_config/cfg.py:3253}}
Jul 10 14:05:05.554392 np0000005012 nova-conductor[99034]: DEBUG cotyledon.oslo_config_glue [-] oslo_limit.certfile = None {{(pid=99034) log_opt_values /opt/stack/data/venv/lib/python3.12/site-packages/oslo_config/cfg.py:3253}}
Jul 10 14:05:05.554392 np0000005012 nova-conductor[99034]: DEBUG cotyledon.oslo_config_glue [-] oslo_limit.collect_timing = False {{(pid=99034) log_opt_values /opt/stack/data/venv/lib/python3.12/site-packages/oslo_config/cfg.py:3253}}
Jul 10 14:05:05.554392 np0000005012 nova-conductor[99034]: DEBUG cotyledon.oslo_config_glue [-] oslo_limit.connect_retries = None {{(pid=99034) log_opt_values /opt/stack/data/venv/lib/python3.12/site-packages/oslo_config/cfg.py:3253}}
Jul 10 14:05:05.554392 np0000005012 nova-conductor[99034]: DEBUG cotyledon.oslo_config_glue [-] oslo_limit.connect_retry_delay = None {{(pid=99034) log_opt_values /opt/stack/data/venv/lib/python3.12/site-packages/oslo_config/cfg.py:3253}}
Jul 10 14:05:05.554392 np0000005012 nova-conductor[99034]: DEBUG cotyledon.oslo_config_glue [-] oslo_limit.endpoint_id = None {{(pid=99034) log_opt_values /opt/stack/data/venv/lib/python3.12/site-packages/oslo_config/cfg.py:3253}}
Jul 10 14:05:05.554392 np0000005012 nova-conductor[99034]: DEBUG cotyledon.oslo_config_glue [-] oslo_limit.endpoint_interface = public {{(pid=99034) log_opt_values /opt/stack/data/venv/lib/python3.12/site-packages/oslo_config/cfg.py:3253}}
Jul 10 14:05:05.554694 np0000005012 nova-conductor[99034]: DEBUG cotyledon.oslo_config_glue [-] oslo_limit.endpoint_override = None {{(pid=99034) log_opt_values /opt/stack/data/venv/lib/python3.12/site-packages/oslo_config/cfg.py:3253}}
Jul 10 14:05:05.554694 np0000005012 nova-conductor[99034]: DEBUG cotyledon.oslo_config_glue [-] oslo_limit.endpoint_region_name = None {{(pid=99034) log_opt_values /opt/stack/data/venv/lib/python3.12/site-packages/oslo_config/cfg.py:3253}}
Jul 10 14:05:05.554694 np0000005012 nova-conductor[99034]: DEBUG cotyledon.oslo_config_glue [-] oslo_limit.endpoint_service_name = None {{(pid=99034) log_opt_values /opt/stack/data/venv/lib/python3.12/site-packages/oslo_config/cfg.py:3253}}
Jul 10 14:05:05.554694 np0000005012 nova-conductor[99034]: DEBUG cotyledon.oslo_config_glue [-] oslo_limit.endpoint_service_type = None {{(pid=99034) log_opt_values /opt/stack/data/venv/lib/python3.12/site-packages/oslo_config/cfg.py:3253}}
Jul 10 14:05:05.554694 np0000005012 nova-conductor[99034]: DEBUG cotyledon.oslo_config_glue [-] oslo_limit.insecure = False {{(pid=99034) log_opt_values /opt/stack/data/venv/lib/python3.12/site-packages/oslo_config/cfg.py:3253}}
Jul 10 14:05:05.554694 np0000005012 nova-conductor[99034]: DEBUG cotyledon.oslo_config_glue [-] oslo_limit.keyfile = None {{(pid=99034) log_opt_values /opt/stack/data/venv/lib/python3.12/site-packages/oslo_config/cfg.py:3253}}
Jul 10 14:05:05.554694 np0000005012 nova-conductor[99034]: DEBUG cotyledon.oslo_config_glue [-] oslo_limit.max_version = None {{(pid=99034) log_opt_values /opt/stack/data/venv/lib/python3.12/site-packages/oslo_config/cfg.py:3253}}
Jul 10 14:05:05.554694 np0000005012 nova-conductor[99034]: DEBUG cotyledon.oslo_config_glue [-] oslo_limit.min_version = None {{(pid=99034) log_opt_values /opt/stack/data/venv/lib/python3.12/site-packages/oslo_config/cfg.py:3253}}
Jul 10 14:05:05.554694 np0000005012 nova-conductor[99034]: DEBUG cotyledon.oslo_config_glue [-] oslo_limit.region_name = None {{(pid=99034) log_opt_values /opt/stack/data/venv/lib/python3.12/site-packages/oslo_config/cfg.py:3253}}
Jul 10 14:05:05.555029 np0000005012 nova-conductor[99034]: DEBUG cotyledon.oslo_config_glue [-] oslo_limit.retriable_status_codes = None {{(pid=99034) log_opt_values /opt/stack/data/venv/lib/python3.12/site-packages/oslo_config/cfg.py:3253}}
Jul 10 14:05:05.555029 np0000005012 nova-conductor[99034]: DEBUG cotyledon.oslo_config_glue [-] oslo_limit.service_name = None {{(pid=99034) log_opt_values /opt/stack/data/venv/lib/python3.12/site-packages/oslo_config/cfg.py:3253}}
Jul 10 14:05:05.555029 np0000005012 nova-conductor[99034]: DEBUG cotyledon.oslo_config_glue [-] oslo_limit.service_type = None {{(pid=99034) log_opt_values /opt/stack/data/venv/lib/python3.12/site-packages/oslo_config/cfg.py:3253}}
Jul 10 14:05:05.555029 np0000005012 nova-conductor[99034]: DEBUG cotyledon.oslo_config_glue [-] oslo_limit.split_loggers = False {{(pid=99034) log_opt_values /opt/stack/data/venv/lib/python3.12/site-packages/oslo_config/cfg.py:3253}}
Jul 10 14:05:05.555029 np0000005012 nova-conductor[99034]: DEBUG cotyledon.oslo_config_glue [-] oslo_limit.status_code_retries = None {{(pid=99034) log_opt_values /opt/stack/data/venv/lib/python3.12/site-packages/oslo_config/cfg.py:3253}}
Jul 10 14:05:05.555029 np0000005012 nova-conductor[99034]: DEBUG cotyledon.oslo_config_glue [-] oslo_limit.status_code_retry_delay = None {{(pid=99034) log_opt_values /opt/stack/data/venv/lib/python3.12/site-packages/oslo_config/cfg.py:3253}}
Jul 10 14:05:05.555029 np0000005012 nova-conductor[99034]: DEBUG cotyledon.oslo_config_glue [-] oslo_limit.timeout = None {{(pid=99034) log_opt_values /opt/stack/data/venv/lib/python3.12/site-packages/oslo_config/cfg.py:3253}}
Jul 10 14:05:05.555029 np0000005012 nova-conductor[99034]: DEBUG cotyledon.oslo_config_glue [-] oslo_limit.valid_interfaces = None {{(pid=99034) log_opt_values /opt/stack/data/venv/lib/python3.12/site-packages/oslo_config/cfg.py:3253}}
Jul 10 14:05:05.555029 np0000005012 nova-conductor[99034]: DEBUG cotyledon.oslo_config_glue [-] oslo_limit.version = None {{(pid=99034) log_opt_values /opt/stack/data/venv/lib/python3.12/site-packages/oslo_config/cfg.py:3253}}
Jul 10 14:05:05.555311 np0000005012 nova-conductor[99034]: DEBUG cotyledon.oslo_config_glue [-] oslo_reports.file_event_handler = None {{(pid=99034) log_opt_values /opt/stack/data/venv/lib/python3.12/site-packages/oslo_config/cfg.py:3253}}
Jul 10 14:05:05.555311 np0000005012 nova-conductor[99034]: DEBUG cotyledon.oslo_config_glue [-] oslo_reports.file_event_handler_interval = 1 {{(pid=99034) log_opt_values /opt/stack/data/venv/lib/python3.12/site-packages/oslo_config/cfg.py:3253}}
Jul 10 14:05:05.555311 np0000005012 nova-conductor[99034]: DEBUG cotyledon.oslo_config_glue [-] oslo_reports.log_dir = None {{(pid=99034) log_opt_values /opt/stack/data/venv/lib/python3.12/site-packages/oslo_config/cfg.py:3253}}
Jul 10 14:05:05.555311 np0000005012 nova-conductor[99034]: DEBUG cotyledon.oslo_config_glue [-] ******************************************************************************** {{(pid=99034) log_opt_values /opt/stack/data/venv/lib/python3.12/site-packages/oslo_config/cfg.py:3260}}
Jul 10 14:05:05.555311 np0000005012 nova-conductor[99034]: DEBUG cotyledon._service_worker [-] Run service ServiceWrapper(3) [99034] {{(pid=99034) wait_forever /opt/stack/data/venv/lib/python3.12/site-packages/cotyledon/_service_worker.py:218}}
Jul 10 14:05:05.555311 np0000005012 nova-conductor[99034]: INFO nova.service [-] Starting conductor node (version 33.1.0)
Jul 10 14:05:05.555311 np0000005012 nova-conductor[99034]: INFO dbcounter [None req-07339c50-f13e-4dfd-b5b0-8c6c5887595b None None] Registered counter for database nova_cell0
Jul 10 14:05:05.555524 np0000005012 nova-conductor[99004]: DEBUG oslo_db.sqlalchemy.engines [None req-dd1988e4-ed9a-4019-b40b-c4af457497e4 None None] MySQL server mode set to STRICT_TRANS_TABLES,STRICT_ALL_TABLES,NO_ZERO_IN_DATE,NO_ZERO_DATE,ERROR_FOR_DIVISION_BY_ZERO,TRADITIONAL,NO_ENGINE_SUBSTITUTION {{(pid=99004) _check_effective_sql_mode /opt/stack/data/venv/lib/python3.12/site-packages/oslo_db/sqlalchemy/engines.py:325}}
Jul 10 14:05:05.555524 np0000005012 nova-conductor[99004]: DEBUG dbcounter [-] [99004] Writer thread running {{(pid=99004) stat_writer /opt/stack/data/venv/lib/python3.12/site-packages/dbcounter.py:102}}
Jul 10 14:05:05.555625 np0000005012 nova-conductor[99008]: DEBUG oslo_db.sqlalchemy.engines [None req-e9bc019e-6053-4878-b892-ba07bb3cfd9e None None] MySQL server mode set to STRICT_TRANS_TABLES,STRICT_ALL_TABLES,NO_ZERO_IN_DATE,NO_ZERO_DATE,ERROR_FOR_DIVISION_BY_ZERO,TRADITIONAL,NO_ENGINE_SUBSTITUTION {{(pid=99008) _check_effective_sql_mode /opt/stack/data/venv/lib/python3.12/site-packages/oslo_db/sqlalchemy/engines.py:325}}
Jul 10 14:05:05.555670 np0000005012 nova-conductor[99020]: DEBUG oslo_db.sqlalchemy.engines [None req-52800d0a-6a77-452b-8a9d-667e46ef0446 None None] MySQL server mode set to STRICT_TRANS_TABLES,STRICT_ALL_TABLES,NO_ZERO_IN_DATE,NO_ZERO_DATE,ERROR_FOR_DIVISION_BY_ZERO,TRADITIONAL,NO_ENGINE_SUBSTITUTION {{(pid=99020) _check_effective_sql_mode /opt/stack/data/venv/lib/python3.12/site-packages/oslo_db/sqlalchemy/engines.py:325}}
Jul 10 14:05:05.555711 np0000005012 nova-conductor[99004]: DEBUG nova.service [None req-dd1988e4-ed9a-4019-b40b-c4af457497e4 None None] Creating RPC server for service: nova-conductor on topic: conductor {{(pid=99004) start /opt/stack/nova/nova/service.py:196}}
Jul 10 14:05:05.555754 np0000005012 nova-conductor[99008]: DEBUG dbcounter [-] [99008] Writer thread running {{(pid=99008) stat_writer /opt/stack/data/venv/lib/python3.12/site-packages/dbcounter.py:102}}
Jul 10 14:05:05.555792 np0000005012 nova-conductor[99020]: DEBUG dbcounter [-] [99020] Writer thread running {{(pid=99020) stat_writer /opt/stack/data/venv/lib/python3.12/site-packages/dbcounter.py:102}}
Jul 10 14:05:05.555829 np0000005012 nova-conductor[99008]: DEBUG nova.service [None req-e9bc019e-6053-4878-b892-ba07bb3cfd9e None None] Creating RPC server for service: nova-conductor on topic: conductor {{(pid=99008) start /opt/stack/nova/nova/service.py:196}}
Jul 10 14:05:05.555865 np0000005012 nova-conductor[99020]: DEBUG nova.service [None req-52800d0a-6a77-452b-8a9d-667e46ef0446 None None] Creating RPC server for service: nova-conductor on topic: conductor {{(pid=99020) start /opt/stack/nova/nova/service.py:196}}
Jul 10 14:05:05.555907 np0000005012 nova-conductor[99034]: DEBUG oslo_db.sqlalchemy.engines [None req-07339c50-f13e-4dfd-b5b0-8c6c5887595b None None] MySQL server mode set to STRICT_TRANS_TABLES,STRICT_ALL_TABLES,NO_ZERO_IN_DATE,NO_ZERO_DATE,ERROR_FOR_DIVISION_BY_ZERO,TRADITIONAL,NO_ENGINE_SUBSTITUTION {{(pid=99034) _check_effective_sql_mode /opt/stack/data/venv/lib/python3.12/site-packages/oslo_db/sqlalchemy/engines.py:325}}
Jul 10 14:05:05.555907 np0000005012 nova-conductor[99034]: DEBUG dbcounter [-] [99034] Writer thread running {{(pid=99034) stat_writer /opt/stack/data/venv/lib/python3.12/site-packages/dbcounter.py:102}}
Jul 10 14:05:05.555907 np0000005012 nova-conductor[99034]: DEBUG nova.service [None req-07339c50-f13e-4dfd-b5b0-8c6c5887595b None None] Creating RPC server for service: nova-conductor on topic: conductor {{(pid=99034) start /opt/stack/nova/nova/service.py:196}}
Jul 10 14:05:05.556009 np0000005012 nova-conductor[99004]: DEBUG nova.service [None req-dd1988e4-ed9a-4019-b40b-c4af457497e4 None None] Join ServiceGroup membership for this service conductor {{(pid=99004) start /opt/stack/nova/nova/service.py:222}}
Jul 10 14:05:05.556047 np0000005012 nova-conductor[99020]: DEBUG nova.service [None req-52800d0a-6a77-452b-8a9d-667e46ef0446 None None] Join ServiceGroup membership for this service conductor {{(pid=99020) start /opt/stack/nova/nova/service.py:222}}
Jul 10 14:05:05.556083 np0000005012 nova-conductor[99004]: DEBUG nova.servicegroup.drivers.db [None req-dd1988e4-ed9a-4019-b40b-c4af457497e4 None None] DB_Driver: join new ServiceGroup member np0000005012 to the conductor group, service = {{(pid=99004) join /opt/stack/nova/nova/servicegroup/drivers/db.py:44}}
Jul 10 14:05:05.556124 np0000005012 nova-conductor[99020]: DEBUG nova.servicegroup.drivers.db [None req-52800d0a-6a77-452b-8a9d-667e46ef0446 None None] DB_Driver: join new ServiceGroup member np0000005012 to the conductor group, service = {{(pid=99020) join /opt/stack/nova/nova/servicegroup/drivers/db.py:44}}
Jul 10 14:05:05.556161 np0000005012 nova-conductor[99008]: DEBUG nova.service [None req-e9bc019e-6053-4878-b892-ba07bb3cfd9e None None] Join ServiceGroup membership for this service conductor {{(pid=99008) start /opt/stack/nova/nova/service.py:222}}
Jul 10 14:05:05.556161 np0000005012 nova-conductor[99008]: DEBUG nova.servicegroup.drivers.db [None req-e9bc019e-6053-4878-b892-ba07bb3cfd9e None None] DB_Driver: join new ServiceGroup member np0000005012 to the conductor group, service = {{(pid=99008) join /opt/stack/nova/nova/servicegroup/drivers/db.py:44}}
Jul 10 14:05:05.562097 np0000005012 nova-conductor[99034]: DEBUG nova.service [None req-07339c50-f13e-4dfd-b5b0-8c6c5887595b None None] Join ServiceGroup membership for this service conductor {{(pid=99034) start /opt/stack/nova/nova/service.py:222}}
Jul 10 14:05:05.562339 np0000005012 nova-conductor[99034]: DEBUG nova.servicegroup.drivers.db [None req-07339c50-f13e-4dfd-b5b0-8c6c5887595b None None] DB_Driver: join new ServiceGroup member np0000005012 to the conductor group, service = {{(pid=99034) join /opt/stack/nova/nova/servicegroup/drivers/db.py:44}}
Jul 10 14:05:10.571963 np0000005012 nova-conductor[99004]: DEBUG oslo.service.backend._threading.loopingcall [-] Fixed interval looping call 'nova.servicegroup.drivers.db.DbDriver._report_state' sleeping for 119.98 seconds {{(pid=99004) _run_loop /opt/stack/data/venv/lib/python3.12/site-packages/oslo_service/backend/_threading/loopingcall.py:125}}
Jul 10 14:05:10.572806 np0000005012 nova-conductor[99020]: DEBUG oslo.service.backend._threading.loopingcall [-] Fixed interval looping call 'nova.servicegroup.drivers.db.DbDriver._report_state' sleeping for 119.98 seconds {{(pid=99020) _run_loop /opt/stack/data/venv/lib/python3.12/site-packages/oslo_service/backend/_threading/loopingcall.py:125}}
Jul 10 14:05:10.573343 np0000005012 nova-conductor[99008]: DEBUG oslo.service.backend._threading.loopingcall [-] Fixed interval looping call 'nova.servicegroup.drivers.db.DbDriver._report_state' sleeping for 119.98 seconds {{(pid=99008) _run_loop /opt/stack/data/venv/lib/python3.12/site-packages/oslo_service/backend/_threading/loopingcall.py:125}}
Jul 10 14:05:10.574495 np0000005012 nova-conductor[99034]: DEBUG oslo.service.backend._threading.loopingcall [-] Fixed interval looping call 'nova.servicegroup.drivers.db.DbDriver._report_state' sleeping for 119.99 seconds {{(pid=99034) _run_loop /opt/stack/data/venv/lib/python3.12/site-packages/oslo_service/backend/_threading/loopingcall.py:125}}
Jul 10 14:05:11.555369 np0000005012 nova-conductor[99004]: DEBUG oslo.service.backend._threading.loopingcall [None req-c6b74850-9eb2-430e-908c-bcdb47c0bf91 None None] Dynamic interval looping call 'nova.service.Service.periodic_tasks' sleeping for 60.00 seconds {{(pid=99004) _run_loop /opt/stack/data/venv/lib/python3.12/site-packages/oslo_service/backend/_threading/loopingcall.py:125}}
Jul 10 14:05:12.564114 np0000005012 nova-conductor[99034]: DEBUG oslo.service.backend._threading.loopingcall [None req-e777e426-c1e2-408e-86f2-16b41020d298 None None] Dynamic interval looping call 'nova.service.Service.periodic_tasks' sleeping for 60.00 seconds {{(pid=99034) _run_loop /opt/stack/data/venv/lib/python3.12/site-packages/oslo_service/backend/_threading/loopingcall.py:125}}
Jul 10 14:05:14.156316 np0000005012 nova-conductor[97560]: DEBUG dbcounter [-] [97560] Writing DB stats nova_api:SELECT=1 {{(pid=97560) stat_writer /opt/stack/data/venv/lib/python3.12/site-packages/dbcounter.py:115}}
Jul 10 14:05:14.280395 np0000005012 nova-conductor[97560]: DEBUG dbcounter [-] [97560] Writing DB stats nova_cell1:SELECT=1 {{(pid=97560) stat_writer /opt/stack/data/venv/lib/python3.12/site-packages/dbcounter.py:115}}
Jul 10 14:05:14.285194 np0000005012 nova-conductor[97560]: DEBUG dbcounter [-] [97560] Writing DB stats nova_cell0:SELECT=1 {{(pid=97560) stat_writer /opt/stack/data/venv/lib/python3.12/site-packages/dbcounter.py:115}}
Jul 10 14:05:20.562872 np0000005012 nova-conductor[99004]: DEBUG dbcounter [-] [99004] Writing DB stats nova_cell0:SELECT=4,nova_cell0:INSERT=1,nova_cell0:UPDATE=1 {{(pid=99004) stat_writer /opt/stack/data/venv/lib/python3.12/site-packages/dbcounter.py:115}}
Jul 10 14:05:20.563479 np0000005012 nova-conductor[99020]: DEBUG dbcounter [-] [99020] Writing DB stats nova_cell0:SELECT=3,nova_cell0:UPDATE=1 {{(pid=99020) stat_writer /opt/stack/data/venv/lib/python3.12/site-packages/dbcounter.py:115}}
Jul 10 14:05:20.564397 np0000005012 nova-conductor[99008]: DEBUG dbcounter [-] [99008] Writing DB stats nova_cell0:SELECT=3,nova_cell0:UPDATE=1 {{(pid=99008) stat_writer /opt/stack/data/venv/lib/python3.12/site-packages/dbcounter.py:115}}
Jul 10 14:05:20.572703 np0000005012 nova-conductor[99034]: DEBUG dbcounter [-] [99034] Writing DB stats nova_cell0:SELECT=3,nova_cell0:UPDATE=1 {{(pid=99034) stat_writer /opt/stack/data/venv/lib/python3.12/site-packages/dbcounter.py:115}}
Jul 10 14:05:29.555349 np0000005012 nova-conductor[99020]: DEBUG oslo.service.backend._threading.loopingcall [None req-e90dc13f-b973-47ce-b384-205a780c17b8 None None] Dynamic interval looping call 'nova.service.Service.periodic_tasks' sleeping for 60.00 seconds {{(pid=99020) _run_loop /opt/stack/data/venv/lib/python3.12/site-packages/oslo_service/backend/_threading/loopingcall.py:125}}
Jul 10 14:05:35.556660 np0000005012 nova-conductor[99008]: DEBUG oslo.service.backend._threading.loopingcall [None req-264a3b7a-376e-4bb3-8de3-c05409bbdff9 None None] Dynamic interval looping call 'nova.service.Service.periodic_tasks' sleeping for 60.00 seconds {{(pid=99008) _run_loop /opt/stack/data/venv/lib/python3.12/site-packages/oslo_service/backend/_threading/loopingcall.py:125}}
Jul 10 14:06:11.556001 np0000005012 nova-conductor[99004]: DEBUG oslo.service.backend._threading.loopingcall [None req-c6b74850-9eb2-430e-908c-bcdb47c0bf91 None None] Dynamic interval looping call 'nova.service.Service.periodic_tasks' sleeping for 60.00 seconds {{(pid=99004) _run_loop /opt/stack/data/venv/lib/python3.12/site-packages/oslo_service/backend/_threading/loopingcall.py:125}}
Jul 10 14:06:12.564632 np0000005012 nova-conductor[99034]: DEBUG oslo.service.backend._threading.loopingcall [None req-e777e426-c1e2-408e-86f2-16b41020d298 None None] Dynamic interval looping call 'nova.service.Service.periodic_tasks' sleeping for 60.00 seconds {{(pid=99034) _run_loop /opt/stack/data/venv/lib/python3.12/site-packages/oslo_service/backend/_threading/loopingcall.py:125}}
Jul 10 14:06:29.555938 np0000005012 nova-conductor[99020]: DEBUG oslo.service.backend._threading.loopingcall [None req-e90dc13f-b973-47ce-b384-205a780c17b8 None None] Dynamic interval looping call 'nova.service.Service.periodic_tasks' sleeping for 60.00 seconds {{(pid=99020) _run_loop /opt/stack/data/venv/lib/python3.12/site-packages/oslo_service/backend/_threading/loopingcall.py:125}}
Jul 10 14:06:35.557222 np0000005012 nova-conductor[99008]: DEBUG oslo.service.backend._threading.loopingcall [None req-264a3b7a-376e-4bb3-8de3-c05409bbdff9 None None] Dynamic interval looping call 'nova.service.Service.periodic_tasks' sleeping for 60.00 seconds {{(pid=99008) _run_loop /opt/stack/data/venv/lib/python3.12/site-packages/oslo_service/backend/_threading/loopingcall.py:125}}
Jul 10 14:07:10.559726 np0000005012 nova-conductor[99004]: DEBUG oslo.service.backend._threading.loopingcall [-] Fixed interval looping call 'nova.servicegroup.drivers.db.DbDriver._report_state' sleeping for 119.99 seconds {{(pid=99004) _run_loop /opt/stack/data/venv/lib/python3.12/site-packages/oslo_service/backend/_threading/loopingcall.py:125}}
Jul 10 14:07:10.560242 np0000005012 nova-conductor[99020]: DEBUG oslo.service.backend._threading.loopingcall [-] Fixed interval looping call 'nova.servicegroup.drivers.db.DbDriver._report_state' sleeping for 119.99 seconds {{(pid=99020) _run_loop /opt/stack/data/venv/lib/python3.12/site-packages/oslo_service/backend/_threading/loopingcall.py:125}}
Jul 10 14:07:10.562551 np0000005012 nova-conductor[99008]: DEBUG oslo.service.backend._threading.loopingcall [-] Fixed interval looping call 'nova.servicegroup.drivers.db.DbDriver._report_state' sleeping for 119.99 seconds {{(pid=99008) _run_loop /opt/stack/data/venv/lib/python3.12/site-packages/oslo_service/backend/_threading/loopingcall.py:125}}
Jul 10 14:07:10.568757 np0000005012 nova-conductor[99034]: DEBUG oslo.service.backend._threading.loopingcall [-] Fixed interval looping call 'nova.servicegroup.drivers.db.DbDriver._report_state' sleeping for 120.00 seconds {{(pid=99034) _run_loop /opt/stack/data/venv/lib/python3.12/site-packages/oslo_service/backend/_threading/loopingcall.py:125}}
Jul 10 14:07:11.556459 np0000005012 nova-conductor[99004]: DEBUG oslo.service.backend._threading.loopingcall [None req-c6b74850-9eb2-430e-908c-bcdb47c0bf91 None None] Dynamic interval looping call 'nova.service.Service.periodic_tasks' sleeping for 60.00 seconds {{(pid=99004) _run_loop /opt/stack/data/venv/lib/python3.12/site-packages/oslo_service/backend/_threading/loopingcall.py:125}}
Jul 10 14:07:12.565084 np0000005012 nova-conductor[99034]: DEBUG oslo.service.backend._threading.loopingcall [None req-e777e426-c1e2-408e-86f2-16b41020d298 None None] Dynamic interval looping call 'nova.service.Service.periodic_tasks' sleeping for 60.00 seconds {{(pid=99034) _run_loop /opt/stack/data/venv/lib/python3.12/site-packages/oslo_service/backend/_threading/loopingcall.py:125}}
Jul 10 14:07:20.555705 np0000005012 nova-conductor[99004]: DEBUG dbcounter [-] [99004] Writing DB stats nova_cell0:SELECT=1,nova_cell0:UPDATE=1 {{(pid=99004) stat_writer /opt/stack/data/venv/lib/python3.12/site-packages/dbcounter.py:115}}
Jul 10 14:07:20.556896 np0000005012 nova-conductor[99020]: DEBUG dbcounter [-] [99020] Writing DB stats nova_cell0:SELECT=1,nova_cell0:UPDATE=1 {{(pid=99020) stat_writer /opt/stack/data/venv/lib/python3.12/site-packages/dbcounter.py:115}}
Jul 10 14:07:20.558013 np0000005012 nova-conductor[99008]: DEBUG dbcounter [-] [99008] Writing DB stats nova_cell0:SELECT=1,nova_cell0:UPDATE=1 {{(pid=99008) stat_writer /opt/stack/data/venv/lib/python3.12/site-packages/dbcounter.py:115}}
Jul 10 14:07:20.566659 np0000005012 nova-conductor[99034]: DEBUG dbcounter [-] [99034] Writing DB stats nova_cell0:SELECT=1 {{(pid=99034) stat_writer /opt/stack/data/venv/lib/python3.12/site-packages/dbcounter.py:115}}
Jul 10 14:07:25.366871 np0000005012 nova-conductor[99004]: DEBUG oslo_db.sqlalchemy.engines [None req-c2bbdc16-f3da-4772-8774-3d9895a169f3 tempest-ServerActionsTestOtherA-1899958583 tempest-ServerActionsTestOtherA-1899958583-project-member] Parent process 97560 forked (99004) with an open database connection, which is being discarded and recreated. {{(pid=99004) checkout /opt/stack/data/venv/lib/python3.12/site-packages/oslo_db/sqlalchemy/engines.py:402}}
Jul 10 14:07:25.410910 np0000005012 nova-conductor[99004]: DEBUG dbcounter [-] [99004] Writer thread running {{(pid=99004) stat_writer /opt/stack/data/venv/lib/python3.12/site-packages/dbcounter.py:102}}
Jul 10 14:07:26.945896 np0000005012 nova-conductor[99004]: DEBUG nova.conductor.manager [None req-c2bbdc16-f3da-4772-8774-3d9895a169f3 tempest-ServerActionsTestOtherA-1899958583 tempest-ServerActionsTestOtherA-1899958583-project-member] Took 1.53 seconds to select destinations for 1 instance(s). {{(pid=99004) _schedule_instances /opt/stack/nova/nova/conductor/manager.py:968}}
Jul 10 14:07:26.977977 np0000005012 nova-conductor[99004]: DEBUG oslo_concurrency.lockutils [None req-c2bbdc16-f3da-4772-8774-3d9895a169f3 tempest-ServerActionsTestOtherA-1899958583 tempest-ServerActionsTestOtherA-1899958583-project-member] Acquiring lock "6a473230-ebb3-4136-a762-00de0b1948ef" by "nova.context.set_target_cell..get_or_set_cached_cell_and_set_connections" {{(pid=99004) inner /opt/stack/data/venv/lib/python3.12/site-packages/oslo_concurrency/lockutils.py:511}}
Jul 10 14:07:26.977977 np0000005012 nova-conductor[99004]: DEBUG oslo_concurrency.lockutils [None req-c2bbdc16-f3da-4772-8774-3d9895a169f3 tempest-ServerActionsTestOtherA-1899958583 tempest-ServerActionsTestOtherA-1899958583-project-member] Lock "6a473230-ebb3-4136-a762-00de0b1948ef" acquired by "nova.context.set_target_cell..get_or_set_cached_cell_and_set_connections" :: waited 0.001s {{(pid=99004) inner /opt/stack/data/venv/lib/python3.12/site-packages/oslo_concurrency/lockutils.py:524}}
Jul 10 14:07:26.979558 np0000005012 nova-conductor[99004]: DEBUG oslo_concurrency.lockutils [None req-c2bbdc16-f3da-4772-8774-3d9895a169f3 tempest-ServerActionsTestOtherA-1899958583 tempest-ServerActionsTestOtherA-1899958583-project-member] Lock "6a473230-ebb3-4136-a762-00de0b1948ef" "released" by "nova.context.set_target_cell..get_or_set_cached_cell_and_set_connections" :: held 0.002s {{(pid=99004) inner /opt/stack/data/venv/lib/python3.12/site-packages/oslo_concurrency/lockutils.py:543}}
Jul 10 14:07:26.981236 np0000005012 nova-conductor[99004]: INFO dbcounter [None req-c2bbdc16-f3da-4772-8774-3d9895a169f3 tempest-ServerActionsTestOtherA-1899958583 tempest-ServerActionsTestOtherA-1899958583-project-member] Registered counter for database nova_cell1
Jul 10 14:07:27.026261 np0000005012 nova-conductor[99004]: DEBUG oslo_db.sqlalchemy.engines [None req-c2bbdc16-f3da-4772-8774-3d9895a169f3 tempest-ServerActionsTestOtherA-1899958583 tempest-ServerActionsTestOtherA-1899958583-project-member] MySQL server mode set to STRICT_TRANS_TABLES,STRICT_ALL_TABLES,NO_ZERO_IN_DATE,NO_ZERO_DATE,ERROR_FOR_DIVISION_BY_ZERO,TRADITIONAL,NO_ENGINE_SUBSTITUTION {{(pid=99004) _check_effective_sql_mode /opt/stack/data/venv/lib/python3.12/site-packages/oslo_db/sqlalchemy/engines.py:325}}
Jul 10 14:07:27.033978 np0000005012 nova-conductor[99004]: DEBUG dbcounter [-] [99004] Writer thread running {{(pid=99004) stat_writer /opt/stack/data/venv/lib/python3.12/site-packages/dbcounter.py:102}}
Jul 10 14:07:27.123265 np0000005012 nova-conductor[99004]: INFO nova.utils [None req-c2bbdc16-f3da-4772-8774-3d9895a169f3 tempest-ServerActionsTestOtherA-1899958583 tempest-ServerActionsTestOtherA-1899958583-project-member] The cell worker thread pool ForkProcess-1.cell_worker is initialized
Jul 10 14:07:27.123601 np0000005012 nova-conductor[99004]: DEBUG oslo_concurrency.lockutils [None req-c2bbdc16-f3da-4772-8774-3d9895a169f3 tempest-ServerActionsTestOtherA-1899958583 tempest-ServerActionsTestOtherA-1899958583-project-member] Acquiring lock "00000000-0000-0000-0000-000000000000" by "nova.context.set_target_cell..get_or_set_cached_cell_and_set_connections" {{(pid=99004) inner /opt/stack/data/venv/lib/python3.12/site-packages/oslo_concurrency/lockutils.py:511}}
Jul 10 14:07:27.123761 np0000005012 nova-conductor[99004]: DEBUG oslo_concurrency.lockutils [None req-c2bbdc16-f3da-4772-8774-3d9895a169f3 tempest-ServerActionsTestOtherA-1899958583 tempest-ServerActionsTestOtherA-1899958583-project-member] Lock "00000000-0000-0000-0000-000000000000" acquired by "nova.context.set_target_cell..get_or_set_cached_cell_and_set_connections" :: waited 0.000s {{(pid=99004) inner /opt/stack/data/venv/lib/python3.12/site-packages/oslo_concurrency/lockutils.py:524}}
Jul 10 14:07:27.124152 np0000005012 nova-conductor[99004]: DEBUG oslo_concurrency.lockutils [None req-c2bbdc16-f3da-4772-8774-3d9895a169f3 tempest-ServerActionsTestOtherA-1899958583 tempest-ServerActionsTestOtherA-1899958583-project-member] Lock "00000000-0000-0000-0000-000000000000" "released" by "nova.context.set_target_cell..get_or_set_cached_cell_and_set_connections" :: held 0.000s {{(pid=99004) inner /opt/stack/data/venv/lib/python3.12/site-packages/oslo_concurrency/lockutils.py:543}}
Jul 10 14:07:27.125072 np0000005012 nova-conductor[99004]: DEBUG oslo_concurrency.lockutils [None req-c2bbdc16-f3da-4772-8774-3d9895a169f3 tempest-ServerActionsTestOtherA-1899958583 tempest-ServerActionsTestOtherA-1899958583-project-member] Acquiring lock "6a473230-ebb3-4136-a762-00de0b1948ef" by "nova.context.set_target_cell..get_or_set_cached_cell_and_set_connections" {{(pid=99004) inner /opt/stack/data/venv/lib/python3.12/site-packages/oslo_concurrency/lockutils.py:511}}
Jul 10 14:07:27.125265 np0000005012 nova-conductor[99004]: DEBUG oslo_concurrency.lockutils [None req-c2bbdc16-f3da-4772-8774-3d9895a169f3 tempest-ServerActionsTestOtherA-1899958583 tempest-ServerActionsTestOtherA-1899958583-project-member] Lock "6a473230-ebb3-4136-a762-00de0b1948ef" acquired by "nova.context.set_target_cell..get_or_set_cached_cell_and_set_connections" :: waited 0.000s {{(pid=99004) inner /opt/stack/data/venv/lib/python3.12/site-packages/oslo_concurrency/lockutils.py:524}}
Jul 10 14:07:27.125398 np0000005012 nova-conductor[99004]: DEBUG oslo_concurrency.lockutils [None req-c2bbdc16-f3da-4772-8774-3d9895a169f3 tempest-ServerActionsTestOtherA-1899958583 tempest-ServerActionsTestOtherA-1899958583-project-member] Lock "6a473230-ebb3-4136-a762-00de0b1948ef" "released" by "nova.context.set_target_cell..get_or_set_cached_cell_and_set_connections" :: held 0.000s {{(pid=99004) inner /opt/stack/data/venv/lib/python3.12/site-packages/oslo_concurrency/lockutils.py:543}}
Jul 10 14:07:27.127058 np0000005012 nova-conductor[99004]: INFO dbcounter [None req-c2bbdc16-f3da-4772-8774-3d9895a169f3 tempest-ServerActionsTestOtherA-1899958583 tempest-ServerActionsTestOtherA-1899958583-project-member] Registered counter for database nova_cell0
Jul 10 14:07:27.174353 np0000005012 nova-conductor[99004]: DEBUG oslo_db.sqlalchemy.engines [None req-c2bbdc16-f3da-4772-8774-3d9895a169f3 tempest-ServerActionsTestOtherA-1899958583 tempest-ServerActionsTestOtherA-1899958583-project-member] MySQL server mode set to STRICT_TRANS_TABLES,STRICT_ALL_TABLES,NO_ZERO_IN_DATE,NO_ZERO_DATE,ERROR_FOR_DIVISION_BY_ZERO,TRADITIONAL,NO_ENGINE_SUBSTITUTION {{(pid=99004) _check_effective_sql_mode /opt/stack/data/venv/lib/python3.12/site-packages/oslo_db/sqlalchemy/engines.py:325}}
Jul 10 14:07:27.180304 np0000005012 nova-conductor[99004]: DEBUG dbcounter [-] [99004] Writer thread running {{(pid=99004) stat_writer /opt/stack/data/venv/lib/python3.12/site-packages/dbcounter.py:102}}
Jul 10 14:07:27.195337 np0000005012 nova-conductor[99004]: DEBUG nova.quota [None req-c2bbdc16-f3da-4772-8774-3d9895a169f3 tempest-ServerActionsTestOtherA-1899958583 tempest-ServerActionsTestOtherA-1899958583-project-member] Getting quotas for project d735d3be83c54881afb8460c3c6d885c. Resources: {'cores', 'ram', 'instances'} {{(pid=99004) _get_quotas /opt/stack/nova/nova/quota.py:389}}
Jul 10 14:07:27.200282 np0000005012 nova-conductor[99004]: DEBUG nova.quota [None req-c2bbdc16-f3da-4772-8774-3d9895a169f3 tempest-ServerActionsTestOtherA-1899958583 tempest-ServerActionsTestOtherA-1899958583-project-member] Getting quotas for user eed6049fcfde436bbe37fbeb83e8643f and project d735d3be83c54881afb8460c3c6d885c. Resources: {'cores', 'ram', 'instances'} {{(pid=99004) _get_quotas /opt/stack/nova/nova/quota.py:379}}
Jul 10 14:07:27.210047 np0000005012 nova-conductor[99004]: DEBUG nova.conductor.manager [None req-c2bbdc16-f3da-4772-8774-3d9895a169f3 tempest-ServerActionsTestOtherA-1899958583 tempest-ServerActionsTestOtherA-1899958583-project-member] [instance: c5368706-d1cb-4277-8f63-8cff4d3e7f5b] Selected host: np0000005012; Selected node: np0000005012; Alternates: [] {{(pid=99004) schedule_and_build_instances /opt/stack/nova/nova/conductor/manager.py:1784}}
Jul 10 14:07:27.210706 np0000005012 nova-conductor[99004]: DEBUG oslo_concurrency.lockutils [None req-c2bbdc16-f3da-4772-8774-3d9895a169f3 tempest-ServerActionsTestOtherA-1899958583 tempest-ServerActionsTestOtherA-1899958583-project-member] Acquiring lock "6a473230-ebb3-4136-a762-00de0b1948ef" by "nova.context.set_target_cell..get_or_set_cached_cell_and_set_connections" {{(pid=99004) inner /opt/stack/data/venv/lib/python3.12/site-packages/oslo_concurrency/lockutils.py:511}}
Jul 10 14:07:27.211036 np0000005012 nova-conductor[99004]: DEBUG oslo_concurrency.lockutils [None req-c2bbdc16-f3da-4772-8774-3d9895a169f3 tempest-ServerActionsTestOtherA-1899958583 tempest-ServerActionsTestOtherA-1899958583-project-member] Lock "6a473230-ebb3-4136-a762-00de0b1948ef" acquired by "nova.context.set_target_cell..get_or_set_cached_cell_and_set_connections" :: waited 0.000s {{(pid=99004) inner /opt/stack/data/venv/lib/python3.12/site-packages/oslo_concurrency/lockutils.py:524}}
