Jul 10 14:04:35.177205 np0000005012 devstack@neutron-api.service[90763]: DEBUG neutron.api.extensions [None req-e26494d0-feff-4e51-8bca-c44320b87914 None None] Ext name="QinQ networks" alias="qinq" description="Expose network 'qinq' attribute in the API. This allows to configure network to allow vlan in vlan configuration using 0x88a8 ethertype (QinQ)." updated="2024-12-02T10:00:00-00:00" {{(pid=90763) _check_extension /opt/stack/neutron/neutron/api/extensions.py:415}}
Jul 10 14:04:35.177329 np0000005012 devstack@neutron-api.service[90761]: DEBUG neutron.api.extensions [None req-c43e324e-8f3c-467c-be5c-52cda50abb0c None None] Loading extension file: l3.py {{(pid=90761) _load_all_extensions_from_path /opt/stack/neutron/neutron/api/extensions.py:449}}
Jul 10 14:04:35.177463 np0000005012 devstack@neutron-api.service[90763]: INFO neutron.api.extensions [None req-e26494d0-feff-4e51-8bca-c44320b87914 None None] Loaded extension: qinq
Jul 10 14:04:35.177463 np0000005012 devstack@neutron-api.service[90763]: DEBUG neutron.api.extensions [None req-e26494d0-feff-4e51-8bca-c44320b87914 None None] Loading extension file: qos.py {{(pid=90763) _load_all_extensions_from_path /opt/stack/neutron/neutron/api/extensions.py:449}}
Jul 10 14:04:35.177632 np0000005012 devstack@neutron-api.service[90761]: DEBUG neutron.api.extensions [None req-c43e324e-8f3c-467c-be5c-52cda50abb0c None None] Ext name="Neutron L3 Router" alias="router" description="Router abstraction for basic L3 forwarding between L2 Neutron networks and access to external networks via a NAT gateway." updated="2012-07-20T10:00:00-00:00" {{(pid=90761) _check_extension /opt/stack/neutron/neutron/api/extensions.py:415}}
Jul 10 14:04:35.177632 np0000005012 devstack@neutron-api.service[90761]: INFO neutron.api.extensions [None req-c43e324e-8f3c-467c-be5c-52cda50abb0c None None] Loaded extension: router
Jul 10 14:04:35.177632 np0000005012 devstack@neutron-api.service[90761]: DEBUG neutron.api.extensions [None req-c43e324e-8f3c-467c-be5c-52cda50abb0c None None] Loading extension file: l3_agent_scheduler_ha_chassis_priority.py {{(pid=90761) _load_all_extensions_from_path /opt/stack/neutron/neutron/api/extensions.py:449}}
Jul 10 14:04:35.177632 np0000005012 devstack@neutron-api.service[90761]: DEBUG neutron.api.extensions [None req-c43e324e-8f3c-467c-be5c-52cda50abb0c None None] Ext name="L3 Agent Scheduler HA Chassis Priority" alias="l3-agent-scheduler-ha-chassis-priority" description="Exposes the HA_Chassis priority in the L3 Agent Scheduler API responses and allows setting priority when scheduling a router to a chassis." updated="2026-03-31T00:00:00-00:00" {{(pid=90761) _check_extension /opt/stack/neutron/neutron/api/extensions.py:415}}
Jul 10 14:04:35.177632 np0000005012 devstack@neutron-api.service[90761]: INFO neutron.api.extensions [None req-c43e324e-8f3c-467c-be5c-52cda50abb0c None None] Loaded extension: l3-agent-scheduler-ha-chassis-priority
Jul 10 14:04:35.177632 np0000005012 devstack@neutron-api.service[90761]: DEBUG neutron.api.extensions [None req-c43e324e-8f3c-467c-be5c-52cda50abb0c None None] Loading extension file: l3_conntrack_helper.py {{(pid=90761) _load_all_extensions_from_path /opt/stack/neutron/neutron/api/extensions.py:449}}
Jul 10 14:04:35.177891 np0000005012 devstack@neutron-api.service[90762]: DEBUG neutron_lib.callbacks.manager [None req-ccb755ee-25fd-40eb-a04a-0a6f3d40f67a None None] Subscribe: > process before_spawn 55550000, False {{(pid=90762) subscribe /opt/stack/data/venv/lib/python3.12/site-packages/neutron_lib/callbacks/manager.py:52}}
Jul 10 14:04:35.178013 np0000005012 devstack@neutron-api.service[90763]: DEBUG neutron.api.extensions [None req-e26494d0-feff-4e51-8bca-c44320b87914 None None] Ext name="Quality of Service" alias="qos" description="The Quality of Service extension." updated="2015-06-08T10:00:00-00:00" {{(pid=90763) _check_extension /opt/stack/neutron/neutron/api/extensions.py:415}}
Jul 10 14:04:35.178143 np0000005012 devstack@neutron-api.service[90762]: DEBUG neutron_lib.callbacks.manager [None req-ccb755ee-25fd-40eb-a04a-0a6f3d40f67a None None] Subscribe: > process after_init 55550000, True {{(pid=90762) subscribe /opt/stack/data/venv/lib/python3.12/site-packages/neutron_lib/callbacks/manager.py:52}}
Jul 10 14:04:35.178266 np0000005012 devstack@neutron-api.service[90763]: INFO neutron.api.extensions [None req-e26494d0-feff-4e51-8bca-c44320b87914 None None] Extension qos not supported by any of loaded plugins
Jul 10 14:04:35.178381 np0000005012 devstack@neutron-api.service[90762]: DEBUG neutron_lib.callbacks.manager [None req-ccb755ee-25fd-40eb-a04a-0a6f3d40f67a None None] Subscribe: > segment after_create 55550000, False {{(pid=90762) subscribe /opt/stack/data/venv/lib/python3.12/site-packages/neutron_lib/callbacks/manager.py:52}}
Jul 10 14:04:35.178574 np0000005012 devstack@neutron-api.service[90763]: DEBUG neutron.api.extensions [None req-e26494d0-feff-4e51-8bca-c44320b87914 None None] Loading extension file: qos_bw_limit_direction.py {{(pid=90763) _load_all_extensions_from_path /opt/stack/neutron/neutron/api/extensions.py:449}}
Jul 10 14:04:35.178749 np0000005012 devstack@neutron-api.service[90762]: DEBUG neutron_lib.callbacks.manager [None req-ccb755ee-25fd-40eb-a04a-0a6f3d40f67a None None] Subscribe: > segment after_create 55550000, False {{(pid=90762) subscribe /opt/stack/data/venv/lib/python3.12/site-packages/neutron_lib/callbacks/manager.py:52}}
Jul 10 14:04:35.178749 np0000005012 devstack@neutron-api.service[90762]: DEBUG neutron_lib.callbacks.manager [None req-ccb755ee-25fd-40eb-a04a-0a6f3d40f67a None None] Subscribe: > segment after_delete 55550000, False {{(pid=90762) subscribe /opt/stack/data/venv/lib/python3.12/site-packages/neutron_lib/callbacks/manager.py:52}}
Jul 10 14:04:35.178922 np0000005012 devstack@neutron-api.service[90761]: DEBUG neutron.api.extensions [None req-c43e324e-8f3c-467c-be5c-52cda50abb0c None None] Ext name="L3 Conntrack helper" alias="l3-conntrack-helper" description="Allow adding CT target rules for conntrack helper" updated="2019-04-04T10:00:00-00:00" {{(pid=90761) _check_extension /opt/stack/neutron/neutron/api/extensions.py:415}}
Jul 10 14:04:35.179045 np0000005012 devstack@neutron-api.service[90762]: DEBUG neutron_lib.callbacks.manager [None req-ccb755ee-25fd-40eb-a04a-0a6f3d40f67a None None] Subscribe: > allowed_address_pair before_create 55550000, False {{(pid=90762) subscribe /opt/stack/data/venv/lib/python3.12/site-packages/neutron_lib/callbacks/manager.py:52}}
Jul 10 14:04:35.179187 np0000005012 devstack@neutron-api.service[90763]: DEBUG neutron.api.extensions [None req-e26494d0-feff-4e51-8bca-c44320b87914 None None] Ext name="Direction for QoS bandwidth limit rule" alias="qos-bw-limit-direction" description="Allow to configure QoS bandwidth limit rule with specific direction: ingress or egress" updated="2017-04-10T10:00:00-00:00" {{(pid=90763) _check_extension /opt/stack/neutron/neutron/api/extensions.py:415}}
Jul 10 14:04:35.179277 np0000005012 devstack@neutron-api.service[90761]: INFO neutron.api.extensions [None req-c43e324e-8f3c-467c-be5c-52cda50abb0c None None] Extension l3-conntrack-helper not supported by any of loaded plugins
Jul 10 14:04:35.179356 np0000005012 devstack@neutron-api.service[90762]: DEBUG neutron_lib.callbacks.manager [None req-ccb755ee-25fd-40eb-a04a-0a6f3d40f67a None None] Subscribe: > security_group precommit_create 55550000, False {{(pid=90762) subscribe /opt/stack/data/venv/lib/python3.12/site-packages/neutron_lib/callbacks/manager.py:52}}
Jul 10 14:04:35.179437 np0000005012 devstack@neutron-api.service[90761]: DEBUG neutron.api.extensions [None req-c43e324e-8f3c-467c-be5c-52cda50abb0c None None] Loading extension file: l3_enable_default_route_bfd.py {{(pid=90761) _load_all_extensions_from_path /opt/stack/neutron/neutron/api/extensions.py:449}}
Jul 10 14:04:35.179540 np0000005012 devstack@neutron-api.service[90763]: INFO neutron.api.extensions [None req-e26494d0-feff-4e51-8bca-c44320b87914 None None] Extension qos-bw-limit-direction not supported by any of loaded plugins
Jul 10 14:04:35.179636 np0000005012 devstack@neutron-api.service[90762]: DEBUG neutron_lib.callbacks.manager [None req-ccb755ee-25fd-40eb-a04a-0a6f3d40f67a None None] Subscribe: > security_group after_update 55550000, False {{(pid=90762) subscribe /opt/stack/data/venv/lib/python3.12/site-packages/neutron_lib/callbacks/manager.py:52}}
Jul 10 14:04:35.179754 np0000005012 devstack@neutron-api.service[90763]: DEBUG neutron.api.extensions [None req-e26494d0-feff-4e51-8bca-c44320b87914 None None] Loading extension file: qos_bw_minimum_ingress.py {{(pid=90763) _load_all_extensions_from_path /opt/stack/neutron/neutron/api/extensions.py:449}}
Jul 10 14:04:35.179839 np0000005012 devstack@neutron-api.service[90762]: DEBUG neutron_lib.callbacks.manager [None req-ccb755ee-25fd-40eb-a04a-0a6f3d40f67a None None] Subscribe: > security_group after_create 55550000, False {{(pid=90762) subscribe /opt/stack/data/venv/lib/python3.12/site-packages/neutron_lib/callbacks/manager.py:52}}
Jul 10 14:04:35.179920 np0000005012 devstack@neutron-api.service[90761]: DEBUG neutron.api.extensions [None req-c43e324e-8f3c-467c-be5c-52cda50abb0c None None] Ext name="Enable Default Route BFD" alias="enable-default-route-bfd" description="Enables configurable BFD behavior for default routes" updated="2023-02-27T00:00:00-00:00" {{(pid=90761) _check_extension /opt/stack/neutron/neutron/api/extensions.py:415}}
Jul 10 14:04:35.179990 np0000005012 devstack@neutron-api.service[90762]: DEBUG neutron_lib.callbacks.manager [None req-ccb755ee-25fd-40eb-a04a-0a6f3d40f67a None None] Subscribe: > security_group precommit_delete 55550000, False {{(pid=90762) subscribe /opt/stack/data/venv/lib/python3.12/site-packages/neutron_lib/callbacks/manager.py:52}}
Jul 10 14:04:35.180079 np0000005012 devstack@neutron-api.service[90761]: INFO neutron.api.extensions [None req-c43e324e-8f3c-467c-be5c-52cda50abb0c None None] Loaded extension: enable-default-route-bfd
Jul 10 14:04:35.180164 np0000005012 devstack@neutron-api.service[90763]: DEBUG neutron.api.extensions [None req-e26494d0-feff-4e51-8bca-c44320b87914 None None] Ext name="Ingress direction for QoS minimum bandwidth rule" alias="qos-bw-minimum-ingress" description="Allow to configure QoS minumum bandwidth rule with ingress direction." updated="2018-07-09T10:00:00-00:00" {{(pid=90763) _check_extension /opt/stack/neutron/neutron/api/extensions.py:415}}
Jul 10 14:04:35.180259 np0000005012 devstack@neutron-api.service[90761]: DEBUG neutron.api.extensions [None req-c43e324e-8f3c-467c-be5c-52cda50abb0c None None] Loading extension file: l3_enable_default_route_ecmp.py {{(pid=90761) _load_all_extensions_from_path /opt/stack/neutron/neutron/api/extensions.py:449}}
Jul 10 14:04:35.180384 np0000005012 devstack@neutron-api.service[90762]: DEBUG neutron_lib.callbacks.manager [None req-ccb755ee-25fd-40eb-a04a-0a6f3d40f67a None None] Subscribe: > security_group after_delete 55550000, False {{(pid=90762) subscribe /opt/stack/data/venv/lib/python3.12/site-packages/neutron_lib/callbacks/manager.py:52}}
Jul 10 14:04:35.180384 np0000005012 devstack@neutron-api.service[90762]: DEBUG neutron_lib.callbacks.manager [None req-ccb755ee-25fd-40eb-a04a-0a6f3d40f67a None None] Subscribe: > security_group_rule precommit_create 55550000, False {{(pid=90762) subscribe /opt/stack/data/venv/lib/python3.12/site-packages/neutron_lib/callbacks/manager.py:52}}
Jul 10 14:04:35.180534 np0000005012 devstack@neutron-api.service[90763]: INFO neutron.api.extensions [None req-e26494d0-feff-4e51-8bca-c44320b87914 None None] Extension qos-bw-minimum-ingress not supported by any of loaded plugins
Jul 10 14:04:35.180656 np0000005012 devstack@neutron-api.service[90761]: DEBUG neutron.api.extensions [None req-c43e324e-8f3c-467c-be5c-52cda50abb0c None None] Ext name="Enable Default Route ECMP" alias="enable-default-route-ecmp" description="Enables configurable ECMP behavior for default routes" updated="2023-02-27T00:00:00-00:00" {{(pid=90761) _check_extension /opt/stack/neutron/neutron/api/extensions.py:415}}
Jul 10 14:04:35.180750 np0000005012 devstack@neutron-api.service[90763]: DEBUG neutron.api.extensions [None req-e26494d0-feff-4e51-8bca-c44320b87914 None None] Loading extension file: qos_default.py {{(pid=90763) _load_all_extensions_from_path /opt/stack/neutron/neutron/api/extensions.py:449}}
Jul 10 14:04:35.180832 np0000005012 devstack@neutron-api.service[90762]: DEBUG neutron_lib.callbacks.manager [None req-ccb755ee-25fd-40eb-a04a-0a6f3d40f67a None None] Subscribe: > security_group_rule after_create 55550000, False {{(pid=90762) subscribe /opt/stack/data/venv/lib/python3.12/site-packages/neutron_lib/callbacks/manager.py:52}}
Jul 10 14:04:35.180906 np0000005012 devstack@neutron-api.service[90761]: INFO neutron.api.extensions [None req-c43e324e-8f3c-467c-be5c-52cda50abb0c None None] Loaded extension: enable-default-route-ecmp
Jul 10 14:04:35.180981 np0000005012 devstack@neutron-api.service[90762]: DEBUG neutron_lib.callbacks.manager [None req-ccb755ee-25fd-40eb-a04a-0a6f3d40f67a None None] Subscribe: > security_group_rule before_delete 55550000, False {{(pid=90762) subscribe /opt/stack/data/venv/lib/python3.12/site-packages/neutron_lib/callbacks/manager.py:52}}
Jul 10 14:04:35.181062 np0000005012 devstack@neutron-api.service[90761]: DEBUG neutron.api.extensions [None req-c43e324e-8f3c-467c-be5c-52cda50abb0c None None] Loading extension file: l3_ext_gw_mode.py {{(pid=90761) _load_all_extensions_from_path /opt/stack/neutron/neutron/api/extensions.py:449}}
Jul 10 14:04:35.181138 np0000005012 devstack@neutron-api.service[90763]: DEBUG neutron.api.extensions [None req-e26494d0-feff-4e51-8bca-c44320b87914 None None] Ext name="QoS default policy" alias="qos-default" description="Expose the QoS default policy per project" updated="2017-041-06T10:00:00-00:00" {{(pid=90763) _check_extension /opt/stack/neutron/neutron/api/extensions.py:415}}
Jul 10 14:04:35.181210 np0000005012 devstack@neutron-api.service[90762]: DEBUG neutron_lib.callbacks.manager [None req-ccb755ee-25fd-40eb-a04a-0a6f3d40f67a None None] Subscribe: > address_group after_create 55550000, False {{(pid=90762) subscribe /opt/stack/data/venv/lib/python3.12/site-packages/neutron_lib/callbacks/manager.py:52}}
Jul 10 14:04:35.181284 np0000005012 devstack@neutron-api.service[90761]: DEBUG neutron.api.extensions [None req-c43e324e-8f3c-467c-be5c-52cda50abb0c None None] Ext name="Neutron L3 Configurable external gateway mode" alias="ext-gw-mode" description="Extension of the router abstraction for specifying whether SNAT should occur on the external gateway" updated="2013-03-28T10:00:00-00:00" {{(pid=90761) _check_extension /opt/stack/neutron/neutron/api/extensions.py:415}}
Jul 10 14:04:35.181421 np0000005012 devstack@neutron-api.service[90762]: DEBUG neutron_lib.callbacks.manager [None req-ccb755ee-25fd-40eb-a04a-0a6f3d40f67a None None] Subscribe: > address_group after_update 55550000, False {{(pid=90762) subscribe /opt/stack/data/venv/lib/python3.12/site-packages/neutron_lib/callbacks/manager.py:52}}
Jul 10 14:04:35.181544 np0000005012 devstack@neutron-api.service[90763]: INFO neutron.api.extensions [None req-e26494d0-feff-4e51-8bca-c44320b87914 None None] Extension qos-default not supported by any of loaded plugins
Jul 10 14:04:35.181636 np0000005012 devstack@neutron-api.service[90761]: INFO neutron.api.extensions [None req-c43e324e-8f3c-467c-be5c-52cda50abb0c None None] Loaded extension: ext-gw-mode
Jul 10 14:04:35.181721 np0000005012 devstack@neutron-api.service[90762]: DEBUG neutron_lib.callbacks.manager [None req-ccb755ee-25fd-40eb-a04a-0a6f3d40f67a None None] Subscribe: > address_group after_delete 55550000, False {{(pid=90762) subscribe /opt/stack/data/venv/lib/python3.12/site-packages/neutron_lib/callbacks/manager.py:52}}
Jul 10 14:04:35.181801 np0000005012 devstack@neutron-api.service[90763]: DEBUG neutron.api.extensions [None req-e26494d0-feff-4e51-8bca-c44320b87914 None None] Loading extension file: qos_fip.py {{(pid=90763) _load_all_extensions_from_path /opt/stack/neutron/neutron/api/extensions.py:449}}
Jul 10 14:04:35.181871 np0000005012 devstack@neutron-api.service[90761]: DEBUG neutron.api.extensions [None req-c43e324e-8f3c-467c-be5c-52cda50abb0c None None] Loading extension file: l3_ext_ha_mode.py {{(pid=90761) _load_all_extensions_from_path /opt/stack/neutron/neutron/api/extensions.py:449}}
Jul 10 14:04:35.181941 np0000005012 devstack@neutron-api.service[90762]: DEBUG neutron_lib.callbacks.manager [None req-ccb755ee-25fd-40eb-a04a-0a6f3d40f67a None None] Subscribe: > qos_plugin after_init 55550000, False {{(pid=90762) subscribe /opt/stack/data/venv/lib/python3.12/site-packages/neutron_lib/callbacks/manager.py:52}}
Jul 10 14:04:35.182020 np0000005012 devstack@neutron-api.service[90761]: DEBUG neutron.api.extensions [None req-c43e324e-8f3c-467c-be5c-52cda50abb0c None None] Ext name="HA Router extension" alias="l3-ha" description="Adds HA capability to routers." updated="2014-04-26T00:00:00-00:00" {{(pid=90761) _check_extension /opt/stack/neutron/neutron/api/extensions.py:415}}
Jul 10 14:04:35.182097 np0000005012 devstack@neutron-api.service[90763]: DEBUG neutron.api.extensions [None req-e26494d0-feff-4e51-8bca-c44320b87914 None None] Ext name="Floating IP QoS" alias="qos-fip" description="The floating IP Quality of Service extension" updated="2017-07-20T00:00:00-00:00" {{(pid=90763) _check_extension /opt/stack/neutron/neutron/api/extensions.py:415}}
Jul 10 14:04:35.182181 np0000005012 devstack@neutron-api.service[90761]: INFO neutron.api.extensions [None req-c43e324e-8f3c-467c-be5c-52cda50abb0c None None] Loaded extension: l3-ha
Jul 10 14:04:35.182259 np0000005012 devstack@neutron-api.service[90762]: DEBUG neutron_lib.callbacks.manager [None req-ccb755ee-25fd-40eb-a04a-0a6f3d40f67a None None] Subscribe: > trunk_plugin after_init 55550000, False {{(pid=90762) subscribe /opt/stack/data/venv/lib/python3.12/site-packages/neutron_lib/callbacks/manager.py:52}}
Jul 10 14:04:35.182331 np0000005012 devstack@neutron-api.service[90763]: INFO neutron.api.extensions [None req-e26494d0-feff-4e51-8bca-c44320b87914 None None] Extension qos-fip not supported by any of loaded plugins
Jul 10 14:04:35.182407 np0000005012 devstack@neutron-api.service[90761]: DEBUG neutron.api.extensions [None req-c43e324e-8f3c-467c-be5c-52cda50abb0c None None] Loading extension file: l3_ext_ndp_proxy.py {{(pid=90761) _load_all_extensions_from_path /opt/stack/neutron/neutron/api/extensions.py:449}}
Jul 10 14:04:35.182487 np0000005012 devstack@neutron-api.service[90763]: DEBUG neutron.api.extensions [None req-e26494d0-feff-4e51-8bca-c44320b87914 None None] Loading extension file: qos_fip_network_policy.py {{(pid=90763) _load_all_extensions_from_path /opt/stack/neutron/neutron/api/extensions.py:449}}
Jul 10 14:04:35.182589 np0000005012 devstack@neutron-api.service[90762]: DEBUG neutron_lib.callbacks.manager [None req-ccb755ee-25fd-40eb-a04a-0a6f3d40f67a None None] Subscribe: > logging-plugin after_init 55550000, False {{(pid=90762) subscribe /opt/stack/data/venv/lib/python3.12/site-packages/neutron_lib/callbacks/manager.py:52}}
Jul 10 14:04:35.182663 np0000005012 devstack@neutron-api.service[90761]: DEBUG neutron.api.extensions [None req-c43e324e-8f3c-467c-be5c-52cda50abb0c None None] Ext name="Router support to enable NDP proxy" alias="l3-ext-ndp-proxy" description="Router extension to enable ndp proxy" updated="2020-08-25T00:00:00-00:00" {{(pid=90761) _check_extension /opt/stack/neutron/neutron/api/extensions.py:415}}
Jul 10 14:04:35.182663 np0000005012 devstack@neutron-api.service[90761]: INFO neutron.api.extensions [None req-c43e324e-8f3c-467c-be5c-52cda50abb0c None None] Extension l3-ext-ndp-proxy not supported by any of loaded plugins
Jul 10 14:04:35.182785 np0000005012 devstack@neutron-api.service[90763]: DEBUG neutron.api.extensions [None req-e26494d0-feff-4e51-8bca-c44320b87914 None None] Ext name="QoS floating IP network policy ID" alias="qos-fip-network-policy" description="Adds a the QoS network ID to the floating IP definition" updated="2021-11-15T10:00:00-00:00" {{(pid=90763) _check_extension /opt/stack/neutron/neutron/api/extensions.py:415}}
Jul 10 14:04:35.182884 np0000005012 devstack@neutron-api.service[90761]: DEBUG neutron.api.extensions [None req-c43e324e-8f3c-467c-be5c-52cda50abb0c None None] Loading extension file: l3_extra_gws.py {{(pid=90761) _load_all_extensions_from_path /opt/stack/neutron/neutron/api/extensions.py:449}}
Jul 10 14:04:35.182963 np0000005012 devstack@neutron-api.service[90763]: INFO neutron.api.extensions [None req-e26494d0-feff-4e51-8bca-c44320b87914 None None] Extension qos-fip-network-policy not supported by any of loaded plugins
Jul 10 14:04:35.183047 np0000005012 devstack@neutron-api.service[90761]: DEBUG neutron.api.extensions [None req-c43e324e-8f3c-467c-be5c-52cda50abb0c None None] Ext name="Neutron L3 External Gateway Multihoming" alias="external-gateway-multihoming" description="Allow multiple external gateway ports per router" updated="2023-01-18T00:00:00-00:00" {{(pid=90761) _check_extension /opt/stack/neutron/neutron/api/extensions.py:415}}
Jul 10 14:04:35.183120 np0000005012 devstack@neutron-api.service[90763]: DEBUG neutron.api.extensions [None req-e26494d0-feff-4e51-8bca-c44320b87914 None None] Loading extension file: qos_gateway_ip.py {{(pid=90763) _load_all_extensions_from_path /opt/stack/neutron/neutron/api/extensions.py:449}}
Jul 10 14:04:35.183193 np0000005012 devstack@neutron-api.service[90762]: INFO neutron.services.logapi.drivers.ovn.driver [None req-ccb755ee-25fd-40eb-a04a-0a6f3d40f67a None None] OVN logging driver registered
Jul 10 14:04:35.183263 np0000005012 devstack@neutron-api.service[90761]: INFO neutron.api.extensions [None req-c43e324e-8f3c-467c-be5c-52cda50abb0c None None] Loaded extension: external-gateway-multihoming
Jul 10 14:04:35.183340 np0000005012 devstack@neutron-api.service[90762]: DEBUG neutron_lib.callbacks.manager [None req-ccb755ee-25fd-40eb-a04a-0a6f3d40f67a None None] Subscribe: ._register_pvlan_driver at 0x7ea943517a60> pvlan_plugin before_spawn 55550000, False {{(pid=90762) subscribe /opt/stack/data/venv/lib/python3.12/site-packages/neutron_lib/callbacks/manager.py:52}}
Jul 10 14:04:35.183420 np0000005012 devstack@neutron-api.service[90761]: DEBUG neutron.api.extensions [None req-c43e324e-8f3c-467c-be5c-52cda50abb0c None None] Loading extension file: l3_flavors.py {{(pid=90761) _load_all_extensions_from_path /opt/stack/neutron/neutron/api/extensions.py:449}}
Jul 10 14:04:35.183584 np0000005012 devstack@neutron-api.service[90762]: DEBUG neutron_lib.callbacks.manager [None req-ccb755ee-25fd-40eb-a04a-0a6f3d40f67a None None] Subscribe: process after_init 55550000, False {{(pid=90762) subscribe /opt/stack/data/venv/lib/python3.12/site-packages/neutron_lib/callbacks/manager.py:52}}
Jul 10 14:04:35.183782 np0000005012 devstack@neutron-api.service[90763]: DEBUG neutron.api.extensions [None req-e26494d0-feff-4e51-8bca-c44320b87914 None None] Ext name="Router gateway IP QoS" alias="qos-gateway-ip" description="The Router gateway IP Quality of Service extension" updated="2018-02-24T00:00:00-00:00" {{(pid=90763) _check_extension /opt/stack/neutron/neutron/api/extensions.py:415}}
Jul 10 14:04:35.183782 np0000005012 devstack@neutron-api.service[90763]: INFO neutron.api.extensions [None req-e26494d0-feff-4e51-8bca-c44320b87914 None None] Extension qos-gateway-ip not supported by any of loaded plugins
Jul 10 14:04:35.183957 np0000005012 devstack@neutron-api.service[90761]: DEBUG neutron.api.extensions [None req-c43e324e-8f3c-467c-be5c-52cda50abb0c None None] Ext name="Router Flavor Extension" alias="l3-flavors" description="Flavor support for routers." updated="2016-05-17T00:00:00-00:00" {{(pid=90761) _check_extension /opt/stack/neutron/neutron/api/extensions.py:415}}
Jul 10 14:04:35.184091 np0000005012 devstack@neutron-api.service[90763]: DEBUG neutron.api.extensions [None req-e26494d0-feff-4e51-8bca-c44320b87914 None None] Loading extension file: qos_port_network_policy.py {{(pid=90763) _load_all_extensions_from_path /opt/stack/neutron/neutron/api/extensions.py:449}}
Jul 10 14:04:35.184233 np0000005012 devstack@neutron-api.service[90761]: INFO neutron.api.extensions [None req-c43e324e-8f3c-467c-be5c-52cda50abb0c None None] Loaded extension: l3-flavors
Jul 10 14:04:35.184233 np0000005012 devstack@neutron-api.service[90761]: DEBUG neutron.api.extensions [None req-c43e324e-8f3c-467c-be5c-52cda50abb0c None None] Loading extension file: l3_ndp_proxy.py {{(pid=90761) _load_all_extensions_from_path /opt/stack/neutron/neutron/api/extensions.py:449}}
Jul 10 14:04:35.184405 np0000005012 devstack@neutron-api.service[90763]: DEBUG neutron.api.extensions [None req-e26494d0-feff-4e51-8bca-c44320b87914 None None] Ext name="QoS port network policy ID" alias="qos-port-network-policy" description="Adds a the QoS network ID to the port definition" updated="2019-11-01T10:00:00-00:00" {{(pid=90763) _check_extension /opt/stack/neutron/neutron/api/extensions.py:415}}
Jul 10 14:04:35.184566 np0000005012 devstack@neutron-api.service[90761]: DEBUG neutron.api.extensions [None req-c43e324e-8f3c-467c-be5c-52cda50abb0c None None] Ext name="name" alias="l3-ndp-proxy" description="description" updated="2021-06-29T10:00:00-00:00" {{(pid=90761) _check_extension /opt/stack/neutron/neutron/api/extensions.py:415}}
Jul 10 14:04:35.184729 np0000005012 devstack@neutron-api.service[90763]: INFO neutron.api.extensions [None req-e26494d0-feff-4e51-8bca-c44320b87914 None None] Extension qos-port-network-policy not supported by any of loaded plugins
Jul 10 14:04:35.184866 np0000005012 devstack@neutron-api.service[90761]: INFO neutron.api.extensions [None req-c43e324e-8f3c-467c-be5c-52cda50abb0c None None] Extension l3-ndp-proxy not supported by any of loaded plugins
Jul 10 14:04:35.185018 np0000005012 devstack@neutron-api.service[90763]: DEBUG neutron.api.extensions [None req-e26494d0-feff-4e51-8bca-c44320b87914 None None] Loading extension file: qos_pps_minimum_rule.py {{(pid=90763) _load_all_extensions_from_path /opt/stack/neutron/neutron/api/extensions.py:449}}
Jul 10 14:04:35.185156 np0000005012 devstack@neutron-api.service[90761]: DEBUG neutron.api.extensions [None req-c43e324e-8f3c-467c-be5c-52cda50abb0c None None] Loading extension file: l3_port_ip_change_not_allowed.py {{(pid=90761) _load_all_extensions_from_path /opt/stack/neutron/neutron/api/extensions.py:449}}
Jul 10 14:04:35.185156 np0000005012 devstack@neutron-api.service[90761]: DEBUG neutron.api.extensions [None req-c43e324e-8f3c-467c-be5c-52cda50abb0c None None] Ext name="Prevent L3 router ports IP address change extension" alias="l3-port-ip-change-not-allowed" description="Prevent change of IP address for some L3 router ports" updated="2018-10-09T10:00:00-00:00" {{(pid=90761) _check_extension /opt/stack/neutron/neutron/api/extensions.py:415}}
Jul 10 14:04:35.185349 np0000005012 devstack@neutron-api.service[90763]: DEBUG neutron.api.extensions [None req-e26494d0-feff-4e51-8bca-c44320b87914 None None] Ext name="QoS minimum packet rate rule" alias="qos-pps-minimum" description="Allow to configure QoS minimum packet rate rule." updated="2021-07-14T10:00:00-00:00" {{(pid=90763) _check_extension /opt/stack/neutron/neutron/api/extensions.py:415}}
Jul 10 14:04:35.185557 np0000005012 devstack@neutron-api.service[90761]: INFO neutron.api.extensions [None req-c43e324e-8f3c-467c-be5c-52cda50abb0c None None] Extension l3-port-ip-change-not-allowed not supported by any of loaded plugins
Jul 10 14:04:35.185557 np0000005012 devstack@neutron-api.service[90761]: DEBUG neutron.api.extensions [None req-c43e324e-8f3c-467c-be5c-52cda50abb0c None None] Loading extension file: l3agentscheduler.py {{(pid=90761) _load_all_extensions_from_path /opt/stack/neutron/neutron/api/extensions.py:449}}
Jul 10 14:04:35.185743 np0000005012 devstack@neutron-api.service[90763]: INFO neutron.api.extensions [None req-e26494d0-feff-4e51-8bca-c44320b87914 None None] Extension qos-pps-minimum not supported by any of loaded plugins
Jul 10 14:04:35.185743 np0000005012 devstack@neutron-api.service[90763]: DEBUG neutron.api.extensions [None req-e26494d0-feff-4e51-8bca-c44320b87914 None None] Loading extension file: qos_pps_minimum_rule_alias.py {{(pid=90763) _load_all_extensions_from_path /opt/stack/neutron/neutron/api/extensions.py:449}}
Jul 10 14:04:35.186035 np0000005012 devstack@neutron-api.service[90762]: DEBUG neutron.plugins.ml2.plugin [None req-ccb755ee-25fd-40eb-a04a-0a6f3d40f67a None None] neutron.plugins.ml2.plugin.Ml2Plugin method _start_rpc_notifiers called with arguments () {} {{(pid=90762) wrapper /opt/stack/data/venv/lib/python3.12/site-packages/oslo_log/helpers.py:77}}
Jul 10 14:04:35.186195 np0000005012 devstack@neutron-api.service[90763]: DEBUG neutron.api.extensions [None req-e26494d0-feff-4e51-8bca-c44320b87914 None None] Ext name="QoS minimum packet rate rule alias" alias="qos-pps-minimum-rule-alias" description="API to enable GET, PUT and DELETE operations on QoS minimum packet rate rule without specifying policy ID" updated="2021-10-22T10:00:00-00:00" {{(pid=90763) _check_extension /opt/stack/neutron/neutron/api/extensions.py:415}}
Jul 10 14:04:35.186354 np0000005012 devstack@neutron-api.service[90761]: DEBUG neutron.api.extensions [None req-c43e324e-8f3c-467c-be5c-52cda50abb0c None None] Ext name="L3 Agent Scheduler" alias="l3_agent_scheduler" description="Schedule routers among l3 agents" updated="2013-02-07T10:00:00-00:00" {{(pid=90761) _check_extension /opt/stack/neutron/neutron/api/extensions.py:415}}
Jul 10 14:04:35.186520 np0000005012 devstack@neutron-api.service[90763]: INFO neutron.api.extensions [None req-e26494d0-feff-4e51-8bca-c44320b87914 None None] Extension qos-pps-minimum-rule-alias not supported by any of loaded plugins
Jul 10 14:04:35.186796 np0000005012 devstack@neutron-api.service[90762]: DEBUG neutron_lib.callbacks.manager [None req-ccb755ee-25fd-40eb-a04a-0a6f3d40f67a None None] Subscribe: > port after_create 55550000, False {{(pid=90762) subscribe /opt/stack/data/venv/lib/python3.12/site-packages/neutron_lib/callbacks/manager.py:52}}
Jul 10 14:04:35.186956 np0000005012 devstack@neutron-api.service[90761]: INFO neutron.api.extensions [None req-c43e324e-8f3c-467c-be5c-52cda50abb0c None None] Loaded extension: l3_agent_scheduler
Jul 10 14:04:35.187108 np0000005012 devstack@neutron-api.service[90763]: DEBUG neutron.api.extensions [None req-e26494d0-feff-4e51-8bca-c44320b87914 None None] Loading extension file: qos_pps_rule.py {{(pid=90763) _load_all_extensions_from_path /opt/stack/neutron/neutron/api/extensions.py:449}}
Jul 10 14:04:35.187257 np0000005012 devstack@neutron-api.service[90761]: DEBUG neutron.api.extensions [None req-c43e324e-8f3c-467c-be5c-52cda50abb0c None None] Loading extension file: local_ip.py {{(pid=90761) _load_all_extensions_from_path /opt/stack/neutron/neutron/api/extensions.py:449}}
Jul 10 14:04:35.187416 np0000005012 devstack@neutron-api.service[90762]: DEBUG neutron_lib.callbacks.manager [None req-ccb755ee-25fd-40eb-a04a-0a6f3d40f67a None None] Subscribe: > port after_update 55550000, False {{(pid=90762) subscribe /opt/stack/data/venv/lib/python3.12/site-packages/neutron_lib/callbacks/manager.py:52}}
Jul 10 14:04:35.187416 np0000005012 devstack@neutron-api.service[90762]: DEBUG neutron_lib.callbacks.manager [None req-ccb755ee-25fd-40eb-a04a-0a6f3d40f67a None None] Subscribe: > port after_delete 55550000, False {{(pid=90762) subscribe /opt/stack/data/venv/lib/python3.12/site-packages/neutron_lib/callbacks/manager.py:52}}
Jul 10 14:04:35.187626 np0000005012 devstack@neutron-api.service[90763]: DEBUG neutron.api.extensions [None req-e26494d0-feff-4e51-8bca-c44320b87914 None None] Ext name="QoS Rule Type Packet per Second Extension" alias="qos-pps" description="Add QoS Rule Type Packet per Second" updated="2021-05-12T10:00:00-00:00" {{(pid=90763) _check_extension /opt/stack/neutron/neutron/api/extensions.py:415}}
Jul 10 14:04:35.187782 np0000005012 devstack@neutron-api.service[90762]: DEBUG neutron_lib.callbacks.manager [None req-ccb755ee-25fd-40eb-a04a-0a6f3d40f67a None None] Subscribe: > subnet after_create 55550000, False {{(pid=90762) subscribe /opt/stack/data/venv/lib/python3.12/site-packages/neutron_lib/callbacks/manager.py:52}}
Jul 10 14:04:35.187935 np0000005012 devstack@neutron-api.service[90761]: DEBUG neutron.api.extensions [None req-c43e324e-8f3c-467c-be5c-52cda50abb0c None None] Ext name="Local IP" alias="local_ip" description="Support Node Local Virtual IP" updated="2021-07-26T10:00:00-00:00" {{(pid=90761) _check_extension /opt/stack/neutron/neutron/api/extensions.py:415}}
Jul 10 14:04:35.188130 np0000005012 devstack@neutron-api.service[90763]: INFO neutron.api.extensions [None req-e26494d0-feff-4e51-8bca-c44320b87914 None None] Extension qos-pps not supported by any of loaded plugins
Jul 10 14:04:35.188287 np0000005012 devstack@neutron-api.service[90762]: DEBUG neutron_lib.callbacks.manager [None req-ccb755ee-25fd-40eb-a04a-0a6f3d40f67a None None] Subscribe: > subnet after_update 55550000, False {{(pid=90762) subscribe /opt/stack/data/venv/lib/python3.12/site-packages/neutron_lib/callbacks/manager.py:52}}
Jul 10 14:04:35.188441 np0000005012 devstack@neutron-api.service[90761]: INFO neutron.api.extensions [None req-c43e324e-8f3c-467c-be5c-52cda50abb0c None None] Extension local_ip not supported by any of loaded plugins
Jul 10 14:04:35.188613 np0000005012 devstack@neutron-api.service[90763]: DEBUG neutron.api.extensions [None req-e26494d0-feff-4e51-8bca-c44320b87914 None None] Loading extension file: qos_rule_type_details.py {{(pid=90763) _load_all_extensions_from_path /opt/stack/neutron/neutron/api/extensions.py:449}}
Jul 10 14:04:35.188748 np0000005012 devstack@neutron-api.service[90762]: DEBUG neutron_lib.callbacks.manager [None req-ccb755ee-25fd-40eb-a04a-0a6f3d40f67a None None] Subscribe: > subnet after_delete 55550000, False {{(pid=90762) subscribe /opt/stack/data/venv/lib/python3.12/site-packages/neutron_lib/callbacks/manager.py:52}}
Jul 10 14:04:35.188901 np0000005012 devstack@neutron-api.service[90761]: DEBUG neutron.api.extensions [None req-c43e324e-8f3c-467c-be5c-52cda50abb0c None None] Loading extension file: logging.py {{(pid=90761) _load_all_extensions_from_path /opt/stack/neutron/neutron/api/extensions.py:449}}
Jul 10 14:04:35.189086 np0000005012 devstack@neutron-api.service[90762]: DEBUG neutron_lib.callbacks.manager [None req-ccb755ee-25fd-40eb-a04a-0a6f3d40f67a None None] Subscribe: > network after_create 55550000, False {{(pid=90762) subscribe /opt/stack/data/venv/lib/python3.12/site-packages/neutron_lib/callbacks/manager.py:52}}
Jul 10 14:04:35.189086 np0000005012 devstack@neutron-api.service[90762]: DEBUG neutron_lib.callbacks.manager [None req-ccb755ee-25fd-40eb-a04a-0a6f3d40f67a None None] Subscribe: > network after_update 55550000, False {{(pid=90762) subscribe /opt/stack/data/venv/lib/python3.12/site-packages/neutron_lib/callbacks/manager.py:52}}
Jul 10 14:04:35.189318 np0000005012 devstack@neutron-api.service[90761]: DEBUG neutron.api.extensions [None req-c43e324e-8f3c-467c-be5c-52cda50abb0c None None] Ext name="Logging API Extension" alias="logging" description="Provides a logging API for resources such as security group and firewall." updated="2017-01-01T10:00:00-00:00" {{(pid=90761) _check_extension /opt/stack/neutron/neutron/api/extensions.py:415}}
Jul 10 14:04:35.189473 np0000005012 devstack@neutron-api.service[90763]: DEBUG neutron.api.extensions [None req-e26494d0-feff-4e51-8bca-c44320b87914 None None] Ext name="Details of QoS rule types" alias="qos-rule-type-details" description="Expose details about QoS rule types supported by loaded backend drivers" updated="2017-06-22T10:00:00-00:00" {{(pid=90763) _check_extension /opt/stack/neutron/neutron/api/extensions.py:415}}
Jul 10 14:04:35.189648 np0000005012 devstack@neutron-api.service[90762]: DEBUG neutron_lib.callbacks.manager [None req-ccb755ee-25fd-40eb-a04a-0a6f3d40f67a None None] Subscribe: > network after_delete 55550000, False {{(pid=90762) subscribe /opt/stack/data/venv/lib/python3.12/site-packages/neutron_lib/callbacks/manager.py:52}}
Jul 10 14:04:35.189852 np0000005012 devstack@neutron-api.service[90761]: INFO neutron.api.extensions [None req-c43e324e-8f3c-467c-be5c-52cda50abb0c None None] Extension logging not supported by any of loaded plugins
Jul 10 14:04:35.190056 np0000005012 devstack@neutron-api.service[90762]: DEBUG neutron_lib.callbacks.manager [None req-ccb755ee-25fd-40eb-a04a-0a6f3d40f67a None None] Subscribe: > security_group after_create 55550000, False {{(pid=90762) subscribe /opt/stack/data/venv/lib/python3.12/site-packages/neutron_lib/callbacks/manager.py:52}}
Jul 10 14:04:35.190238 np0000005012 devstack@neutron-api.service[90763]: INFO neutron.api.extensions [None req-e26494d0-feff-4e51-8bca-c44320b87914 None None] Extension qos-rule-type-details not supported by any of loaded plugins
Jul 10 14:04:35.190404 np0000005012 devstack@neutron-api.service[90761]: DEBUG neutron.api.extensions [None req-c43e324e-8f3c-467c-be5c-52cda50abb0c None None] Loading extension file: metering.py {{(pid=90761) _load_all_extensions_from_path /opt/stack/neutron/neutron/api/extensions.py:449}}
Jul 10 14:04:35.190581 np0000005012 devstack@neutron-api.service[90762]: DEBUG neutron_lib.callbacks.manager [None req-ccb755ee-25fd-40eb-a04a-0a6f3d40f67a None None] Subscribe: > security_group after_update 55550000, False {{(pid=90762) subscribe /opt/stack/data/venv/lib/python3.12/site-packages/neutron_lib/callbacks/manager.py:52}}
Jul 10 14:04:35.190742 np0000005012 devstack@neutron-api.service[90763]: DEBUG neutron.api.extensions [None req-e26494d0-feff-4e51-8bca-c44320b87914 None None] Loading extension file: qos_rule_type_filter.py {{(pid=90763) _load_all_extensions_from_path /opt/stack/neutron/neutron/api/extensions.py:449}}
Jul 10 14:04:35.190856 np0000005012 devstack@neutron-api.service[90762]: DEBUG neutron_lib.callbacks.manager [None req-ccb755ee-25fd-40eb-a04a-0a6f3d40f67a None None] Subscribe: > security_group after_delete 55550000, False {{(pid=90762) subscribe /opt/stack/data/venv/lib/python3.12/site-packages/neutron_lib/callbacks/manager.py:52}}
Jul 10 14:04:35.190856 np0000005012 devstack@neutron-api.service[90762]: DEBUG neutron_lib.callbacks.manager [None req-ccb755ee-25fd-40eb-a04a-0a6f3d40f67a None None] Subscribe: > security_group_rule after_create 55550000, False {{(pid=90762) subscribe /opt/stack/data/venv/lib/python3.12/site-packages/neutron_lib/callbacks/manager.py:52}}
Jul 10 14:04:35.191018 np0000005012 devstack@neutron-api.service[90763]: DEBUG neutron.api.extensions [None req-e26494d0-feff-4e51-8bca-c44320b87914 None None] Ext name="Allow to filter the list of QoS rule types" alias="qos-rule-type-filter" description="Allows to filter the QoS rule type list adding two new flags. "all_rules" prints all implemented QoS rule types."all_supported" prints all supported QoS rule types by the loaded mechanism drivers" updated="2022-02-02T10:00:00-00:00" {{(pid=90763) _check_extension /opt/stack/neutron/neutron/api/extensions.py:415}}
Jul 10 14:04:35.191171 np0000005012 devstack@neutron-api.service[90761]: DEBUG neutron.api.extensions [None req-c43e324e-8f3c-467c-be5c-52cda50abb0c None None] Ext name="Neutron Metering" alias="metering" description="Neutron Metering extension." updated="2013-06-12T10:00:00-00:00" {{(pid=90761) _check_extension /opt/stack/neutron/neutron/api/extensions.py:415}}
Jul 10 14:04:35.191287 np0000005012 devstack@neutron-api.service[90762]: DEBUG neutron_lib.callbacks.manager [None req-ccb755ee-25fd-40eb-a04a-0a6f3d40f67a None None] Subscribe: > security_group_rule after_update 55550000, False {{(pid=90762) subscribe /opt/stack/data/venv/lib/python3.12/site-packages/neutron_lib/callbacks/manager.py:52}}
Jul 10 14:04:35.191417 np0000005012 devstack@neutron-api.service[90761]: INFO neutron.api.extensions [None req-c43e324e-8f3c-467c-be5c-52cda50abb0c None None] Extension metering not supported by any of loaded plugins
Jul 10 14:04:35.191571 np0000005012 devstack@neutron-api.service[90762]: DEBUG neutron_lib.callbacks.manager [None req-ccb755ee-25fd-40eb-a04a-0a6f3d40f67a None None] Subscribe: > security_group_rule after_delete 55550000, False {{(pid=90762) subscribe /opt/stack/data/venv/lib/python3.12/site-packages/neutron_lib/callbacks/manager.py:52}}
Jul 10 14:04:35.191771 np0000005012 devstack@neutron-api.service[90763]: INFO neutron.api.extensions [None req-e26494d0-feff-4e51-8bca-c44320b87914 None None] Extension qos-rule-type-filter not supported by any of loaded plugins
Jul 10 14:04:35.191964 np0000005012 devstack@neutron-api.service[90761]: DEBUG neutron.api.extensions [None req-c43e324e-8f3c-467c-be5c-52cda50abb0c None None] Loading extension file: metering_source_and_destination_fields.py {{(pid=90761) _load_all_extensions_from_path /opt/stack/neutron/neutron/api/extensions.py:449}}
Jul 10 14:04:35.192105 np0000005012 devstack@neutron-api.service[90762]: DEBUG neutron_lib.callbacks.manager [None req-ccb755ee-25fd-40eb-a04a-0a6f3d40f67a None None] Subscribe: > address_group after_create 55550000, False {{(pid=90762) subscribe /opt/stack/data/venv/lib/python3.12/site-packages/neutron_lib/callbacks/manager.py:52}}
Jul 10 14:04:35.192231 np0000005012 devstack@neutron-api.service[90763]: DEBUG neutron.api.extensions [None req-e26494d0-feff-4e51-8bca-c44320b87914 None None] Loading extension file: qos_rules_alias.py {{(pid=90763) _load_all_extensions_from_path /opt/stack/neutron/neutron/api/extensions.py:449}}
Jul 10 14:04:35.192354 np0000005012 devstack@neutron-api.service[90762]: DEBUG neutron_lib.callbacks.manager [None req-ccb755ee-25fd-40eb-a04a-0a6f3d40f67a None None] Subscribe: > address_group after_update 55550000, False {{(pid=90762) subscribe /opt/stack/data/venv/lib/python3.12/site-packages/neutron_lib/callbacks/manager.py:52}}
Jul 10 14:04:35.192573 np0000005012 devstack@neutron-api.service[90761]: DEBUG neutron.api.extensions [None req-c43e324e-8f3c-467c-be5c-52cda50abb0c None None] Ext name="Neutron Metering with source and destination filtering" alias="metering_source_and_destination_fields" description="Neutron Metering extension that enables the use of source and destination IP prefixes to create metering label rules." updated="2020-08-21T08:12:00-00:00" {{(pid=90761) _check_extension /opt/stack/neutron/neutron/api/extensions.py:415}}
Jul 10 14:04:35.192736 np0000005012 devstack@neutron-api.service[90762]: DEBUG neutron_lib.callbacks.manager [None req-ccb755ee-25fd-40eb-a04a-0a6f3d40f67a None None] Subscribe: > address_group after_delete 55550000, False {{(pid=90762) subscribe /opt/stack/data/venv/lib/python3.12/site-packages/neutron_lib/callbacks/manager.py:52}}
Jul 10 14:04:35.192896 np0000005012 devstack@neutron-api.service[90763]: DEBUG neutron.api.extensions [None req-e26494d0-feff-4e51-8bca-c44320b87914 None None] Ext name="Quality of Service rules alias API" alias="qos-rules-alias" description="API to enable GET, PUT and DELETE operations on QoS policy rules without specifying policy ID" updated="2018-10-07T10:00:00-00:00" {{(pid=90763) _check_extension /opt/stack/neutron/neutron/api/extensions.py:415}}
Jul 10 14:04:35.193051 np0000005012 devstack@neutron-api.service[90761]: INFO neutron.api.extensions [None req-c43e324e-8f3c-467c-be5c-52cda50abb0c None None] Extension metering_source_and_destination_fields not supported by any of loaded plugins
Jul 10 14:04:35.193178 np0000005012 devstack@neutron-api.service[90762]: DEBUG neutron.plugins.ml2.ovo_rpc [None req-ccb755ee-25fd-40eb-a04a-0a6f3d40f67a None None] ML2 OVO RPC backend initialized. {{(pid=90762) __init__ /opt/stack/neutron/neutron/plugins/ml2/ovo_rpc.py:117}}
Jul 10 14:04:35.193348 np0000005012 devstack@neutron-api.service[90761]: DEBUG neutron.api.extensions [None req-c43e324e-8f3c-467c-be5c-52cda50abb0c None None] Loading extension file: multiprovidernet.py {{(pid=90761) _load_all_extensions_from_path /opt/stack/neutron/neutron/api/extensions.py:449}}
Jul 10 14:04:35.193514 np0000005012 devstack@neutron-api.service[90763]: INFO neutron.api.extensions [None req-e26494d0-feff-4e51-8bca-c44320b87914 None None] Extension qos-rules-alias not supported by any of loaded plugins
Jul 10 14:04:35.193707 np0000005012 devstack@neutron-api.service[90761]: DEBUG neutron.api.extensions [None req-c43e324e-8f3c-467c-be5c-52cda50abb0c None None] Ext name="Multi Provider Network" alias="multi-provider" description="Expose mapping of virtual networks to multiple physical networks" updated="2013-06-27T10:00:00-00:00" {{(pid=90761) _check_extension /opt/stack/neutron/neutron/api/extensions.py:415}}
Jul 10 14:04:35.193856 np0000005012 devstack@neutron-api.service[90763]: DEBUG neutron.api.extensions [None req-e26494d0-feff-4e51-8bca-c44320b87914 None None] Loading extension file: quota_check_limit.py {{(pid=90763) _load_all_extensions_from_path /opt/stack/neutron/neutron/api/extensions.py:449}}
Jul 10 14:04:35.194003 np0000005012 devstack@neutron-api.service[90761]: INFO neutron.api.extensions [None req-c43e324e-8f3c-467c-be5c-52cda50abb0c None None] Loaded extension: multi-provider
Jul 10 14:04:35.194003 np0000005012 devstack@neutron-api.service[90761]: DEBUG neutron.api.extensions [None req-c43e324e-8f3c-467c-be5c-52cda50abb0c None None] Loading extension file: netmtu.py {{(pid=90761) _load_all_extensions_from_path /opt/stack/neutron/neutron/api/extensions.py:449}}
Jul 10 14:04:35.194219 np0000005012 devstack@neutron-api.service[90763]: DEBUG neutron.api.extensions [None req-e26494d0-feff-4e51-8bca-c44320b87914 None None] Ext name="Quota engine limit check" alias="quota-check-limit" description="Support for checking the resource usage before applying a new quota limit" updated="2021-09-08T16:00:00-00:00" {{(pid=90763) _check_extension /opt/stack/neutron/neutron/api/extensions.py:415}}
Jul 10 14:04:35.194370 np0000005012 devstack@neutron-api.service[90761]: DEBUG neutron.api.extensions [None req-c43e324e-8f3c-467c-be5c-52cda50abb0c None None] Ext name="Network MTU" alias="net-mtu" description="Provides MTU attribute for a network resource." updated="2015-03-25T10:00:00-00:00" {{(pid=90761) _check_extension /opt/stack/neutron/neutron/api/extensions.py:415}}
Jul 10 14:04:35.194521 np0000005012 devstack@neutron-api.service[90763]: INFO neutron.api.extensions [None req-e26494d0-feff-4e51-8bca-c44320b87914 None None] Loaded extension: quota-check-limit
Jul 10 14:04:35.194659 np0000005012 devstack@neutron-api.service[90761]: INFO neutron.api.extensions [None req-c43e324e-8f3c-467c-be5c-52cda50abb0c None None] Loaded extension: net-mtu
Jul 10 14:04:35.194854 np0000005012 devstack@neutron-api.service[90763]: DEBUG neutron.api.extensions [None req-e26494d0-feff-4e51-8bca-c44320b87914 None None] Loading extension file: quota_check_limit_default.py {{(pid=90763) _load_all_extensions_from_path /opt/stack/neutron/neutron/api/extensions.py:449}}
Jul 10 14:04:35.194994 np0000005012 devstack@neutron-api.service[90761]: DEBUG neutron.api.extensions [None req-c43e324e-8f3c-467c-be5c-52cda50abb0c None None] Loading extension file: netmtu_writable.py {{(pid=90761) _load_all_extensions_from_path /opt/stack/neutron/neutron/api/extensions.py:449}}
Jul 10 14:04:35.195147 np0000005012 devstack@neutron-api.service[90762]: INFO neutron.quota [None req-ccb755ee-25fd-40eb-a04a-0a6f3d40f67a None None] Loaded quota_driver: .
Jul 10 14:04:35.195313 np0000005012 devstack@neutron-api.service[90763]: DEBUG neutron.api.extensions [None req-e26494d0-feff-4e51-8bca-c44320b87914 None None] Ext name="Quota engine limit check by default" alias="quota-check-limit-default" description="By default, the Neutron quota engine checks the resource usage before applying a new quota limit" updated="2024-08-21T16:00:00-00:00" {{(pid=90763) _check_extension /opt/stack/neutron/neutron/api/extensions.py:415}}
Jul 10 14:04:35.195496 np0000005012 devstack@neutron-api.service[90761]: DEBUG neutron.api.extensions [None req-c43e324e-8f3c-467c-be5c-52cda50abb0c None None] Ext name="Network MTU (writable)" alias="net-mtu-writable" description="Provides a writable MTU attribute for a network resource." updated="2017-07-12T00:00:00-00:00" {{(pid=90761) _check_extension /opt/stack/neutron/neutron/api/extensions.py:415}}
Jul 10 14:04:35.195702 np0000005012 devstack@neutron-api.service[90762]: INFO neutron.plugins.ml2.plugin [None req-ccb755ee-25fd-40eb-a04a-0a6f3d40f67a None None] Modular L2 Plugin initialization complete
Jul 10 14:04:35.195862 np0000005012 devstack@neutron-api.service[90761]: INFO neutron.api.extensions [None req-c43e324e-8f3c-467c-be5c-52cda50abb0c None None] Loaded extension: net-mtu-writable
Jul 10 14:04:35.196029 np0000005012 devstack@neutron-api.service[90763]: INFO neutron.api.extensions [None req-e26494d0-feff-4e51-8bca-c44320b87914 None None] Loaded extension: quota-check-limit-default
Jul 10 14:04:35.196198 np0000005012 devstack@neutron-api.service[90762]: DEBUG neutron.manager [None req-ccb755ee-25fd-40eb-a04a-0a6f3d40f67a None None] Loading services supported by the core plugin {{(pid=90762) _load_services_from_core_plugin /opt/stack/neutron/neutron/manager.py:167}}
Jul 10 14:04:35.196347 np0000005012 devstack@neutron-api.service[90761]: DEBUG neutron.api.extensions [None req-c43e324e-8f3c-467c-be5c-52cda50abb0c None None] Loading extension file: network_availability_zone.py {{(pid=90761) _load_all_extensions_from_path /opt/stack/neutron/neutron/api/extensions.py:449}}
Jul 10 14:04:35.196490 np0000005012 devstack@neutron-api.service[90763]: DEBUG neutron.api.extensions [None req-e26494d0-feff-4e51-8bca-c44320b87914 None None] Loading extension file: quotasv2.py {{(pid=90763) _load_all_extensions_from_path /opt/stack/neutron/neutron/api/extensions.py:449}}
