Jul 10 14:04:35.196888 np0000005012 devstack@neutron-api.service[90762]: INFO neutron.plugins.ml2.managers [None req-ccb755ee-25fd-40eb-a04a-0a6f3d40f67a None None] Got port-security extension from driver 'port_security'
Jul 10 14:04:35.197062 np0000005012 devstack@neutron-api.service[90761]: DEBUG neutron.api.extensions [None req-c43e324e-8f3c-467c-be5c-52cda50abb0c None None] Ext name="Network Availability Zone" alias="network_availability_zone" description="Availability zone support for network." updated="2015-01-01T10:00:00-00:00" {{(pid=90761) _check_extension /opt/stack/neutron/neutron/api/extensions.py:415}}
Jul 10 14:04:35.197199 np0000005012 devstack@neutron-api.service[90762]: DEBUG neutron.manager [None req-ccb755ee-25fd-40eb-a04a-0a6f3d40f67a None None] Loading service plugins: ['ovn-router', 'auto_allocate', 'tag', 'timestamp', 'network_ip_availability', 'flavors', 'revisions'] {{(pid=90762) _load_service_plugins /opt/stack/neutron/neutron/manager.py:192}}
Jul 10 14:04:35.197325 np0000005012 devstack@neutron-api.service[90761]: INFO neutron.api.extensions [None req-c43e324e-8f3c-467c-be5c-52cda50abb0c None None] Loaded extension: network_availability_zone
Jul 10 14:04:35.197325 np0000005012 devstack@neutron-api.service[90761]: DEBUG neutron.api.extensions [None req-c43e324e-8f3c-467c-be5c-52cda50abb0c None None] Loading extension file: network_ha.py {{(pid=90761) _load_all_extensions_from_path /opt/stack/neutron/neutron/api/extensions.py:449}}
Jul 10 14:04:35.197630 np0000005012 devstack@neutron-api.service[90762]: INFO neutron.manager [None req-ccb755ee-25fd-40eb-a04a-0a6f3d40f67a None None] Loading Plugin: ovn-router
Jul 10 14:04:35.197798 np0000005012 devstack@neutron-api.service[90763]: DEBUG neutron.api.extensions [None req-e26494d0-feff-4e51-8bca-c44320b87914 None None] Ext name="Quota management support" alias="quotas" description="Expose functions for quotas management per project" updated="2012-07-29T10:00:00-00:00" {{(pid=90763) _check_extension /opt/stack/neutron/neutron/api/extensions.py:415}}
Jul 10 14:04:35.197945 np0000005012 devstack@neutron-api.service[90761]: DEBUG neutron.api.extensions [None req-c43e324e-8f3c-467c-be5c-52cda50abb0c None None] Ext name="Network HA creation flag" alias="network_ha" description="Network high availability creation flag." updated="2023-04-27T10:00:00-00:00" {{(pid=90761) _check_extension /opt/stack/neutron/neutron/api/extensions.py:415}}
Jul 10 14:04:35.198157 np0000005012 devstack@neutron-api.service[90763]: INFO neutron.api.extensions [None req-e26494d0-feff-4e51-8bca-c44320b87914 None None] Loaded extension: quotas
Jul 10 14:04:35.198302 np0000005012 devstack@neutron-api.service[90761]: INFO neutron.api.extensions [None req-c43e324e-8f3c-467c-be5c-52cda50abb0c None None] Extension network_ha not supported by any of loaded plugins
Jul 10 14:04:35.198441 np0000005012 devstack@neutron-api.service[90763]: DEBUG neutron.api.extensions [None req-e26494d0-feff-4e51-8bca-c44320b87914 None None] Loading extension file: quotasv2_detail.py {{(pid=90763) _load_all_extensions_from_path /opt/stack/neutron/neutron/api/extensions.py:449}}
Jul 10 14:04:35.198594 np0000005012 devstack@neutron-api.service[90761]: DEBUG neutron.api.extensions [None req-c43e324e-8f3c-467c-be5c-52cda50abb0c None None] Loading extension file: network_ip_availability.py {{(pid=90761) _load_all_extensions_from_path /opt/stack/neutron/neutron/api/extensions.py:449}}
Jul 10 14:04:35.198594 np0000005012 devstack@neutron-api.service[90761]: DEBUG neutron.api.extensions [None req-c43e324e-8f3c-467c-be5c-52cda50abb0c None None] Ext name="Network IP Availability" alias="network-ip-availability" description="Provides IP availability data for each network and subnet." updated="2015-09-24T00:00:00-00:00" {{(pid=90761) _check_extension /opt/stack/neutron/neutron/api/extensions.py:415}}
Jul 10 14:04:35.198594 np0000005012 devstack@neutron-api.service[90761]: INFO neutron.api.extensions [None req-c43e324e-8f3c-467c-be5c-52cda50abb0c None None] Loaded extension: network-ip-availability
Jul 10 14:04:35.198841 np0000005012 devstack@neutron-api.service[90763]: DEBUG neutron.api.extensions [None req-e26494d0-feff-4e51-8bca-c44320b87914 None None] Ext name="Quota details management support" alias="quota_details" description="Expose functions for quotas usage statistics per project" updated="2017-02-10T10:00:00-00:00" {{(pid=90763) _check_extension /opt/stack/neutron/neutron/api/extensions.py:415}}
Jul 10 14:04:35.198998 np0000005012 devstack@neutron-api.service[90761]: DEBUG neutron.api.extensions [None req-c43e324e-8f3c-467c-be5c-52cda50abb0c None None] Loading extension file: network_ip_availability_details.py {{(pid=90761) _load_all_extensions_from_path /opt/stack/neutron/neutron/api/extensions.py:449}}
Jul 10 14:04:35.199115 np0000005012 devstack@neutron-api.service[90763]: INFO neutron.api.extensions [None req-e26494d0-feff-4e51-8bca-c44320b87914 None None] Loaded extension: quota_details
Jul 10 14:04:35.199115 np0000005012 devstack@neutron-api.service[90763]: DEBUG neutron.api.extensions [None req-e26494d0-feff-4e51-8bca-c44320b87914 None None] Loading extension file: rbac.py {{(pid=90763) _load_all_extensions_from_path /opt/stack/neutron/neutron/api/extensions.py:449}}
Jul 10 14:04:35.199293 np0000005012 devstack@neutron-api.service[90761]: DEBUG neutron.api.extensions [None req-c43e324e-8f3c-467c-be5c-52cda50abb0c None None] Ext name="Network IP Availability Details Extension" alias="network-ip-availability-details" description="Add ip_availability_details attribute to network-ip-availabilities resource." updated="2025-10-31T00:00:00-00:00" {{(pid=90761) _check_extension /opt/stack/neutron/neutron/api/extensions.py:415}}
Jul 10 14:04:35.199293 np0000005012 devstack@neutron-api.service[90761]: INFO neutron.api.extensions [None req-c43e324e-8f3c-467c-be5c-52cda50abb0c None None] Loaded extension: network-ip-availability-details
Jul 10 14:04:35.199293 np0000005012 devstack@neutron-api.service[90761]: DEBUG neutron.api.extensions [None req-c43e324e-8f3c-467c-be5c-52cda50abb0c None None] Loading extension file: network_segment_range.py {{(pid=90761) _load_all_extensions_from_path /opt/stack/neutron/neutron/api/extensions.py:449}}
Jul 10 14:04:35.199695 np0000005012 devstack@neutron-api.service[90763]: DEBUG neutron.api.extensions [None req-e26494d0-feff-4e51-8bca-c44320b87914 None None] Ext name="RBAC Policies" alias="rbac-policies" description="Allows creation and modification of policies that control project access to resources." updated="2015-06-17T12:15:12-00:00" {{(pid=90763) _check_extension /opt/stack/neutron/neutron/api/extensions.py:415}}
Jul 10 14:04:35.199888 np0000005012 devstack@neutron-api.service[90761]: DEBUG neutron.api.extensions [None req-c43e324e-8f3c-467c-be5c-52cda50abb0c None None] Ext name="Neutron Network Segment Range" alias="network-segment-range" description="Provides support for the network segment range management" updated="2018-11-29T00:00:00-00:00" {{(pid=90761) _check_extension /opt/stack/neutron/neutron/api/extensions.py:415}}
Jul 10 14:04:35.199888 np0000005012 devstack@neutron-api.service[90761]: INFO neutron.api.extensions [None req-c43e324e-8f3c-467c-be5c-52cda50abb0c None None] Extension network-segment-range not supported by any of loaded plugins
Jul 10 14:04:35.200044 np0000005012 devstack@neutron-api.service[90763]: INFO neutron.api.extensions [None req-e26494d0-feff-4e51-8bca-c44320b87914 None None] Loaded extension: rbac-policies
Jul 10 14:04:35.200273 np0000005012 devstack@neutron-api.service[90761]: DEBUG neutron.api.extensions [None req-c43e324e-8f3c-467c-be5c-52cda50abb0c None None] Loading extension file: pagination.py {{(pid=90761) _load_all_extensions_from_path /opt/stack/neutron/neutron/api/extensions.py:449}}
Jul 10 14:04:35.200421 np0000005012 devstack@neutron-api.service[90763]: DEBUG neutron.api.extensions [None req-e26494d0-feff-4e51-8bca-c44320b87914 None None] Loading extension file: rbac_address_group.py {{(pid=90763) _load_all_extensions_from_path /opt/stack/neutron/neutron/api/extensions.py:449}}
Jul 10 14:04:35.200597 np0000005012 devstack@neutron-api.service[90761]: DEBUG neutron.api.extensions [None req-c43e324e-8f3c-467c-be5c-52cda50abb0c None None] Ext name="Pagination support" alias="pagination" description="Extension that indicates that pagination is enabled." updated="2016-06-12T00:00:00-00:00" {{(pid=90761) _check_extension /opt/stack/neutron/neutron/api/extensions.py:415}}
Jul 10 14:04:35.200597 np0000005012 devstack@neutron-api.service[90761]: INFO neutron.api.extensions [None req-c43e324e-8f3c-467c-be5c-52cda50abb0c None None] Loaded extension: pagination
Jul 10 14:04:35.200597 np0000005012 devstack@neutron-api.service[90761]: DEBUG neutron.api.extensions [None req-c43e324e-8f3c-467c-be5c-52cda50abb0c None None] Loading extension file: port_device_profile.py {{(pid=90761) _load_all_extensions_from_path /opt/stack/neutron/neutron/api/extensions.py:449}}
Jul 10 14:04:35.200865 np0000005012 devstack@neutron-api.service[90763]: DEBUG neutron.api.extensions [None req-e26494d0-feff-4e51-8bca-c44320b87914 None None] Ext name="Add address_group type to RBAC" alias="rbac-address-group" description="Add address_group type to network RBAC" updated="2021-01-20T00:00:00-00:00" {{(pid=90763) _check_extension /opt/stack/neutron/neutron/api/extensions.py:415}}
Jul 10 14:04:35.200968 np0000005012 devstack@neutron-api.service[90761]: DEBUG neutron.api.extensions [None req-c43e324e-8f3c-467c-be5c-52cda50abb0c None None] Ext name="Port device profile" alias="port-device-profile" description="Expose the port device profile (Cyborg)" updated="2020-12-17T10:00:00-00:00" {{(pid=90761) _check_extension /opt/stack/neutron/neutron/api/extensions.py:415}}
Jul 10 14:04:35.201066 np0000005012 devstack@neutron-api.service[90763]: INFO neutron.api.extensions [None req-e26494d0-feff-4e51-8bca-c44320b87914 None None] Extension rbac-address-group not supported by any of loaded plugins
Jul 10 14:04:35.201066 np0000005012 devstack@neutron-api.service[90763]: DEBUG neutron.api.extensions [None req-e26494d0-feff-4e51-8bca-c44320b87914 None None] Loading extension file: rbac_address_scope.py {{(pid=90763) _load_all_extensions_from_path /opt/stack/neutron/neutron/api/extensions.py:449}}
Jul 10 14:04:35.201176 np0000005012 devstack@neutron-api.service[90761]: INFO neutron.api.extensions [None req-c43e324e-8f3c-467c-be5c-52cda50abb0c None None] Loaded extension: port-device-profile
Jul 10 14:04:35.201176 np0000005012 devstack@neutron-api.service[90761]: DEBUG neutron.api.extensions [None req-c43e324e-8f3c-467c-be5c-52cda50abb0c None None] Loading extension file: port_hardware_offload_type.py {{(pid=90761) _load_all_extensions_from_path /opt/stack/neutron/neutron/api/extensions.py:449}}
Jul 10 14:04:35.201282 np0000005012 devstack@neutron-api.service[90763]: DEBUG neutron.api.extensions [None req-e26494d0-feff-4e51-8bca-c44320b87914 None None] Ext name="Add address_scope type to RBAC" alias="rbac-address-scope" description="Add address_scope type to RBAC" updated="2020-02-12T00:00:00-00:00" {{(pid=90763) _check_extension /opt/stack/neutron/neutron/api/extensions.py:415}}
Jul 10 14:04:35.201369 np0000005012 devstack@neutron-api.service[90761]: DEBUG neutron.api.extensions [None req-c43e324e-8f3c-467c-be5c-52cda50abb0c None None] Ext name="Port hardware offload" alias="port-hardware-offload-type" description="Expose port hardware offload extension" updated="2023-05-09T10:00:00-00:00" {{(pid=90761) _check_extension /opt/stack/neutron/neutron/api/extensions.py:415}}
Jul 10 14:04:35.201369 np0000005012 devstack@neutron-api.service[90761]: INFO neutron.api.extensions [None req-c43e324e-8f3c-467c-be5c-52cda50abb0c None None] Extension port-hardware-offload-type not supported by any of loaded plugins
Jul 10 14:04:35.201469 np0000005012 devstack@neutron-api.service[90763]: INFO neutron.api.extensions [None req-e26494d0-feff-4e51-8bca-c44320b87914 None None] Loaded extension: rbac-address-scope
Jul 10 14:04:35.201603 np0000005012 devstack@neutron-api.service[90761]: DEBUG neutron.api.extensions [None req-c43e324e-8f3c-467c-be5c-52cda50abb0c None None] Loading extension file: port_hint_ovs_tx_steering.py {{(pid=90761) _load_all_extensions_from_path /opt/stack/neutron/neutron/api/extensions.py:449}}
Jul 10 14:04:35.201712 np0000005012 devstack@neutron-api.service[90763]: DEBUG neutron.api.extensions [None req-e26494d0-feff-4e51-8bca-c44320b87914 None None] Loading extension file: rbac_security_groups.py {{(pid=90763) _load_all_extensions_from_path /opt/stack/neutron/neutron/api/extensions.py:449}}
Jul 10 14:04:35.201809 np0000005012 devstack@neutron-api.service[90761]: DEBUG neutron.api.extensions [None req-c43e324e-8f3c-467c-be5c-52cda50abb0c None None] Ext name="Port hint: Open vSwitch Tx steering" alias="port-hint-ovs-tx-steering" description="Enable Port hint: Open vSwitch Tx steering" updated="2023-01-01T00:00:00-00:00" {{(pid=90761) _check_extension /opt/stack/neutron/neutron/api/extensions.py:415}}
Jul 10 14:04:35.201973 np0000005012 devstack@neutron-api.service[90763]: DEBUG neutron.api.extensions [None req-e26494d0-feff-4e51-8bca-c44320b87914 None None] Ext name="Add security_group type to network RBAC" alias="rbac-security-groups" description="Add security_group type to network RBAC" updated="2019-02-14T00:00:00-00:00" {{(pid=90763) _check_extension /opt/stack/neutron/neutron/api/extensions.py:415}}
Jul 10 14:04:35.202125 np0000005012 devstack@neutron-api.service[90761]: INFO neutron.api.extensions [None req-c43e324e-8f3c-467c-be5c-52cda50abb0c None None] Extension port-hint-ovs-tx-steering not supported by any of loaded plugins
Jul 10 14:04:35.202125 np0000005012 devstack@neutron-api.service[90761]: DEBUG neutron.api.extensions [None req-c43e324e-8f3c-467c-be5c-52cda50abb0c None None] Loading extension file: port_hints.py {{(pid=90761) _load_all_extensions_from_path /opt/stack/neutron/neutron/api/extensions.py:449}}
Jul 10 14:04:35.202296 np0000005012 devstack@neutron-api.service[90763]: INFO neutron.api.extensions [None req-e26494d0-feff-4e51-8bca-c44320b87914 None None] Loaded extension: rbac-security-groups
Jul 10 14:04:35.202439 np0000005012 devstack@neutron-api.service[90761]: DEBUG neutron.api.extensions [None req-c43e324e-8f3c-467c-be5c-52cda50abb0c None None] Ext name="Port hints" alias="port-hints" description="Backend specific port hints to allow backend specific tuning" updated="2023-01-01T00:00:00-00:00" {{(pid=90761) _check_extension /opt/stack/neutron/neutron/api/extensions.py:415}}
Jul 10 14:04:35.202717 np0000005012 devstack@neutron-api.service[90763]: DEBUG neutron.api.extensions [None req-e26494d0-feff-4e51-8bca-c44320b87914 None None] Loading extension file: rbac_subnetpool.py {{(pid=90763) _load_all_extensions_from_path /opt/stack/neutron/neutron/api/extensions.py:449}}
Jul 10 14:04:35.202862 np0000005012 devstack@neutron-api.service[90761]: INFO neutron.api.extensions [None req-c43e324e-8f3c-467c-be5c-52cda50abb0c None None] Extension port-hints not supported by any of loaded plugins
Jul 10 14:04:35.202862 np0000005012 devstack@neutron-api.service[90761]: DEBUG neutron.api.extensions [None req-c43e324e-8f3c-467c-be5c-52cda50abb0c None None] Loading extension file: port_mac_address_override.py {{(pid=90761) _load_all_extensions_from_path /opt/stack/neutron/neutron/api/extensions.py:449}}
Jul 10 14:04:35.203040 np0000005012 devstack@neutron-api.service[90763]: DEBUG neutron.api.extensions [None req-e26494d0-feff-4e51-8bca-c44320b87914 None None] Ext name="Add subnetpool type to RBAC" alias="rbac-subnetpool" description="Add subnetpool type to RBAC" updated="2020-02-05T00:00:00-00:00" {{(pid=90763) _check_extension /opt/stack/neutron/neutron/api/extensions.py:415}}
Jul 10 14:04:35.203192 np0000005012 devstack@neutron-api.service[90761]: DEBUG neutron.api.extensions [None req-c43e324e-8f3c-467c-be5c-52cda50abb0c None None] Ext name="Neutron Port MAC address override" alias="port-mac-override" description="Allow overriding the MAC address of a direct-physical Port via the active binding profile" updated="2022-03-18T10:00:00-00:00" {{(pid=90761) _check_extension /opt/stack/neutron/neutron/api/extensions.py:415}}
Jul 10 14:04:35.203192 np0000005012 devstack@neutron-api.service[90761]: INFO neutron.api.extensions [None req-c43e324e-8f3c-467c-be5c-52cda50abb0c None None] Extension port-mac-override not supported by any of loaded plugins
Jul 10 14:04:35.203355 np0000005012 devstack@neutron-api.service[90763]: INFO neutron.api.extensions [None req-e26494d0-feff-4e51-8bca-c44320b87914 None None] Extension rbac-subnetpool not supported by any of loaded plugins
Jul 10 14:04:35.203526 np0000005012 devstack@neutron-api.service[90761]: DEBUG neutron.api.extensions [None req-c43e324e-8f3c-467c-be5c-52cda50abb0c None None] Loading extension file: port_mac_address_regenerate.py {{(pid=90761) _load_all_extensions_from_path /opt/stack/neutron/neutron/api/extensions.py:449}}
Jul 10 14:04:35.203645 np0000005012 devstack@neutron-api.service[90763]: DEBUG neutron.api.extensions [None req-e26494d0-feff-4e51-8bca-c44320b87914 None None] Loading extension file: revisionifmatch.py {{(pid=90763) _load_all_extensions_from_path /opt/stack/neutron/neutron/api/extensions.py:449}}
Jul 10 14:04:35.203827 np0000005012 devstack@neutron-api.service[90761]: DEBUG neutron.api.extensions [None req-c43e324e-8f3c-467c-be5c-52cda50abb0c None None] Ext name="Neutron Port MAC address regenerate" alias="port-mac-address-regenerate" description="Network port MAC address regenerate" updated="2018-05-03T10:00:00-00:00" {{(pid=90761) _check_extension /opt/stack/neutron/neutron/api/extensions.py:415}}
Jul 10 14:04:35.203996 np0000005012 devstack@neutron-api.service[90763]: DEBUG neutron.api.extensions [None req-e26494d0-feff-4e51-8bca-c44320b87914 None None] Ext name="If-Match constraints based on revision_number" alias="revision-if-match" description="Extension indicating that If-Match based on revision_number is supported." updated="2016-12-11T00:00:00-00:00" {{(pid=90763) _check_extension /opt/stack/neutron/neutron/api/extensions.py:415}}
Jul 10 14:04:35.204132 np0000005012 devstack@neutron-api.service[90761]: INFO neutron.api.extensions [None req-c43e324e-8f3c-467c-be5c-52cda50abb0c None None] Loaded extension: port-mac-address-regenerate
Jul 10 14:04:35.204132 np0000005012 devstack@neutron-api.service[90761]: DEBUG neutron.api.extensions [None req-c43e324e-8f3c-467c-be5c-52cda50abb0c None None] Loading extension file: port_numa_affinity_policy.py {{(pid=90761) _load_all_extensions_from_path /opt/stack/neutron/neutron/api/extensions.py:449}}
Jul 10 14:04:35.204275 np0000005012 devstack@neutron-api.service[90763]: INFO neutron.api.extensions [None req-e26494d0-feff-4e51-8bca-c44320b87914 None None] Loaded extension: revision-if-match
Jul 10 14:04:35.204397 np0000005012 devstack@neutron-api.service[90761]: DEBUG neutron.api.extensions [None req-c43e324e-8f3c-467c-be5c-52cda50abb0c None None] Ext name="Port NUMA affinity policy" alias="port-numa-affinity-policy" description="Expose the port NUMA affinity policy" updated="2020-07-08T10:00:00-00:00" {{(pid=90761) _check_extension /opt/stack/neutron/neutron/api/extensions.py:415}}
Jul 10 14:04:35.204524 np0000005012 devstack@neutron-api.service[90763]: DEBUG neutron.api.extensions [None req-e26494d0-feff-4e51-8bca-c44320b87914 None None] Loading extension file: revisions.py {{(pid=90763) _load_all_extensions_from_path /opt/stack/neutron/neutron/api/extensions.py:449}}
Jul 10 14:04:35.204669 np0000005012 devstack@neutron-api.service[90761]: INFO neutron.api.extensions [None req-c43e324e-8f3c-467c-be5c-52cda50abb0c None None] Loaded extension: port-numa-affinity-policy
Jul 10 14:04:35.204669 np0000005012 devstack@neutron-api.service[90761]: DEBUG neutron.api.extensions [None req-c43e324e-8f3c-467c-be5c-52cda50abb0c None None] Loading extension file: port_numa_affinity_policy_socket.py {{(pid=90761) _load_all_extensions_from_path /opt/stack/neutron/neutron/api/extensions.py:449}}
Jul 10 14:04:35.204856 np0000005012 devstack@neutron-api.service[90763]: DEBUG neutron.api.extensions [None req-e26494d0-feff-4e51-8bca-c44320b87914 None None] Ext name="Resource revision numbers" alias="standard-attr-revisions" description="This extension will display the revision number of neutron resources." updated="2016-04-11T10:00:00-00:00" {{(pid=90763) _check_extension /opt/stack/neutron/neutron/api/extensions.py:415}}
Jul 10 14:04:35.204975 np0000005012 devstack@neutron-api.service[90761]: DEBUG neutron.api.extensions [None req-c43e324e-8f3c-467c-be5c-52cda50abb0c None None] Ext name="Port NUMA affinity policy "socket"" alias="port-numa-affinity-policy-socket" description="Adds "socket" to the supported port NUMA affinity policies" updated="2024-02-09T10:00:00-00:00" {{(pid=90761) _check_extension /opt/stack/neutron/neutron/api/extensions.py:415}}
Jul 10 14:04:35.205069 np0000005012 devstack@neutron-api.service[90763]: INFO neutron.api.extensions [None req-e26494d0-feff-4e51-8bca-c44320b87914 None None] Loaded extension: standard-attr-revisions
Jul 10 14:04:35.205189 np0000005012 devstack@neutron-api.service[90761]: INFO neutron.api.extensions [None req-c43e324e-8f3c-467c-be5c-52cda50abb0c None None] Loaded extension: port-numa-affinity-policy-socket
Jul 10 14:04:35.205189 np0000005012 devstack@neutron-api.service[90761]: DEBUG neutron.api.extensions [None req-c43e324e-8f3c-467c-be5c-52cda50abb0c None None] Loading extension file: port_resource_request.py {{(pid=90761) _load_all_extensions_from_path /opt/stack/neutron/neutron/api/extensions.py:449}}
Jul 10 14:04:35.205293 np0000005012 devstack@neutron-api.service[90763]: DEBUG neutron.api.extensions [None req-e26494d0-feff-4e51-8bca-c44320b87914 None None] Loading extension file: router_availability_zone.py {{(pid=90763) _load_all_extensions_from_path /opt/stack/neutron/neutron/api/extensions.py:449}}
Jul 10 14:04:35.205520 np0000005012 devstack@neutron-api.service[90761]: DEBUG neutron.api.extensions [None req-c43e324e-8f3c-467c-be5c-52cda50abb0c None None] Ext name="Port Resource Request" alias="port-resource-request" description="Expose resource request to Port" updated="2018-05-08T10:00:00-00:00" {{(pid=90761) _check_extension /opt/stack/neutron/neutron/api/extensions.py:415}}
Jul 10 14:04:35.205614 np0000005012 devstack@neutron-api.service[90763]: DEBUG neutron.api.extensions [None req-e26494d0-feff-4e51-8bca-c44320b87914 None None] Ext name="Router Availability Zone" alias="router_availability_zone" description="Availability zone support for router." updated="2015-01-01T10:00:00-00:00" {{(pid=90763) _check_extension /opt/stack/neutron/neutron/api/extensions.py:415}}
Jul 10 14:04:35.205718 np0000005012 devstack@neutron-api.service[90761]: INFO neutron.api.extensions [None req-c43e324e-8f3c-467c-be5c-52cda50abb0c None None] Extension port-resource-request not supported by any of loaded plugins
Jul 10 14:04:35.205820 np0000005012 devstack@neutron-api.service[90763]: INFO neutron.api.extensions [None req-e26494d0-feff-4e51-8bca-c44320b87914 None None] Loaded extension: router_availability_zone
Jul 10 14:04:35.205915 np0000005012 devstack@neutron-api.service[90761]: DEBUG neutron.api.extensions [None req-c43e324e-8f3c-467c-be5c-52cda50abb0c None None] Loading extension file: port_resource_request_groups.py {{(pid=90761) _load_all_extensions_from_path /opt/stack/neutron/neutron/api/extensions.py:449}}
Jul 10 14:04:35.206000 np0000005012 devstack@neutron-api.service[90763]: DEBUG neutron.api.extensions [None req-e26494d0-feff-4e51-8bca-c44320b87914 None None] Loading extension file: router_enable_snat.py {{(pid=90763) _load_all_extensions_from_path /opt/stack/neutron/neutron/api/extensions.py:449}}
Jul 10 14:04:35.206091 np0000005012 devstack@neutron-api.service[90761]: DEBUG neutron.api.extensions [None req-c43e324e-8f3c-467c-be5c-52cda50abb0c None None] Ext name="Port Resource Request Groups" alias="port-resource-request-groups" description="Support requesting multiple groups of resources and traits from the same RP subtree in resource_request" updated="2021-08-02T10:00:00-00:00" {{(pid=90761) _check_extension /opt/stack/neutron/neutron/api/extensions.py:415}}
Jul 10 14:04:35.206227 np0000005012 devstack@neutron-api.service[90763]: DEBUG neutron.api.extensions [None req-e26494d0-feff-4e51-8bca-c44320b87914 None None] Ext name="Exposes the router "enable_snat" read-only configuration flag" alias="router-enable-snat" description="Exposes the router "enable_snat" read-only configuration flag" updated="2025-09-18T18:00:00-00:00" {{(pid=90763) _check_extension /opt/stack/neutron/neutron/api/extensions.py:415}}
Jul 10 14:04:35.206227 np0000005012 devstack@neutron-api.service[90763]: INFO neutron.api.extensions [None req-e26494d0-feff-4e51-8bca-c44320b87914 None None] Loaded extension: router-enable-snat
Jul 10 14:04:35.206343 np0000005012 devstack@neutron-api.service[90761]: INFO neutron.api.extensions [None req-c43e324e-8f3c-467c-be5c-52cda50abb0c None None] Extension port-resource-request-groups not supported by any of loaded plugins
Jul 10 14:04:35.206422 np0000005012 devstack@neutron-api.service[90763]: DEBUG neutron.api.extensions [None req-e26494d0-feff-4e51-8bca-c44320b87914 None None] Loading extension file: routerservicetype.py {{(pid=90763) _load_all_extensions_from_path /opt/stack/neutron/neutron/api/extensions.py:449}}
Jul 10 14:04:35.206547 np0000005012 devstack@neutron-api.service[90761]: DEBUG neutron.api.extensions [None req-c43e324e-8f3c-467c-be5c-52cda50abb0c None None] Loading extension file: port_trusted_vif.py {{(pid=90761) _load_all_extensions_from_path /opt/stack/neutron/neutron/api/extensions.py:449}}
Jul 10 14:04:35.206760 np0000005012 devstack@neutron-api.service[90763]: DEBUG neutron.api.extensions [None req-e26494d0-feff-4e51-8bca-c44320b87914 None None] Ext name="Router Service Type" alias="router-service-type" description="Provides router service type" updated="2013-01-29T00:00:00-00:00" {{(pid=90763) _check_extension /opt/stack/neutron/neutron/api/extensions.py:415}}
Jul 10 14:04:35.206874 np0000005012 devstack@neutron-api.service[90761]: DEBUG neutron.api.extensions [None req-c43e324e-8f3c-467c-be5c-52cda50abb0c None None] Ext name="Port trusted vif" alias="port-trusted-vif" description="Expose port 'trusted' attribute in the API" updated="2024-07-10T10:00:00-00:00" {{(pid=90761) _check_extension /opt/stack/neutron/neutron/api/extensions.py:415}}
Jul 10 14:04:35.207065 np0000005012 devstack@neutron-api.service[90763]: INFO neutron.api.extensions [None req-e26494d0-feff-4e51-8bca-c44320b87914 None None] Extension router-service-type not supported by any of loaded plugins
Jul 10 14:04:35.207175 np0000005012 devstack@neutron-api.service[90761]: INFO neutron.api.extensions [None req-c43e324e-8f3c-467c-be5c-52cda50abb0c None None] Extension port-trusted-vif not supported by any of loaded plugins
Jul 10 14:04:35.207271 np0000005012 devstack@neutron-api.service[90763]: DEBUG neutron.api.extensions [None req-e26494d0-feff-4e51-8bca-c44320b87914 None None] Loading extension file: security_groups_default_rules.py {{(pid=90763) _load_all_extensions_from_path /opt/stack/neutron/neutron/api/extensions.py:449}}
Jul 10 14:04:35.207363 np0000005012 devstack@neutron-api.service[90761]: DEBUG neutron.api.extensions [None req-c43e324e-8f3c-467c-be5c-52cda50abb0c None None] Loading extension file: portbindings.py {{(pid=90761) _load_all_extensions_from_path /opt/stack/neutron/neutron/api/extensions.py:449}}
Jul 10 14:04:35.207363 np0000005012 devstack@neutron-api.service[90761]: DEBUG neutron.api.extensions [None req-c43e324e-8f3c-467c-be5c-52cda50abb0c None None] Ext name="Port Binding" alias="binding" description="Expose port bindings of a virtual port to external application" updated="2014-02-03T10:00:00-00:00" {{(pid=90761) _check_extension /opt/stack/neutron/neutron/api/extensions.py:415}}
Jul 10 14:04:35.207471 np0000005012 devstack@neutron-api.service[90763]: DEBUG neutron.api.extensions [None req-e26494d0-feff-4e51-8bca-c44320b87914 None None] Ext name="Default rules for security groups" alias="security-groups-default-rules" description="Configure set of security group rules used as default rules for every new security group" updated="2022-12-19T10:00:00-00:00" {{(pid=90763) _check_extension /opt/stack/neutron/neutron/api/extensions.py:415}}
Jul 10 14:04:35.207579 np0000005012 devstack@neutron-api.service[90761]: INFO neutron.api.extensions [None req-c43e324e-8f3c-467c-be5c-52cda50abb0c None None] Loaded extension: binding
Jul 10 14:04:35.207579 np0000005012 devstack@neutron-api.service[90761]: DEBUG neutron.api.extensions [None req-c43e324e-8f3c-467c-be5c-52cda50abb0c None None] Loading extension file: portbindings_extended.py {{(pid=90761) _load_all_extensions_from_path /opt/stack/neutron/neutron/api/extensions.py:449}}
Jul 10 14:04:35.207757 np0000005012 devstack@neutron-api.service[90763]: INFO neutron.api.extensions [None req-e26494d0-feff-4e51-8bca-c44320b87914 None None] Loaded extension: security-groups-default-rules
Jul 10 14:04:35.207757 np0000005012 devstack@neutron-api.service[90763]: DEBUG neutron.api.extensions [None req-e26494d0-feff-4e51-8bca-c44320b87914 None None] Loading extension file: security_groups_default_statefulness.py {{(pid=90763) _load_all_extensions_from_path /opt/stack/neutron/neutron/api/extensions.py:449}}
Jul 10 14:04:35.207860 np0000005012 devstack@neutron-api.service[90761]: DEBUG neutron.api.extensions [None req-c43e324e-8f3c-467c-be5c-52cda50abb0c None None] Ext name="Port Bindings Extended" alias="binding-extended" description="Expose port bindings of a virtual port to external application" updated="2017-07-17T10:00:00-00:00" {{(pid=90761) _check_extension /opt/stack/neutron/neutron/api/extensions.py:415}}
Jul 10 14:04:35.207860 np0000005012 devstack@neutron-api.service[90761]: INFO neutron.api.extensions [None req-c43e324e-8f3c-467c-be5c-52cda50abb0c None None] Loaded extension: binding-extended
Jul 10 14:04:35.207990 np0000005012 devstack@neutron-api.service[90763]: DEBUG neutron.api.extensions [None req-e26494d0-feff-4e51-8bca-c44320b87914 None None] Ext name="Security Groups Default Statefulness" alias="security-groups-default-statefulness" description="Allows configuring the default value of the 'stateful' attribute for new security groups, on a per-project or system-wide basis" updated="2026-04-13T00:00:00-00:00" {{(pid=90763) _check_extension /opt/stack/neutron/neutron/api/extensions.py:415}}
Jul 10 14:04:35.208071 np0000005012 devstack@neutron-api.service[90761]: DEBUG neutron.api.extensions [None req-c43e324e-8f3c-467c-be5c-52cda50abb0c None None] Loading extension file: portsecurity.py {{(pid=90761) _load_all_extensions_from_path /opt/stack/neutron/neutron/api/extensions.py:449}}
Jul 10 14:04:35.208071 np0000005012 devstack@neutron-api.service[90761]: DEBUG neutron.api.extensions [None req-c43e324e-8f3c-467c-be5c-52cda50abb0c None None] Ext name="Port Security" alias="port-security" description="Provides port security" updated="2012-07-23T10:00:00-00:00" {{(pid=90761) _check_extension /opt/stack/neutron/neutron/api/extensions.py:415}}
Jul 10 14:04:35.208188 np0000005012 devstack@neutron-api.service[90763]: INFO neutron.api.extensions [None req-e26494d0-feff-4e51-8bca-c44320b87914 None None] Loaded extension: security-groups-default-statefulness
Jul 10 14:04:35.208188 np0000005012 devstack@neutron-api.service[90763]: DEBUG neutron.api.extensions [None req-e26494d0-feff-4e51-8bca-c44320b87914 None None] Loading extension file: security_groups_normalized_cidr.py {{(pid=90763) _load_all_extensions_from_path /opt/stack/neutron/neutron/api/extensions.py:449}}
Jul 10 14:04:35.208295 np0000005012 devstack@neutron-api.service[90761]: INFO neutron.api.extensions [None req-c43e324e-8f3c-467c-be5c-52cda50abb0c None None] Loaded extension: port-security
Jul 10 14:04:35.208295 np0000005012 devstack@neutron-api.service[90761]: DEBUG neutron.api.extensions [None req-c43e324e-8f3c-467c-be5c-52cda50abb0c None None] Loading extension file: project_id.py {{(pid=90761) _load_all_extensions_from_path /opt/stack/neutron/neutron/api/extensions.py:449}}
Jul 10 14:04:35.208424 np0000005012 devstack@neutron-api.service[90763]: DEBUG neutron.api.extensions [None req-e26494d0-feff-4e51-8bca-c44320b87914 None None] Ext name="Normalized CIDR field for security group rules" alias="security-groups-normalized-cidr" description="Add new field with normalized remote_ip_prefix cidr in SG rule" updated="2020-07-28T10:00:00-00:00" {{(pid=90763) _check_extension /opt/stack/neutron/neutron/api/extensions.py:415}}
Jul 10 14:04:35.208523 np0000005012 devstack@neutron-api.service[90761]: DEBUG neutron.api.extensions [None req-c43e324e-8f3c-467c-be5c-52cda50abb0c None None] Ext name="project_id field enabled" alias="project-id" description="Extension that indicates that project_id field is enabled." updated="2016-09-09T09:09:09-09:09" {{(pid=90761) _check_extension /opt/stack/neutron/neutron/api/extensions.py:415}}
Jul 10 14:04:35.208523 np0000005012 devstack@neutron-api.service[90761]: INFO neutron.api.extensions [None req-c43e324e-8f3c-467c-be5c-52cda50abb0c None None] Loaded extension: project-id
Jul 10 14:04:35.208523 np0000005012 devstack@neutron-api.service[90761]: DEBUG neutron.api.extensions [None req-c43e324e-8f3c-467c-be5c-52cda50abb0c None None] Loading extension file: providernet.py {{(pid=90761) _load_all_extensions_from_path /opt/stack/neutron/neutron/api/extensions.py:449}}
Jul 10 14:04:35.208688 np0000005012 devstack@neutron-api.service[90763]: INFO neutron.api.extensions [None req-e26494d0-feff-4e51-8bca-c44320b87914 None None] Loaded extension: security-groups-normalized-cidr
Jul 10 14:04:35.208773 np0000005012 devstack@neutron-api.service[90761]: DEBUG neutron.api.extensions [None req-c43e324e-8f3c-467c-be5c-52cda50abb0c None None] Ext name="Provider Network" alias="provider" description="Expose mapping of virtual networks to physical networks" updated="2012-09-07T10:00:00-00:00" {{(pid=90761) _check_extension /opt/stack/neutron/neutron/api/extensions.py:415}}
Jul 10 14:04:35.208856 np0000005012 devstack@neutron-api.service[90763]: DEBUG neutron.api.extensions [None req-e26494d0-feff-4e51-8bca-c44320b87914 None None] Loading extension file: security_groups_port_filtering.py {{(pid=90763) _load_all_extensions_from_path /opt/stack/neutron/neutron/api/extensions.py:449}}
Jul 10 14:04:35.208944 np0000005012 devstack@neutron-api.service[90761]: INFO neutron.api.extensions [None req-c43e324e-8f3c-467c-be5c-52cda50abb0c None None] Loaded extension: provider
Jul 10 14:04:35.208944 np0000005012 devstack@neutron-api.service[90761]: DEBUG neutron.api.extensions [None req-c43e324e-8f3c-467c-be5c-52cda50abb0c None None] Loading extension file: pvlan.py {{(pid=90761) _load_all_extensions_from_path /opt/stack/neutron/neutron/api/extensions.py:449}}
Jul 10 14:04:35.209065 np0000005012 devstack@neutron-api.service[90763]: DEBUG neutron.api.extensions [None req-e26494d0-feff-4e51-8bca-c44320b87914 None None] Ext name="Port filtering on security groups" alias="port-security-groups-filtering" description="Provides security groups filtering when listing ports" updated="2018-01-09T09:00:00-00:00" {{(pid=90763) _check_extension /opt/stack/neutron/neutron/api/extensions.py:415}}
Jul 10 14:04:35.209065 np0000005012 devstack@neutron-api.service[90763]: INFO neutron.api.extensions [None req-e26494d0-feff-4e51-8bca-c44320b87914 None None] Extension port-security-groups-filtering not supported by any of loaded plugins
Jul 10 14:04:35.209195 np0000005012 devstack@neutron-api.service[90761]: DEBUG neutron.api.extensions [None req-c43e324e-8f3c-467c-be5c-52cda50abb0c None None] Ext name="Private VLAN" alias="pvlan" description="The Private VLAN semantics extension." updated="2026-02-03T10:00:00-00:00" {{(pid=90761) _check_extension /opt/stack/neutron/neutron/api/extensions.py:415}}
Jul 10 14:04:35.209294 np0000005012 devstack@neutron-api.service[90763]: DEBUG neutron.api.extensions [None req-e26494d0-feff-4e51-8bca-c44320b87914 None None] Loading extension file: security_groups_remote_address_group.py {{(pid=90763) _load_all_extensions_from_path /opt/stack/neutron/neutron/api/extensions.py:449}}
Jul 10 14:04:35.209374 np0000005012 devstack@neutron-api.service[90761]: INFO neutron.api.extensions [None req-c43e324e-8f3c-467c-be5c-52cda50abb0c None None] Extension pvlan not supported by any of loaded plugins
Jul 10 14:04:35.209374 np0000005012 devstack@neutron-api.service[90761]: DEBUG neutron.api.extensions [None req-c43e324e-8f3c-467c-be5c-52cda50abb0c None None] Loading extension file: qinq.py {{(pid=90761) _load_all_extensions_from_path /opt/stack/neutron/neutron/api/extensions.py:449}}
Jul 10 14:04:35.209520 np0000005012 devstack@neutron-api.service[90763]: DEBUG neutron.api.extensions [None req-e26494d0-feff-4e51-8bca-c44320b87914 None None] Ext name="Remote address group id field for security group rules" alias="security-groups-remote-address-group" description="Add new field of remote address group id in SG rules" updated="2020-08-25T10:00:00-00:00" {{(pid=90763) _check_extension /opt/stack/neutron/neutron/api/extensions.py:415}}
Jul 10 14:04:35.209624 np0000005012 devstack@neutron-api.service[90761]: DEBUG neutron.api.extensions [None req-c43e324e-8f3c-467c-be5c-52cda50abb0c None None] Ext name="QinQ networks" alias="qinq" description="Expose network 'qinq' attribute in the API. This allows to configure network to allow vlan in vlan configuration using 0x88a8 ethertype (QinQ)." updated="2024-12-02T10:00:00-00:00" {{(pid=90761) _check_extension /opt/stack/neutron/neutron/api/extensions.py:415}}
Jul 10 14:04:35.209759 np0000005012 devstack@neutron-api.service[90763]: INFO neutron.api.extensions [None req-e26494d0-feff-4e51-8bca-c44320b87914 None None] Loaded extension: security-groups-remote-address-group
Jul 10 14:04:35.209759 np0000005012 devstack@neutron-api.service[90763]: DEBUG neutron.api.extensions [None req-e26494d0-feff-4e51-8bca-c44320b87914 None None] Loading extension file: security_groups_rules_belongs_to_default_sg.py {{(pid=90763) _load_all_extensions_from_path /opt/stack/neutron/neutron/api/extensions.py:449}}
Jul 10 14:04:35.209855 np0000005012 devstack@neutron-api.service[90761]: INFO neutron.api.extensions [None req-c43e324e-8f3c-467c-be5c-52cda50abb0c None None] Loaded extension: qinq
Jul 10 14:04:35.209855 np0000005012 devstack@neutron-api.service[90761]: DEBUG neutron.api.extensions [None req-c43e324e-8f3c-467c-be5c-52cda50abb0c None None] Loading extension file: qos.py {{(pid=90761) _load_all_extensions_from_path /opt/stack/neutron/neutron/api/extensions.py:449}}
Jul 10 14:04:35.209959 np0000005012 devstack@neutron-api.service[90763]: DEBUG neutron.api.extensions [None req-e26494d0-feff-4e51-8bca-c44320b87914 None None] Ext name="Security group rule belongs to the project's default security group" alias="security-groups-rules-belongs-to-default-sg" description="Flag to determine if the security group rule belongs to the project's default security group" updated="2023-05-23T10:00:00-00:00" {{(pid=90763) _check_extension /opt/stack/neutron/neutron/api/extensions.py:415}}
Jul 10 14:04:35.209959 np0000005012 devstack@neutron-api.service[90763]: INFO neutron.api.extensions [None req-e26494d0-feff-4e51-8bca-c44320b87914 None None] Loaded extension: security-groups-rules-belongs-to-default-sg
Jul 10 14:04:35.210060 np0000005012 devstack@neutron-api.service[90761]: DEBUG neutron.api.extensions [None req-c43e324e-8f3c-467c-be5c-52cda50abb0c None None] Ext name="Quality of Service" alias="qos" description="The Quality of Service extension." updated="2015-06-08T10:00:00-00:00" {{(pid=90761) _check_extension /opt/stack/neutron/neutron/api/extensions.py:415}}
Jul 10 14:04:35.210168 np0000005012 devstack@neutron-api.service[90763]: DEBUG neutron.api.extensions [None req-e26494d0-feff-4e51-8bca-c44320b87914 None None] Loading extension file: security_groups_shared_filtering.py {{(pid=90763) _load_all_extensions_from_path /opt/stack/neutron/neutron/api/extensions.py:449}}
Jul 10 14:04:35.210280 np0000005012 devstack@neutron-api.service[90761]: INFO neutron.api.extensions [None req-c43e324e-8f3c-467c-be5c-52cda50abb0c None None] Extension qos not supported by any of loaded plugins
Jul 10 14:04:35.210280 np0000005012 devstack@neutron-api.service[90761]: DEBUG neutron.api.extensions [None req-c43e324e-8f3c-467c-be5c-52cda50abb0c None None] Loading extension file: qos_bw_limit_direction.py {{(pid=90761) _load_all_extensions_from_path /opt/stack/neutron/neutron/api/extensions.py:449}}
Jul 10 14:04:35.210418 np0000005012 devstack@neutron-api.service[90762]: DEBUG neutron_lib.callbacks.manager [None req-ccb755ee-25fd-40eb-a04a-0a6f3d40f67a None None] Subscribe: > router before_delete 55550000, False {{(pid=90762) subscribe /opt/stack/data/venv/lib/python3.12/site-packages/neutron_lib/callbacks/manager.py:52}}
Jul 10 14:04:35.210585 np0000005012 devstack@neutron-api.service[90763]: DEBUG neutron.api.extensions [None req-e26494d0-feff-4e51-8bca-c44320b87914 None None] Ext name="Security group filtering on the shared field" alias="security-groups-shared-filtering" description="Support filtering security groups on the shared field" updated="2021-10-05T09:00:00-00:00" {{(pid=90763) _check_extension /opt/stack/neutron/neutron/api/extensions.py:415}}
Jul 10 14:04:35.210697 np0000005012 devstack@neutron-api.service[90762]: DEBUG neutron_lib.callbacks.manager [None req-ccb755ee-25fd-40eb-a04a-0a6f3d40f67a None None] Subscribe: port before_update 55550000, False {{(pid=90762) subscribe /opt/stack/data/venv/lib/python3.12/site-packages/neutron_lib/callbacks/manager.py:52}}
Jul 10 14:04:35.210785 np0000005012 devstack@neutron-api.service[90761]: DEBUG neutron.api.extensions [None req-c43e324e-8f3c-467c-be5c-52cda50abb0c None None] Ext name="Direction for QoS bandwidth limit rule" alias="qos-bw-limit-direction" description="Allow to configure QoS bandwidth limit rule with specific direction: ingress or egress" updated="2017-04-10T10:00:00-00:00" {{(pid=90761) _check_extension /opt/stack/neutron/neutron/api/extensions.py:415}}
Jul 10 14:04:35.210867 np0000005012 devstack@neutron-api.service[90763]: INFO neutron.api.extensions [None req-e26494d0-feff-4e51-8bca-c44320b87914 None None] Loaded extension: security-groups-shared-filtering
Jul 10 14:04:35.210948 np0000005012 devstack@neutron-api.service[90762]: DEBUG neutron_lib.callbacks.manager [None req-ccb755ee-25fd-40eb-a04a-0a6f3d40f67a None None] Subscribe: port after_update 55550000, False {{(pid=90762) subscribe /opt/stack/data/venv/lib/python3.12/site-packages/neutron_lib/callbacks/manager.py:52}}
Jul 10 14:04:35.211038 np0000005012 devstack@neutron-api.service[90761]: INFO neutron.api.extensions [None req-c43e324e-8f3c-467c-be5c-52cda50abb0c None None] Extension qos-bw-limit-direction not supported by any of loaded plugins
Jul 10 14:04:35.211142 np0000005012 devstack@neutron-api.service[90763]: DEBUG neutron.api.extensions [None req-e26494d0-feff-4e51-8bca-c44320b87914 None None] Loading extension file: securitygroup.py {{(pid=90763) _load_all_extensions_from_path /opt/stack/neutron/neutron/api/extensions.py:449}}
Jul 10 14:04:35.211259 np0000005012 devstack@neutron-api.service[90761]: DEBUG neutron.api.extensions [None req-c43e324e-8f3c-467c-be5c-52cda50abb0c None None] Loading extension file: qos_bw_minimum_ingress.py {{(pid=90761) _load_all_extensions_from_path /opt/stack/neutron/neutron/api/extensions.py:449}}
Jul 10 14:04:35.211343 np0000005012 devstack@neutron-api.service[90762]: DEBUG neutron_lib.callbacks.manager [None req-ccb755ee-25fd-40eb-a04a-0a6f3d40f67a None None] Subscribe: > port precommit_delete 55550000, False {{(pid=90762) subscribe /opt/stack/data/venv/lib/python3.12/site-packages/neutron_lib/callbacks/manager.py:52}}
Jul 10 14:04:35.211343 np0000005012 devstack@neutron-api.service[90762]: DEBUG neutron_lib.callbacks.manager [None req-ccb755ee-25fd-40eb-a04a-0a6f3d40f67a None None] Subscribe: port before_update 55550000, False {{(pid=90762) subscribe /opt/stack/data/venv/lib/python3.12/site-packages/neutron_lib/callbacks/manager.py:52}}
Jul 10 14:04:35.211578 np0000005012 devstack@neutron-api.service[90761]: DEBUG neutron.api.extensions [None req-c43e324e-8f3c-467c-be5c-52cda50abb0c None None] Ext name="Ingress direction for QoS minimum bandwidth rule" alias="qos-bw-minimum-ingress" description="Allow to configure QoS minumum bandwidth rule with ingress direction." updated="2018-07-09T10:00:00-00:00" {{(pid=90761) _check_extension /opt/stack/neutron/neutron/api/extensions.py:415}}
Jul 10 14:04:35.211759 np0000005012 devstack@neutron-api.service[90762]: DEBUG neutron_lib.callbacks.manager [None req-ccb755ee-25fd-40eb-a04a-0a6f3d40f67a None None] Subscribe: port before_delete 55550000, False {{(pid=90762) subscribe /opt/stack/data/venv/lib/python3.12/site-packages/neutron_lib/callbacks/manager.py:52}}
Jul 10 14:04:35.211900 np0000005012 devstack@neutron-api.service[90761]: INFO neutron.api.extensions [None req-c43e324e-8f3c-467c-be5c-52cda50abb0c None None] Extension qos-bw-minimum-ingress not supported by any of loaded plugins
Jul 10 14:04:35.212006 np0000005012 devstack@neutron-api.service[90762]: DEBUG neutron_lib.callbacks.manager [None req-ccb755ee-25fd-40eb-a04a-0a6f3d40f67a None None] Subscribe: > router precommit_create 55550000, False {{(pid=90762) subscribe /opt/stack/data/venv/lib/python3.12/site-packages/neutron_lib/callbacks/manager.py:52}}
Jul 10 14:04:35.212124 np0000005012 devstack@neutron-api.service[90761]: DEBUG neutron.api.extensions [None req-c43e324e-8f3c-467c-be5c-52cda50abb0c None None] Loading extension file: qos_default.py {{(pid=90761) _load_all_extensions_from_path /opt/stack/neutron/neutron/api/extensions.py:449}}
Jul 10 14:04:35.212197 np0000005012 devstack@neutron-api.service[90762]: DEBUG neutron_lib.callbacks.manager [None req-ccb755ee-25fd-40eb-a04a-0a6f3d40f67a None None] Subscribe: > router precommit_create 55550000, False {{(pid=90762) subscribe /opt/stack/data/venv/lib/python3.12/site-packages/neutron_lib/callbacks/manager.py:52}}
Jul 10 14:04:35.212278 np0000005012 devstack@neutron-api.service[90761]: DEBUG neutron.api.extensions [None req-c43e324e-8f3c-467c-be5c-52cda50abb0c None None] Ext name="QoS default policy" alias="qos-default" description="Expose the QoS default policy per project" updated="2017-041-06T10:00:00-00:00" {{(pid=90761) _check_extension /opt/stack/neutron/neutron/api/extensions.py:415}}
Jul 10 14:04:35.212416 np0000005012 devstack@neutron-api.service[90762]: DEBUG neutron_lib.callbacks.manager [None req-ccb755ee-25fd-40eb-a04a-0a6f3d40f67a None None] Subscribe: > router precommit_update 55550000, False {{(pid=90762) subscribe /opt/stack/data/venv/lib/python3.12/site-packages/neutron_lib/callbacks/manager.py:52}}
Jul 10 14:04:35.212496 np0000005012 devstack@neutron-api.service[90761]: INFO neutron.api.extensions [None req-c43e324e-8f3c-467c-be5c-52cda50abb0c None None] Extension qos-default not supported by any of loaded plugins
Jul 10 14:04:35.212612 np0000005012 devstack@neutron-api.service[90762]: DEBUG neutron_lib.callbacks.manager [None req-ccb755ee-25fd-40eb-a04a-0a6f3d40f67a None None] Subscribe: subnet after_update 55550000, False {{(pid=90762) subscribe /opt/stack/data/venv/lib/python3.12/site-packages/neutron_lib/callbacks/manager.py:52}}
Jul 10 14:04:35.212750 np0000005012 devstack@neutron-api.service[90761]: DEBUG neutron.api.extensions [None req-c43e324e-8f3c-467c-be5c-52cda50abb0c None None] Loading extension file: qos_fip.py {{(pid=90761) _load_all_extensions_from_path /opt/stack/neutron/neutron/api/extensions.py:449}}
Jul 10 14:04:35.212832 np0000005012 devstack@neutron-api.service[90762]: DEBUG neutron.quota.resource_registry [None req-ccb755ee-25fd-40eb-a04a-0a6f3d40f67a None None] Tracking information for resource: router configured {{(pid=90762) set_tracked_resource /opt/stack/neutron/neutron/quota/resource_registry.py:203}}
Jul 10 14:04:35.212912 np0000005012 devstack@neutron-api.service[90761]: DEBUG neutron.api.extensions [None req-c43e324e-8f3c-467c-be5c-52cda50abb0c None None] Ext name="Floating IP QoS" alias="qos-fip" description="The floating IP Quality of Service extension" updated="2017-07-20T00:00:00-00:00" {{(pid=90761) _check_extension /opt/stack/neutron/neutron/api/extensions.py:415}}
Jul 10 14:04:35.213036 np0000005012 devstack@neutron-api.service[90762]: DEBUG neutron.quota.resource_registry [None req-ccb755ee-25fd-40eb-a04a-0a6f3d40f67a None None] Tracking information for resource: floatingip configured {{(pid=90762) set_tracked_resource /opt/stack/neutron/neutron/quota/resource_registry.py:203}}
Jul 10 14:04:35.213147 np0000005012 devstack@neutron-api.service[90761]: INFO neutron.api.extensions [None req-c43e324e-8f3c-467c-be5c-52cda50abb0c None None] Extension qos-fip not supported by any of loaded plugins
Jul 10 14:04:35.213259 np0000005012 devstack@neutron-api.service[90762]: INFO neutron.services.ovn_l3.plugin [None req-ccb755ee-25fd-40eb-a04a-0a6f3d40f67a None None] Starting OVNL3RouterPlugin
Jul 10 14:04:35.213338 np0000005012 devstack@neutron-api.service[90761]: DEBUG neutron.api.extensions [None req-c43e324e-8f3c-467c-be5c-52cda50abb0c None None] Loading extension file: qos_fip_network_policy.py {{(pid=90761) _load_all_extensions_from_path /opt/stack/neutron/neutron/api/extensions.py:449}}
