Aug 24 23:18:35.172755 np0000008030 devstack@g-api.service[99877]: DEBUG glance.api.middleware.version_negotiation [None req-7c83066a-b555-4cf1-b050-b9f26dd3ceab tempest-TestImageHashVerification-520568723 tempest-TestImageHashVerification-520568723-project-member] Matched version: v2 {{(pid=99877) process_request /opt/stack/glance/glance/api/middleware/version_negotiation.py:69}}
Aug 24 23:18:35.172755 np0000008030 devstack@g-api.service[99877]: DEBUG glance.api.middleware.version_negotiation [None req-7c83066a-b555-4cf1-b050-b9f26dd3ceab tempest-TestImageHashVerification-520568723 tempest-TestImageHashVerification-520568723-project-member] new path /v2/images/2fcdff1d-8047-4fa3-9636-4edc2520f70a {{(pid=99877) process_request /opt/stack/glance/glance/api/middleware/version_negotiation.py:70}}
Aug 24 23:18:35.188627 np0000008030 devstack@g-api.service[99877]: [pid: 99877|app: 0|req: 139/418] 127.0.0.1 () {40 vars in 834 bytes} [Mon Aug 24 23:18:35 2026] GET /v2/images/2fcdff1d-8047-4fa3-9636-4edc2520f70a => generated 649 bytes in 17 msecs (HTTP/1.1 200) 4 headers in 157 bytes (1 switches on core 0)
Aug 24 23:18:35.861136 np0000008030 devstack@g-api.service[99879]: DEBUG swiftclient [None req-3a6f744e-5535-4f83-9ad8-13723bc93c38 tempest-TestImageHashVerification-520568723 tempest-TestImageHashVerification-520568723-project-member] REQ: curl -i https://10.4.3.90:8080/v1/AUTH_585ec850be3240a1b4d2ffa7060c7dee/glance/2fcdff1d-8047-4fa3-9636-4edc2520f70a-00002 -X PUT -H "X-Auth-Token: gAAAAABqjNFGnied..." {{(pid=99879) http_log /opt/stack/data/venv/lib/python3.12/site-packages/swiftclient/client.py:160}}
Aug 24 23:18:35.861984 np0000008030 devstack@g-api.service[99879]: DEBUG swiftclient [None req-3a6f744e-5535-4f83-9ad8-13723bc93c38 tempest-TestImageHashVerification-520568723 tempest-TestImageHashVerification-520568723-project-member] RESP STATUS: 201 Created {{(pid=99879) http_log /opt/stack/data/venv/lib/python3.12/site-packages/swiftclient/client.py:161}}
Aug 24 23:18:35.861984 np0000008030 devstack@g-api.service[99879]: DEBUG swiftclient [None req-3a6f744e-5535-4f83-9ad8-13723bc93c38 tempest-TestImageHashVerification-520568723 tempest-TestImageHashVerification-520568723-project-member] RESP HEADERS: {'Date': 'Mon, 24 Aug 2026 23:18:35 GMT', 'Server': 'Apache/2.4.58 (Ubuntu)', 'Content-Type': 'text/html; charset=UTF-8', 'Content-Length': '0', 'Etag': 'eda9a9889837ac4bc81d6387d92c1bec', 'Last-Modified': 'Mon, 24 Aug 2026 23:18:34 GMT', 'X-Trans-Id': 'txfae0c926bddd4b0383e66-006a8cd149', 'X-Openstack-Request-Id': 'txfae0c926bddd4b0383e66-006a8cd149', 'Connection': 'close'} {{(pid=99879) http_log /opt/stack/data/venv/lib/python3.12/site-packages/swiftclient/client.py:162}}
Aug 24 23:18:35.861984 np0000008030 devstack@g-api.service[99879]: DEBUG glance_store._drivers.swift.store [None req-3a6f744e-5535-4f83-9ad8-13723bc93c38 tempest-TestImageHashVerification-520568723 tempest-TestImageHashVerification-520568723-project-member] Wrote chunk 2fcdff1d-8047-4fa3-9636-4edc2520f70a-00002 (2/?) of length 204800000 to Swift returning MD5 of content: eda9a9889837ac4bc81d6387d92c1bec {{(pid=99879) add /opt/stack/data/venv/lib/python3.12/site-packages/glance_store/_drivers/swift/store.py:1059}}
Aug 24 23:18:36.196703 np0000008030 devstack@g-api.service[99878]: DEBUG glance.api.middleware.version_negotiation [None req-9380b4d5-b18f-4b31-a10a-97810fbbb73e tempest-TestImageHashVerification-520568723 tempest-TestImageHashVerification-520568723-project-member] Determining version of request: GET /v2/images/2fcdff1d-8047-4fa3-9636-4edc2520f70a Accept: application/json {{(pid=99878) process_request /opt/stack/glance/glance/api/middleware/version_negotiation.py:44}}
Aug 24 23:18:36.198707 np0000008030 devstack@g-api.service[99878]: DEBUG glance.api.middleware.version_negotiation [None req-9380b4d5-b18f-4b31-a10a-97810fbbb73e tempest-TestImageHashVerification-520568723 tempest-TestImageHashVerification-520568723-project-member] Using url versioning {{(pid=99878) process_request /opt/stack/glance/glance/api/middleware/version_negotiation.py:57}}
Aug 24 23:18:36.198795 np0000008030 devstack@g-api.service[99878]: DEBUG glance.api.middleware.version_negotiation [None req-9380b4d5-b18f-4b31-a10a-97810fbbb73e tempest-TestImageHashVerification-520568723 tempest-TestImageHashVerification-520568723-project-member] Matched version: v2 {{(pid=99878) process_request /opt/stack/glance/glance/api/middleware/version_negotiation.py:69}}
Aug 24 23:18:36.198891 np0000008030 devstack@g-api.service[99878]: DEBUG glance.api.middleware.version_negotiation [None req-9380b4d5-b18f-4b31-a10a-97810fbbb73e tempest-TestImageHashVerification-520568723 tempest-TestImageHashVerification-520568723-project-member] new path /v2/images/2fcdff1d-8047-4fa3-9636-4edc2520f70a {{(pid=99878) process_request /opt/stack/glance/glance/api/middleware/version_negotiation.py:70}}
Aug 24 23:18:36.213325 np0000008030 devstack@g-api.service[99878]: [pid: 99878|app: 0|req: 136/419] 127.0.0.1 () {40 vars in 834 bytes} [Mon Aug 24 23:18:36 2026] GET /v2/images/2fcdff1d-8047-4fa3-9636-4edc2520f70a => generated 649 bytes in 17 msecs (HTTP/1.1 200) 4 headers in 157 bytes (1 switches on core 0)
Aug 24 23:18:37.223245 np0000008030 devstack@g-api.service[99877]: DEBUG glance.api.middleware.version_negotiation [None req-96efad30-d06f-49f5-b6c1-f3f67e50ba8b tempest-TestImageHashVerification-520568723 tempest-TestImageHashVerification-520568723-project-member] Determining version of request: GET /v2/images/2fcdff1d-8047-4fa3-9636-4edc2520f70a Accept: application/json {{(pid=99877) process_request /opt/stack/glance/glance/api/middleware/version_negotiation.py:44}}
Aug 24 23:18:37.223601 np0000008030 devstack@g-api.service[99877]: DEBUG glance.api.middleware.version_negotiation [None req-96efad30-d06f-49f5-b6c1-f3f67e50ba8b tempest-TestImageHashVerification-520568723 tempest-TestImageHashVerification-520568723-project-member] Using url versioning {{(pid=99877) process_request /opt/stack/glance/glance/api/middleware/version_negotiation.py:57}}
Aug 24 23:18:37.223601 np0000008030 devstack@g-api.service[99877]: DEBUG glance.api.middleware.version_negotiation [None req-96efad30-d06f-49f5-b6c1-f3f67e50ba8b tempest-TestImageHashVerification-520568723 tempest-TestImageHashVerification-520568723-project-member] Matched version: v2 {{(pid=99877) process_request /opt/stack/glance/glance/api/middleware/version_negotiation.py:69}}
Aug 24 23:18:37.223687 np0000008030 devstack@g-api.service[99877]: DEBUG glance.api.middleware.version_negotiation [None req-96efad30-d06f-49f5-b6c1-f3f67e50ba8b tempest-TestImageHashVerification-520568723 tempest-TestImageHashVerification-520568723-project-member] new path /v2/images/2fcdff1d-8047-4fa3-9636-4edc2520f70a {{(pid=99877) process_request /opt/stack/glance/glance/api/middleware/version_negotiation.py:70}}
Aug 24 23:18:37.240604 np0000008030 devstack@g-api.service[99877]: [pid: 99877|app: 0|req: 140/420] 127.0.0.1 () {40 vars in 834 bytes} [Mon Aug 24 23:18:37 2026] GET /v2/images/2fcdff1d-8047-4fa3-9636-4edc2520f70a => generated 649 bytes in 18 msecs (HTTP/1.1 200) 4 headers in 157 bytes (1 switches on core 0)
Aug 24 23:18:38.224034 np0000008030 devstack@g-api.service[99879]: DEBUG swiftclient [None req-3a6f744e-5535-4f83-9ad8-13723bc93c38 tempest-TestImageHashVerification-520568723 tempest-TestImageHashVerification-520568723-project-member] REQ: curl -i https://10.4.3.90:8080/v1/AUTH_585ec850be3240a1b4d2ffa7060c7dee/glance/2fcdff1d-8047-4fa3-9636-4edc2520f70a-00003 -X PUT -H "X-Auth-Token: gAAAAABqjNFGnied..." {{(pid=99879) http_log /opt/stack/data/venv/lib/python3.12/site-packages/swiftclient/client.py:160}}
Aug 24 23:18:38.224400 np0000008030 devstack@g-api.service[99879]: DEBUG swiftclient [None req-3a6f744e-5535-4f83-9ad8-13723bc93c38 tempest-TestImageHashVerification-520568723 tempest-TestImageHashVerification-520568723-project-member] RESP STATUS: 201 Created {{(pid=99879) http_log /opt/stack/data/venv/lib/python3.12/site-packages/swiftclient/client.py:161}}
Aug 24 23:18:38.224400 np0000008030 devstack@g-api.service[99879]: DEBUG swiftclient [None req-3a6f744e-5535-4f83-9ad8-13723bc93c38 tempest-TestImageHashVerification-520568723 tempest-TestImageHashVerification-520568723-project-member] RESP HEADERS: {'Date': 'Mon, 24 Aug 2026 23:18:38 GMT', 'Server': 'Apache/2.4.58 (Ubuntu)', 'Content-Type': 'text/html; charset=UTF-8', 'Content-Length': '0', 'Etag': 'eda9a9889837ac4bc81d6387d92c1bec', 'Last-Modified': 'Mon, 24 Aug 2026 23:18:36 GMT', 'X-Trans-Id': 'tx2b4185b32d1c45838709f-006a8cd14b', 'X-Openstack-Request-Id': 'tx2b4185b32d1c45838709f-006a8cd14b', 'Connection': 'close'} {{(pid=99879) http_log /opt/stack/data/venv/lib/python3.12/site-packages/swiftclient/client.py:162}}
Aug 24 23:18:38.224400 np0000008030 devstack@g-api.service[99879]: DEBUG glance_store._drivers.swift.store [None req-3a6f744e-5535-4f83-9ad8-13723bc93c38 tempest-TestImageHashVerification-520568723 tempest-TestImageHashVerification-520568723-project-member] Wrote chunk 2fcdff1d-8047-4fa3-9636-4edc2520f70a-00003 (3/?) of length 204800000 to Swift returning MD5 of content: eda9a9889837ac4bc81d6387d92c1bec {{(pid=99879) add /opt/stack/data/venv/lib/python3.12/site-packages/glance_store/_drivers/swift/store.py:1059}}
Aug 24 23:18:38.251248 np0000008030 devstack@g-api.service[99878]: DEBUG glance.api.middleware.version_negotiation [None req-6bf1b583-b90b-454e-b47a-1c38ae794db8 tempest-TestImageHashVerification-520568723 tempest-TestImageHashVerification-520568723-project-member] Determining version of request: GET /v2/images/2fcdff1d-8047-4fa3-9636-4edc2520f70a Accept: application/json {{(pid=99878) process_request /opt/stack/glance/glance/api/middleware/version_negotiation.py:44}}
Aug 24 23:18:38.251677 np0000008030 devstack@g-api.service[99878]: DEBUG glance.api.middleware.version_negotiation [None req-6bf1b583-b90b-454e-b47a-1c38ae794db8 tempest-TestImageHashVerification-520568723 tempest-TestImageHashVerification-520568723-project-member] Using url versioning {{(pid=99878) process_request /opt/stack/glance/glance/api/middleware/version_negotiation.py:57}}
Aug 24 23:18:38.251677 np0000008030 devstack@g-api.service[99878]: DEBUG glance.api.middleware.version_negotiation [None req-6bf1b583-b90b-454e-b47a-1c38ae794db8 tempest-TestImageHashVerification-520568723 tempest-TestImageHashVerification-520568723-project-member] Matched version: v2 {{(pid=99878) process_request /opt/stack/glance/glance/api/middleware/version_negotiation.py:69}}
Aug 24 23:18:38.251677 np0000008030 devstack@g-api.service[99878]: DEBUG glance.api.middleware.version_negotiation [None req-6bf1b583-b90b-454e-b47a-1c38ae794db8 tempest-TestImageHashVerification-520568723 tempest-TestImageHashVerification-520568723-project-member] new path /v2/images/2fcdff1d-8047-4fa3-9636-4edc2520f70a {{(pid=99878) process_request /opt/stack/glance/glance/api/middleware/version_negotiation.py:70}}
Aug 24 23:18:38.274076 np0000008030 devstack@g-api.service[99878]: [pid: 99878|app: 0|req: 137/421] 127.0.0.1 () {40 vars in 834 bytes} [Mon Aug 24 23:18:38 2026] GET /v2/images/2fcdff1d-8047-4fa3-9636-4edc2520f70a => generated 649 bytes in 23 msecs (HTTP/1.1 200) 4 headers in 157 bytes (1 switches on core 0)
Aug 24 23:18:39.282430 np0000008030 devstack@g-api.service[99877]: DEBUG glance.api.middleware.version_negotiation [None req-8179e39f-de67-48fa-9e63-82ba702d4e47 tempest-TestImageHashVerification-520568723 tempest-TestImageHashVerification-520568723-project-member] Determining version of request: GET /v2/images/2fcdff1d-8047-4fa3-9636-4edc2520f70a Accept: application/json {{(pid=99877) process_request /opt/stack/glance/glance/api/middleware/version_negotiation.py:44}}
Aug 24 23:18:39.283551 np0000008030 devstack@g-api.service[99877]: DEBUG glance.api.middleware.version_negotiation [None req-8179e39f-de67-48fa-9e63-82ba702d4e47 tempest-TestImageHashVerification-520568723 tempest-TestImageHashVerification-520568723-project-member] Using url versioning {{(pid=99877) process_request /opt/stack/glance/glance/api/middleware/version_negotiation.py:57}}
Aug 24 23:18:39.283551 np0000008030 devstack@g-api.service[99877]: DEBUG glance.api.middleware.version_negotiation [None req-8179e39f-de67-48fa-9e63-82ba702d4e47 tempest-TestImageHashVerification-520568723 tempest-TestImageHashVerification-520568723-project-member] Matched version: v2 {{(pid=99877) process_request /opt/stack/glance/glance/api/middleware/version_negotiation.py:69}}
Aug 24 23:18:39.283551 np0000008030 devstack@g-api.service[99877]: DEBUG glance.api.middleware.version_negotiation [None req-8179e39f-de67-48fa-9e63-82ba702d4e47 tempest-TestImageHashVerification-520568723 tempest-TestImageHashVerification-520568723-project-member] new path /v2/images/2fcdff1d-8047-4fa3-9636-4edc2520f70a {{(pid=99877) process_request /opt/stack/glance/glance/api/middleware/version_negotiation.py:70}}
Aug 24 23:18:39.297781 np0000008030 devstack@g-api.service[99877]: [pid: 99877|app: 0|req: 141/422] 127.0.0.1 () {40 vars in 834 bytes} [Mon Aug 24 23:18:39 2026] GET /v2/images/2fcdff1d-8047-4fa3-9636-4edc2520f70a => generated 649 bytes in 16 msecs (HTTP/1.1 200) 4 headers in 157 bytes (1 switches on core 0)
Aug 24 23:18:40.309474 np0000008030 devstack@g-api.service[99878]: DEBUG glance.api.middleware.version_negotiation [None req-70de6dd1-9753-4c46-a3c1-0a4c66d5ad8a tempest-TestImageHashVerification-520568723 tempest-TestImageHashVerification-520568723-project-member] Determining version of request: GET /v2/images/2fcdff1d-8047-4fa3-9636-4edc2520f70a Accept: application/json {{(pid=99878) process_request /opt/stack/glance/glance/api/middleware/version_negotiation.py:44}}
Aug 24 23:18:40.310044 np0000008030 devstack@g-api.service[99878]: DEBUG glance.api.middleware.version_negotiation [None req-70de6dd1-9753-4c46-a3c1-0a4c66d5ad8a tempest-TestImageHashVerification-520568723 tempest-TestImageHashVerification-520568723-project-member] Using url versioning {{(pid=99878) process_request /opt/stack/glance/glance/api/middleware/version_negotiation.py:57}}
Aug 24 23:18:40.310044 np0000008030 devstack@g-api.service[99878]: DEBUG glance.api.middleware.version_negotiation [None req-70de6dd1-9753-4c46-a3c1-0a4c66d5ad8a tempest-TestImageHashVerification-520568723 tempest-TestImageHashVerification-520568723-project-member] Matched version: v2 {{(pid=99878) process_request /opt/stack/glance/glance/api/middleware/version_negotiation.py:69}}
Aug 24 23:18:40.310044 np0000008030 devstack@g-api.service[99878]: DEBUG glance.api.middleware.version_negotiation [None req-70de6dd1-9753-4c46-a3c1-0a4c66d5ad8a tempest-TestImageHashVerification-520568723 tempest-TestImageHashVerification-520568723-project-member] new path /v2/images/2fcdff1d-8047-4fa3-9636-4edc2520f70a {{(pid=99878) process_request /opt/stack/glance/glance/api/middleware/version_negotiation.py:70}}
Aug 24 23:18:40.344653 np0000008030 devstack@g-api.service[99878]: [pid: 99878|app: 0|req: 138/423] 127.0.0.1 () {40 vars in 834 bytes} [Mon Aug 24 23:18:40 2026] GET /v2/images/2fcdff1d-8047-4fa3-9636-4edc2520f70a => generated 649 bytes in 34 msecs (HTTP/1.1 200) 4 headers in 157 bytes (1 switches on core 0)
Aug 24 23:18:40.504903 np0000008030 devstack@g-api.service[99879]: DEBUG swiftclient [None req-3a6f744e-5535-4f83-9ad8-13723bc93c38 tempest-TestImageHashVerification-520568723 tempest-TestImageHashVerification-520568723-project-member] REQ: curl -i https://10.4.3.90:8080/v1/AUTH_585ec850be3240a1b4d2ffa7060c7dee/glance/2fcdff1d-8047-4fa3-9636-4edc2520f70a-00004 -X PUT -H "X-Auth-Token: gAAAAABqjNFGnied..." {{(pid=99879) http_log /opt/stack/data/venv/lib/python3.12/site-packages/swiftclient/client.py:160}}
Aug 24 23:18:40.505432 np0000008030 devstack@g-api.service[99879]: DEBUG swiftclient [None req-3a6f744e-5535-4f83-9ad8-13723bc93c38 tempest-TestImageHashVerification-520568723 tempest-TestImageHashVerification-520568723-project-member] RESP STATUS: 201 Created {{(pid=99879) http_log /opt/stack/data/venv/lib/python3.12/site-packages/swiftclient/client.py:161}}
Aug 24 23:18:40.505432 np0000008030 devstack@g-api.service[99879]: DEBUG swiftclient [None req-3a6f744e-5535-4f83-9ad8-13723bc93c38 tempest-TestImageHashVerification-520568723 tempest-TestImageHashVerification-520568723-project-member] RESP HEADERS: {'Date': 'Mon, 24 Aug 2026 23:18:40 GMT', 'Server': 'Apache/2.4.58 (Ubuntu)', 'Content-Type': 'text/html; charset=UTF-8', 'Content-Length': '0', 'Etag': 'eda9a9889837ac4bc81d6387d92c1bec', 'Last-Modified': 'Mon, 24 Aug 2026 23:18:39 GMT', 'X-Trans-Id': 'txd897c71c41bb4b80b9dba-006a8cd14e', 'X-Openstack-Request-Id': 'txd897c71c41bb4b80b9dba-006a8cd14e', 'Connection': 'close'} {{(pid=99879) http_log /opt/stack/data/venv/lib/python3.12/site-packages/swiftclient/client.py:162}}
Aug 24 23:18:40.505583 np0000008030 devstack@g-api.service[99879]: DEBUG glance_store._drivers.swift.store [None req-3a6f744e-5535-4f83-9ad8-13723bc93c38 tempest-TestImageHashVerification-520568723 tempest-TestImageHashVerification-520568723-project-member] Wrote chunk 2fcdff1d-8047-4fa3-9636-4edc2520f70a-00004 (4/?) of length 204800000 to Swift returning MD5 of content: eda9a9889837ac4bc81d6387d92c1bec {{(pid=99879) add /opt/stack/data/venv/lib/python3.12/site-packages/glance_store/_drivers/swift/store.py:1059}}
Aug 24 23:18:40.715294 np0000008030 devstack@g-api.service[99879]: DEBUG dbcounter [-] [99879] Writing DB stats glance:SELECT=14,glance:INSERT=1,glance:UPDATE=1 {{(pid=99879) stat_writer /opt/stack/data/venv/lib/python3.12/site-packages/dbcounter.py:115}}
Aug 24 23:18:41.356139 np0000008030 devstack@g-api.service[99877]: DEBUG glance.api.middleware.version_negotiation [None req-9b5cc340-bd07-49b7-9792-720fa30746b0 tempest-TestImageHashVerification-520568723 tempest-TestImageHashVerification-520568723-project-member] Determining version of request: GET /v2/images/2fcdff1d-8047-4fa3-9636-4edc2520f70a Accept: application/json {{(pid=99877) process_request /opt/stack/glance/glance/api/middleware/version_negotiation.py:44}}
Aug 24 23:18:41.356609 np0000008030 devstack@g-api.service[99877]: DEBUG glance.api.middleware.version_negotiation [None req-9b5cc340-bd07-49b7-9792-720fa30746b0 tempest-TestImageHashVerification-520568723 tempest-TestImageHashVerification-520568723-project-member] Using url versioning {{(pid=99877) process_request /opt/stack/glance/glance/api/middleware/version_negotiation.py:57}}
Aug 24 23:18:41.356609 np0000008030 devstack@g-api.service[99877]: DEBUG glance.api.middleware.version_negotiation [None req-9b5cc340-bd07-49b7-9792-720fa30746b0 tempest-TestImageHashVerification-520568723 tempest-TestImageHashVerification-520568723-project-member] Matched version: v2 {{(pid=99877) process_request /opt/stack/glance/glance/api/middleware/version_negotiation.py:69}}
Aug 24 23:18:41.356609 np0000008030 devstack@g-api.service[99877]: DEBUG glance.api.middleware.version_negotiation [None req-9b5cc340-bd07-49b7-9792-720fa30746b0 tempest-TestImageHashVerification-520568723 tempest-TestImageHashVerification-520568723-project-member] new path /v2/images/2fcdff1d-8047-4fa3-9636-4edc2520f70a {{(pid=99877) process_request /opt/stack/glance/glance/api/middleware/version_negotiation.py:70}}
Aug 24 23:18:41.377215 np0000008030 devstack@g-api.service[99877]: [pid: 99877|app: 0|req: 142/424] 127.0.0.1 () {40 vars in 834 bytes} [Mon Aug 24 23:18:41 2026] GET /v2/images/2fcdff1d-8047-4fa3-9636-4edc2520f70a => generated 649 bytes in 20 msecs (HTTP/1.1 200) 4 headers in 157 bytes (1 switches on core 0)
Aug 24 23:18:42.388881 np0000008030 devstack@g-api.service[99878]: DEBUG glance.api.middleware.version_negotiation [None req-e5e72a5a-afc1-4b37-af5e-4085739c4497 tempest-TestImageHashVerification-520568723 tempest-TestImageHashVerification-520568723-project-member] Determining version of request: GET /v2/images/2fcdff1d-8047-4fa3-9636-4edc2520f70a Accept: application/json {{(pid=99878) process_request /opt/stack/glance/glance/api/middleware/version_negotiation.py:44}}
Aug 24 23:18:42.388881 np0000008030 devstack@g-api.service[99878]: DEBUG glance.api.middleware.version_negotiation [None req-e5e72a5a-afc1-4b37-af5e-4085739c4497 tempest-TestImageHashVerification-520568723 tempest-TestImageHashVerification-520568723-project-member] Using url versioning {{(pid=99878) process_request /opt/stack/glance/glance/api/middleware/version_negotiation.py:57}}
Aug 24 23:18:42.388881 np0000008030 devstack@g-api.service[99878]: DEBUG glance.api.middleware.version_negotiation [None req-e5e72a5a-afc1-4b37-af5e-4085739c4497 tempest-TestImageHashVerification-520568723 tempest-TestImageHashVerification-520568723-project-member] Matched version: v2 {{(pid=99878) process_request /opt/stack/glance/glance/api/middleware/version_negotiation.py:69}}
Aug 24 23:18:42.388881 np0000008030 devstack@g-api.service[99878]: DEBUG glance.api.middleware.version_negotiation [None req-e5e72a5a-afc1-4b37-af5e-4085739c4497 tempest-TestImageHashVerification-520568723 tempest-TestImageHashVerification-520568723-project-member] new path /v2/images/2fcdff1d-8047-4fa3-9636-4edc2520f70a {{(pid=99878) process_request /opt/stack/glance/glance/api/middleware/version_negotiation.py:70}}
Aug 24 23:18:42.403953 np0000008030 devstack@g-api.service[99878]: [pid: 99878|app: 0|req: 139/425] 127.0.0.1 () {40 vars in 834 bytes} [Mon Aug 24 23:18:42 2026] GET /v2/images/2fcdff1d-8047-4fa3-9636-4edc2520f70a => generated 649 bytes in 15 msecs (HTTP/1.1 200) 4 headers in 157 bytes (1 switches on core 0)
Aug 24 23:18:42.976128 np0000008030 devstack@g-api.service[99879]: DEBUG swiftclient [None req-3a6f744e-5535-4f83-9ad8-13723bc93c38 tempest-TestImageHashVerification-520568723 tempest-TestImageHashVerification-520568723-project-member] REQ: curl -i https://10.4.3.90:8080/v1/AUTH_585ec850be3240a1b4d2ffa7060c7dee/glance/2fcdff1d-8047-4fa3-9636-4edc2520f70a-00005 -X PUT -H "X-Auth-Token: gAAAAABqjNFGnied..." {{(pid=99879) http_log /opt/stack/data/venv/lib/python3.12/site-packages/swiftclient/client.py:160}}
Aug 24 23:18:42.976128 np0000008030 devstack@g-api.service[99879]: DEBUG swiftclient [None req-3a6f744e-5535-4f83-9ad8-13723bc93c38 tempest-TestImageHashVerification-520568723 tempest-TestImageHashVerification-520568723-project-member] RESP STATUS: 201 Created {{(pid=99879) http_log /opt/stack/data/venv/lib/python3.12/site-packages/swiftclient/client.py:161}}
Aug 24 23:18:42.976128 np0000008030 devstack@g-api.service[99879]: DEBUG swiftclient [None req-3a6f744e-5535-4f83-9ad8-13723bc93c38 tempest-TestImageHashVerification-520568723 tempest-TestImageHashVerification-520568723-project-member] RESP HEADERS: {'Date': 'Mon, 24 Aug 2026 23:18:42 GMT', 'Server': 'Apache/2.4.58 (Ubuntu)', 'Content-Type': 'text/html; charset=UTF-8', 'Content-Length': '0', 'Etag': 'eda9a9889837ac4bc81d6387d92c1bec', 'Last-Modified': 'Mon, 24 Aug 2026 23:18:41 GMT', 'X-Trans-Id': 'txe8af59ffdb2841afa2cf0-006a8cd150', 'X-Openstack-Request-Id': 'txe8af59ffdb2841afa2cf0-006a8cd150', 'Connection': 'close'} {{(pid=99879) http_log /opt/stack/data/venv/lib/python3.12/site-packages/swiftclient/client.py:162}}
Aug 24 23:18:42.976128 np0000008030 devstack@g-api.service[99879]: DEBUG glance_store._drivers.swift.store [None req-3a6f744e-5535-4f83-9ad8-13723bc93c38 tempest-TestImageHashVerification-520568723 tempest-TestImageHashVerification-520568723-project-member] Wrote chunk 2fcdff1d-8047-4fa3-9636-4edc2520f70a-00005 (5/?) of length 204800000 to Swift returning MD5 of content: eda9a9889837ac4bc81d6387d92c1bec {{(pid=99879) add /opt/stack/data/venv/lib/python3.12/site-packages/glance_store/_drivers/swift/store.py:1059}}
Aug 24 23:18:43.413034 np0000008030 devstack@g-api.service[99877]: DEBUG glance.api.middleware.version_negotiation [None req-6723af86-253f-4c15-8221-5f43cb79559c tempest-TestImageHashVerification-520568723 tempest-TestImageHashVerification-520568723-project-member] Determining version of request: GET /v2/images/2fcdff1d-8047-4fa3-9636-4edc2520f70a Accept: application/json {{(pid=99877) process_request /opt/stack/glance/glance/api/middleware/version_negotiation.py:44}}
Aug 24 23:18:43.413462 np0000008030 devstack@g-api.service[99877]: DEBUG glance.api.middleware.version_negotiation [None req-6723af86-253f-4c15-8221-5f43cb79559c tempest-TestImageHashVerification-520568723 tempest-TestImageHashVerification-520568723-project-member] Using url versioning {{(pid=99877) process_request /opt/stack/glance/glance/api/middleware/version_negotiation.py:57}}
Aug 24 23:18:43.413462 np0000008030 devstack@g-api.service[99877]: DEBUG glance.api.middleware.version_negotiation [None req-6723af86-253f-4c15-8221-5f43cb79559c tempest-TestImageHashVerification-520568723 tempest-TestImageHashVerification-520568723-project-member] Matched version: v2 {{(pid=99877) process_request /opt/stack/glance/glance/api/middleware/version_negotiation.py:69}}
Aug 24 23:18:43.413579 np0000008030 devstack@g-api.service[99877]: DEBUG glance.api.middleware.version_negotiation [None req-6723af86-253f-4c15-8221-5f43cb79559c tempest-TestImageHashVerification-520568723 tempest-TestImageHashVerification-520568723-project-member] new path /v2/images/2fcdff1d-8047-4fa3-9636-4edc2520f70a {{(pid=99877) process_request /opt/stack/glance/glance/api/middleware/version_negotiation.py:70}}
Aug 24 23:18:43.437847 np0000008030 devstack@g-api.service[99877]: [pid: 99877|app: 0|req: 143/426] 127.0.0.1 () {40 vars in 834 bytes} [Mon Aug 24 23:18:43 2026] GET /v2/images/2fcdff1d-8047-4fa3-9636-4edc2520f70a => generated 649 bytes in 25 msecs (HTTP/1.1 200) 4 headers in 157 bytes (1 switches on core 0)
Aug 24 23:18:43.610123 np0000008030 devstack@g-api.service[99879]: DEBUG swiftclient [None req-3a6f744e-5535-4f83-9ad8-13723bc93c38 tempest-TestImageHashVerification-520568723 tempest-TestImageHashVerification-520568723-project-member] REQ: curl -i https://10.4.3.90:8080/v1/AUTH_585ec850be3240a1b4d2ffa7060c7dee/glance/2fcdff1d-8047-4fa3-9636-4edc2520f70a-00006 -X PUT -H "X-Auth-Token: gAAAAABqjNFGnied..." {{(pid=99879) http_log /opt/stack/data/venv/lib/python3.12/site-packages/swiftclient/client.py:160}}
Aug 24 23:18:43.610123 np0000008030 devstack@g-api.service[99879]: DEBUG swiftclient [None req-3a6f744e-5535-4f83-9ad8-13723bc93c38 tempest-TestImageHashVerification-520568723 tempest-TestImageHashVerification-520568723-project-member] RESP STATUS: 201 Created {{(pid=99879) http_log /opt/stack/data/venv/lib/python3.12/site-packages/swiftclient/client.py:161}}
Aug 24 23:18:43.610123 np0000008030 devstack@g-api.service[99879]: DEBUG swiftclient [None req-3a6f744e-5535-4f83-9ad8-13723bc93c38 tempest-TestImageHashVerification-520568723 tempest-TestImageHashVerification-520568723-project-member] RESP HEADERS: {'Date': 'Mon, 24 Aug 2026 23:18:43 GMT', 'Server': 'Apache/2.4.58 (Ubuntu)', 'Content-Type': 'text/html; charset=UTF-8', 'Content-Length': '0', 'Etag': '708761f3b8777ec77058e63da08eeeb6', 'Last-Modified': 'Mon, 24 Aug 2026 23:18:43 GMT', 'X-Trans-Id': 'tx1ae40ab5fbbf4bcfba874-006a8cd152', 'X-Openstack-Request-Id': 'tx1ae40ab5fbbf4bcfba874-006a8cd152', 'Connection': 'close'} {{(pid=99879) http_log /opt/stack/data/venv/lib/python3.12/site-packages/swiftclient/client.py:162}}
Aug 24 23:18:43.610444 np0000008030 devstack@g-api.service[99879]: DEBUG glance_store._drivers.swift.store [None req-3a6f744e-5535-4f83-9ad8-13723bc93c38 tempest-TestImageHashVerification-520568723 tempest-TestImageHashVerification-520568723-project-member] Wrote chunk 2fcdff1d-8047-4fa3-9636-4edc2520f70a-00006 (6/?) of length 49741824 to Swift returning MD5 of content: 708761f3b8777ec77058e63da08eeeb6 {{(pid=99879) add /opt/stack/data/venv/lib/python3.12/site-packages/glance_store/_drivers/swift/store.py:1059}}
Aug 24 23:18:43.610519 np0000008030 devstack@g-api.service[99879]: DEBUG glance_store._drivers.swift.store [None req-3a6f744e-5535-4f83-9ad8-13723bc93c38 tempest-TestImageHashVerification-520568723 tempest-TestImageHashVerification-520568723-project-member] Not writing zero-length chunk. {{(pid=99879) add /opt/stack/data/venv/lib/python3.12/site-packages/glance_store/_drivers/swift/store.py:1028}}
Aug 24 23:18:43.643816 np0000008030 devstack@g-api.service[99879]: DEBUG swiftclient [None req-3a6f744e-5535-4f83-9ad8-13723bc93c38 tempest-TestImageHashVerification-520568723 tempest-TestImageHashVerification-520568723-project-member] REQ: curl -i https://10.4.3.90:8080/v1/AUTH_585ec850be3240a1b4d2ffa7060c7dee/glance/2fcdff1d-8047-4fa3-9636-4edc2520f70a -X PUT -H "X-Object-Manifest: glance/2fcdff1d-8047-4fa3-9636-4edc2520f70a-" -H "X-Auth-Token: gAAAAABqjNFGnied..." -H "Content-Length: 0" {{(pid=99879) http_log /opt/stack/data/venv/lib/python3.12/site-packages/swiftclient/client.py:160}}
Aug 24 23:18:43.643979 np0000008030 devstack@g-api.service[99879]: DEBUG swiftclient [None req-3a6f744e-5535-4f83-9ad8-13723bc93c38 tempest-TestImageHashVerification-520568723 tempest-TestImageHashVerification-520568723-project-member] RESP STATUS: 201 Created {{(pid=99879) http_log /opt/stack/data/venv/lib/python3.12/site-packages/swiftclient/client.py:161}}
Aug 24 23:18:43.644080 np0000008030 devstack@g-api.service[99879]: DEBUG swiftclient [None req-3a6f744e-5535-4f83-9ad8-13723bc93c38 tempest-TestImageHashVerification-520568723 tempest-TestImageHashVerification-520568723-project-member] RESP HEADERS: {'Date': 'Mon, 24 Aug 2026 23:18:43 GMT', 'Server': 'Apache/2.4.58 (Ubuntu)', 'Content-Type': 'text/html; charset=UTF-8', 'Content-Length': '0', 'Etag': 'd41d8cd98f00b204e9800998ecf8427e', 'Last-Modified': 'Mon, 24 Aug 2026 23:18:44 GMT', 'X-Trans-Id': 'tx168cb611636d4ed6a585c-006a8cd153', 'X-Openstack-Request-Id': 'tx168cb611636d4ed6a585c-006a8cd153', 'Connection': 'close'} {{(pid=99879) http_log /opt/stack/data/venv/lib/python3.12/site-packages/swiftclient/client.py:162}}
Aug 24 23:18:43.644546 np0000008030 devstack@g-api.service[99879]: INFO glance.location [None req-3a6f744e-5535-4f83-9ad8-13723bc93c38 tempest-TestImageHashVerification-520568723 tempest-TestImageHashVerification-520568723-project-member] Image format matched and virtual size computed: 1073741824
Aug 24 23:18:43.681157 np0000008030 devstack@g-api.service[99879]: DEBUG glance_store.backend [None req-3a6f744e-5535-4f83-9ad8-13723bc93c38 tempest-TestImageHashVerification-520568723 tempest-TestImageHashVerification-520568723-project-member] Attempting to import store swift {{(pid=99879) _load_store /opt/stack/data/venv/lib/python3.12/site-packages/glance_store/backend.py:215}}
Aug 24 23:18:43.684416 np0000008030 devstack@g-api.service[99879]: DEBUG glance_store.capabilities [None req-3a6f744e-5535-4f83-9ad8-13723bc93c38 tempest-TestImageHashVerification-520568723 tempest-TestImageHashVerification-520568723-project-member] Store glance_store._drivers.swift.store.SingleTenantStore doesn't support updating dynamic storage capabilities. Please overwrite 'update_capabilities' method of the store to implement updating logics if needed. {{(pid=99879) update_capabilities /opt/stack/data/venv/lib/python3.12/site-packages/glance_store/capabilities.py:91}}
Aug 24 23:18:43.684416 np0000008030 devstack@g-api.service[99879]: DEBUG glance_store.driver [None req-3a6f744e-5535-4f83-9ad8-13723bc93c38 tempest-TestImageHashVerification-520568723 tempest-TestImageHashVerification-520568723-project-member] Late loading location class glance_store._drivers.swift.store.StoreLocation {{(pid=99879) get_store_location_class /opt/stack/data/venv/lib/python3.12/site-packages/glance_store/driver.py:134}}
Aug 24 23:18:43.684416 np0000008030 devstack@g-api.service[99879]: DEBUG glance_store.location [None req-3a6f744e-5535-4f83-9ad8-13723bc93c38 tempest-TestImageHashVerification-520568723 tempest-TestImageHashVerification-520568723-project-member] Registering scheme swift+https with {'store': , 'location_class': , 'store_entry': 'swift'} {{(pid=99879) register_scheme_map /opt/stack/data/venv/lib/python3.12/site-packages/glance_store/location.py:146}}
Aug 24 23:18:43.684416 np0000008030 devstack@g-api.service[99879]: DEBUG glance_store.location [None req-3a6f744e-5535-4f83-9ad8-13723bc93c38 tempest-TestImageHashVerification-520568723 tempest-TestImageHashVerification-520568723-project-member] Registering scheme swift+https with {'store': , 'location_class': , 'store_entry': 'swift'} {{(pid=99879) register_scheme_map /opt/stack/data/venv/lib/python3.12/site-packages/glance_store/location.py:146}}
Aug 24 23:18:43.684658 np0000008030 devstack@g-api.service[99879]: DEBUG glance_store.location [None req-3a6f744e-5535-4f83-9ad8-13723bc93c38 tempest-TestImageHashVerification-520568723 tempest-TestImageHashVerification-520568723-project-member] Registering scheme swift with {'store': , 'location_class': , 'store_entry': 'swift'} {{(pid=99879) register_scheme_map /opt/stack/data/venv/lib/python3.12/site-packages/glance_store/location.py:146}}
Aug 24 23:18:43.684658 np0000008030 devstack@g-api.service[99879]: DEBUG glance_store.location [None req-3a6f744e-5535-4f83-9ad8-13723bc93c38 tempest-TestImageHashVerification-520568723 tempest-TestImageHashVerification-520568723-project-member] Registering scheme swift+https with {'store': , 'location_class': , 'store_entry': 'swift'} {{(pid=99879) register_scheme_map /opt/stack/data/venv/lib/python3.12/site-packages/glance_store/location.py:146}}
Aug 24 23:18:43.684798 np0000008030 devstack@g-api.service[99879]: DEBUG glance_store.location [None req-3a6f744e-5535-4f83-9ad8-13723bc93c38 tempest-TestImageHashVerification-520568723 tempest-TestImageHashVerification-520568723-project-member] Registering scheme swift with {'store': , 'location_class': , 'store_entry': 'swift'} {{(pid=99879) register_scheme_map /opt/stack/data/venv/lib/python3.12/site-packages/glance_store/location.py:146}}
Aug 24 23:18:43.684849 np0000008030 devstack@g-api.service[99879]: DEBUG glance_store.location [None req-3a6f744e-5535-4f83-9ad8-13723bc93c38 tempest-TestImageHashVerification-520568723 tempest-TestImageHashVerification-520568723-project-member] Registering scheme swift+http with {'store': , 'location_class': , 'store_entry': 'swift'} {{(pid=99879) register_scheme_map /opt/stack/data/venv/lib/python3.12/site-packages/glance_store/location.py:146}}
Aug 24 23:18:43.684923 np0000008030 devstack@g-api.service[99879]: DEBUG glance_store.location [None req-3a6f744e-5535-4f83-9ad8-13723bc93c38 tempest-TestImageHashVerification-520568723 tempest-TestImageHashVerification-520568723-project-member] Registering scheme swift+https with {'store': , 'location_class': , 'store_entry': 'swift'} {{(pid=99879) register_scheme_map /opt/stack/data/venv/lib/python3.12/site-packages/glance_store/location.py:146}}
Aug 24 23:18:43.685047 np0000008030 devstack@g-api.service[99879]: DEBUG glance_store.location [None req-3a6f744e-5535-4f83-9ad8-13723bc93c38 tempest-TestImageHashVerification-520568723 tempest-TestImageHashVerification-520568723-project-member] Registering scheme swift with {'store': , 'location_class': , 'store_entry': 'swift'} {{(pid=99879) register_scheme_map /opt/stack/data/venv/lib/python3.12/site-packages/glance_store/location.py:146}}
Aug 24 23:18:43.685165 np0000008030 devstack@g-api.service[99879]: DEBUG glance_store.location [None req-3a6f744e-5535-4f83-9ad8-13723bc93c38 tempest-TestImageHashVerification-520568723 tempest-TestImageHashVerification-520568723-project-member] Registering scheme swift+http with {'store': , 'location_class': , 'store_entry': 'swift'} {{(pid=99879) register_scheme_map /opt/stack/data/venv/lib/python3.12/site-packages/glance_store/location.py:146}}
Aug 24 23:18:43.685308 np0000008030 devstack@g-api.service[99879]: DEBUG glance_store.location [None req-3a6f744e-5535-4f83-9ad8-13723bc93c38 tempest-TestImageHashVerification-520568723 tempest-TestImageHashVerification-520568723-project-member] Registering scheme swift+config with {'store': , 'location_class': , 'store_entry': 'swift'} {{(pid=99879) register_scheme_map /opt/stack/data/venv/lib/python3.12/site-packages/glance_store/location.py:146}}
Aug 24 23:18:43.685530 np0000008030 devstack@g-api.service[99879]: DEBUG glance_store.backend [None req-3a6f744e-5535-4f83-9ad8-13723bc93c38 tempest-TestImageHashVerification-520568723 tempest-TestImageHashVerification-520568723-project-member] Skipping store.set_acls... not implemented. {{(pid=99879) set_acls /opt/stack/data/venv/lib/python3.12/site-packages/glance_store/backend.py:507}}
Aug 24 23:18:43.687335 np0000008030 devstack@g-api.service[99879]: [pid: 99879|app: 0|req: 145/427] 127.0.0.1 () {46 vars in 1154 bytes} [Mon Aug 24 23:18:29 2026] PUT /v2/images/2fcdff1d-8047-4fa3-9636-4edc2520f70a/file => generated 0 bytes in 14392 msecs (HTTP/1.1 204) 4 headers in 171 bytes (1 switches on core 0)
Aug 24 23:18:43.697874 np0000008030 devstack@g-api.service[99878]: DEBUG glance.api.middleware.version_negotiation [None req-0298c6a2-3ead-47e7-a4d9-f661aec22ec3 tempest-TestImageHashVerification-520568723 tempest-TestImageHashVerification-520568723-project-member] Determining version of request: GET /v2/images/2fcdff1d-8047-4fa3-9636-4edc2520f70a Accept: */* {{(pid=99878) process_request /opt/stack/glance/glance/api/middleware/version_negotiation.py:44}}
Aug 24 23:18:43.698392 np0000008030 devstack@g-api.service[99878]: DEBUG glance.api.middleware.version_negotiation [None req-0298c6a2-3ead-47e7-a4d9-f661aec22ec3 tempest-TestImageHashVerification-520568723 tempest-TestImageHashVerification-520568723-project-member] Using url versioning {{(pid=99878) process_request /opt/stack/glance/glance/api/middleware/version_negotiation.py:57}}
Aug 24 23:18:43.698392 np0000008030 devstack@g-api.service[99878]: DEBUG glance.api.middleware.version_negotiation [None req-0298c6a2-3ead-47e7-a4d9-f661aec22ec3 tempest-TestImageHashVerification-520568723 tempest-TestImageHashVerification-520568723-project-member] Matched version: v2 {{(pid=99878) process_request /opt/stack/glance/glance/api/middleware/version_negotiation.py:69}}
Aug 24 23:18:43.698599 np0000008030 devstack@g-api.service[99878]: DEBUG glance.api.middleware.version_negotiation [None req-0298c6a2-3ead-47e7-a4d9-f661aec22ec3 tempest-TestImageHashVerification-520568723 tempest-TestImageHashVerification-520568723-project-member] new path /v2/images/2fcdff1d-8047-4fa3-9636-4edc2520f70a {{(pid=99878) process_request /opt/stack/glance/glance/api/middleware/version_negotiation.py:70}}
Aug 24 23:18:43.710526 np0000008030 devstack@g-api.service[99878]: [pid: 99878|app: 0|req: 140/428] 127.0.0.1 () {44 vars in 1111 bytes} [Mon Aug 24 23:18:43 2026] GET /v2/images/2fcdff1d-8047-4fa3-9636-4edc2520f70a => generated 821 bytes in 13 msecs (HTTP/1.1 200) 4 headers in 157 bytes (1 switches on core 0)
Aug 24 23:18:43.732732 np0000008030 devstack@g-api.service[99877]: DEBUG glance.api.middleware.version_negotiation [None req-98efe267-2221-4f53-82b4-39138f6f6471 tempest-TestImageHashVerification-520568723 tempest-TestImageHashVerification-520568723-project-member] Determining version of request: GET /v2/schemas/image Accept: */* {{(pid=99877) process_request /opt/stack/glance/glance/api/middleware/version_negotiation.py:44}}
Aug 24 23:18:43.732732 np0000008030 devstack@g-api.service[99877]: DEBUG glance.api.middleware.version_negotiation [None req-98efe267-2221-4f53-82b4-39138f6f6471 tempest-TestImageHashVerification-520568723 tempest-TestImageHashVerification-520568723-project-member] Using url versioning {{(pid=99877) process_request /opt/stack/glance/glance/api/middleware/version_negotiation.py:57}}
Aug 24 23:18:43.732732 np0000008030 devstack@g-api.service[99877]: DEBUG glance.api.middleware.version_negotiation [None req-98efe267-2221-4f53-82b4-39138f6f6471 tempest-TestImageHashVerification-520568723 tempest-TestImageHashVerification-520568723-project-member] Matched version: v2 {{(pid=99877) process_request /opt/stack/glance/glance/api/middleware/version_negotiation.py:69}}
Aug 24 23:18:43.732732 np0000008030 devstack@g-api.service[99877]: DEBUG glance.api.middleware.version_negotiation [None req-98efe267-2221-4f53-82b4-39138f6f6471 tempest-TestImageHashVerification-520568723 tempest-TestImageHashVerification-520568723-project-member] new path /v2/schemas/image {{(pid=99877) process_request /opt/stack/glance/glance/api/middleware/version_negotiation.py:70}}
Aug 24 23:18:43.732732 np0000008030 devstack@g-api.service[99877]: [pid: 99877|app: 0|req: 144/429] 127.0.0.1 () {44 vars in 1051 bytes} [Mon Aug 24 23:18:43 2026] GET /v2/schemas/image => generated 6083 bytes in 6 msecs (HTTP/1.1 200) 4 headers in 158 bytes (1 switches on core 0)
Aug 24 23:18:43.734730 np0000008030 devstack@g-api.service[99879]: DEBUG glance.api.middleware.version_negotiation [None req-3a6f744e-5535-4f83-9ad8-13723bc93c38 tempest-TestImageHashVerification-520568723 tempest-TestImageHashVerification-520568723-project-member] Determining version of request: GET /v2/schemas/image Accept: */* {{(pid=99879) process_request /opt/stack/glance/glance/api/middleware/version_negotiation.py:44}}
Aug 24 23:18:43.734944 np0000008030 devstack@g-api.service[99879]: DEBUG glance.api.middleware.version_negotiation [None req-3a6f744e-5535-4f83-9ad8-13723bc93c38 tempest-TestImageHashVerification-520568723 tempest-TestImageHashVerification-520568723-project-member] Using url versioning {{(pid=99879) process_request /opt/stack/glance/glance/api/middleware/version_negotiation.py:57}}
Aug 24 23:18:43.735019 np0000008030 devstack@g-api.service[99879]: DEBUG glance.api.middleware.version_negotiation [None req-3a6f744e-5535-4f83-9ad8-13723bc93c38 tempest-TestImageHashVerification-520568723 tempest-TestImageHashVerification-520568723-project-member] Matched version: v2 {{(pid=99879) process_request /opt/stack/glance/glance/api/middleware/version_negotiation.py:69}}
Aug 24 23:18:43.735174 np0000008030 devstack@g-api.service[99879]: DEBUG glance.api.middleware.version_negotiation [None req-3a6f744e-5535-4f83-9ad8-13723bc93c38 tempest-TestImageHashVerification-520568723 tempest-TestImageHashVerification-520568723-project-member] new path /v2/schemas/image {{(pid=99879) process_request /opt/stack/glance/glance/api/middleware/version_negotiation.py:70}}
Aug 24 23:18:43.737744 np0000008030 devstack@g-api.service[99879]: [pid: 99879|app: 0|req: 146/430] 127.0.0.1 () {44 vars in 1051 bytes} [Mon Aug 24 23:18:43 2026] GET /v2/schemas/image => generated 6083 bytes in 3 msecs (HTTP/1.1 200) 4 headers in 158 bytes (1 switches on core 0)
Aug 24 23:18:44.454574 np0000008030 devstack@g-api.service[99878]: DEBUG glance.api.middleware.version_negotiation [None req-3a6f744e-5535-4f83-9ad8-13723bc93c38 tempest-TestImageHashVerification-520568723 tempest-TestImageHashVerification-520568723-project-member] Determining version of request: GET /v2/images/2fcdff1d-8047-4fa3-9636-4edc2520f70a Accept: application/json {{(pid=99878) process_request /opt/stack/glance/glance/api/middleware/version_negotiation.py:44}}
Aug 24 23:18:44.454743 np0000008030 devstack@g-api.service[99878]: DEBUG glance.api.middleware.version_negotiation [None req-3a6f744e-5535-4f83-9ad8-13723bc93c38 tempest-TestImageHashVerification-520568723 tempest-TestImageHashVerification-520568723-project-member] Using url versioning {{(pid=99878) process_request /opt/stack/glance/glance/api/middleware/version_negotiation.py:57}}
Aug 24 23:18:44.454926 np0000008030 devstack@g-api.service[99878]: DEBUG glance.api.middleware.version_negotiation [None req-3a6f744e-5535-4f83-9ad8-13723bc93c38 tempest-TestImageHashVerification-520568723 tempest-TestImageHashVerification-520568723-project-member] Matched version: v2 {{(pid=99878) process_request /opt/stack/glance/glance/api/middleware/version_negotiation.py:69}}
Aug 24 23:18:44.455031 np0000008030 devstack@g-api.service[99878]: DEBUG glance.api.middleware.version_negotiation [None req-3a6f744e-5535-4f83-9ad8-13723bc93c38 tempest-TestImageHashVerification-520568723 tempest-TestImageHashVerification-520568723-project-member] new path /v2/images/2fcdff1d-8047-4fa3-9636-4edc2520f70a {{(pid=99878) process_request /opt/stack/glance/glance/api/middleware/version_negotiation.py:70}}
Aug 24 23:18:44.468427 np0000008030 devstack@g-api.service[99878]: [pid: 99878|app: 0|req: 141/431] 127.0.0.1 () {40 vars in 834 bytes} [Mon Aug 24 23:18:44 2026] GET /v2/images/2fcdff1d-8047-4fa3-9636-4edc2520f70a => generated 821 bytes in 13 msecs (HTTP/1.1 200) 4 headers in 157 bytes (1 switches on core 0)
Aug 24 23:18:44.520620 np0000008030 devstack@g-api.service[99877]: DEBUG glance.api.middleware.version_negotiation [None req-3a6f744e-5535-4f83-9ad8-13723bc93c38 tempest-TestImageHashVerification-520568723 tempest-TestImageHashVerification-520568723-project-member] Determining version of request: GET /v2/images/2fcdff1d-8047-4fa3-9636-4edc2520f70a/tasks Accept: application/json {{(pid=99877) process_request /opt/stack/glance/glance/api/middleware/version_negotiation.py:44}}
Aug 24 23:18:44.521112 np0000008030 devstack@g-api.service[99877]: DEBUG glance.api.middleware.version_negotiation [None req-3a6f744e-5535-4f83-9ad8-13723bc93c38 tempest-TestImageHashVerification-520568723 tempest-TestImageHashVerification-520568723-project-member] Using url versioning {{(pid=99877) process_request /opt/stack/glance/glance/api/middleware/version_negotiation.py:57}}
Aug 24 23:18:44.521112 np0000008030 devstack@g-api.service[99877]: DEBUG glance.api.middleware.version_negotiation [None req-3a6f744e-5535-4f83-9ad8-13723bc93c38 tempest-TestImageHashVerification-520568723 tempest-TestImageHashVerification-520568723-project-member] Matched version: v2 {{(pid=99877) process_request /opt/stack/glance/glance/api/middleware/version_negotiation.py:69}}
Aug 24 23:18:44.521239 np0000008030 devstack@g-api.service[99877]: DEBUG glance.api.middleware.version_negotiation [None req-3a6f744e-5535-4f83-9ad8-13723bc93c38 tempest-TestImageHashVerification-520568723 tempest-TestImageHashVerification-520568723-project-member] new path /v2/images/2fcdff1d-8047-4fa3-9636-4edc2520f70a/tasks {{(pid=99877) process_request /opt/stack/glance/glance/api/middleware/version_negotiation.py:70}}
Aug 24 23:18:44.558240 np0000008030 devstack@g-api.service[99877]: [pid: 99877|app: 0|req: 145/432] 127.0.0.1 () {40 vars in 846 bytes} [Mon Aug 24 23:18:44 2026] GET /v2/images/2fcdff1d-8047-4fa3-9636-4edc2520f70a/tasks => generated 13 bytes in 38 msecs (HTTP/1.1 200) 4 headers in 156 bytes (1 switches on core 0)
Aug 24 23:18:44.567915 np0000008030 devstack@g-api.service[99879]: DEBUG glance.api.middleware.version_negotiation [None req-3a6f744e-5535-4f83-9ad8-13723bc93c38 tempest-TestImageHashVerification-520568723 tempest-TestImageHashVerification-520568723-project-member] Determining version of request: GET /v2/images/2fcdff1d-8047-4fa3-9636-4edc2520f70a Accept: application/json {{(pid=99879) process_request /opt/stack/glance/glance/api/middleware/version_negotiation.py:44}}
Aug 24 23:18:44.568244 np0000008030 devstack@g-api.service[99879]: DEBUG glance.api.middleware.version_negotiation [None req-3a6f744e-5535-4f83-9ad8-13723bc93c38 tempest-TestImageHashVerification-520568723 tempest-TestImageHashVerification-520568723-project-member] Using url versioning {{(pid=99879) process_request /opt/stack/glance/glance/api/middleware/version_negotiation.py:57}}
Aug 24 23:18:44.568244 np0000008030 devstack@g-api.service[99879]: DEBUG glance.api.middleware.version_negotiation [None req-3a6f744e-5535-4f83-9ad8-13723bc93c38 tempest-TestImageHashVerification-520568723 tempest-TestImageHashVerification-520568723-project-member] Matched version: v2 {{(pid=99879) process_request /opt/stack/glance/glance/api/middleware/version_negotiation.py:69}}
Aug 24 23:18:44.568407 np0000008030 devstack@g-api.service[99879]: DEBUG glance.api.middleware.version_negotiation [None req-3a6f744e-5535-4f83-9ad8-13723bc93c38 tempest-TestImageHashVerification-520568723 tempest-TestImageHashVerification-520568723-project-member] new path /v2/images/2fcdff1d-8047-4fa3-9636-4edc2520f70a {{(pid=99879) process_request /opt/stack/glance/glance/api/middleware/version_negotiation.py:70}}
Aug 24 23:18:44.589480 np0000008030 devstack@g-api.service[99879]: [pid: 99879|app: 0|req: 147/433] 127.0.0.1 () {40 vars in 834 bytes} [Mon Aug 24 23:18:44 2026] GET /v2/images/2fcdff1d-8047-4fa3-9636-4edc2520f70a => generated 821 bytes in 22 msecs (HTTP/1.1 200) 4 headers in 157 bytes (1 switches on core 0)
Aug 24 23:18:44.596894 np0000008030 devstack@g-api.service[99878]: DEBUG glance.api.middleware.version_negotiation [None req-fd90e7ba-7726-467c-8cb5-d0c6364d914c tempest-TestImageHashVerification-520568723 tempest-TestImageHashVerification-520568723-project-member] Determining version of request: DELETE /v2/images/2fcdff1d-8047-4fa3-9636-4edc2520f70a Accept: application/json {{(pid=99878) process_request /opt/stack/glance/glance/api/middleware/version_negotiation.py:44}}
Aug 24 23:18:44.597056 np0000008030 devstack@g-api.service[99878]: DEBUG glance.api.middleware.version_negotiation [None req-fd90e7ba-7726-467c-8cb5-d0c6364d914c tempest-TestImageHashVerification-520568723 tempest-TestImageHashVerification-520568723-project-member] Using url versioning {{(pid=99878) process_request /opt/stack/glance/glance/api/middleware/version_negotiation.py:57}}
Aug 24 23:18:44.597216 np0000008030 devstack@g-api.service[99878]: DEBUG glance.api.middleware.version_negotiation [None req-fd90e7ba-7726-467c-8cb5-d0c6364d914c tempest-TestImageHashVerification-520568723 tempest-TestImageHashVerification-520568723-project-member] Matched version: v2 {{(pid=99878) process_request /opt/stack/glance/glance/api/middleware/version_negotiation.py:69}}
