Aug 24 23:17:51.824123 np0000008030 devstack@g-api.service[99878]: DEBUG glance.api.middleware.version_negotiation [None req-3b4041e7-d5f1-4be7-ae40-ef994649f9eb tempest-ServerActionsTestOtherA-1383823792 tempest-ServerActionsTestOtherA-1383823792-project-member] Determining version of request: GET /v2/images/e63d17bf-038f-43b4-8dbd-aec0789ad0bb Accept: */* {{(pid=99878) process_request /opt/stack/glance/glance/api/middleware/version_negotiation.py:44}}
Aug 24 23:17:51.824344 np0000008030 devstack@g-api.service[99878]: DEBUG glance.api.middleware.version_negotiation [None req-3b4041e7-d5f1-4be7-ae40-ef994649f9eb tempest-ServerActionsTestOtherA-1383823792 tempest-ServerActionsTestOtherA-1383823792-project-member] Using url versioning {{(pid=99878) process_request /opt/stack/glance/glance/api/middleware/version_negotiation.py:57}}
Aug 24 23:17:51.824558 np0000008030 devstack@g-api.service[99878]: DEBUG glance.api.middleware.version_negotiation [None req-3b4041e7-d5f1-4be7-ae40-ef994649f9eb tempest-ServerActionsTestOtherA-1383823792 tempest-ServerActionsTestOtherA-1383823792-project-member] Matched version: v2 {{(pid=99878) process_request /opt/stack/glance/glance/api/middleware/version_negotiation.py:69}}
Aug 24 23:17:51.824697 np0000008030 devstack@g-api.service[99878]: DEBUG glance.api.middleware.version_negotiation [None req-3b4041e7-d5f1-4be7-ae40-ef994649f9eb tempest-ServerActionsTestOtherA-1383823792 tempest-ServerActionsTestOtherA-1383823792-project-member] new path /v2/images/e63d17bf-038f-43b4-8dbd-aec0789ad0bb {{(pid=99878) process_request /opt/stack/glance/glance/api/middleware/version_negotiation.py:70}}
Aug 24 23:17:51.834535 np0000008030 devstack@g-api.service[99878]: [pid: 99878|app: 0|req: 128/399] 127.0.0.1 () {44 vars in 1111 bytes} [Mon Aug 24 23:17:51 2026] GET /v2/images/e63d17bf-038f-43b4-8dbd-aec0789ad0bb => generated 1044 bytes in 10 msecs (HTTP/1.1 200) 4 headers in 158 bytes (1 switches on core 0)
Aug 24 23:17:51.842511 np0000008030 devstack@g-api.service[99877]: DEBUG glance.api.middleware.version_negotiation [None req-3b4041e7-d5f1-4be7-ae40-ef994649f9eb tempest-ServerActionsTestOtherA-1383823792 tempest-ServerActionsTestOtherA-1383823792-project-member] Determining version of request: GET /v2/schemas/image Accept: */* {{(pid=99877) process_request /opt/stack/glance/glance/api/middleware/version_negotiation.py:44}}
Aug 24 23:17:51.842627 np0000008030 devstack@g-api.service[99877]: DEBUG glance.api.middleware.version_negotiation [None req-3b4041e7-d5f1-4be7-ae40-ef994649f9eb tempest-ServerActionsTestOtherA-1383823792 tempest-ServerActionsTestOtherA-1383823792-project-member] Using url versioning {{(pid=99877) process_request /opt/stack/glance/glance/api/middleware/version_negotiation.py:57}}
Aug 24 23:17:51.842772 np0000008030 devstack@g-api.service[99877]: DEBUG glance.api.middleware.version_negotiation [None req-3b4041e7-d5f1-4be7-ae40-ef994649f9eb tempest-ServerActionsTestOtherA-1383823792 tempest-ServerActionsTestOtherA-1383823792-project-member] Matched version: v2 {{(pid=99877) process_request /opt/stack/glance/glance/api/middleware/version_negotiation.py:69}}
Aug 24 23:17:51.842934 np0000008030 devstack@g-api.service[99877]: DEBUG glance.api.middleware.version_negotiation [None req-3b4041e7-d5f1-4be7-ae40-ef994649f9eb tempest-ServerActionsTestOtherA-1383823792 tempest-ServerActionsTestOtherA-1383823792-project-member] new path /v2/schemas/image {{(pid=99877) process_request /opt/stack/glance/glance/api/middleware/version_negotiation.py:70}}
Aug 24 23:17:51.845054 np0000008030 devstack@g-api.service[99877]: [pid: 99877|app: 0|req: 132/400] 127.0.0.1 () {44 vars in 1051 bytes} [Mon Aug 24 23:17:51 2026] GET /v2/schemas/image => generated 6083 bytes in 3 msecs (HTTP/1.1 200) 4 headers in 158 bytes (1 switches on core 0)
Aug 24 23:17:54.036668 np0000008030 devstack@g-api.service[99879]: DEBUG glance.api.middleware.version_negotiation [None req-3b4041e7-d5f1-4be7-ae40-ef994649f9eb tempest-ServerActionsTestOtherA-1383823792 tempest-ServerActionsTestOtherA-1383823792-project-member] Determining version of request: GET /versions Accept: */* {{(pid=99879) process_request /opt/stack/glance/glance/api/middleware/version_negotiation.py:44}}
Aug 24 23:17:54.038645 np0000008030 devstack@g-api.service[99879]: [pid: 99879|app: 0|req: 141/401] 127.0.0.1 () {44 vars in 1035 bytes} [Mon Aug 24 23:17:54 2026] GET /versions => generated 1501 bytes in 1 msecs (HTTP/1.1 200) 3 headers in 92 bytes (1 switches on core 0)
Aug 24 23:17:54.051162 np0000008030 devstack@g-api.service[99878]: DEBUG glance.api.middleware.version_negotiation [None req-3b4041e7-d5f1-4be7-ae40-ef994649f9eb tempest-ServerActionsTestOtherA-1383823792 tempest-ServerActionsTestOtherA-1383823792-project-member] Determining version of request: GET /v2/images/e63d17bf-038f-43b4-8dbd-aec0789ad0bb/locations Accept: */* {{(pid=99878) process_request /opt/stack/glance/glance/api/middleware/version_negotiation.py:44}}
Aug 24 23:17:54.056427 np0000008030 devstack@g-api.service[99878]: DEBUG glance.api.middleware.version_negotiation [None req-3b4041e7-d5f1-4be7-ae40-ef994649f9eb tempest-ServerActionsTestOtherA-1383823792 tempest-ServerActionsTestOtherA-1383823792-project-member] Using url versioning {{(pid=99878) process_request /opt/stack/glance/glance/api/middleware/version_negotiation.py:57}}
Aug 24 23:17:54.056427 np0000008030 devstack@g-api.service[99878]: DEBUG glance.api.middleware.version_negotiation [None req-3b4041e7-d5f1-4be7-ae40-ef994649f9eb tempest-ServerActionsTestOtherA-1383823792 tempest-ServerActionsTestOtherA-1383823792-project-member] Matched version: v2 {{(pid=99878) process_request /opt/stack/glance/glance/api/middleware/version_negotiation.py:69}}
Aug 24 23:17:54.056427 np0000008030 devstack@g-api.service[99878]: DEBUG glance.api.middleware.version_negotiation [None req-3b4041e7-d5f1-4be7-ae40-ef994649f9eb tempest-ServerActionsTestOtherA-1383823792 tempest-ServerActionsTestOtherA-1383823792-project-member] new path /v2/images/e63d17bf-038f-43b4-8dbd-aec0789ad0bb/locations {{(pid=99878) process_request /opt/stack/glance/glance/api/middleware/version_negotiation.py:70}}
Aug 24 23:17:54.151789 np0000008030 devstack@g-api.service[99878]: [pid: 99878|app: 0|req: 129/402] 127.0.0.1 () {44 vars in 1131 bytes} [Mon Aug 24 23:17:54 2026] GET /v2/images/e63d17bf-038f-43b4-8dbd-aec0789ad0bb/locations => generated 92 bytes in 91 msecs (HTTP/1.1 200) 4 headers in 156 bytes (1 switches on core 0)
Aug 24 23:17:54.153271 np0000008030 devstack@g-api.service[99877]: DEBUG glance.api.middleware.version_negotiation [None req-3b4041e7-d5f1-4be7-ae40-ef994649f9eb tempest-ServerActionsTestOtherA-1383823792 tempest-ServerActionsTestOtherA-1383823792-project-member] Determining version of request: GET /v2/images/e63d17bf-038f-43b4-8dbd-aec0789ad0bb Accept: */* {{(pid=99877) process_request /opt/stack/glance/glance/api/middleware/version_negotiation.py:44}}
Aug 24 23:17:54.153587 np0000008030 devstack@g-api.service[99877]: DEBUG glance.api.middleware.version_negotiation [None req-3b4041e7-d5f1-4be7-ae40-ef994649f9eb tempest-ServerActionsTestOtherA-1383823792 tempest-ServerActionsTestOtherA-1383823792-project-member] Using url versioning {{(pid=99877) process_request /opt/stack/glance/glance/api/middleware/version_negotiation.py:57}}
Aug 24 23:17:54.153669 np0000008030 devstack@g-api.service[99877]: DEBUG glance.api.middleware.version_negotiation [None req-3b4041e7-d5f1-4be7-ae40-ef994649f9eb tempest-ServerActionsTestOtherA-1383823792 tempest-ServerActionsTestOtherA-1383823792-project-member] Matched version: v2 {{(pid=99877) process_request /opt/stack/glance/glance/api/middleware/version_negotiation.py:69}}
Aug 24 23:17:54.153795 np0000008030 devstack@g-api.service[99877]: DEBUG glance.api.middleware.version_negotiation [None req-3b4041e7-d5f1-4be7-ae40-ef994649f9eb tempest-ServerActionsTestOtherA-1383823792 tempest-ServerActionsTestOtherA-1383823792-project-member] new path /v2/images/e63d17bf-038f-43b4-8dbd-aec0789ad0bb {{(pid=99877) process_request /opt/stack/glance/glance/api/middleware/version_negotiation.py:70}}
Aug 24 23:17:54.168480 np0000008030 devstack@g-api.service[99877]: [pid: 99877|app: 0|req: 133/403] 127.0.0.1 () {44 vars in 1111 bytes} [Mon Aug 24 23:17:54 2026] GET /v2/images/e63d17bf-038f-43b4-8dbd-aec0789ad0bb => generated 1044 bytes in 15 msecs (HTTP/1.1 200) 4 headers in 158 bytes (1 switches on core 0)
Aug 24 23:17:54.178443 np0000008030 devstack@g-api.service[99879]: DEBUG glance.api.middleware.version_negotiation [None req-3b4041e7-d5f1-4be7-ae40-ef994649f9eb tempest-ServerActionsTestOtherA-1383823792 tempest-ServerActionsTestOtherA-1383823792-project-member] Determining version of request: GET /v2/schemas/image Accept: */* {{(pid=99879) process_request /opt/stack/glance/glance/api/middleware/version_negotiation.py:44}}
Aug 24 23:17:54.178443 np0000008030 devstack@g-api.service[99879]: DEBUG glance.api.middleware.version_negotiation [None req-3b4041e7-d5f1-4be7-ae40-ef994649f9eb tempest-ServerActionsTestOtherA-1383823792 tempest-ServerActionsTestOtherA-1383823792-project-member] Using url versioning {{(pid=99879) process_request /opt/stack/glance/glance/api/middleware/version_negotiation.py:57}}
Aug 24 23:17:54.178825 np0000008030 devstack@g-api.service[99879]: DEBUG glance.api.middleware.version_negotiation [None req-3b4041e7-d5f1-4be7-ae40-ef994649f9eb tempest-ServerActionsTestOtherA-1383823792 tempest-ServerActionsTestOtherA-1383823792-project-member] Matched version: v2 {{(pid=99879) process_request /opt/stack/glance/glance/api/middleware/version_negotiation.py:69}}
Aug 24 23:17:54.178903 np0000008030 devstack@g-api.service[99879]: DEBUG glance.api.middleware.version_negotiation [None req-3b4041e7-d5f1-4be7-ae40-ef994649f9eb tempest-ServerActionsTestOtherA-1383823792 tempest-ServerActionsTestOtherA-1383823792-project-member] new path /v2/schemas/image {{(pid=99879) process_request /opt/stack/glance/glance/api/middleware/version_negotiation.py:70}}
Aug 24 23:17:54.181673 np0000008030 devstack@g-api.service[99879]: [pid: 99879|app: 0|req: 142/404] 127.0.0.1 () {44 vars in 1051 bytes} [Mon Aug 24 23:17:54 2026] GET /v2/schemas/image => generated 6083 bytes in 3 msecs (HTTP/1.1 200) 4 headers in 158 bytes (1 switches on core 0)
Aug 24 23:17:54.193859 np0000008030 devstack@g-api.service[99878]: DEBUG glance.api.middleware.version_negotiation [None req-3b4041e7-d5f1-4be7-ae40-ef994649f9eb service glance] Determining version of request: GET /v2/schemas/image Accept: */* {{(pid=99878) process_request /opt/stack/glance/glance/api/middleware/version_negotiation.py:44}}
Aug 24 23:17:54.194515 np0000008030 devstack@g-api.service[99878]: DEBUG glance.api.middleware.version_negotiation [None req-3b4041e7-d5f1-4be7-ae40-ef994649f9eb service glance] Using url versioning {{(pid=99878) process_request /opt/stack/glance/glance/api/middleware/version_negotiation.py:57}}
Aug 24 23:17:54.194706 np0000008030 devstack@g-api.service[99878]: DEBUG glance.api.middleware.version_negotiation [None req-3b4041e7-d5f1-4be7-ae40-ef994649f9eb service glance] Matched version: v2 {{(pid=99878) process_request /opt/stack/glance/glance/api/middleware/version_negotiation.py:69}}
Aug 24 23:17:54.194844 np0000008030 devstack@g-api.service[99878]: DEBUG glance.api.middleware.version_negotiation [None req-3b4041e7-d5f1-4be7-ae40-ef994649f9eb service glance] new path /v2/schemas/image {{(pid=99878) process_request /opt/stack/glance/glance/api/middleware/version_negotiation.py:70}}
Aug 24 23:17:54.199503 np0000008030 devstack@g-api.service[99878]: [pid: 99878|app: 0|req: 130/405] 127.0.0.1 () {44 vars in 1051 bytes} [Mon Aug 24 23:17:54 2026] GET /v2/schemas/image => generated 6083 bytes in 6 msecs (HTTP/1.1 200) 4 headers in 158 bytes (1 switches on core 0)
Aug 24 23:17:57.712847 np0000008030 devstack@g-api.service[99877]: DEBUG glance.api.middleware.version_negotiation [None req-3b4041e7-d5f1-4be7-ae40-ef994649f9eb tempest-ServerActionsTestOtherA-1383823792 tempest-ServerActionsTestOtherA-1383823792-project-member] Determining version of request: GET /v2/images/e63d17bf-038f-43b4-8dbd-aec0789ad0bb Accept: */* {{(pid=99877) process_request /opt/stack/glance/glance/api/middleware/version_negotiation.py:44}}
Aug 24 23:17:57.713320 np0000008030 devstack@g-api.service[99877]: DEBUG glance.api.middleware.version_negotiation [None req-3b4041e7-d5f1-4be7-ae40-ef994649f9eb tempest-ServerActionsTestOtherA-1383823792 tempest-ServerActionsTestOtherA-1383823792-project-member] Using url versioning {{(pid=99877) process_request /opt/stack/glance/glance/api/middleware/version_negotiation.py:57}}
Aug 24 23:17:57.713320 np0000008030 devstack@g-api.service[99877]: DEBUG glance.api.middleware.version_negotiation [None req-3b4041e7-d5f1-4be7-ae40-ef994649f9eb tempest-ServerActionsTestOtherA-1383823792 tempest-ServerActionsTestOtherA-1383823792-project-member] Matched version: v2 {{(pid=99877) process_request /opt/stack/glance/glance/api/middleware/version_negotiation.py:69}}
Aug 24 23:17:57.713320 np0000008030 devstack@g-api.service[99877]: DEBUG glance.api.middleware.version_negotiation [None req-3b4041e7-d5f1-4be7-ae40-ef994649f9eb tempest-ServerActionsTestOtherA-1383823792 tempest-ServerActionsTestOtherA-1383823792-project-member] new path /v2/images/e63d17bf-038f-43b4-8dbd-aec0789ad0bb {{(pid=99877) process_request /opt/stack/glance/glance/api/middleware/version_negotiation.py:70}}
Aug 24 23:17:57.728389 np0000008030 devstack@g-api.service[99877]: [pid: 99877|app: 0|req: 134/406] 127.0.0.1 () {44 vars in 1111 bytes} [Mon Aug 24 23:17:57 2026] GET /v2/images/e63d17bf-038f-43b4-8dbd-aec0789ad0bb => generated 1044 bytes in 16 msecs (HTTP/1.1 200) 4 headers in 158 bytes (1 switches on core 0)
Aug 24 23:17:57.767203 np0000008030 devstack@g-api.service[99879]: DEBUG glance.api.middleware.version_negotiation [None req-3b4041e7-d5f1-4be7-ae40-ef994649f9eb tempest-ServerActionsTestOtherA-1383823792 tempest-ServerActionsTestOtherA-1383823792-project-member] Determining version of request: GET /v2/schemas/image Accept: */* {{(pid=99879) process_request /opt/stack/glance/glance/api/middleware/version_negotiation.py:44}}
Aug 24 23:17:57.767499 np0000008030 devstack@g-api.service[99879]: DEBUG glance.api.middleware.version_negotiation [None req-3b4041e7-d5f1-4be7-ae40-ef994649f9eb tempest-ServerActionsTestOtherA-1383823792 tempest-ServerActionsTestOtherA-1383823792-project-member] Using url versioning {{(pid=99879) process_request /opt/stack/glance/glance/api/middleware/version_negotiation.py:57}}
Aug 24 23:17:57.767499 np0000008030 devstack@g-api.service[99879]: DEBUG glance.api.middleware.version_negotiation [None req-3b4041e7-d5f1-4be7-ae40-ef994649f9eb tempest-ServerActionsTestOtherA-1383823792 tempest-ServerActionsTestOtherA-1383823792-project-member] Matched version: v2 {{(pid=99879) process_request /opt/stack/glance/glance/api/middleware/version_negotiation.py:69}}
Aug 24 23:17:57.767577 np0000008030 devstack@g-api.service[99879]: DEBUG glance.api.middleware.version_negotiation [None req-3b4041e7-d5f1-4be7-ae40-ef994649f9eb tempest-ServerActionsTestOtherA-1383823792 tempest-ServerActionsTestOtherA-1383823792-project-member] new path /v2/schemas/image {{(pid=99879) process_request /opt/stack/glance/glance/api/middleware/version_negotiation.py:70}}
Aug 24 23:17:57.772316 np0000008030 devstack@g-api.service[99879]: [pid: 99879|app: 0|req: 143/407] 127.0.0.1 () {44 vars in 1051 bytes} [Mon Aug 24 23:17:57 2026] GET /v2/schemas/image => generated 6083 bytes in 5 msecs (HTTP/1.1 200) 4 headers in 158 bytes (1 switches on core 0)
Aug 24 23:18:04.139075 np0000008030 devstack@g-api.service[99878]: DEBUG dbcounter [-] [99878] Writing DB stats glance:SELECT=46,glance:UPDATE=27,glance:DELETE=1 {{(pid=99878) stat_writer /opt/stack/data/venv/lib/python3.12/site-packages/dbcounter.py:115}}
Aug 24 23:18:07.724419 np0000008030 devstack@g-api.service[99877]: DEBUG dbcounter [-] [99877] Writing DB stats glance:SELECT=6 {{(pid=99877) stat_writer /opt/stack/data/venv/lib/python3.12/site-packages/dbcounter.py:115}}
Aug 24 23:18:26.553035 np0000008030 devstack@g-api.service[99878]: DEBUG glance.api.middleware.version_negotiation [None req-3b4041e7-d5f1-4be7-ae40-ef994649f9eb tempest-ServerActionsTestOtherA-1383823792 tempest-ServerActionsTestOtherA-1383823792-project-member] Determining version of request: GET / Accept: application/json {{(pid=99878) process_request /opt/stack/glance/glance/api/middleware/version_negotiation.py:44}}
Aug 24 23:18:26.553688 np0000008030 devstack@g-api.service[99878]: DEBUG glance.api.middleware.version_negotiation [None req-3b4041e7-d5f1-4be7-ae40-ef994649f9eb tempest-ServerActionsTestOtherA-1383823792 tempest-ServerActionsTestOtherA-1383823792-project-member] Using url versioning {{(pid=99878) process_request /opt/stack/glance/glance/api/middleware/version_negotiation.py:57}}
Aug 24 23:18:26.553944 np0000008030 devstack@g-api.service[99878]: DEBUG glance.api.middleware.version_negotiation [None req-3b4041e7-d5f1-4be7-ae40-ef994649f9eb tempest-ServerActionsTestOtherA-1383823792 tempest-ServerActionsTestOtherA-1383823792-project-member] Unknown version. Returning version choices. {{(pid=99878) process_request /opt/stack/glance/glance/api/middleware/version_negotiation.py:64}}
Aug 24 23:18:26.557873 np0000008030 devstack@g-api.service[99878]: [pid: 99878|app: 0|req: 131/408] 127.0.0.1 () {38 vars in 538 bytes} [Mon Aug 24 23:18:26 2026] GET / => generated 1501 bytes in 5 msecs (HTTP/1.1 300) 3 headers in 106 bytes (1 switches on core 0)
Aug 24 23:18:28.171420 np0000008030 devstack@g-api.service[99877]: DEBUG glance.api.middleware.version_negotiation [None req-fd4770ce-8cb2-43e8-9988-0a363d7ee227 tempest-AttachVolumeNegativeTest-1455125668 tempest-AttachVolumeNegativeTest-1455125668-project-member] Determining version of request: GET /v2/schemas/image Accept: */* {{(pid=99877) process_request /opt/stack/glance/glance/api/middleware/version_negotiation.py:44}}
Aug 24 23:18:28.172424 np0000008030 devstack@g-api.service[99877]: DEBUG glance.api.middleware.version_negotiation [None req-fd4770ce-8cb2-43e8-9988-0a363d7ee227 tempest-AttachVolumeNegativeTest-1455125668 tempest-AttachVolumeNegativeTest-1455125668-project-member] Using url versioning {{(pid=99877) process_request /opt/stack/glance/glance/api/middleware/version_negotiation.py:57}}
Aug 24 23:18:28.172424 np0000008030 devstack@g-api.service[99877]: DEBUG glance.api.middleware.version_negotiation [None req-fd4770ce-8cb2-43e8-9988-0a363d7ee227 tempest-AttachVolumeNegativeTest-1455125668 tempest-AttachVolumeNegativeTest-1455125668-project-member] Matched version: v2 {{(pid=99877) process_request /opt/stack/glance/glance/api/middleware/version_negotiation.py:69}}
Aug 24 23:18:28.172424 np0000008030 devstack@g-api.service[99877]: DEBUG glance.api.middleware.version_negotiation [None req-fd4770ce-8cb2-43e8-9988-0a363d7ee227 tempest-AttachVolumeNegativeTest-1455125668 tempest-AttachVolumeNegativeTest-1455125668-project-member] new path /v2/schemas/image {{(pid=99877) process_request /opt/stack/glance/glance/api/middleware/version_negotiation.py:70}}
Aug 24 23:18:28.321617 np0000008030 devstack@g-api.service[99877]: [pid: 99877|app: 0|req: 135/409] 127.0.0.1 () {44 vars in 1051 bytes} [Mon Aug 24 23:18:28 2026] GET /v2/schemas/image => generated 6083 bytes in 150 msecs (HTTP/1.1 200) 4 headers in 158 bytes (1 switches on core 0)
Aug 24 23:18:28.335160 np0000008030 devstack@g-api.service[99879]: DEBUG glance.api.middleware.version_negotiation [None req-fd4770ce-8cb2-43e8-9988-0a363d7ee227 tempest-AttachVolumeNegativeTest-1455125668 tempest-AttachVolumeNegativeTest-1455125668-project-member] Determining version of request: POST /v2/images Accept: */* {{(pid=99879) process_request /opt/stack/glance/glance/api/middleware/version_negotiation.py:44}}
Aug 24 23:18:28.336208 np0000008030 devstack@g-api.service[99879]: DEBUG glance.api.middleware.version_negotiation [None req-fd4770ce-8cb2-43e8-9988-0a363d7ee227 tempest-AttachVolumeNegativeTest-1455125668 tempest-AttachVolumeNegativeTest-1455125668-project-member] Using url versioning {{(pid=99879) process_request /opt/stack/glance/glance/api/middleware/version_negotiation.py:57}}
Aug 24 23:18:28.336208 np0000008030 devstack@g-api.service[99879]: DEBUG glance.api.middleware.version_negotiation [None req-fd4770ce-8cb2-43e8-9988-0a363d7ee227 tempest-AttachVolumeNegativeTest-1455125668 tempest-AttachVolumeNegativeTest-1455125668-project-member] Matched version: v2 {{(pid=99879) process_request /opt/stack/glance/glance/api/middleware/version_negotiation.py:69}}
Aug 24 23:18:28.336208 np0000008030 devstack@g-api.service[99879]: DEBUG glance.api.middleware.version_negotiation [None req-fd4770ce-8cb2-43e8-9988-0a363d7ee227 tempest-AttachVolumeNegativeTest-1455125668 tempest-AttachVolumeNegativeTest-1455125668-project-member] new path /v2/images {{(pid=99879) process_request /opt/stack/glance/glance/api/middleware/version_negotiation.py:70}}
Aug 24 23:18:28.969200 np0000008030 devstack@g-api.service[99879]: [pid: 99879|app: 0|req: 144/410] 127.0.0.1 () {46 vars in 1051 bytes} [Mon Aug 24 23:18:28 2026] POST /v2/images => generated 649 bytes in 634 msecs (HTTP/1.1 201) 6 headers in 315 bytes (1 switches on core 0)
Aug 24 23:18:28.978874 np0000008030 devstack@g-api.service[99878]: DEBUG glance.api.middleware.version_negotiation [None req-3b4041e7-d5f1-4be7-ae40-ef994649f9eb tempest-ServerActionsTestOtherA-1383823792 tempest-ServerActionsTestOtherA-1383823792-project-member] Determining version of request: GET /v2/schemas/image Accept: */* {{(pid=99878) process_request /opt/stack/glance/glance/api/middleware/version_negotiation.py:44}}
Aug 24 23:18:28.979389 np0000008030 devstack@g-api.service[99878]: DEBUG glance.api.middleware.version_negotiation [None req-3b4041e7-d5f1-4be7-ae40-ef994649f9eb tempest-ServerActionsTestOtherA-1383823792 tempest-ServerActionsTestOtherA-1383823792-project-member] Using url versioning {{(pid=99878) process_request /opt/stack/glance/glance/api/middleware/version_negotiation.py:57}}
Aug 24 23:18:28.979389 np0000008030 devstack@g-api.service[99878]: DEBUG glance.api.middleware.version_negotiation [None req-3b4041e7-d5f1-4be7-ae40-ef994649f9eb tempest-ServerActionsTestOtherA-1383823792 tempest-ServerActionsTestOtherA-1383823792-project-member] Matched version: v2 {{(pid=99878) process_request /opt/stack/glance/glance/api/middleware/version_negotiation.py:69}}
Aug 24 23:18:28.979389 np0000008030 devstack@g-api.service[99878]: DEBUG glance.api.middleware.version_negotiation [None req-3b4041e7-d5f1-4be7-ae40-ef994649f9eb tempest-ServerActionsTestOtherA-1383823792 tempest-ServerActionsTestOtherA-1383823792-project-member] new path /v2/schemas/image {{(pid=99878) process_request /opt/stack/glance/glance/api/middleware/version_negotiation.py:70}}
Aug 24 23:18:28.982538 np0000008030 devstack@g-api.service[99878]: [pid: 99878|app: 0|req: 132/411] 127.0.0.1 () {44 vars in 1051 bytes} [Mon Aug 24 23:18:28 2026] GET /v2/schemas/image => generated 6083 bytes in 4 msecs (HTTP/1.1 200) 4 headers in 158 bytes (1 switches on core 0)
Aug 24 23:18:29.000706 np0000008030 devstack@g-api.service[99877]: DEBUG glance.api.middleware.version_negotiation [None req-3a6f744e-5535-4f83-9ad8-13723bc93c38 tempest-TestImageHashVerification-520568723 tempest-TestImageHashVerification-520568723-project-member] Determining version of request: GET /v2/images/2fcdff1d-8047-4fa3-9636-4edc2520f70a Accept: application/json {{(pid=99877) process_request /opt/stack/glance/glance/api/middleware/version_negotiation.py:44}}
Aug 24 23:18:29.000950 np0000008030 devstack@g-api.service[99877]: DEBUG glance.api.middleware.version_negotiation [None req-3a6f744e-5535-4f83-9ad8-13723bc93c38 tempest-TestImageHashVerification-520568723 tempest-TestImageHashVerification-520568723-project-member] Using url versioning {{(pid=99877) process_request /opt/stack/glance/glance/api/middleware/version_negotiation.py:57}}
Aug 24 23:18:29.001875 np0000008030 devstack@g-api.service[99877]: DEBUG glance.api.middleware.version_negotiation [None req-3a6f744e-5535-4f83-9ad8-13723bc93c38 tempest-TestImageHashVerification-520568723 tempest-TestImageHashVerification-520568723-project-member] Matched version: v2 {{(pid=99877) process_request /opt/stack/glance/glance/api/middleware/version_negotiation.py:69}}
Aug 24 23:18:29.001875 np0000008030 devstack@g-api.service[99877]: DEBUG glance.api.middleware.version_negotiation [None req-3a6f744e-5535-4f83-9ad8-13723bc93c38 tempest-TestImageHashVerification-520568723 tempest-TestImageHashVerification-520568723-project-member] new path /v2/images/2fcdff1d-8047-4fa3-9636-4edc2520f70a {{(pid=99877) process_request /opt/stack/glance/glance/api/middleware/version_negotiation.py:70}}
Aug 24 23:18:29.011853 np0000008030 devstack@g-api.service[99877]: [pid: 99877|app: 0|req: 136/412] 127.0.0.1 () {40 vars in 834 bytes} [Mon Aug 24 23:18:29 2026] GET /v2/images/2fcdff1d-8047-4fa3-9636-4edc2520f70a => generated 649 bytes in 11 msecs (HTTP/1.1 200) 4 headers in 157 bytes (1 switches on core 0)
Aug 24 23:18:29.295576 np0000008030 devstack@g-api.service[99879]: DEBUG glance.api.middleware.version_negotiation [None req-3a6f744e-5535-4f83-9ad8-13723bc93c38 tempest-TestImageHashVerification-520568723 tempest-TestImageHashVerification-520568723-project-member] Determining version of request: PUT /v2/images/2fcdff1d-8047-4fa3-9636-4edc2520f70a/file Accept: */* {{(pid=99879) process_request /opt/stack/glance/glance/api/middleware/version_negotiation.py:44}}
Aug 24 23:18:29.295576 np0000008030 devstack@g-api.service[99879]: DEBUG glance.api.middleware.version_negotiation [None req-3a6f744e-5535-4f83-9ad8-13723bc93c38 tempest-TestImageHashVerification-520568723 tempest-TestImageHashVerification-520568723-project-member] Using url versioning {{(pid=99879) process_request /opt/stack/glance/glance/api/middleware/version_negotiation.py:57}}
Aug 24 23:18:29.295798 np0000008030 devstack@g-api.service[99879]: DEBUG glance.api.middleware.version_negotiation [None req-3a6f744e-5535-4f83-9ad8-13723bc93c38 tempest-TestImageHashVerification-520568723 tempest-TestImageHashVerification-520568723-project-member] Matched version: v2 {{(pid=99879) process_request /opt/stack/glance/glance/api/middleware/version_negotiation.py:69}}
Aug 24 23:18:29.295970 np0000008030 devstack@g-api.service[99879]: DEBUG glance.api.middleware.version_negotiation [None req-3a6f744e-5535-4f83-9ad8-13723bc93c38 tempest-TestImageHashVerification-520568723 tempest-TestImageHashVerification-520568723-project-member] new path /v2/images/2fcdff1d-8047-4fa3-9636-4edc2520f70a/file {{(pid=99879) process_request /opt/stack/glance/glance/api/middleware/version_negotiation.py:70}}
Aug 24 23:18:30.025107 np0000008030 devstack@g-api.service[99878]: DEBUG glance.api.middleware.version_negotiation [None req-3a6f744e-5535-4f83-9ad8-13723bc93c38 tempest-TestImageHashVerification-520568723 tempest-TestImageHashVerification-520568723-project-member] Determining version of request: GET /v2/images/2fcdff1d-8047-4fa3-9636-4edc2520f70a Accept: application/json {{(pid=99878) process_request /opt/stack/glance/glance/api/middleware/version_negotiation.py:44}}
Aug 24 23:18:30.025689 np0000008030 devstack@g-api.service[99878]: DEBUG glance.api.middleware.version_negotiation [None req-3a6f744e-5535-4f83-9ad8-13723bc93c38 tempest-TestImageHashVerification-520568723 tempest-TestImageHashVerification-520568723-project-member] Using url versioning {{(pid=99878) process_request /opt/stack/glance/glance/api/middleware/version_negotiation.py:57}}
Aug 24 23:18:30.025689 np0000008030 devstack@g-api.service[99878]: DEBUG glance.api.middleware.version_negotiation [None req-3a6f744e-5535-4f83-9ad8-13723bc93c38 tempest-TestImageHashVerification-520568723 tempest-TestImageHashVerification-520568723-project-member] Matched version: v2 {{(pid=99878) process_request /opt/stack/glance/glance/api/middleware/version_negotiation.py:69}}
Aug 24 23:18:30.026888 np0000008030 devstack@g-api.service[99878]: DEBUG glance.api.middleware.version_negotiation [None req-3a6f744e-5535-4f83-9ad8-13723bc93c38 tempest-TestImageHashVerification-520568723 tempest-TestImageHashVerification-520568723-project-member] new path /v2/images/2fcdff1d-8047-4fa3-9636-4edc2520f70a {{(pid=99878) process_request /opt/stack/glance/glance/api/middleware/version_negotiation.py:70}}
Aug 24 23:18:30.049389 np0000008030 devstack@g-api.service[99878]: [pid: 99878|app: 0|req: 133/413] 127.0.0.1 () {40 vars in 834 bytes} [Mon Aug 24 23:18:30 2026] GET /v2/images/2fcdff1d-8047-4fa3-9636-4edc2520f70a => generated 649 bytes in 22 msecs (HTTP/1.1 200) 4 headers in 157 bytes (1 switches on core 0)
Aug 24 23:18:30.083634 np0000008030 devstack@g-api.service[99879]: INFO glance.api.v2.image_data [None req-3a6f744e-5535-4f83-9ad8-13723bc93c38 tempest-TestImageHashVerification-520568723 tempest-TestImageHashVerification-520568723-project-member] Unable to create trust: no such option collect_timing in group [keystone_authtoken] Use the existing user token.
Aug 24 23:18:30.718745 np0000008030 devstack@g-api.service[99879]: DEBUG glance.location [None req-3a6f744e-5535-4f83-9ad8-13723bc93c38 tempest-TestImageHashVerification-520568723 tempest-TestImageHashVerification-520568723-project-member] Enabling in-flight format inspection for raw {{(pid=99879) set_data /opt/stack/glance/glance/location.py:596}}
Aug 24 23:18:30.719215 np0000008030 devstack@g-api.service[99879]: DEBUG glance_store.backend [None req-3a6f744e-5535-4f83-9ad8-13723bc93c38 tempest-TestImageHashVerification-520568723 tempest-TestImageHashVerification-520568723-project-member] Attempting to import store swift {{(pid=99879) _load_store /opt/stack/data/venv/lib/python3.12/site-packages/glance_store/backend.py:215}}
Aug 24 23:18:30.720951 np0000008030 devstack@g-api.service[99879]: DEBUG glance_store.capabilities [None req-3a6f744e-5535-4f83-9ad8-13723bc93c38 tempest-TestImageHashVerification-520568723 tempest-TestImageHashVerification-520568723-project-member] Store glance_store._drivers.swift.store.SingleTenantStore doesn't support updating dynamic storage capabilities. Please overwrite 'update_capabilities' method of the store to implement updating logics if needed. {{(pid=99879) update_capabilities /opt/stack/data/venv/lib/python3.12/site-packages/glance_store/capabilities.py:91}}
Aug 24 23:18:30.721169 np0000008030 devstack@g-api.service[99879]: DEBUG glance_store.driver [None req-3a6f744e-5535-4f83-9ad8-13723bc93c38 tempest-TestImageHashVerification-520568723 tempest-TestImageHashVerification-520568723-project-member] Late loading location class glance_store._drivers.swift.store.StoreLocation {{(pid=99879) get_store_location_class /opt/stack/data/venv/lib/python3.12/site-packages/glance_store/driver.py:134}}
Aug 24 23:18:30.721275 np0000008030 devstack@g-api.service[99879]: DEBUG glance_store.location [None req-3a6f744e-5535-4f83-9ad8-13723bc93c38 tempest-TestImageHashVerification-520568723 tempest-TestImageHashVerification-520568723-project-member] Registering scheme swift+https with {'store': , 'location_class': , 'store_entry': 'swift'} {{(pid=99879) register_scheme_map /opt/stack/data/venv/lib/python3.12/site-packages/glance_store/location.py:146}}
Aug 24 23:18:30.721430 np0000008030 devstack@g-api.service[99879]: DEBUG glance_store.location [None req-3a6f744e-5535-4f83-9ad8-13723bc93c38 tempest-TestImageHashVerification-520568723 tempest-TestImageHashVerification-520568723-project-member] Registering scheme swift+https with {'store': , 'location_class': , 'store_entry': 'swift'} {{(pid=99879) register_scheme_map /opt/stack/data/venv/lib/python3.12/site-packages/glance_store/location.py:146}}
Aug 24 23:18:30.721561 np0000008030 devstack@g-api.service[99879]: DEBUG glance_store.location [None req-3a6f744e-5535-4f83-9ad8-13723bc93c38 tempest-TestImageHashVerification-520568723 tempest-TestImageHashVerification-520568723-project-member] Registering scheme swift with {'store': , 'location_class': , 'store_entry': 'swift'} {{(pid=99879) register_scheme_map /opt/stack/data/venv/lib/python3.12/site-packages/glance_store/location.py:146}}
Aug 24 23:18:30.721699 np0000008030 devstack@g-api.service[99879]: DEBUG glance_store.location [None req-3a6f744e-5535-4f83-9ad8-13723bc93c38 tempest-TestImageHashVerification-520568723 tempest-TestImageHashVerification-520568723-project-member] Registering scheme swift+https with {'store': , 'location_class': , 'store_entry': 'swift'} {{(pid=99879) register_scheme_map /opt/stack/data/venv/lib/python3.12/site-packages/glance_store/location.py:146}}
Aug 24 23:18:30.721823 np0000008030 devstack@g-api.service[99879]: DEBUG glance_store.location [None req-3a6f744e-5535-4f83-9ad8-13723bc93c38 tempest-TestImageHashVerification-520568723 tempest-TestImageHashVerification-520568723-project-member] Registering scheme swift with {'store': , 'location_class': , 'store_entry': 'swift'} {{(pid=99879) register_scheme_map /opt/stack/data/venv/lib/python3.12/site-packages/glance_store/location.py:146}}
Aug 24 23:18:30.721960 np0000008030 devstack@g-api.service[99879]: DEBUG glance_store.location [None req-3a6f744e-5535-4f83-9ad8-13723bc93c38 tempest-TestImageHashVerification-520568723 tempest-TestImageHashVerification-520568723-project-member] Registering scheme swift+http with {'store': , 'location_class': , 'store_entry': 'swift'} {{(pid=99879) register_scheme_map /opt/stack/data/venv/lib/python3.12/site-packages/glance_store/location.py:146}}
Aug 24 23:18:30.722079 np0000008030 devstack@g-api.service[99879]: DEBUG glance_store.location [None req-3a6f744e-5535-4f83-9ad8-13723bc93c38 tempest-TestImageHashVerification-520568723 tempest-TestImageHashVerification-520568723-project-member] Registering scheme swift+https with {'store': , 'location_class': , 'store_entry': 'swift'} {{(pid=99879) register_scheme_map /opt/stack/data/venv/lib/python3.12/site-packages/glance_store/location.py:146}}
Aug 24 23:18:30.722185 np0000008030 devstack@g-api.service[99879]: DEBUG glance_store.location [None req-3a6f744e-5535-4f83-9ad8-13723bc93c38 tempest-TestImageHashVerification-520568723 tempest-TestImageHashVerification-520568723-project-member] Registering scheme swift with {'store': , 'location_class': , 'store_entry': 'swift'} {{(pid=99879) register_scheme_map /opt/stack/data/venv/lib/python3.12/site-packages/glance_store/location.py:146}}
Aug 24 23:18:30.722288 np0000008030 devstack@g-api.service[99879]: DEBUG glance_store.location [None req-3a6f744e-5535-4f83-9ad8-13723bc93c38 tempest-TestImageHashVerification-520568723 tempest-TestImageHashVerification-520568723-project-member] Registering scheme swift+http with {'store': , 'location_class': , 'store_entry': 'swift'} {{(pid=99879) register_scheme_map /opt/stack/data/venv/lib/python3.12/site-packages/glance_store/location.py:146}}
Aug 24 23:18:30.722432 np0000008030 devstack@g-api.service[99879]: DEBUG glance_store.location [None req-3a6f744e-5535-4f83-9ad8-13723bc93c38 tempest-TestImageHashVerification-520568723 tempest-TestImageHashVerification-520568723-project-member] Registering scheme swift+config with {'store': , 'location_class': , 'store_entry': 'swift'} {{(pid=99879) register_scheme_map /opt/stack/data/venv/lib/python3.12/site-packages/glance_store/location.py:146}}
Aug 24 23:18:31.060435 np0000008030 devstack@g-api.service[99877]: DEBUG glance.api.middleware.version_negotiation [None req-65988912-428f-454c-9a66-8e5b753652b1 tempest-TestImageHashVerification-520568723 tempest-TestImageHashVerification-520568723-project-member] Determining version of request: GET /v2/images/2fcdff1d-8047-4fa3-9636-4edc2520f70a Accept: application/json {{(pid=99877) process_request /opt/stack/glance/glance/api/middleware/version_negotiation.py:44}}
Aug 24 23:18:31.060435 np0000008030 devstack@g-api.service[99877]: DEBUG glance.api.middleware.version_negotiation [None req-65988912-428f-454c-9a66-8e5b753652b1 tempest-TestImageHashVerification-520568723 tempest-TestImageHashVerification-520568723-project-member] Using url versioning {{(pid=99877) process_request /opt/stack/glance/glance/api/middleware/version_negotiation.py:57}}
Aug 24 23:18:31.061215 np0000008030 devstack@g-api.service[99877]: DEBUG glance.api.middleware.version_negotiation [None req-65988912-428f-454c-9a66-8e5b753652b1 tempest-TestImageHashVerification-520568723 tempest-TestImageHashVerification-520568723-project-member] Matched version: v2 {{(pid=99877) process_request /opt/stack/glance/glance/api/middleware/version_negotiation.py:69}}
Aug 24 23:18:31.061215 np0000008030 devstack@g-api.service[99877]: DEBUG glance.api.middleware.version_negotiation [None req-65988912-428f-454c-9a66-8e5b753652b1 tempest-TestImageHashVerification-520568723 tempest-TestImageHashVerification-520568723-project-member] new path /v2/images/2fcdff1d-8047-4fa3-9636-4edc2520f70a {{(pid=99877) process_request /opt/stack/glance/glance/api/middleware/version_negotiation.py:70}}
Aug 24 23:18:31.073027 np0000008030 devstack@g-api.service[99879]: DEBUG swiftclient [None req-3a6f744e-5535-4f83-9ad8-13723bc93c38 tempest-TestImageHashVerification-520568723 tempest-TestImageHashVerification-520568723-project-member] REQ: curl -i https://10.4.3.90:8080/v1/AUTH_585ec850be3240a1b4d2ffa7060c7dee/glance -I -H "X-Auth-Token: gAAAAABqjNFGnied..." {{(pid=99879) http_log /opt/stack/data/venv/lib/python3.12/site-packages/swiftclient/client.py:160}}
Aug 24 23:18:31.073027 np0000008030 devstack@g-api.service[99879]: DEBUG swiftclient [None req-3a6f744e-5535-4f83-9ad8-13723bc93c38 tempest-TestImageHashVerification-520568723 tempest-TestImageHashVerification-520568723-project-member] RESP STATUS: 204 No Content {{(pid=99879) http_log /opt/stack/data/venv/lib/python3.12/site-packages/swiftclient/client.py:161}}
Aug 24 23:18:31.073408 np0000008030 devstack@g-api.service[99879]: DEBUG swiftclient [None req-3a6f744e-5535-4f83-9ad8-13723bc93c38 tempest-TestImageHashVerification-520568723 tempest-TestImageHashVerification-520568723-project-member] RESP HEADERS: {'Date': 'Mon, 24 Aug 2026 23:18:31 GMT', 'Server': 'Apache/2.4.58 (Ubuntu)', 'Content-Type': 'text/plain; charset=utf-8', 'X-Container-Object-Count': '3', 'X-Container-Bytes-Used': '64356352', 'X-Timestamp': '1787613070.26031', 'Last-Modified': 'Mon, 24 Aug 2026 23:11:11 GMT', 'Accept-Ranges': 'bytes', 'X-Storage-Policy': 'Policy-0', 'X-Container-Sharding': 'False', 'Vary': 'Accept', 'X-Trans-Id': 'txf00e8074b7a942deae273-006a8cd146', 'X-Openstack-Request-Id': 'txf00e8074b7a942deae273-006a8cd146', 'Connection': 'close'} {{(pid=99879) http_log /opt/stack/data/venv/lib/python3.12/site-packages/swiftclient/client.py:162}}
Aug 24 23:18:31.074682 np0000008030 devstack@g-api.service[99879]: DEBUG glance_store._drivers.swift.store [None req-3a6f744e-5535-4f83-9ad8-13723bc93c38 tempest-TestImageHashVerification-520568723 tempest-TestImageHashVerification-520568723-project-member] Adding image object '2fcdff1d-8047-4fa3-9636-4edc2520f70a' to Swift {{(pid=99879) add /opt/stack/data/venv/lib/python3.12/site-packages/glance_store/_drivers/swift/store.py:970}}
Aug 24 23:18:31.074682 np0000008030 devstack@g-api.service[99879]: DEBUG glance_store._drivers.swift.store [None req-3a6f744e-5535-4f83-9ad8-13723bc93c38 tempest-TestImageHashVerification-520568723 tempest-TestImageHashVerification-520568723-project-member] Cannot determine image size because it is either not provided in the request or chunked-transfer encoding is used. Adding image as a segmented object to Swift. {{(pid=99879) add /opt/stack/data/venv/lib/python3.12/site-packages/glance_store/_drivers/swift/store.py:994}}
Aug 24 23:18:31.077001 np0000008030 devstack@g-api.service[99877]: [pid: 99877|app: 0|req: 137/414] 127.0.0.1 () {40 vars in 834 bytes} [Mon Aug 24 23:18:31 2026] GET /v2/images/2fcdff1d-8047-4fa3-9636-4edc2520f70a => generated 649 bytes in 17 msecs (HTTP/1.1 200) 4 headers in 157 bytes (1 switches on core 0)
Aug 24 23:18:31.081536 np0000008030 devstack@g-api.service[99879]: DEBUG oslo_utils.imageutils.format_inspector [None req-3a6f744e-5535-4f83-9ad8-13723bc93c38 tempest-TestImageHashVerification-520568723 tempest-TestImageHashVerification-520568723-project-member] Format inspector for vmdk does not match, excluding from consideration (Signature KDMV not found: b'\x00\x00\x00\x00') {{(pid=99879) _process_chunk /opt/stack/data/venv/lib/python3.12/site-packages/oslo_utils/imageutils/format_inspector.py:1758}}
Aug 24 23:18:31.083221 np0000008030 devstack@g-api.service[99879]: DEBUG oslo_utils.imageutils.format_inspector [None req-3a6f744e-5535-4f83-9ad8-13723bc93c38 tempest-TestImageHashVerification-520568723 tempest-TestImageHashVerification-520568723-project-member] Format inspector for vhdx does not match, excluding from consideration (Region signature not found at 30000) {{(pid=99879) _process_chunk /opt/stack/data/venv/lib/python3.12/site-packages/oslo_utils/imageutils/format_inspector.py:1758}}
Aug 24 23:18:32.088765 np0000008030 devstack@g-api.service[99878]: DEBUG glance.api.middleware.version_negotiation [None req-0e683a8a-599b-4c67-8169-e655b52528c3 tempest-TestImageHashVerification-520568723 tempest-TestImageHashVerification-520568723-project-member] Determining version of request: GET /v2/images/2fcdff1d-8047-4fa3-9636-4edc2520f70a Accept: application/json {{(pid=99878) process_request /opt/stack/glance/glance/api/middleware/version_negotiation.py:44}}
Aug 24 23:18:32.088765 np0000008030 devstack@g-api.service[99878]: DEBUG glance.api.middleware.version_negotiation [None req-0e683a8a-599b-4c67-8169-e655b52528c3 tempest-TestImageHashVerification-520568723 tempest-TestImageHashVerification-520568723-project-member] Using url versioning {{(pid=99878) process_request /opt/stack/glance/glance/api/middleware/version_negotiation.py:57}}
Aug 24 23:18:32.088765 np0000008030 devstack@g-api.service[99878]: DEBUG glance.api.middleware.version_negotiation [None req-0e683a8a-599b-4c67-8169-e655b52528c3 tempest-TestImageHashVerification-520568723 tempest-TestImageHashVerification-520568723-project-member] Matched version: v2 {{(pid=99878) process_request /opt/stack/glance/glance/api/middleware/version_negotiation.py:69}}
Aug 24 23:18:32.088765 np0000008030 devstack@g-api.service[99878]: DEBUG glance.api.middleware.version_negotiation [None req-0e683a8a-599b-4c67-8169-e655b52528c3 tempest-TestImageHashVerification-520568723 tempest-TestImageHashVerification-520568723-project-member] new path /v2/images/2fcdff1d-8047-4fa3-9636-4edc2520f70a {{(pid=99878) process_request /opt/stack/glance/glance/api/middleware/version_negotiation.py:70}}
Aug 24 23:18:32.107341 np0000008030 devstack@g-api.service[99878]: [pid: 99878|app: 0|req: 134/415] 127.0.0.1 () {40 vars in 834 bytes} [Mon Aug 24 23:18:32 2026] GET /v2/images/2fcdff1d-8047-4fa3-9636-4edc2520f70a => generated 649 bytes in 19 msecs (HTTP/1.1 200) 4 headers in 157 bytes (1 switches on core 0)
Aug 24 23:18:33.119390 np0000008030 devstack@g-api.service[99877]: DEBUG glance.api.middleware.version_negotiation [None req-fe5ae7b0-cbb3-464f-82c9-0ff8743d51b5 tempest-TestImageHashVerification-520568723 tempest-TestImageHashVerification-520568723-project-member] Determining version of request: GET /v2/images/2fcdff1d-8047-4fa3-9636-4edc2520f70a Accept: application/json {{(pid=99877) process_request /opt/stack/glance/glance/api/middleware/version_negotiation.py:44}}
Aug 24 23:18:33.121105 np0000008030 devstack@g-api.service[99877]: DEBUG glance.api.middleware.version_negotiation [None req-fe5ae7b0-cbb3-464f-82c9-0ff8743d51b5 tempest-TestImageHashVerification-520568723 tempest-TestImageHashVerification-520568723-project-member] Using url versioning {{(pid=99877) process_request /opt/stack/glance/glance/api/middleware/version_negotiation.py:57}}
Aug 24 23:18:33.121105 np0000008030 devstack@g-api.service[99877]: DEBUG glance.api.middleware.version_negotiation [None req-fe5ae7b0-cbb3-464f-82c9-0ff8743d51b5 tempest-TestImageHashVerification-520568723 tempest-TestImageHashVerification-520568723-project-member] Matched version: v2 {{(pid=99877) process_request /opt/stack/glance/glance/api/middleware/version_negotiation.py:69}}
Aug 24 23:18:33.121105 np0000008030 devstack@g-api.service[99877]: DEBUG glance.api.middleware.version_negotiation [None req-fe5ae7b0-cbb3-464f-82c9-0ff8743d51b5 tempest-TestImageHashVerification-520568723 tempest-TestImageHashVerification-520568723-project-member] new path /v2/images/2fcdff1d-8047-4fa3-9636-4edc2520f70a {{(pid=99877) process_request /opt/stack/glance/glance/api/middleware/version_negotiation.py:70}}
Aug 24 23:18:33.135245 np0000008030 devstack@g-api.service[99877]: [pid: 99877|app: 0|req: 138/416] 127.0.0.1 () {40 vars in 834 bytes} [Mon Aug 24 23:18:33 2026] GET /v2/images/2fcdff1d-8047-4fa3-9636-4edc2520f70a => generated 649 bytes in 16 msecs (HTTP/1.1 200) 4 headers in 157 bytes (1 switches on core 0)
Aug 24 23:18:33.581975 np0000008030 devstack@g-api.service[99879]: DEBUG swiftclient [None req-3a6f744e-5535-4f83-9ad8-13723bc93c38 tempest-TestImageHashVerification-520568723 tempest-TestImageHashVerification-520568723-project-member] REQ: curl -i https://10.4.3.90:8080/v1/AUTH_585ec850be3240a1b4d2ffa7060c7dee/glance/2fcdff1d-8047-4fa3-9636-4edc2520f70a-00001 -X PUT -H "X-Auth-Token: gAAAAABqjNFGnied..." {{(pid=99879) http_log /opt/stack/data/venv/lib/python3.12/site-packages/swiftclient/client.py:160}}
Aug 24 23:18:33.581975 np0000008030 devstack@g-api.service[99879]: DEBUG swiftclient [None req-3a6f744e-5535-4f83-9ad8-13723bc93c38 tempest-TestImageHashVerification-520568723 tempest-TestImageHashVerification-520568723-project-member] RESP STATUS: 201 Created {{(pid=99879) http_log /opt/stack/data/venv/lib/python3.12/site-packages/swiftclient/client.py:161}}
Aug 24 23:18:33.582377 np0000008030 devstack@g-api.service[99879]: DEBUG swiftclient [None req-3a6f744e-5535-4f83-9ad8-13723bc93c38 tempest-TestImageHashVerification-520568723 tempest-TestImageHashVerification-520568723-project-member] RESP HEADERS: {'Date': 'Mon, 24 Aug 2026 23:18:33 GMT', 'Server': 'Apache/2.4.58 (Ubuntu)', 'Content-Type': 'text/html; charset=UTF-8', 'Content-Length': '0', 'Etag': 'eda9a9889837ac4bc81d6387d92c1bec', 'Last-Modified': 'Mon, 24 Aug 2026 23:18:32 GMT', 'X-Trans-Id': 'txe96601cba7db482f832b9-006a8cd147', 'X-Openstack-Request-Id': 'txe96601cba7db482f832b9-006a8cd147', 'Connection': 'close'} {{(pid=99879) http_log /opt/stack/data/venv/lib/python3.12/site-packages/swiftclient/client.py:162}}
Aug 24 23:18:33.582377 np0000008030 devstack@g-api.service[99879]: DEBUG glance_store._drivers.swift.store [None req-3a6f744e-5535-4f83-9ad8-13723bc93c38 tempest-TestImageHashVerification-520568723 tempest-TestImageHashVerification-520568723-project-member] Wrote chunk 2fcdff1d-8047-4fa3-9636-4edc2520f70a-00001 (1/?) of length 204800000 to Swift returning MD5 of content: eda9a9889837ac4bc81d6387d92c1bec {{(pid=99879) add /opt/stack/data/venv/lib/python3.12/site-packages/glance_store/_drivers/swift/store.py:1059}}
Aug 24 23:18:34.149741 np0000008030 devstack@g-api.service[99878]: DEBUG glance.api.middleware.version_negotiation [None req-8c3c36a1-4d61-4df0-b0e5-87ec386d2887 tempest-TestImageHashVerification-520568723 tempest-TestImageHashVerification-520568723-project-member] Determining version of request: GET /v2/images/2fcdff1d-8047-4fa3-9636-4edc2520f70a Accept: application/json {{(pid=99878) process_request /opt/stack/glance/glance/api/middleware/version_negotiation.py:44}}
Aug 24 23:18:34.150659 np0000008030 devstack@g-api.service[99878]: DEBUG glance.api.middleware.version_negotiation [None req-8c3c36a1-4d61-4df0-b0e5-87ec386d2887 tempest-TestImageHashVerification-520568723 tempest-TestImageHashVerification-520568723-project-member] Using url versioning {{(pid=99878) process_request /opt/stack/glance/glance/api/middleware/version_negotiation.py:57}}
Aug 24 23:18:34.150659 np0000008030 devstack@g-api.service[99878]: DEBUG glance.api.middleware.version_negotiation [None req-8c3c36a1-4d61-4df0-b0e5-87ec386d2887 tempest-TestImageHashVerification-520568723 tempest-TestImageHashVerification-520568723-project-member] Matched version: v2 {{(pid=99878) process_request /opt/stack/glance/glance/api/middleware/version_negotiation.py:69}}
Aug 24 23:18:34.150659 np0000008030 devstack@g-api.service[99878]: DEBUG glance.api.middleware.version_negotiation [None req-8c3c36a1-4d61-4df0-b0e5-87ec386d2887 tempest-TestImageHashVerification-520568723 tempest-TestImageHashVerification-520568723-project-member] new path /v2/images/2fcdff1d-8047-4fa3-9636-4edc2520f70a {{(pid=99878) process_request /opt/stack/glance/glance/api/middleware/version_negotiation.py:70}}
Aug 24 23:18:34.159858 np0000008030 devstack@g-api.service[99878]: [pid: 99878|app: 0|req: 135/417] 127.0.0.1 () {40 vars in 834 bytes} [Mon Aug 24 23:18:34 2026] GET /v2/images/2fcdff1d-8047-4fa3-9636-4edc2520f70a => generated 649 bytes in 10 msecs (HTTP/1.1 200) 4 headers in 157 bytes (1 switches on core 0)
Aug 24 23:18:35.172208 np0000008030 devstack@g-api.service[99877]: DEBUG glance.api.middleware.version_negotiation [None req-7c83066a-b555-4cf1-b050-b9f26dd3ceab tempest-TestImageHashVerification-520568723 tempest-TestImageHashVerification-520568723-project-member] Determining version of request: GET /v2/images/2fcdff1d-8047-4fa3-9636-4edc2520f70a Accept: application/json {{(pid=99877) process_request /opt/stack/glance/glance/api/middleware/version_negotiation.py:44}}
Aug 24 23:18:35.172755 np0000008030 devstack@g-api.service[99877]: DEBUG glance.api.middleware.version_negotiation [None req-7c83066a-b555-4cf1-b050-b9f26dd3ceab tempest-TestImageHashVerification-520568723 tempest-TestImageHashVerification-520568723-project-member] Using url versioning {{(pid=99877) process_request /opt/stack/glance/glance/api/middleware/version_negotiation.py:57}}
