Aug 24 23:10:41.038669 np0000008030 nova-scheduler[93592]: DEBUG cotyledon.oslo_config_glue [-] oslo_messaging_rabbit.rabbit_login_method = AMQPLAIN {{(pid=93592) log_opt_values /opt/stack/data/venv/lib/python3.12/site-packages/oslo_config/cfg.py:3560}}
Aug 24 23:10:41.038843 np0000008030 nova-scheduler[93592]: DEBUG cotyledon.oslo_config_glue [-] oslo_messaging_rabbit.rabbit_qos_prefetch_count = 0 {{(pid=93592) log_opt_values /opt/stack/data/venv/lib/python3.12/site-packages/oslo_config/cfg.py:3560}}
Aug 24 23:10:41.038843 np0000008030 nova-scheduler[93592]: DEBUG cotyledon.oslo_config_glue [-] oslo_messaging_rabbit.rabbit_quorum_delivery_limit = 0 {{(pid=93592) log_opt_values /opt/stack/data/venv/lib/python3.12/site-packages/oslo_config/cfg.py:3560}}
Aug 24 23:10:41.038843 np0000008030 nova-scheduler[93592]: DEBUG cotyledon.oslo_config_glue [-] oslo_messaging_rabbit.rabbit_quorum_max_memory_bytes = 0 {{(pid=93592) log_opt_values /opt/stack/data/venv/lib/python3.12/site-packages/oslo_config/cfg.py:3560}}
Aug 24 23:10:41.038843 np0000008030 nova-scheduler[93592]: DEBUG cotyledon.oslo_config_glue [-] oslo_messaging_rabbit.rabbit_quorum_max_memory_length = 0 {{(pid=93592) log_opt_values /opt/stack/data/venv/lib/python3.12/site-packages/oslo_config/cfg.py:3560}}
Aug 24 23:10:41.038843 np0000008030 nova-scheduler[93592]: DEBUG cotyledon.oslo_config_glue [-] oslo_messaging_rabbit.rabbit_quorum_queue = False {{(pid=93592) log_opt_values /opt/stack/data/venv/lib/python3.12/site-packages/oslo_config/cfg.py:3560}}
Aug 24 23:10:41.038843 np0000008030 nova-scheduler[93592]: DEBUG cotyledon.oslo_config_glue [-] oslo_messaging_rabbit.rabbit_retry_backoff = 2 {{(pid=93592) log_opt_values /opt/stack/data/venv/lib/python3.12/site-packages/oslo_config/cfg.py:3560}}
Aug 24 23:10:41.038843 np0000008030 nova-scheduler[93592]: DEBUG cotyledon.oslo_config_glue [-] oslo_messaging_rabbit.rabbit_retry_interval = 1 {{(pid=93592) log_opt_values /opt/stack/data/venv/lib/python3.12/site-packages/oslo_config/cfg.py:3560}}
Aug 24 23:10:41.038843 np0000008030 nova-scheduler[93592]: DEBUG cotyledon.oslo_config_glue [-] oslo_messaging_rabbit.rabbit_stream_fanout = False {{(pid=93592) log_opt_values /opt/stack/data/venv/lib/python3.12/site-packages/oslo_config/cfg.py:3560}}
Aug 24 23:10:41.039053 np0000008030 nova-scheduler[93592]: DEBUG cotyledon.oslo_config_glue [-] oslo_messaging_rabbit.rabbit_transient_queues_ttl = 1800 {{(pid=93592) log_opt_values /opt/stack/data/venv/lib/python3.12/site-packages/oslo_config/cfg.py:3560}}
Aug 24 23:10:41.039053 np0000008030 nova-scheduler[93592]: DEBUG cotyledon.oslo_config_glue [-] oslo_messaging_rabbit.rabbit_transient_quorum_queue = False {{(pid=93592) log_opt_values /opt/stack/data/venv/lib/python3.12/site-packages/oslo_config/cfg.py:3560}}
Aug 24 23:10:41.039053 np0000008030 nova-scheduler[93592]: DEBUG cotyledon.oslo_config_glue [-] oslo_messaging_rabbit.rpc_conn_pool_size = 30 {{(pid=93592) log_opt_values /opt/stack/data/venv/lib/python3.12/site-packages/oslo_config/cfg.py:3560}}
Aug 24 23:10:41.039053 np0000008030 nova-scheduler[93592]: DEBUG cotyledon.oslo_config_glue [-] oslo_messaging_rabbit.ssl = False {{(pid=93592) log_opt_values /opt/stack/data/venv/lib/python3.12/site-packages/oslo_config/cfg.py:3560}}
Aug 24 23:10:41.039053 np0000008030 nova-scheduler[93592]: DEBUG cotyledon.oslo_config_glue [-] oslo_messaging_rabbit.ssl_ca_file = {{(pid=93592) log_opt_values /opt/stack/data/venv/lib/python3.12/site-packages/oslo_config/cfg.py:3560}}
Aug 24 23:10:41.039053 np0000008030 nova-scheduler[93592]: DEBUG cotyledon.oslo_config_glue [-] oslo_messaging_rabbit.ssl_cert_file = {{(pid=93592) log_opt_values /opt/stack/data/venv/lib/python3.12/site-packages/oslo_config/cfg.py:3560}}
Aug 24 23:10:41.039053 np0000008030 nova-scheduler[93592]: DEBUG cotyledon.oslo_config_glue [-] oslo_messaging_rabbit.ssl_enforce_fips_mode = False {{(pid=93592) log_opt_values /opt/stack/data/venv/lib/python3.12/site-packages/oslo_config/cfg.py:3560}}
Aug 24 23:10:41.039053 np0000008030 nova-scheduler[93592]: DEBUG cotyledon.oslo_config_glue [-] oslo_messaging_rabbit.ssl_enforce_hostname_verification = True {{(pid=93592) log_opt_values /opt/stack/data/venv/lib/python3.12/site-packages/oslo_config/cfg.py:3560}}
Aug 24 23:10:41.039053 np0000008030 nova-scheduler[93592]: DEBUG cotyledon.oslo_config_glue [-] oslo_messaging_rabbit.ssl_key_file = {{(pid=93592) log_opt_values /opt/stack/data/venv/lib/python3.12/site-packages/oslo_config/cfg.py:3560}}
Aug 24 23:10:41.039212 np0000008030 nova-scheduler[93592]: DEBUG cotyledon.oslo_config_glue [-] oslo_messaging_rabbit.ssl_version = {{(pid=93592) log_opt_values /opt/stack/data/venv/lib/python3.12/site-packages/oslo_config/cfg.py:3560}}
Aug 24 23:10:41.039212 np0000008030 nova-scheduler[93592]: DEBUG cotyledon.oslo_config_glue [-] oslo_messaging_rabbit.use_queue_manager = False {{(pid=93592) log_opt_values /opt/stack/data/venv/lib/python3.12/site-packages/oslo_config/cfg.py:3560}}
Aug 24 23:10:41.039212 np0000008030 nova-scheduler[93592]: DEBUG cotyledon.oslo_config_glue [-] oslo_messaging_notifications.driver = ['messagingv2'] {{(pid=93592) log_opt_values /opt/stack/data/venv/lib/python3.12/site-packages/oslo_config/cfg.py:3560}}
Aug 24 23:10:41.039212 np0000008030 nova-scheduler[93592]: DEBUG cotyledon.oslo_config_glue [-] oslo_messaging_notifications.retry = -1 {{(pid=93592) log_opt_values /opt/stack/data/venv/lib/python3.12/site-packages/oslo_config/cfg.py:3560}}
Aug 24 23:10:41.039212 np0000008030 nova-scheduler[93592]: DEBUG cotyledon.oslo_config_glue [-] oslo_messaging_notifications.topics = ['notifications'] {{(pid=93592) log_opt_values /opt/stack/data/venv/lib/python3.12/site-packages/oslo_config/cfg.py:3560}}
Aug 24 23:10:41.039212 np0000008030 nova-scheduler[93592]: DEBUG cotyledon.oslo_config_glue [-] oslo_messaging_notifications.transport_url = **** {{(pid=93592) log_opt_values /opt/stack/data/venv/lib/python3.12/site-packages/oslo_config/cfg.py:3560}}
Aug 24 23:10:41.039212 np0000008030 nova-scheduler[93592]: DEBUG cotyledon.oslo_config_glue [-] oslo_limit.auth_section = None {{(pid=93592) log_opt_values /opt/stack/data/venv/lib/python3.12/site-packages/oslo_config/cfg.py:3560}}
Aug 24 23:10:41.039212 np0000008030 nova-scheduler[93592]: DEBUG cotyledon.oslo_config_glue [-] oslo_limit.auth_type = None {{(pid=93592) log_opt_values /opt/stack/data/venv/lib/python3.12/site-packages/oslo_config/cfg.py:3560}}
Aug 24 23:10:41.039212 np0000008030 nova-scheduler[93592]: DEBUG cotyledon.oslo_config_glue [-] oslo_limit.cafile = None {{(pid=93592) log_opt_values /opt/stack/data/venv/lib/python3.12/site-packages/oslo_config/cfg.py:3560}}
Aug 24 23:10:41.039415 np0000008030 nova-scheduler[93592]: DEBUG cotyledon.oslo_config_glue [-] oslo_limit.certfile = None {{(pid=93592) log_opt_values /opt/stack/data/venv/lib/python3.12/site-packages/oslo_config/cfg.py:3560}}
Aug 24 23:10:41.039415 np0000008030 nova-scheduler[93592]: DEBUG cotyledon.oslo_config_glue [-] oslo_limit.collect_timing = False {{(pid=93592) log_opt_values /opt/stack/data/venv/lib/python3.12/site-packages/oslo_config/cfg.py:3560}}
Aug 24 23:10:41.039415 np0000008030 nova-scheduler[93592]: DEBUG cotyledon.oslo_config_glue [-] oslo_limit.connect_retries = None {{(pid=93592) log_opt_values /opt/stack/data/venv/lib/python3.12/site-packages/oslo_config/cfg.py:3560}}
Aug 24 23:10:41.039415 np0000008030 nova-scheduler[93592]: DEBUG cotyledon.oslo_config_glue [-] oslo_limit.connect_retry_delay = None {{(pid=93592) log_opt_values /opt/stack/data/venv/lib/python3.12/site-packages/oslo_config/cfg.py:3560}}
Aug 24 23:10:41.039415 np0000008030 nova-scheduler[93592]: DEBUG cotyledon.oslo_config_glue [-] oslo_limit.endpoint_id = None {{(pid=93592) log_opt_values /opt/stack/data/venv/lib/python3.12/site-packages/oslo_config/cfg.py:3560}}
Aug 24 23:10:41.039415 np0000008030 nova-scheduler[93592]: DEBUG cotyledon.oslo_config_glue [-] oslo_limit.endpoint_interface = public {{(pid=93592) log_opt_values /opt/stack/data/venv/lib/python3.12/site-packages/oslo_config/cfg.py:3560}}
Aug 24 23:10:41.039415 np0000008030 nova-scheduler[93592]: DEBUG cotyledon.oslo_config_glue [-] oslo_limit.endpoint_override = None {{(pid=93592) log_opt_values /opt/stack/data/venv/lib/python3.12/site-packages/oslo_config/cfg.py:3560}}
Aug 24 23:10:41.039415 np0000008030 nova-scheduler[93592]: DEBUG cotyledon.oslo_config_glue [-] oslo_limit.endpoint_region_name = None {{(pid=93592) log_opt_values /opt/stack/data/venv/lib/python3.12/site-packages/oslo_config/cfg.py:3560}}
Aug 24 23:10:41.039415 np0000008030 nova-scheduler[93592]: DEBUG cotyledon.oslo_config_glue [-] oslo_limit.endpoint_service_name = None {{(pid=93592) log_opt_values /opt/stack/data/venv/lib/python3.12/site-packages/oslo_config/cfg.py:3560}}
Aug 24 23:10:41.039605 np0000008030 nova-scheduler[93592]: DEBUG cotyledon.oslo_config_glue [-] oslo_limit.endpoint_service_type = None {{(pid=93592) log_opt_values /opt/stack/data/venv/lib/python3.12/site-packages/oslo_config/cfg.py:3560}}
Aug 24 23:10:41.039605 np0000008030 nova-scheduler[93592]: DEBUG cotyledon.oslo_config_glue [-] oslo_limit.insecure = False {{(pid=93592) log_opt_values /opt/stack/data/venv/lib/python3.12/site-packages/oslo_config/cfg.py:3560}}
Aug 24 23:10:41.039605 np0000008030 nova-scheduler[93592]: DEBUG cotyledon.oslo_config_glue [-] oslo_limit.keyfile = None {{(pid=93592) log_opt_values /opt/stack/data/venv/lib/python3.12/site-packages/oslo_config/cfg.py:3560}}
Aug 24 23:10:41.039605 np0000008030 nova-scheduler[93592]: DEBUG cotyledon.oslo_config_glue [-] oslo_limit.max_version = None {{(pid=93592) log_opt_values /opt/stack/data/venv/lib/python3.12/site-packages/oslo_config/cfg.py:3560}}
Aug 24 23:10:41.039605 np0000008030 nova-scheduler[93592]: DEBUG cotyledon.oslo_config_glue [-] oslo_limit.min_version = None {{(pid=93592) log_opt_values /opt/stack/data/venv/lib/python3.12/site-packages/oslo_config/cfg.py:3560}}
Aug 24 23:10:41.039605 np0000008030 nova-scheduler[93592]: DEBUG cotyledon.oslo_config_glue [-] oslo_limit.region_name = None {{(pid=93592) log_opt_values /opt/stack/data/venv/lib/python3.12/site-packages/oslo_config/cfg.py:3560}}
Aug 24 23:10:41.039605 np0000008030 nova-scheduler[93592]: DEBUG cotyledon.oslo_config_glue [-] oslo_limit.retriable_status_codes = None {{(pid=93592) log_opt_values /opt/stack/data/venv/lib/python3.12/site-packages/oslo_config/cfg.py:3560}}
Aug 24 23:10:41.039605 np0000008030 nova-scheduler[93592]: DEBUG cotyledon.oslo_config_glue [-] oslo_limit.service_name = None {{(pid=93592) log_opt_values /opt/stack/data/venv/lib/python3.12/site-packages/oslo_config/cfg.py:3560}}
Aug 24 23:10:41.039605 np0000008030 nova-scheduler[93592]: DEBUG cotyledon.oslo_config_glue [-] oslo_limit.service_type = None {{(pid=93592) log_opt_values /opt/stack/data/venv/lib/python3.12/site-packages/oslo_config/cfg.py:3560}}
Aug 24 23:10:41.039754 np0000008030 nova-scheduler[93592]: DEBUG cotyledon.oslo_config_glue [-] oslo_limit.split_loggers = False {{(pid=93592) log_opt_values /opt/stack/data/venv/lib/python3.12/site-packages/oslo_config/cfg.py:3560}}
Aug 24 23:10:41.039754 np0000008030 nova-scheduler[93592]: DEBUG cotyledon.oslo_config_glue [-] oslo_limit.status_code_retries = None {{(pid=93592) log_opt_values /opt/stack/data/venv/lib/python3.12/site-packages/oslo_config/cfg.py:3560}}
Aug 24 23:10:41.039754 np0000008030 nova-scheduler[93592]: DEBUG cotyledon.oslo_config_glue [-] oslo_limit.status_code_retry_delay = None {{(pid=93592) log_opt_values /opt/stack/data/venv/lib/python3.12/site-packages/oslo_config/cfg.py:3560}}
Aug 24 23:10:41.039754 np0000008030 nova-scheduler[93592]: DEBUG cotyledon.oslo_config_glue [-] oslo_limit.timeout = None {{(pid=93592) log_opt_values /opt/stack/data/venv/lib/python3.12/site-packages/oslo_config/cfg.py:3560}}
Aug 24 23:10:41.039754 np0000008030 nova-scheduler[93592]: DEBUG cotyledon.oslo_config_glue [-] oslo_limit.valid_interfaces = None {{(pid=93592) log_opt_values /opt/stack/data/venv/lib/python3.12/site-packages/oslo_config/cfg.py:3560}}
Aug 24 23:10:41.039754 np0000008030 nova-scheduler[93592]: DEBUG cotyledon.oslo_config_glue [-] oslo_limit.version = None {{(pid=93592) log_opt_values /opt/stack/data/venv/lib/python3.12/site-packages/oslo_config/cfg.py:3560}}
Aug 24 23:10:41.039754 np0000008030 nova-scheduler[93592]: DEBUG cotyledon.oslo_config_glue [-] oslo_reports.file_event_handler = None {{(pid=93592) log_opt_values /opt/stack/data/venv/lib/python3.12/site-packages/oslo_config/cfg.py:3560}}
Aug 24 23:10:41.039754 np0000008030 nova-scheduler[93592]: DEBUG cotyledon.oslo_config_glue [-] oslo_reports.file_event_handler_interval = 1 {{(pid=93592) log_opt_values /opt/stack/data/venv/lib/python3.12/site-packages/oslo_config/cfg.py:3560}}
Aug 24 23:10:41.039754 np0000008030 nova-scheduler[93592]: DEBUG cotyledon.oslo_config_glue [-] oslo_reports.log_dir = None {{(pid=93592) log_opt_values /opt/stack/data/venv/lib/python3.12/site-packages/oslo_config/cfg.py:3560}}
Aug 24 23:10:41.039951 np0000008030 nova-scheduler[93592]: DEBUG cotyledon.oslo_config_glue [-] ******************************************************************************** {{(pid=93592) log_opt_values /opt/stack/data/venv/lib/python3.12/site-packages/oslo_config/cfg.py:3567}}
Aug 24 23:10:41.039951 np0000008030 nova-scheduler[93592]: DEBUG cotyledon._service_worker [-] Run service ServiceWrapper(2) [93592] {{(pid=93592) wait_forever /opt/stack/data/venv/lib/python3.12/site-packages/cotyledon/_service_worker.py:218}}
Aug 24 23:10:41.039951 np0000008030 nova-scheduler[93592]: INFO nova.service [-] Starting scheduler node (version 33.1.0)
Aug 24 23:10:41.039951 np0000008030 nova-scheduler[93592]: INFO dbcounter [None req-c1812016-aff1-46a8-93ad-761031e24545 None None] Registered counter for database nova_cell0
Aug 24 23:10:41.049287 np0000008030 nova-scheduler[93590]: DEBUG oslo_db.sqlalchemy.engines [None req-0fbdcc5a-4d21-49e9-be45-b575100b96bf None None] MySQL server mode set to STRICT_TRANS_TABLES,STRICT_ALL_TABLES,NO_ZERO_IN_DATE,NO_ZERO_DATE,ERROR_FOR_DIVISION_BY_ZERO,TRADITIONAL,NO_ENGINE_SUBSTITUTION {{(pid=93590) _check_effective_sql_mode /opt/stack/data/venv/lib/python3.12/site-packages/oslo_db/sqlalchemy/engines.py:325}}
Aug 24 23:10:41.058061 np0000008030 nova-scheduler[93590]: DEBUG dbcounter [-] [93590] Writer thread running {{(pid=93590) stat_writer /opt/stack/data/venv/lib/python3.12/site-packages/dbcounter.py:102}}
Aug 24 23:10:41.071302 np0000008030 nova-scheduler[93588]: DEBUG oslo_db.sqlalchemy.engines [None req-e30aac41-52ae-4f37-be70-849e684c1be9 None None] MySQL server mode set to STRICT_TRANS_TABLES,STRICT_ALL_TABLES,NO_ZERO_IN_DATE,NO_ZERO_DATE,ERROR_FOR_DIVISION_BY_ZERO,TRADITIONAL,NO_ENGINE_SUBSTITUTION {{(pid=93588) _check_effective_sql_mode /opt/stack/data/venv/lib/python3.12/site-packages/oslo_db/sqlalchemy/engines.py:325}}
Aug 24 23:10:41.073099 np0000008030 nova-scheduler[93592]: DEBUG oslo_db.sqlalchemy.engines [None req-c1812016-aff1-46a8-93ad-761031e24545 None None] MySQL server mode set to STRICT_TRANS_TABLES,STRICT_ALL_TABLES,NO_ZERO_IN_DATE,NO_ZERO_DATE,ERROR_FOR_DIVISION_BY_ZERO,TRADITIONAL,NO_ENGINE_SUBSTITUTION {{(pid=93592) _check_effective_sql_mode /opt/stack/data/venv/lib/python3.12/site-packages/oslo_db/sqlalchemy/engines.py:325}}
Aug 24 23:10:41.075192 np0000008030 nova-scheduler[93590]: DEBUG nova.service [None req-0fbdcc5a-4d21-49e9-be45-b575100b96bf None None] Creating RPC server for service: nova-scheduler on topic: scheduler {{(pid=93590) start /opt/stack/nova/nova/service.py:262}}
Aug 24 23:10:41.082959 np0000008030 nova-scheduler[93592]: DEBUG dbcounter [-] [93592] Writer thread running {{(pid=93592) stat_writer /opt/stack/data/venv/lib/python3.12/site-packages/dbcounter.py:102}}
Aug 24 23:10:41.084151 np0000008030 nova-scheduler[93588]: DEBUG dbcounter [-] [93588] Writer thread running {{(pid=93588) stat_writer /opt/stack/data/venv/lib/python3.12/site-packages/dbcounter.py:102}}
Aug 24 23:10:41.086062 np0000008030 nova-scheduler[93592]: DEBUG nova.service [None req-c1812016-aff1-46a8-93ad-761031e24545 None None] Creating RPC server for service: nova-scheduler on topic: scheduler {{(pid=93592) start /opt/stack/nova/nova/service.py:262}}
Aug 24 23:10:41.086980 np0000008030 nova-scheduler[93588]: DEBUG nova.service [None req-e30aac41-52ae-4f37-be70-849e684c1be9 None None] Creating RPC server for service: nova-scheduler on topic: scheduler {{(pid=93588) start /opt/stack/nova/nova/service.py:262}}
Aug 24 23:10:41.102924 np0000008030 nova-scheduler[93590]: DEBUG nova.service [None req-0fbdcc5a-4d21-49e9-be45-b575100b96bf None None] Join ServiceGroup membership for this service scheduler {{(pid=93590) start /opt/stack/nova/nova/service.py:288}}
Aug 24 23:10:41.103289 np0000008030 nova-scheduler[93590]: DEBUG nova.servicegroup.drivers.db [None req-0fbdcc5a-4d21-49e9-be45-b575100b96bf None None] DB_Driver: join new ServiceGroup member np0000008030 to the scheduler group, service = {{(pid=93590) join /opt/stack/nova/nova/servicegroup/drivers/db.py:44}}
Aug 24 23:10:41.104831 np0000008030 nova-scheduler[93588]: DEBUG nova.service [None req-e30aac41-52ae-4f37-be70-849e684c1be9 None None] Join ServiceGroup membership for this service scheduler {{(pid=93588) start /opt/stack/nova/nova/service.py:288}}
Aug 24 23:10:41.104969 np0000008030 nova-scheduler[93592]: DEBUG nova.service [None req-c1812016-aff1-46a8-93ad-761031e24545 None None] Join ServiceGroup membership for this service scheduler {{(pid=93592) start /opt/stack/nova/nova/service.py:288}}
Aug 24 23:10:41.105051 np0000008030 nova-scheduler[93588]: DEBUG nova.servicegroup.drivers.db [None req-e30aac41-52ae-4f37-be70-849e684c1be9 None None] DB_Driver: join new ServiceGroup member np0000008030 to the scheduler group, service = {{(pid=93588) join /opt/stack/nova/nova/servicegroup/drivers/db.py:44}}
Aug 24 23:10:41.105102 np0000008030 nova-scheduler[93592]: DEBUG nova.servicegroup.drivers.db [None req-c1812016-aff1-46a8-93ad-761031e24545 None None] DB_Driver: join new ServiceGroup member np0000008030 to the scheduler group, service = {{(pid=93592) join /opt/stack/nova/nova/servicegroup/drivers/db.py:44}}
Aug 24 23:10:46.125610 np0000008030 nova-scheduler[93590]: DEBUG oslo.service.backend._threading.loopingcall [-] Fixed interval looping call 'nova.servicegroup.drivers.db.DbDriver._report_state' sleeping for 119.98 seconds {{(pid=93590) _run_loop /opt/stack/data/venv/lib/python3.12/site-packages/oslo_service/backend/_threading/loopingcall.py:125}}
Aug 24 23:10:46.126855 np0000008030 nova-scheduler[93588]: DEBUG oslo.service.backend._threading.loopingcall [-] Fixed interval looping call 'nova.servicegroup.drivers.db.DbDriver._report_state' sleeping for 119.98 seconds {{(pid=93588) _run_loop /opt/stack/data/venv/lib/python3.12/site-packages/oslo_service/backend/_threading/loopingcall.py:125}}
Aug 24 23:10:46.127262 np0000008030 nova-scheduler[93592]: DEBUG oslo.service.backend._threading.loopingcall [-] Fixed interval looping call 'nova.servicegroup.drivers.db.DbDriver._report_state' sleeping for 119.98 seconds {{(pid=93592) _run_loop /opt/stack/data/venv/lib/python3.12/site-packages/oslo_service/backend/_threading/loopingcall.py:125}}
Aug 24 23:10:49.685376 np0000008030 nova-scheduler[92378]: DEBUG dbcounter [-] [92378] Writing DB stats nova_api:SELECT=3 {{(pid=92378) stat_writer /opt/stack/data/venv/lib/python3.12/site-packages/dbcounter.py:115}}
Aug 24 23:10:49.819410 np0000008030 nova-scheduler[92378]: DEBUG dbcounter [-] [92378] Writing DB stats nova_cell1:SELECT=1 {{(pid=92378) stat_writer /opt/stack/data/venv/lib/python3.12/site-packages/dbcounter.py:115}}
Aug 24 23:10:49.822099 np0000008030 nova-scheduler[92378]: DEBUG dbcounter [-] [92378] Writing DB stats nova_cell0:SELECT=1 {{(pid=92378) stat_writer /opt/stack/data/venv/lib/python3.12/site-packages/dbcounter.py:115}}
Aug 24 23:10:56.115337 np0000008030 nova-scheduler[93590]: DEBUG dbcounter [-] [93590] Writing DB stats nova_cell0:SELECT=4,nova_cell0:INSERT=1,nova_cell0:UPDATE=1 {{(pid=93590) stat_writer /opt/stack/data/venv/lib/python3.12/site-packages/dbcounter.py:115}}
Aug 24 23:10:56.119389 np0000008030 nova-scheduler[93588]: DEBUG dbcounter [-] [93588] Writing DB stats nova_cell0:SELECT=3,nova_cell0:UPDATE=1 {{(pid=93588) stat_writer /opt/stack/data/venv/lib/python3.12/site-packages/dbcounter.py:115}}
Aug 24 23:10:56.122619 np0000008030 nova-scheduler[93592]: DEBUG dbcounter [-] [93592] Writing DB stats nova_cell0:SELECT=3,nova_cell0:UPDATE=1 {{(pid=93592) stat_writer /opt/stack/data/venv/lib/python3.12/site-packages/dbcounter.py:115}}
Aug 24 23:11:03.107434 np0000008030 nova-scheduler[93588]: DEBUG oslo.service.backend._threading.loopingcall [None req-703921dc-ea52-483d-a40a-bed115d15e36 None None] Dynamic interval looping call 'nova.service.Service.periodic_tasks' sleeping for 60.00 seconds {{(pid=93588) _run_loop /opt/stack/data/venv/lib/python3.12/site-packages/oslo_service/backend/_threading/loopingcall.py:125}}
Aug 24 23:11:26.106277 np0000008030 nova-scheduler[93590]: DEBUG oslo.service.backend._threading.loopingcall [None req-580ba523-cd46-4310-9155-40bd16bd82f5 None None] Dynamic interval looping call 'nova.service.Service.periodic_tasks' sleeping for 60.00 seconds {{(pid=93590) _run_loop /opt/stack/data/venv/lib/python3.12/site-packages/oslo_service/backend/_threading/loopingcall.py:125}}
Aug 24 23:11:38.106897 np0000008030 nova-scheduler[93592]: DEBUG oslo.service.backend._threading.loopingcall [None req-a5663449-e233-4f92-af4b-167b0e0b42f5 None None] Dynamic interval looping call 'nova.service.Service.periodic_tasks' sleeping for 60.00 seconds {{(pid=93592) _run_loop /opt/stack/data/venv/lib/python3.12/site-packages/oslo_service/backend/_threading/loopingcall.py:125}}
Aug 24 23:12:03.107871 np0000008030 nova-scheduler[93588]: DEBUG oslo.service.backend._threading.loopingcall [None req-703921dc-ea52-483d-a40a-bed115d15e36 None None] Dynamic interval looping call 'nova.service.Service.periodic_tasks' sleeping for 60.00 seconds {{(pid=93588) _run_loop /opt/stack/data/venv/lib/python3.12/site-packages/oslo_service/backend/_threading/loopingcall.py:125}}
Aug 24 23:12:26.106779 np0000008030 nova-scheduler[93590]: DEBUG oslo.service.backend._threading.loopingcall [None req-580ba523-cd46-4310-9155-40bd16bd82f5 None None] Dynamic interval looping call 'nova.service.Service.periodic_tasks' sleeping for 60.00 seconds {{(pid=93590) _run_loop /opt/stack/data/venv/lib/python3.12/site-packages/oslo_service/backend/_threading/loopingcall.py:125}}
Aug 24 23:12:38.107472 np0000008030 nova-scheduler[93592]: DEBUG oslo.service.backend._threading.loopingcall [None req-a5663449-e233-4f92-af4b-167b0e0b42f5 None None] Dynamic interval looping call 'nova.service.Service.periodic_tasks' sleeping for 60.00 seconds {{(pid=93592) _run_loop /opt/stack/data/venv/lib/python3.12/site-packages/oslo_service/backend/_threading/loopingcall.py:125}}
Aug 24 23:12:46.114811 np0000008030 nova-scheduler[93590]: DEBUG oslo.service.backend._threading.loopingcall [-] Fixed interval looping call 'nova.servicegroup.drivers.db.DbDriver._report_state' sleeping for 119.99 seconds {{(pid=93590) _run_loop /opt/stack/data/venv/lib/python3.12/site-packages/oslo_service/backend/_threading/loopingcall.py:125}}
Aug 24 23:12:46.115882 np0000008030 nova-scheduler[93592]: DEBUG oslo.service.backend._threading.loopingcall [-] Fixed interval looping call 'nova.servicegroup.drivers.db.DbDriver._report_state' sleeping for 119.99 seconds {{(pid=93592) _run_loop /opt/stack/data/venv/lib/python3.12/site-packages/oslo_service/backend/_threading/loopingcall.py:125}}
Aug 24 23:12:46.116174 np0000008030 nova-scheduler[93588]: DEBUG oslo.service.backend._threading.loopingcall [-] Fixed interval looping call 'nova.servicegroup.drivers.db.DbDriver._report_state' sleeping for 119.99 seconds {{(pid=93588) _run_loop /opt/stack/data/venv/lib/python3.12/site-packages/oslo_service/backend/_threading/loopingcall.py:125}}
Aug 24 23:12:56.109787 np0000008030 nova-scheduler[93590]: DEBUG dbcounter [-] [93590] Writing DB stats nova_cell0:SELECT=1,nova_cell0:UPDATE=1 {{(pid=93590) stat_writer /opt/stack/data/venv/lib/python3.12/site-packages/dbcounter.py:115}}
Aug 24 23:12:56.110886 np0000008030 nova-scheduler[93588]: DEBUG dbcounter [-] [93588] Writing DB stats nova_cell0:SELECT=1,nova_cell0:UPDATE=1 {{(pid=93588) stat_writer /opt/stack/data/venv/lib/python3.12/site-packages/dbcounter.py:115}}
Aug 24 23:12:56.111803 np0000008030 nova-scheduler[93592]: DEBUG dbcounter [-] [93592] Writing DB stats nova_cell0:SELECT=1,nova_cell0:UPDATE=1 {{(pid=93592) stat_writer /opt/stack/data/venv/lib/python3.12/site-packages/dbcounter.py:115}}
Aug 24 23:13:03.108440 np0000008030 nova-scheduler[93588]: DEBUG oslo.service.backend._threading.loopingcall [None req-703921dc-ea52-483d-a40a-bed115d15e36 None None] Dynamic interval looping call 'nova.service.Service.periodic_tasks' sleeping for 60.00 seconds {{(pid=93588) _run_loop /opt/stack/data/venv/lib/python3.12/site-packages/oslo_service/backend/_threading/loopingcall.py:125}}
Aug 24 23:13:13.273559 np0000008030 nova-scheduler[93590]: DEBUG nova.scheduler.manager [None req-47ea61d1-5a85-4cf0-b7ef-f345f961e408 tempest-DeleteServersTestJSON-1393632513 tempest-DeleteServersTestJSON-1393632513-project-member] Starting to schedule for instances: ['bee2f3c3-4d20-428b-8c70-c9e39d18f50e'] {{(pid=93590) select_destinations /opt/stack/nova/nova/scheduler/manager.py:197}}
Aug 24 23:13:13.274047 np0000008030 nova-scheduler[93590]: DEBUG nova.scheduler.request_filter [None req-47ea61d1-5a85-4cf0-b7ef-f345f961e408 tempest-DeleteServersTestJSON-1393632513 tempest-DeleteServersTestJSON-1393632513-project-member] compute_status_filter request filter added forbidden trait COMPUTE_STATUS_DISABLED {{(pid=93590) compute_status_filter /opt/stack/nova/nova/scheduler/request_filter.py:258}}
Aug 24 23:13:13.274214 np0000008030 nova-scheduler[93590]: DEBUG nova.scheduler.request_filter [None req-47ea61d1-5a85-4cf0-b7ef-f345f961e408 tempest-DeleteServersTestJSON-1393632513 tempest-DeleteServersTestJSON-1393632513-project-member] Request filter 'compute_status_filter' took 0.0 seconds {{(pid=93590) wrapper /opt/stack/nova/nova/scheduler/request_filter.py:51}}
Aug 24 23:13:13.274459 np0000008030 nova-scheduler[93590]: DEBUG nova.scheduler.request_filter [None req-47ea61d1-5a85-4cf0-b7ef-f345f961e408 tempest-DeleteServersTestJSON-1393632513 tempest-DeleteServersTestJSON-1393632513-project-member] Request filter 'accelerators_filter' took 0.0 seconds {{(pid=93590) wrapper /opt/stack/nova/nova/scheduler/request_filter.py:51}}
Aug 24 23:13:13.274673 np0000008030 nova-scheduler[93590]: DEBUG nova.scheduler.request_filter [None req-47ea61d1-5a85-4cf0-b7ef-f345f961e408 tempest-DeleteServersTestJSON-1393632513 tempest-DeleteServersTestJSON-1393632513-project-member] Request filter 'packed_virtqueue_filter' took 0.0 seconds {{(pid=93590) wrapper /opt/stack/nova/nova/scheduler/request_filter.py:51}}
Aug 24 23:13:13.274976 np0000008030 nova-scheduler[93590]: DEBUG nova.scheduler.request_filter [None req-47ea61d1-5a85-4cf0-b7ef-f345f961e408 tempest-DeleteServersTestJSON-1393632513 tempest-DeleteServersTestJSON-1393632513-project-member] Request filter 'remote_managed_ports_filter' took 0.0 seconds {{(pid=93590) wrapper /opt/stack/nova/nova/scheduler/request_filter.py:51}}
Aug 24 23:13:13.275129 np0000008030 nova-scheduler[93590]: DEBUG nova.scheduler.request_filter [None req-47ea61d1-5a85-4cf0-b7ef-f345f961e408 tempest-DeleteServersTestJSON-1393632513 tempest-DeleteServersTestJSON-1393632513-project-member] ephemeral_encryption_filter skipped {{(pid=93590) ephemeral_encryption_filter /opt/stack/nova/nova/scheduler/request_filter.py:431}}
Aug 24 23:13:13.275262 np0000008030 nova-scheduler[93590]: DEBUG nova.scheduler.request_filter [None req-47ea61d1-5a85-4cf0-b7ef-f345f961e408 tempest-DeleteServersTestJSON-1393632513 tempest-DeleteServersTestJSON-1393632513-project-member] virtio_sound_filter skipped {{(pid=93590) virtio_sound_filter /opt/stack/nova/nova/scheduler/request_filter.py:465}}
Aug 24 23:13:13.275402 np0000008030 nova-scheduler[93590]: DEBUG nova.scheduler.request_filter [None req-47ea61d1-5a85-4cf0-b7ef-f345f961e408 tempest-DeleteServersTestJSON-1393632513 tempest-DeleteServersTestJSON-1393632513-project-member] tpm_secret_security_filter skipped {{(pid=93590) tpm_secret_security_filter /opt/stack/nova/nova/scheduler/request_filter.py:482}}
Aug 24 23:13:13.275857 np0000008030 nova-scheduler[93590]: DEBUG oslo_concurrency.lockutils [None req-47ea61d1-5a85-4cf0-b7ef-f345f961e408 tempest-DeleteServersTestJSON-1393632513 tempest-DeleteServersTestJSON-1393632513-project-member] Acquiring lock "00000000-0000-0000-0000-000000000000" by "nova.context.set_target_cell..get_or_set_cached_cell_and_set_connections" {{(pid=93590) inner /opt/stack/data/venv/lib/python3.12/site-packages/oslo_concurrency/lockutils.py:512}}
Aug 24 23:13:13.278699 np0000008030 nova-scheduler[93590]: DEBUG oslo_concurrency.lockutils [None req-47ea61d1-5a85-4cf0-b7ef-f345f961e408 tempest-DeleteServersTestJSON-1393632513 tempest-DeleteServersTestJSON-1393632513-project-member] Lock "00000000-0000-0000-0000-000000000000" acquired by "nova.context.set_target_cell..get_or_set_cached_cell_and_set_connections" :: waited 0.000s {{(pid=93590) inner /opt/stack/data/venv/lib/python3.12/site-packages/oslo_concurrency/lockutils.py:525}}
Aug 24 23:13:13.278699 np0000008030 nova-scheduler[93590]: DEBUG oslo_concurrency.lockutils [None req-47ea61d1-5a85-4cf0-b7ef-f345f961e408 tempest-DeleteServersTestJSON-1393632513 tempest-DeleteServersTestJSON-1393632513-project-member] Lock "00000000-0000-0000-0000-000000000000" "released" by "nova.context.set_target_cell..get_or_set_cached_cell_and_set_connections" :: held 0.001s {{(pid=93590) inner /opt/stack/data/venv/lib/python3.12/site-packages/oslo_concurrency/lockutils.py:544}}
Aug 24 23:13:13.278699 np0000008030 nova-scheduler[93590]: INFO nova.thread_pool_factory [None req-47ea61d1-5a85-4cf0-b7ef-f345f961e408 tempest-DeleteServersTestJSON-1393632513 tempest-DeleteServersTestJSON-1393632513-project-member] The cell_worker thread pool ForkProcess-2.cell_worker is initialized
Aug 24 23:13:13.278699 np0000008030 nova-scheduler[93590]: DEBUG oslo_concurrency.lockutils [None req-47ea61d1-5a85-4cf0-b7ef-f345f961e408 tempest-DeleteServersTestJSON-1393632513 tempest-DeleteServersTestJSON-1393632513-project-member] Acquiring lock "a616f746-da59-45f0-bd15-bfd04516d24f" by "nova.context.set_target_cell..get_or_set_cached_cell_and_set_connections" {{(pid=93590) inner /opt/stack/data/venv/lib/python3.12/site-packages/oslo_concurrency/lockutils.py:512}}
Aug 24 23:13:13.278937 np0000008030 nova-scheduler[93590]: DEBUG oslo_concurrency.lockutils [None req-47ea61d1-5a85-4cf0-b7ef-f345f961e408 tempest-DeleteServersTestJSON-1393632513 tempest-DeleteServersTestJSON-1393632513-project-member] Lock "a616f746-da59-45f0-bd15-bfd04516d24f" acquired by "nova.context.set_target_cell..get_or_set_cached_cell_and_set_connections" :: waited 0.000s {{(pid=93590) inner /opt/stack/data/venv/lib/python3.12/site-packages/oslo_concurrency/lockutils.py:525}}
Aug 24 23:13:13.279271 np0000008030 nova-scheduler[93590]: DEBUG oslo_concurrency.lockutils [None req-47ea61d1-5a85-4cf0-b7ef-f345f961e408 tempest-DeleteServersTestJSON-1393632513 tempest-DeleteServersTestJSON-1393632513-project-member] Lock "a616f746-da59-45f0-bd15-bfd04516d24f" "released" by "nova.context.set_target_cell..get_or_set_cached_cell_and_set_connections" :: held 0.001s {{(pid=93590) inner /opt/stack/data/venv/lib/python3.12/site-packages/oslo_concurrency/lockutils.py:544}}
Aug 24 23:13:13.283001 np0000008030 nova-scheduler[93590]: INFO dbcounter [None req-47ea61d1-5a85-4cf0-b7ef-f345f961e408 tempest-DeleteServersTestJSON-1393632513 tempest-DeleteServersTestJSON-1393632513-project-member] Registered counter for database nova_cell0
Aug 24 23:13:13.287102 np0000008030 nova-scheduler[93590]: INFO dbcounter [None req-47ea61d1-5a85-4cf0-b7ef-f345f961e408 tempest-DeleteServersTestJSON-1393632513 tempest-DeleteServersTestJSON-1393632513-project-member] Registered counter for database nova_cell1
Aug 24 23:13:13.334505 np0000008030 nova-scheduler[93590]: DEBUG oslo_db.sqlalchemy.engines [None req-47ea61d1-5a85-4cf0-b7ef-f345f961e408 tempest-DeleteServersTestJSON-1393632513 tempest-DeleteServersTestJSON-1393632513-project-member] MySQL server mode set to STRICT_TRANS_TABLES,STRICT_ALL_TABLES,NO_ZERO_IN_DATE,NO_ZERO_DATE,ERROR_FOR_DIVISION_BY_ZERO,TRADITIONAL,NO_ENGINE_SUBSTITUTION {{(pid=93590) _check_effective_sql_mode /opt/stack/data/venv/lib/python3.12/site-packages/oslo_db/sqlalchemy/engines.py:325}}
Aug 24 23:13:13.339918 np0000008030 nova-scheduler[93590]: DEBUG dbcounter [-] [93590] Writer thread running {{(pid=93590) stat_writer /opt/stack/data/venv/lib/python3.12/site-packages/dbcounter.py:102}}
Aug 24 23:13:13.345904 np0000008030 nova-scheduler[93590]: DEBUG oslo_db.sqlalchemy.engines [None req-47ea61d1-5a85-4cf0-b7ef-f345f961e408 tempest-DeleteServersTestJSON-1393632513 tempest-DeleteServersTestJSON-1393632513-project-member] MySQL server mode set to STRICT_TRANS_TABLES,STRICT_ALL_TABLES,NO_ZERO_IN_DATE,NO_ZERO_DATE,ERROR_FOR_DIVISION_BY_ZERO,TRADITIONAL,NO_ENGINE_SUBSTITUTION {{(pid=93590) _check_effective_sql_mode /opt/stack/data/venv/lib/python3.12/site-packages/oslo_db/sqlalchemy/engines.py:325}}
Aug 24 23:13:13.350973 np0000008030 nova-scheduler[93590]: DEBUG dbcounter [-] [93590] Writer thread running {{(pid=93590) stat_writer /opt/stack/data/venv/lib/python3.12/site-packages/dbcounter.py:102}}
Aug 24 23:13:13.352683 np0000008030 nova-scheduler[93590]: DEBUG nova.scheduler.request_filter [None req-47ea61d1-5a85-4cf0-b7ef-f345f961e408 tempest-DeleteServersTestJSON-1393632513 tempest-DeleteServersTestJSON-1393632513-project-member] Added required trait OWNER_NOVA to root provider in request spec {{(pid=93590) owner_nova_filter /opt/stack/nova/nova/scheduler/request_filter.py:580}}
Aug 24 23:13:13.352841 np0000008030 nova-scheduler[93590]: DEBUG nova.scheduler.request_filter [None req-47ea61d1-5a85-4cf0-b7ef-f345f961e408 tempest-DeleteServersTestJSON-1393632513 tempest-DeleteServersTestJSON-1393632513-project-member] Request filter 'owner_nova_filter' took 0.1 seconds {{(pid=93590) wrapper /opt/stack/nova/nova/scheduler/request_filter.py:51}}
Aug 24 23:13:13.826743 np0000008030 nova-scheduler[93590]: DEBUG oslo_concurrency.lockutils [None req-47ea61d1-5a85-4cf0-b7ef-f345f961e408 tempest-DeleteServersTestJSON-1393632513 tempest-DeleteServersTestJSON-1393632513-project-member] Acquiring lock "a616f746-da59-45f0-bd15-bfd04516d24f" by "nova.context.set_target_cell..get_or_set_cached_cell_and_set_connections" {{(pid=93590) inner /opt/stack/data/venv/lib/python3.12/site-packages/oslo_concurrency/lockutils.py:512}}
Aug 24 23:13:13.826952 np0000008030 nova-scheduler[93590]: DEBUG oslo_concurrency.lockutils [None req-47ea61d1-5a85-4cf0-b7ef-f345f961e408 tempest-DeleteServersTestJSON-1393632513 tempest-DeleteServersTestJSON-1393632513-project-member] Lock "a616f746-da59-45f0-bd15-bfd04516d24f" acquired by "nova.context.set_target_cell..get_or_set_cached_cell_and_set_connections" :: waited 0.000s {{(pid=93590) inner /opt/stack/data/venv/lib/python3.12/site-packages/oslo_concurrency/lockutils.py:525}}
Aug 24 23:13:13.827089 np0000008030 nova-scheduler[93590]: DEBUG oslo_concurrency.lockutils [None req-47ea61d1-5a85-4cf0-b7ef-f345f961e408 tempest-DeleteServersTestJSON-1393632513 tempest-DeleteServersTestJSON-1393632513-project-member] Lock "a616f746-da59-45f0-bd15-bfd04516d24f" "released" by "nova.context.set_target_cell..get_or_set_cached_cell_and_set_connections" :: held 0.000s {{(pid=93590) inner /opt/stack/data/venv/lib/python3.12/site-packages/oslo_concurrency/lockutils.py:544}}
Aug 24 23:13:13.844071 np0000008030 nova-scheduler[93590]: DEBUG oslo_db.sqlalchemy.engines [None req-47ea61d1-5a85-4cf0-b7ef-f345f961e408 tempest-DeleteServersTestJSON-1393632513 tempest-DeleteServersTestJSON-1393632513-project-member] Parent process 92378 forked (93590) with an open database connection, which is being discarded and recreated. {{(pid=93590) checkout /opt/stack/data/venv/lib/python3.12/site-packages/oslo_db/sqlalchemy/engines.py:402}}
Aug 24 23:13:13.877869 np0000008030 nova-scheduler[93590]: DEBUG dbcounter [-] [93590] Writer thread running {{(pid=93590) stat_writer /opt/stack/data/venv/lib/python3.12/site-packages/dbcounter.py:102}}
Aug 24 23:13:13.880142 np0000008030 nova-scheduler[93590]: DEBUG oslo_concurrency.lockutils [None req-47ea61d1-5a85-4cf0-b7ef-f345f961e408 tempest-DeleteServersTestJSON-1393632513 tempest-DeleteServersTestJSON-1393632513-project-member] Acquiring lock "a616f746-da59-45f0-bd15-bfd04516d24f" by "nova.context.set_target_cell..get_or_set_cached_cell_and_set_connections" {{(pid=93590) inner /opt/stack/data/venv/lib/python3.12/site-packages/oslo_concurrency/lockutils.py:512}}
Aug 24 23:13:13.880293 np0000008030 nova-scheduler[93590]: DEBUG oslo_concurrency.lockutils [None req-47ea61d1-5a85-4cf0-b7ef-f345f961e408 tempest-DeleteServersTestJSON-1393632513 tempest-DeleteServersTestJSON-1393632513-project-member] Lock "a616f746-da59-45f0-bd15-bfd04516d24f" acquired by "nova.context.set_target_cell..get_or_set_cached_cell_and_set_connections" :: waited 0.000s {{(pid=93590) inner /opt/stack/data/venv/lib/python3.12/site-packages/oslo_concurrency/lockutils.py:525}}
Aug 24 23:13:13.880442 np0000008030 nova-scheduler[93590]: DEBUG oslo_concurrency.lockutils [None req-47ea61d1-5a85-4cf0-b7ef-f345f961e408 tempest-DeleteServersTestJSON-1393632513 tempest-DeleteServersTestJSON-1393632513-project-member] Lock "a616f746-da59-45f0-bd15-bfd04516d24f" "released" by "nova.context.set_target_cell..get_or_set_cached_cell_and_set_connections" :: held 0.000s {{(pid=93590) inner /opt/stack/data/venv/lib/python3.12/site-packages/oslo_concurrency/lockutils.py:544}}
Aug 24 23:13:13.883207 np0000008030 nova-scheduler[93590]: DEBUG oslo_concurrency.lockutils [None req-47ea61d1-5a85-4cf0-b7ef-f345f961e408 tempest-DeleteServersTestJSON-1393632513 tempest-DeleteServersTestJSON-1393632513-project-member] Acquiring lock "np0000008030-np0000008030" by "nova.scheduler.host_manager.HostState.update.._locked_update" {{(pid=93590) inner /opt/stack/data/venv/lib/python3.12/site-packages/oslo_concurrency/lockutils.py:512}}
Aug 24 23:13:13.883330 np0000008030 nova-scheduler[93590]: DEBUG oslo_concurrency.lockutils [None req-47ea61d1-5a85-4cf0-b7ef-f345f961e408 tempest-DeleteServersTestJSON-1393632513 tempest-DeleteServersTestJSON-1393632513-project-member] Lock "np0000008030-np0000008030" acquired by "nova.scheduler.host_manager.HostState.update.._locked_update" :: waited 0.000s {{(pid=93590) inner /opt/stack/data/venv/lib/python3.12/site-packages/oslo_concurrency/lockutils.py:525}}
Aug 24 23:13:13.884267 np0000008030 nova-scheduler[93590]: DEBUG nova.scheduler.host_manager [None req-47ea61d1-5a85-4cf0-b7ef-f345f961e408 tempest-DeleteServersTestJSON-1393632513 tempest-DeleteServersTestJSON-1393632513-project-member] Update host state from compute node: ComputeNode(cpu_allocation_ratio=4.0,cpu_info='{"arch": "x86_64", "model": "EPYC-Milan", "vendor": "AMD", "topology": {"cells": 1, "sockets": 16, "cores": 1, "threads": 1}, "maxphysaddr": {"mode": "emulate", "bits": 40}, "features": ["sse2", "abm", "sse4a", "adx", "x2apic", "mmx", "de", "pku", "clzero", "ssbd", "erms", "spec-ctrl", "stibp", "apic", "3dnowprefetch", "pat", "stibp-always-on", "v-vmsave-vmload", "mmxext", "vme", "fma", "rdpid", "flushbyasid", "rdrand", "fsrm", "fxsr_opt", "aes", "ibpb", "pse", "amd-ssbd", "lbrv", "cr8legacy", "lahf_lm", "pse36", "cmov", "arch-capabilities", "rdtscp", "tsc", "smap", "fsgsbase", "cx8", "sse", "topoext", "lm", "amd-stibp", "sse4.1", "gds-no", "avx", "mtrr", "avx2", "hypervisor", "invpcid", "xsaves", "vmcb-clean", "fxsr", "pause-filter", "svme-addr-chk", "xsaveerptr", "clflush", "cx16", "mce", "vpclmulqdq", "pcid", "ibrs", "rdctl-no", "wbnoinvd", "sse4.2", "npt", "pge", "clwb", "msr", "clflushopt", "pfthreshold", "bmi1", "arat", "misalignsse", "nx", "popcnt", "f16c", "tsc_adjust", "ssse3", "smep", "virt-ssbd", "mds-no", "cmp_legacy", "pschange-mc-no", "fpu", "movbe", "pdpe1gb", "vaes", "pclmuldq", "sha-ni", "xsavec", "null-sel-clr-base", "vgif", "tsc-deadline", "xsaveopt", "sep", "skip-l1dfl-vmentry", "nrip-save", "mca", "bmi2", "pae", "syscall", "perfctr_core", "no-nested-data-bp", "xgetbv1", "svm", "umip", "amd-psfd", "tsc-scale", "pni", "rdseed", "lfence-always-serializing", "xsave", "osvw"]}',created_at=2026-08-24T23:11:03Z,current_workload=0,deleted=False,deleted_at=None,disk_allocation_ratio=1.0,disk_available_least=73,free_disk_gb=95,free_ram_mb=62765,host='np0000008030',host_ip=10.4.3.90,hypervisor_hostname='np0000008030',hypervisor_type='QEMU',hypervisor_version=8002002,id=1,local_gb=95,local_gb_used=0,mapped=1,memory_mb=63277,memory_mb_used=512,metrics='[]',numa_topology='{"nova_object.name": "NUMATopology", "nova_object.namespace": "nova", "nova_object.version": "1.2", "nova_object.data": {"cells": [{"nova_object.name": "NUMACell", "nova_object.namespace": "nova", "nova_object.version": "1.5", "nova_object.data": {"id": 0, "cpuset": [0, 1, 2, 3, 4, 5, 6, 7, 8, 9, 10, 11, 12, 13, 14, 15], "pcpuset": [0, 1, 2, 3, 4, 5, 6, 7, 8, 9, 10, 11, 12, 13, 14, 15], "memory": 63277, "cpu_usage": 0, "memory_usage": 0, "pinned_cpus": [], "siblings": [[6], [12], [2], [15], [5], [11], [8], [14], [4], [1], [7], [10], [0], [13], [3], [9]], "mempages": [{"nova_object.name": "NUMAPagesTopology", "nova_object.namespace": "nova", "nova_object.version": "1.1", "nova_object.data": {"size_kb": 4, "total": 16177928, "used": 0, "reserved": 0}, "nova_object.changes": ["size_kb", "reserved", "total", "used"]}, {"nova_object.name": "NUMAPagesTopology", "nova_object.namespace": "nova", "nova_object.version": "1.1", "nova_object.data": {"size_kb": 2048, "total": 41, "used": 0, "reserved": 0}, "nova_object.changes": ["size_kb", "reserved", "total", "used"]}, {"nova_object.name": "NUMAPagesTopology", "nova_object.namespace": "nova", "nova_object.version": "1.1", "nova_object.data": {"size_kb": 1048576, "total": 0, "used": 0, "reserved": 0}, "nova_object.changes": ["size_kb", "reserved", "total", "used"]}], "network_metadata": {"nova_object.name": "NetworkMetadata", "nova_object.namespace": "nova", "nova_object.version": "1.0", "nova_object.data": {"physnets": [], "tunneled": false}, "nova_object.changes": ["physnets", "tunneled"]}, "socket": null}, "nova_object.changes": ["pcpuset", "socket", "mempages", "memory_usage", "siblings", "memory", "id", "pinned_cpus", "cpuset", "cpu_usage", "network_metadata"]}]}, "nova_object.changes": ["cells"]}',pci_device_pools=PciDevicePoolList,ram_allocation_ratio=1.0,running_vms=0,service_id=3,stats={failed_builds='0',uptime=' 23:12:49 up 14 min, 2 users, load average: 1.82, 1.55, 0.88
Aug 24 23:13:13.884267 np0000008030 nova-scheduler[93590]: '},supported_hv_specs=[HVSpec,HVSpec,HVSpec,HVSpec,HVSpec,HVSpec,HVSpec,HVSpec,HVSpec,HVSpec,HVSpec,HVSpec,HVSpec,HVSpec,HVSpec,HVSpec,HVSpec,HVSpec,HVSpec,HVSpec,HVSpec,HVSpec,HVSpec,HVSpec,HVSpec],updated_at=2026-08-24T23:12:49Z,uuid=9aa8d1c8-769c-489b-8d24-95d4d9ed0bb2,vcpus=16,vcpus_used=0) {{(pid=93590) _locked_update /opt/stack/nova/nova/scheduler/host_manager.py:169}}
Aug 24 23:13:13.884923 np0000008030 nova-scheduler[93590]: DEBUG nova.scheduler.host_manager [None req-47ea61d1-5a85-4cf0-b7ef-f345f961e408 tempest-DeleteServersTestJSON-1393632513 tempest-DeleteServersTestJSON-1393632513-project-member] Update host state with aggregates: [] {{(pid=93590) _locked_update /opt/stack/nova/nova/scheduler/host_manager.py:172}}
Aug 24 23:13:13.885026 np0000008030 nova-scheduler[93590]: DEBUG nova.scheduler.host_manager [None req-47ea61d1-5a85-4cf0-b7ef-f345f961e408 tempest-DeleteServersTestJSON-1393632513 tempest-DeleteServersTestJSON-1393632513-project-member] Update host state with service dict: {'id': 3, 'uuid': 'f3358cee-259b-4e2e-bb7f-882b63ef8667', 'host': 'np0000008030', 'binary': 'nova-compute', 'topic': 'compute', 'report_count': 2, 'disabled': False, 'disabled_reason': None, 'last_seen_up': datetime.datetime(2026, 8, 24, 23, 13, 9, tzinfo=datetime.timezone.utc), 'forced_down': False, 'version': 73, 'created_at': datetime.datetime(2026, 8, 24, 23, 11, 3, tzinfo=datetime.timezone.utc), 'updated_at': datetime.datetime(2026, 8, 24, 23, 13, 9, tzinfo=datetime.timezone.utc), 'deleted_at': None, 'deleted': False} {{(pid=93590) _locked_update /opt/stack/nova/nova/scheduler/host_manager.py:175}}
Aug 24 23:13:13.885136 np0000008030 nova-scheduler[93590]: DEBUG nova.scheduler.host_manager [None req-47ea61d1-5a85-4cf0-b7ef-f345f961e408 tempest-DeleteServersTestJSON-1393632513 tempest-DeleteServersTestJSON-1393632513-project-member] Update host state with instances: [] {{(pid=93590) _locked_update /opt/stack/nova/nova/scheduler/host_manager.py:178}}
Aug 24 23:13:13.885245 np0000008030 nova-scheduler[93590]: DEBUG oslo_concurrency.lockutils [None req-47ea61d1-5a85-4cf0-b7ef-f345f961e408 tempest-DeleteServersTestJSON-1393632513 tempest-DeleteServersTestJSON-1393632513-project-member] Lock "np0000008030-np0000008030" "released" by "nova.scheduler.host_manager.HostState.update.._locked_update" :: held 0.002s {{(pid=93590) inner /opt/stack/data/venv/lib/python3.12/site-packages/oslo_concurrency/lockutils.py:544}}
Aug 24 23:13:13.887616 np0000008030 nova-scheduler[93590]: DEBUG nova.filters [None req-47ea61d1-5a85-4cf0-b7ef-f345f961e408 tempest-DeleteServersTestJSON-1393632513 tempest-DeleteServersTestJSON-1393632513-project-member] Starting with 1 host(s) {{(pid=93590) get_filtered_objects /opt/stack/nova/nova/filters.py:70}}
Aug 24 23:13:13.887828 np0000008030 nova-scheduler[93590]: DEBUG nova.filters [None req-47ea61d1-5a85-4cf0-b7ef-f345f961e408 tempest-DeleteServersTestJSON-1393632513 tempest-DeleteServersTestJSON-1393632513-project-member] Filter ComputeFilter returned 1 host(s) {{(pid=93590) get_filtered_objects /opt/stack/nova/nova/filters.py:102}}
Aug 24 23:13:13.887985 np0000008030 nova-scheduler[93590]: DEBUG nova.filters [None req-47ea61d1-5a85-4cf0-b7ef-f345f961e408 tempest-DeleteServersTestJSON-1393632513 tempest-DeleteServersTestJSON-1393632513-project-member] Filter ComputeCapabilitiesFilter returned 1 host(s) {{(pid=93590) get_filtered_objects /opt/stack/nova/nova/filters.py:102}}
Aug 24 23:13:13.888194 np0000008030 nova-scheduler[93590]: DEBUG nova.filters [None req-47ea61d1-5a85-4cf0-b7ef-f345f961e408 tempest-DeleteServersTestJSON-1393632513 tempest-DeleteServersTestJSON-1393632513-project-member] Filter ImagePropertiesFilter returned 1 host(s) {{(pid=93590) get_filtered_objects /opt/stack/nova/nova/filters.py:102}}
Aug 24 23:13:13.888331 np0000008030 nova-scheduler[93590]: DEBUG nova.filters [None req-47ea61d1-5a85-4cf0-b7ef-f345f961e408 tempest-DeleteServersTestJSON-1393632513 tempest-DeleteServersTestJSON-1393632513-project-member] Filter ServerGroupAntiAffinityFilter returned 1 host(s) {{(pid=93590) get_filtered_objects /opt/stack/nova/nova/filters.py:102}}
Aug 24 23:13:13.888464 np0000008030 nova-scheduler[93590]: DEBUG nova.filters [None req-47ea61d1-5a85-4cf0-b7ef-f345f961e408 tempest-DeleteServersTestJSON-1393632513 tempest-DeleteServersTestJSON-1393632513-project-member] Filter ServerGroupAffinityFilter returned 1 host(s) {{(pid=93590) get_filtered_objects /opt/stack/nova/nova/filters.py:102}}
Aug 24 23:13:13.888601 np0000008030 nova-scheduler[93590]: DEBUG nova.filters [None req-47ea61d1-5a85-4cf0-b7ef-f345f961e408 tempest-DeleteServersTestJSON-1393632513 tempest-DeleteServersTestJSON-1393632513-project-member] Filter SameHostFilter returned 1 host(s) {{(pid=93590) get_filtered_objects /opt/stack/nova/nova/filters.py:102}}
Aug 24 23:13:13.888701 np0000008030 nova-scheduler[93590]: DEBUG nova.filters [None req-47ea61d1-5a85-4cf0-b7ef-f345f961e408 tempest-DeleteServersTestJSON-1393632513 tempest-DeleteServersTestJSON-1393632513-project-member] Filter DifferentHostFilter returned 1 host(s) {{(pid=93590) get_filtered_objects /opt/stack/nova/nova/filters.py:102}}
Aug 24 23:13:13.888816 np0000008030 nova-scheduler[93590]: DEBUG nova.scheduler.manager [None req-47ea61d1-5a85-4cf0-b7ef-f345f961e408 tempest-DeleteServersTestJSON-1393632513 tempest-DeleteServersTestJSON-1393632513-project-member] Filtered [(np0000008030, np0000008030) ram: 62765MB disk: 74752MB io_ops: 0 instances: 0, allocation_candidates: 1] {{(pid=93590) _get_sorted_hosts /opt/stack/nova/nova/scheduler/manager.py:730}}
Aug 24 23:13:13.888990 np0000008030 nova-scheduler[93590]: DEBUG nova.scheduler.manager [None req-47ea61d1-5a85-4cf0-b7ef-f345f961e408 tempest-DeleteServersTestJSON-1393632513 tempest-DeleteServersTestJSON-1393632513-project-member] Weighed [WeighedHost [host: (np0000008030, np0000008030) ram: 62765MB disk: 74752MB io_ops: 0 instances: 0, allocation_candidates: 1, weight: 0.0]] {{(pid=93590) _get_sorted_hosts /opt/stack/nova/nova/scheduler/manager.py:752}}
Aug 24 23:13:13.889147 np0000008030 nova-scheduler[93590]: DEBUG nova.scheduler.utils [None req-47ea61d1-5a85-4cf0-b7ef-f345f961e408 tempest-DeleteServersTestJSON-1393632513 tempest-DeleteServersTestJSON-1393632513-project-member] Attempting to claim resources in the placement API for instance bee2f3c3-4d20-428b-8c70-c9e39d18f50e {{(pid=93590) claim_resources /opt/stack/nova/nova/scheduler/utils.py:1345}}
