Aug 25 16:11:33.454258 np0000008090 devstack@c-api.service[97105]: DEBUG cinder.volume.api [None req-787f6ecb-dcf6-42ac-aaf9-671cabeccd00 tempest-TaggedAttachmentsTest-829475737 tempest-TaggedAttachmentsTest-829475737-project-member] Flow 'volume_create_api' (6a75de1d-0620-4436-a1a5-a4a82ad94b85) transitioned into state 'RUNNING' from state 'PENDING' {{(pid=97105) _flow_receiver /opt/stack/data/venv/lib/python3.12/site-packages/taskflow/listeners/logging.py:160}}
Aug 25 16:11:33.455959 np0000008090 devstack@c-api.service[97105]: DEBUG cinder.volume.api [None req-787f6ecb-dcf6-42ac-aaf9-671cabeccd00 tempest-TaggedAttachmentsTest-829475737 tempest-TaggedAttachmentsTest-829475737-project-member] Task 'cinder.volume.flows.api.create_volume.ExtractVolumeRequestTask;volume:create' (8512c9e0-602d-4b7d-8685-047863c3f317) transitioned into state 'RUNNING' from state 'PENDING' {{(pid=97105) _task_receiver /opt/stack/data/venv/lib/python3.12/site-packages/taskflow/listeners/logging.py:242}}
Aug 25 16:11:33.457687 np0000008090 devstack@c-api.service[97105]: DEBUG cinder.volume.flows.api.create_volume [None req-787f6ecb-dcf6-42ac-aaf9-671cabeccd00 tempest-TaggedAttachmentsTest-829475737 tempest-TaggedAttachmentsTest-829475737-project-member] Validating volume size '1' using validate_int {{(pid=97105) _extract_size /opt/stack/cinder/cinder/volume/flows/api/create_volume.py:226}}
Aug 25 16:11:33.466559 np0000008090 devstack@c-api.service[97106]: DEBUG cinder.volume.api [None req-91af0930-a722-4885-b443-ffe3b604ad21 tempest-VolumesExtendAttachedTest-1359185743 tempest-VolumesExtendAttachedTest-1359185743-project-member] Task 'cinder.volume.flows.api.create_volume.EntryCreateTask;volume:create' (2884fcaf-6dc0-487f-ac23-e153760d8703) transitioned into state 'SUCCESS' from state 'RUNNING' with result '{'volume_id': '147dbe28-584c-48c2-81ca-739eb10873c4', 'volume_properties': VolumeProperties(attach_status='detached',availability_zone='nova',cgsnapshot_id=None,consistencygroup_id=None,display_description=None,display_name='tempest-VolumesExtendAttachedTest-Volume-1219440688',encryption_key_id=None,group_id=None,group_type_id=,metadata={},multiattach=False,project_id='20dc8e1a864747fba510124fcf63ed16',qos_specs=None,replication_status=,reservations=['ea0ba2ef-0a3e-47a9-82f4-103339bde706','8c24669b-5b1f-4815-b4e8-31f09e0a8da8','126dd299-792e-4d18-b48c-ec2b64c59832','dfe33620-7059-46e4-b8ff-5b90e4497288'],size=1,snapshot_id=None,source_replicaid=,source_volid=None,status='creating',user_id='53a079a69a5f4cfc8c16723c6234cd73',volume_type_id=0316634c-9d87-408d-9684-dc6c265a09ff), 'volume': Volume(_name_id=None,admin_metadata=,attach_status='detached',availability_zone='nova',bootable=False,cluster=,cluster_name=None,consistencygroup=,consistencygroup_id=None,created_at=2026-08-25T16:11:33Z,deleted=False,deleted_at=None,display_description=None,display_name='tempest-VolumesExtendAttachedTest-Volume-1219440688',ec2_id=None,encryption_key_id=None,glance_metadata=,group=,group_id=None,host=None,id=147dbe28-584c-48c2-81ca-739eb10873c4,launched_at=None,metadata={},migration_status=None,multiattach=False,previous_status=None,project_id='20dc8e1a864747fba510124fcf63ed16',provider_auth=None,provider_geometry=None,provider_id=None,provider_location=None,replication_driver_data=None,replication_extended_status=None,replication_status=None,scheduled_at=None,service_uuid=None,shared_targets=True,size=1,snapshot_id=None,snapshots=,source_volid=None,status='creating',terminated_at=None,updated_at=None,use_quota=True,user_id='53a079a69a5f4cfc8c16723c6234cd73',volume_attachment=VolumeAttachmentList,volume_type=VolumeType(0316634c-9d87-408d-9684-dc6c265a09ff),volume_type_id=0316634c-9d87-408d-9684-dc6c265a09ff)}' {{(pid=97106) _task_receiver /opt/stack/data/venv/lib/python3.12/site-packages/taskflow/listeners/logging.py:218}}
Aug 25 16:11:33.468088 np0000008090 devstack@c-api.service[97106]: DEBUG cinder.volume.api [None req-91af0930-a722-4885-b443-ffe3b604ad21 tempest-VolumesExtendAttachedTest-1359185743 tempest-VolumesExtendAttachedTest-1359185743-project-member] Task 'cinder.volume.flows.api.create_volume.QuotaCommitTask;volume:create' (91b626dd-fe0e-46f3-b0a1-9701a2623bd5) transitioned into state 'RUNNING' from state 'PENDING' {{(pid=97106) _task_receiver /opt/stack/data/venv/lib/python3.12/site-packages/taskflow/listeners/logging.py:242}}
Aug 25 16:11:33.492029 np0000008090 devstack@c-api.service[97106]: DEBUG cinder.volume.api [None req-91af0930-a722-4885-b443-ffe3b604ad21 tempest-VolumesExtendAttachedTest-1359185743 tempest-VolumesExtendAttachedTest-1359185743-project-member] Task 'cinder.volume.flows.api.create_volume.QuotaCommitTask;volume:create' (91b626dd-fe0e-46f3-b0a1-9701a2623bd5) transitioned into state 'SUCCESS' from state 'RUNNING' with result '{'volume_properties': VolumeProperties(attach_status='detached',availability_zone='nova',cgsnapshot_id=None,consistencygroup_id=None,display_description=None,display_name='tempest-VolumesExtendAttachedTest-Volume-1219440688',encryption_key_id=None,group_id=None,group_type_id=,metadata={},multiattach=False,project_id='20dc8e1a864747fba510124fcf63ed16',qos_specs=None,replication_status=,reservations=['ea0ba2ef-0a3e-47a9-82f4-103339bde706','8c24669b-5b1f-4815-b4e8-31f09e0a8da8','126dd299-792e-4d18-b48c-ec2b64c59832','dfe33620-7059-46e4-b8ff-5b90e4497288'],size=1,snapshot_id=None,source_replicaid=,source_volid=None,status='creating',user_id='53a079a69a5f4cfc8c16723c6234cd73',volume_type_id=0316634c-9d87-408d-9684-dc6c265a09ff)}' {{(pid=97106) _task_receiver /opt/stack/data/venv/lib/python3.12/site-packages/taskflow/listeners/logging.py:218}}
Aug 25 16:11:33.492743 np0000008090 devstack@c-api.service[97106]: DEBUG cinder.volume.api [None req-91af0930-a722-4885-b443-ffe3b604ad21 tempest-VolumesExtendAttachedTest-1359185743 tempest-VolumesExtendAttachedTest-1359185743-project-member] Task 'cinder.volume.flows.api.create_volume.VolumeCastTask;volume:create' (4016e791-7d74-4dbd-b963-fdcc2e1967d3) transitioned into state 'RUNNING' from state 'PENDING' {{(pid=97106) _task_receiver /opt/stack/data/venv/lib/python3.12/site-packages/taskflow/listeners/logging.py:242}}
Aug 25 16:11:33.507433 np0000008090 devstack@c-api.service[97106]: DEBUG cinder.volume.api [None req-91af0930-a722-4885-b443-ffe3b604ad21 tempest-VolumesExtendAttachedTest-1359185743 tempest-VolumesExtendAttachedTest-1359185743-project-member] Task 'cinder.volume.flows.api.create_volume.VolumeCastTask;volume:create' (4016e791-7d74-4dbd-b963-fdcc2e1967d3) transitioned into state 'SUCCESS' from state 'RUNNING' with result 'None' {{(pid=97106) _task_receiver /opt/stack/data/venv/lib/python3.12/site-packages/taskflow/listeners/logging.py:218}}
Aug 25 16:11:33.508664 np0000008090 devstack@c-api.service[97106]: DEBUG cinder.volume.api [None req-91af0930-a722-4885-b443-ffe3b604ad21 tempest-VolumesExtendAttachedTest-1359185743 tempest-VolumesExtendAttachedTest-1359185743-project-member] Flow 'volume_create_api' (783b4359-d9c1-4255-9de8-0b6b7938c894) transitioned into state 'SUCCESS' from state 'RUNNING' {{(pid=97106) _flow_receiver /opt/stack/data/venv/lib/python3.12/site-packages/taskflow/listeners/logging.py:160}}
Aug 25 16:11:33.509110 np0000008090 devstack@c-api.service[97106]: INFO cinder.volume.api [None req-91af0930-a722-4885-b443-ffe3b604ad21 tempest-VolumesExtendAttachedTest-1359185743 tempest-VolumesExtendAttachedTest-1359185743-project-member] Create volume request issued successfully.
Aug 25 16:11:33.510720 np0000008090 devstack@c-api.service[97106]: INFO cinder.api.openstack.wsgi [None req-91af0930-a722-4885-b443-ffe3b604ad21 tempest-VolumesExtendAttachedTest-1359185743 tempest-VolumesExtendAttachedTest-1359185743-project-member] https://10.4.3.18/volume/v3/volumes returned with HTTP 202
Aug 25 16:11:33.514743 np0000008090 devstack@c-api.service[97105]: DEBUG cinder.volume.api [None req-787f6ecb-dcf6-42ac-aaf9-671cabeccd00 tempest-TaggedAttachmentsTest-829475737 tempest-TaggedAttachmentsTest-829475737-project-member] Task 'cinder.volume.flows.api.create_volume.ExtractVolumeRequestTask;volume:create' (8512c9e0-602d-4b7d-8685-047863c3f317) transitioned into state 'SUCCESS' from state 'RUNNING' with result '{'size': 1, 'snapshot_id': None, 'source_volid': None, 'volume_type': VolumeType(created_at=2026-08-25T16:06:40Z,deleted=False,deleted_at=None,description=None,extra_specs={volume_backend_name='storpool'},id=0316634c-9d87-408d-9684-dc6c265a09ff,is_public=True,name='storpool',projects=[],qos_specs=,qos_specs_id=None,updated_at=None), 'volume_type_id': '0316634c-9d87-408d-9684-dc6c265a09ff', 'encryption_key_id': None, 'qos_specs': None, 'consistencygroup_id': None, 'cgsnapshot_id': None, 'group_id': None, 'replication_status': 'disabled', 'refresh_az': False, 'backup_id': None, 'multiattach': False, 'availability_zones': ['nova']}' {{(pid=97105) _task_receiver /opt/stack/data/venv/lib/python3.12/site-packages/taskflow/listeners/logging.py:218}}
Aug 25 16:11:33.514902 np0000008090 devstack@c-api.service[97106]: [pid: 97106|app: 0|req: 134/416] 10.4.3.18 () {70 vars in 1292 bytes} [Tue Aug 25 16:11:33 2026] POST /volume/v3/volumes => generated 772 bytes in 348 msecs (HTTP/1.1 202) 7 headers in 292 bytes (1 switches on core 0)
Aug 25 16:11:33.514954 np0000008090 devstack@c-api.service[97105]: DEBUG cinder.volume.api [None req-787f6ecb-dcf6-42ac-aaf9-671cabeccd00 tempest-TaggedAttachmentsTest-829475737 tempest-TaggedAttachmentsTest-829475737-project-member] Task 'cinder.volume.flows.api.create_volume.QuotaReserveTask;volume:create' (1d100490-6ea5-4ee4-bc9b-e3cb81289a11) transitioned into state 'RUNNING' from state 'PENDING' {{(pid=97105) _task_receiver /opt/stack/data/venv/lib/python3.12/site-packages/taskflow/listeners/logging.py:242}}
Aug 25 16:11:33.531862 np0000008090 devstack@c-api.service[97107]: DEBUG cinder.api.middleware.request_id [None req-550ca9b1-12fd-4490-be63-c4a873b3037f None None] RequestId filter calling following filter/app {{(pid=97107) _context_setter /opt/stack/cinder/cinder/api/middleware/request_id.py:62}}
Aug 25 16:11:33.540835 np0000008090 devstack@c-api.service[97107]: INFO cinder.api.openstack.wsgi [None req-550ca9b1-12fd-4490-be63-c4a873b3037f tempest-VolumesExtendAttachedTest-1359185743 tempest-VolumesExtendAttachedTest-1359185743-project-member] GET https://10.4.3.18/volume/v3/volumes/147dbe28-584c-48c2-81ca-739eb10873c4
Aug 25 16:11:33.540835 np0000008090 devstack@c-api.service[97107]: DEBUG cinder.api.openstack.wsgi [None req-550ca9b1-12fd-4490-be63-c4a873b3037f tempest-VolumesExtendAttachedTest-1359185743 tempest-VolumesExtendAttachedTest-1359185743-project-member] Empty body provided in request {{(pid=97107) get_body /opt/stack/cinder/cinder/api/openstack/wsgi.py:725}}
Aug 25 16:11:33.540835 np0000008090 devstack@c-api.service[97107]: DEBUG cinder.api.openstack.wsgi [None req-550ca9b1-12fd-4490-be63-c4a873b3037f tempest-VolumesExtendAttachedTest-1359185743 tempest-VolumesExtendAttachedTest-1359185743-project-member] Calling method 'show' {{(pid=97107) _process_stack /opt/stack/cinder/cinder/api/openstack/wsgi.py:878}}
Aug 25 16:11:33.557770 np0000008090 devstack@c-api.service[97107]: /opt/stack/data/venv/lib/python3.12/site-packages/oslo_context/context.py:102: DeprecationWarning: Policy enforcement is depending on the value of is_admin. This key is deprecated. Please update your policy file to use the standard policy values.
Aug 25 16:11:33.557770 np0000008090 devstack@c-api.service[97107]: warnings.warn(
Aug 25 16:11:33.562960 np0000008090 devstack@c-api.service[97107]: INFO cinder.volume.api [None req-550ca9b1-12fd-4490-be63-c4a873b3037f tempest-VolumesExtendAttachedTest-1359185743 tempest-VolumesExtendAttachedTest-1359185743-project-member] Volume info retrieved successfully.
Aug 25 16:11:33.569980 np0000008090 devstack@c-api.service[97107]: INFO cinder.api.openstack.wsgi [None req-550ca9b1-12fd-4490-be63-c4a873b3037f tempest-VolumesExtendAttachedTest-1359185743 tempest-VolumesExtendAttachedTest-1359185743-project-member] https://10.4.3.18/volume/v3/volumes/147dbe28-584c-48c2-81ca-739eb10873c4 returned with HTTP 200
Aug 25 16:11:33.570686 np0000008090 devstack@c-api.service[97107]: [pid: 97107|app: 0|req: 143/417] 10.4.3.18 () {68 vars in 1382 bytes} [Tue Aug 25 16:11:33 2026] GET /volume/v3/volumes/147dbe28-584c-48c2-81ca-739eb10873c4 => generated 840 bytes in 41 msecs (HTTP/1.1 200) 7 headers in 286 bytes (2 switches on core 0)
Aug 25 16:11:33.643589 np0000008090 devstack@c-api.service[97105]: DEBUG cinder.quota [None req-787f6ecb-dcf6-42ac-aaf9-671cabeccd00 tempest-TaggedAttachmentsTest-829475737 tempest-TaggedAttachmentsTest-829475737-project-member] Created reservations ['89607de7-8698-4f98-85df-3519924f614f', '8d1733aa-b24e-4eb5-8213-4a9bdaa15dd3', '8a44f60d-87f7-431e-9305-a049b74c26c7', '58a80262-8bc3-4aca-bef4-c1c9024f5f66'] {{(pid=97105) reserve /opt/stack/cinder/cinder/quota.py:752}}
Aug 25 16:11:33.645231 np0000008090 devstack@c-api.service[97105]: DEBUG cinder.volume.api [None req-787f6ecb-dcf6-42ac-aaf9-671cabeccd00 tempest-TaggedAttachmentsTest-829475737 tempest-TaggedAttachmentsTest-829475737-project-member] Task 'cinder.volume.flows.api.create_volume.QuotaReserveTask;volume:create' (1d100490-6ea5-4ee4-bc9b-e3cb81289a11) transitioned into state 'SUCCESS' from state 'RUNNING' with result '{'reservations': ['89607de7-8698-4f98-85df-3519924f614f', '8d1733aa-b24e-4eb5-8213-4a9bdaa15dd3', '8a44f60d-87f7-431e-9305-a049b74c26c7', '58a80262-8bc3-4aca-bef4-c1c9024f5f66']}' {{(pid=97105) _task_receiver /opt/stack/data/venv/lib/python3.12/site-packages/taskflow/listeners/logging.py:218}}
Aug 25 16:11:33.646164 np0000008090 devstack@c-api.service[97105]: DEBUG cinder.volume.api [None req-787f6ecb-dcf6-42ac-aaf9-671cabeccd00 tempest-TaggedAttachmentsTest-829475737 tempest-TaggedAttachmentsTest-829475737-project-member] Task 'cinder.volume.flows.api.create_volume.EntryCreateTask;volume:create' (7616ea86-f1b9-4812-87eb-e3122a3d9150) transitioned into state 'RUNNING' from state 'PENDING' {{(pid=97105) _task_receiver /opt/stack/data/venv/lib/python3.12/site-packages/taskflow/listeners/logging.py:242}}
Aug 25 16:11:33.684350 np0000008090 devstack@c-api.service[97105]: DEBUG cinder.volume.api [None req-787f6ecb-dcf6-42ac-aaf9-671cabeccd00 tempest-TaggedAttachmentsTest-829475737 tempest-TaggedAttachmentsTest-829475737-project-member] Task 'cinder.volume.flows.api.create_volume.EntryCreateTask;volume:create' (7616ea86-f1b9-4812-87eb-e3122a3d9150) transitioned into state 'SUCCESS' from state 'RUNNING' with result '{'volume_id': '6bb48cfe-990f-4ba8-ad4b-5440b208b7a1', 'volume_properties': VolumeProperties(attach_status='detached',availability_zone='nova',cgsnapshot_id=None,consistencygroup_id=None,display_description=None,display_name='tempest-TaggedAttachmentsTest-volume-2018988387',encryption_key_id=None,group_id=None,group_type_id=,metadata={},multiattach=False,project_id='fa9a41d7eb074baa89cf681443f7f07f',qos_specs=None,replication_status=,reservations=['89607de7-8698-4f98-85df-3519924f614f','8d1733aa-b24e-4eb5-8213-4a9bdaa15dd3','8a44f60d-87f7-431e-9305-a049b74c26c7','58a80262-8bc3-4aca-bef4-c1c9024f5f66'],size=1,snapshot_id=None,source_replicaid=,source_volid=None,status='creating',user_id='212e6931c9744883866f99cf436a7bcf',volume_type_id=0316634c-9d87-408d-9684-dc6c265a09ff), 'volume': Volume(_name_id=None,admin_metadata=,attach_status='detached',availability_zone='nova',bootable=False,cluster=,cluster_name=None,consistencygroup=,consistencygroup_id=None,created_at=2026-08-25T16:11:33Z,deleted=False,deleted_at=None,display_description=None,display_name='tempest-TaggedAttachmentsTest-volume-2018988387',ec2_id=None,encryption_key_id=None,glance_metadata=,group=,group_id=None,host=None,id=6bb48cfe-990f-4ba8-ad4b-5440b208b7a1,launched_at=None,metadata={},migration_status=None,multiattach=False,previous_status=None,project_id='fa9a41d7eb074baa89cf681443f7f07f',provider_auth=None,provider_geometry=None,provider_id=None,provider_location=None,replication_driver_data=None,replication_extended_status=None,replication_status=None,scheduled_at=None,service_uuid=None,shared_targets=True,size=1,snapshot_id=None,snapshots=,source_volid=None,status='creating',terminated_at=None,updated_at=None,use_quota=True,user_id='212e6931c9744883866f99cf436a7bcf',volume_attachment=VolumeAttachmentList,volume_type=VolumeType(0316634c-9d87-408d-9684-dc6c265a09ff),volume_type_id=0316634c-9d87-408d-9684-dc6c265a09ff)}' {{(pid=97105) _task_receiver /opt/stack/data/venv/lib/python3.12/site-packages/taskflow/listeners/logging.py:218}}
Aug 25 16:11:33.685862 np0000008090 devstack@c-api.service[97105]: DEBUG cinder.volume.api [None req-787f6ecb-dcf6-42ac-aaf9-671cabeccd00 tempest-TaggedAttachmentsTest-829475737 tempest-TaggedAttachmentsTest-829475737-project-member] Task 'cinder.volume.flows.api.create_volume.QuotaCommitTask;volume:create' (7b5a281d-71c0-4663-b76b-03df3e008d92) transitioned into state 'RUNNING' from state 'PENDING' {{(pid=97105) _task_receiver /opt/stack/data/venv/lib/python3.12/site-packages/taskflow/listeners/logging.py:242}}
Aug 25 16:11:33.707259 np0000008090 devstack@c-api.service[97105]: DEBUG cinder.volume.api [None req-787f6ecb-dcf6-42ac-aaf9-671cabeccd00 tempest-TaggedAttachmentsTest-829475737 tempest-TaggedAttachmentsTest-829475737-project-member] Task 'cinder.volume.flows.api.create_volume.QuotaCommitTask;volume:create' (7b5a281d-71c0-4663-b76b-03df3e008d92) transitioned into state 'SUCCESS' from state 'RUNNING' with result '{'volume_properties': VolumeProperties(attach_status='detached',availability_zone='nova',cgsnapshot_id=None,consistencygroup_id=None,display_description=None,display_name='tempest-TaggedAttachmentsTest-volume-2018988387',encryption_key_id=None,group_id=None,group_type_id=,metadata={},multiattach=False,project_id='fa9a41d7eb074baa89cf681443f7f07f',qos_specs=None,replication_status=,reservations=['89607de7-8698-4f98-85df-3519924f614f','8d1733aa-b24e-4eb5-8213-4a9bdaa15dd3','8a44f60d-87f7-431e-9305-a049b74c26c7','58a80262-8bc3-4aca-bef4-c1c9024f5f66'],size=1,snapshot_id=None,source_replicaid=,source_volid=None,status='creating',user_id='212e6931c9744883866f99cf436a7bcf',volume_type_id=0316634c-9d87-408d-9684-dc6c265a09ff)}' {{(pid=97105) _task_receiver /opt/stack/data/venv/lib/python3.12/site-packages/taskflow/listeners/logging.py:218}}
Aug 25 16:11:33.708292 np0000008090 devstack@c-api.service[97105]: DEBUG cinder.volume.api [None req-787f6ecb-dcf6-42ac-aaf9-671cabeccd00 tempest-TaggedAttachmentsTest-829475737 tempest-TaggedAttachmentsTest-829475737-project-member] Task 'cinder.volume.flows.api.create_volume.VolumeCastTask;volume:create' (5890fddb-f732-4432-8b4f-b0db69f23065) transitioned into state 'RUNNING' from state 'PENDING' {{(pid=97105) _task_receiver /opt/stack/data/venv/lib/python3.12/site-packages/taskflow/listeners/logging.py:242}}
Aug 25 16:11:33.719016 np0000008090 devstack@c-api.service[97105]: DEBUG cinder.volume.api [None req-787f6ecb-dcf6-42ac-aaf9-671cabeccd00 tempest-TaggedAttachmentsTest-829475737 tempest-TaggedAttachmentsTest-829475737-project-member] Task 'cinder.volume.flows.api.create_volume.VolumeCastTask;volume:create' (5890fddb-f732-4432-8b4f-b0db69f23065) transitioned into state 'SUCCESS' from state 'RUNNING' with result 'None' {{(pid=97105) _task_receiver /opt/stack/data/venv/lib/python3.12/site-packages/taskflow/listeners/logging.py:218}}
Aug 25 16:11:33.721662 np0000008090 devstack@c-api.service[97105]: DEBUG cinder.volume.api [None req-787f6ecb-dcf6-42ac-aaf9-671cabeccd00 tempest-TaggedAttachmentsTest-829475737 tempest-TaggedAttachmentsTest-829475737-project-member] Flow 'volume_create_api' (6a75de1d-0620-4436-a1a5-a4a82ad94b85) transitioned into state 'SUCCESS' from state 'RUNNING' {{(pid=97105) _flow_receiver /opt/stack/data/venv/lib/python3.12/site-packages/taskflow/listeners/logging.py:160}}
Aug 25 16:11:33.721662 np0000008090 devstack@c-api.service[97105]: INFO cinder.volume.api [None req-787f6ecb-dcf6-42ac-aaf9-671cabeccd00 tempest-TaggedAttachmentsTest-829475737 tempest-TaggedAttachmentsTest-829475737-project-member] Create volume request issued successfully.
Aug 25 16:11:33.721662 np0000008090 devstack@c-api.service[97105]: INFO cinder.api.openstack.wsgi [None req-787f6ecb-dcf6-42ac-aaf9-671cabeccd00 tempest-TaggedAttachmentsTest-829475737 tempest-TaggedAttachmentsTest-829475737-project-member] https://10.4.3.18/volume/v3/volumes returned with HTTP 202
Aug 25 16:11:33.722248 np0000008090 devstack@c-api.service[97105]: [pid: 97105|app: 0|req: 141/418] 10.4.3.18 () {68 vars in 1251 bytes} [Tue Aug 25 16:11:33 2026] POST /volume/v3/volumes => generated 750 bytes in 305 msecs (HTTP/1.1 202) 7 headers in 291 bytes (1 switches on core 0)
Aug 25 16:11:33.744833 np0000008090 devstack@c-api.service[97106]: DEBUG cinder.api.middleware.request_id [None req-3b27f708-2c92-4c3b-aa4e-f41ec3cdec82 None None] RequestId filter calling following filter/app {{(pid=97106) _context_setter /opt/stack/cinder/cinder/api/middleware/request_id.py:62}}
Aug 25 16:11:33.746798 np0000008090 devstack@c-api.service[97106]: INFO cinder.api.openstack.wsgi [None req-3b27f708-2c92-4c3b-aa4e-f41ec3cdec82 tempest-TaggedAttachmentsTest-829475737 tempest-TaggedAttachmentsTest-829475737-project-member] GET https://10.4.3.18/volume/v3/volumes/6bb48cfe-990f-4ba8-ad4b-5440b208b7a1
Aug 25 16:11:33.747005 np0000008090 devstack@c-api.service[97106]: DEBUG cinder.api.openstack.wsgi [None req-3b27f708-2c92-4c3b-aa4e-f41ec3cdec82 tempest-TaggedAttachmentsTest-829475737 tempest-TaggedAttachmentsTest-829475737-project-member] Empty body provided in request {{(pid=97106) get_body /opt/stack/cinder/cinder/api/openstack/wsgi.py:725}}
Aug 25 16:11:33.747209 np0000008090 devstack@c-api.service[97106]: DEBUG cinder.api.openstack.wsgi [None req-3b27f708-2c92-4c3b-aa4e-f41ec3cdec82 tempest-TaggedAttachmentsTest-829475737 tempest-TaggedAttachmentsTest-829475737-project-member] Calling method 'show' {{(pid=97106) _process_stack /opt/stack/cinder/cinder/api/openstack/wsgi.py:878}}
Aug 25 16:11:33.758878 np0000008090 devstack@c-api.service[97106]: /opt/stack/data/venv/lib/python3.12/site-packages/oslo_context/context.py:102: DeprecationWarning: Policy enforcement is depending on the value of is_admin. This key is deprecated. Please update your policy file to use the standard policy values.
Aug 25 16:11:33.758878 np0000008090 devstack@c-api.service[97106]: warnings.warn(
Aug 25 16:11:33.763946 np0000008090 devstack@c-api.service[97106]: INFO cinder.volume.api [None req-3b27f708-2c92-4c3b-aa4e-f41ec3cdec82 tempest-TaggedAttachmentsTest-829475737 tempest-TaggedAttachmentsTest-829475737-project-member] Volume info retrieved successfully.
Aug 25 16:11:33.770694 np0000008090 devstack@c-api.service[97106]: INFO cinder.api.openstack.wsgi [None req-3b27f708-2c92-4c3b-aa4e-f41ec3cdec82 tempest-TaggedAttachmentsTest-829475737 tempest-TaggedAttachmentsTest-829475737-project-member] https://10.4.3.18/volume/v3/volumes/6bb48cfe-990f-4ba8-ad4b-5440b208b7a1 returned with HTTP 200
Aug 25 16:11:33.771260 np0000008090 devstack@c-api.service[97106]: [pid: 97106|app: 0|req: 135/419] 10.4.3.18 () {66 vars in 1341 bytes} [Tue Aug 25 16:11:33 2026] GET /volume/v3/volumes/6bb48cfe-990f-4ba8-ad4b-5440b208b7a1 => generated 818 bytes in 27 msecs (HTTP/1.1 200) 7 headers in 285 bytes (1 switches on core 0)
Aug 25 16:11:34.016061 np0000008090 devstack@c-api.service[97107]: DEBUG cinder.api.middleware.request_id [None req-fff0d6a8-7efc-4d81-aa41-bf013fac4bec None None] RequestId filter calling following filter/app {{(pid=97107) _context_setter /opt/stack/cinder/cinder/api/middleware/request_id.py:62}}
Aug 25 16:11:34.017732 np0000008090 devstack@c-api.service[97107]: INFO cinder.api.openstack.wsgi [None req-fff0d6a8-7efc-4d81-aa41-bf013fac4bec tempest-ServerStableDeviceRescueTest-1153820394 tempest-ServerStableDeviceRescueTest-1153820394-project-member] GET https://10.4.3.18/volume/v3/volumes/7d6cd7f4-0d67-4ba1-bb9a-c52086efd193
Aug 25 16:11:34.017929 np0000008090 devstack@c-api.service[97107]: DEBUG cinder.api.openstack.wsgi [None req-fff0d6a8-7efc-4d81-aa41-bf013fac4bec tempest-ServerStableDeviceRescueTest-1153820394 tempest-ServerStableDeviceRescueTest-1153820394-project-member] Empty body provided in request {{(pid=97107) get_body /opt/stack/cinder/cinder/api/openstack/wsgi.py:725}}
Aug 25 16:11:34.018105 np0000008090 devstack@c-api.service[97107]: DEBUG cinder.api.openstack.wsgi [None req-fff0d6a8-7efc-4d81-aa41-bf013fac4bec tempest-ServerStableDeviceRescueTest-1153820394 tempest-ServerStableDeviceRescueTest-1153820394-project-member] Calling method 'show' {{(pid=97107) _process_stack /opt/stack/cinder/cinder/api/openstack/wsgi.py:878}}
Aug 25 16:11:34.025425 np0000008090 devstack@c-api.service[97107]: /opt/stack/data/venv/lib/python3.12/site-packages/oslo_context/context.py:102: DeprecationWarning: Policy enforcement is depending on the value of is_admin. This key is deprecated. Please update your policy file to use the standard policy values.
Aug 25 16:11:34.025425 np0000008090 devstack@c-api.service[97107]: warnings.warn(
Aug 25 16:11:34.028845 np0000008090 devstack@c-api.service[97107]: INFO cinder.volume.api [None req-fff0d6a8-7efc-4d81-aa41-bf013fac4bec tempest-ServerStableDeviceRescueTest-1153820394 tempest-ServerStableDeviceRescueTest-1153820394-project-member] Volume info retrieved successfully.
Aug 25 16:11:34.032868 np0000008090 devstack@c-api.service[97107]: INFO cinder.api.openstack.wsgi [None req-fff0d6a8-7efc-4d81-aa41-bf013fac4bec tempest-ServerStableDeviceRescueTest-1153820394 tempest-ServerStableDeviceRescueTest-1153820394-project-member] https://10.4.3.18/volume/v3/volumes/7d6cd7f4-0d67-4ba1-bb9a-c52086efd193 returned with HTTP 200
Aug 25 16:11:34.033288 np0000008090 devstack@c-api.service[97107]: [pid: 97107|app: 0|req: 144/420] 10.4.3.18 () {66 vars in 1341 bytes} [Tue Aug 25 16:11:34 2026] GET /volume/v3/volumes/7d6cd7f4-0d67-4ba1-bb9a-c52086efd193 => generated 849 bytes in 17 msecs (HTTP/1.1 200) 7 headers in 285 bytes (1 switches on core 0)
Aug 25 16:11:34.073408 np0000008090 devstack@c-api.service[97105]: DEBUG cinder.api.middleware.request_id [req-9005f5e3-695b-4c53-be42-d053274e79d3 req-72826640-fab9-4639-a8e0-fccca71e854d None None] RequestId filter calling following filter/app {{(pid=97105) _context_setter /opt/stack/cinder/cinder/api/middleware/request_id.py:62}}
Aug 25 16:11:34.076049 np0000008090 devstack@c-api.service[97105]: INFO cinder.api.openstack.wsgi [req-9005f5e3-695b-4c53-be42-d053274e79d3 req-72826640-fab9-4639-a8e0-fccca71e854d tempest-ServerStableDeviceRescueTest-1153820394 tempest-ServerStableDeviceRescueTest-1153820394-project-member] GET https://10.4.3.18/volume/v3/volumes/7d6cd7f4-0d67-4ba1-bb9a-c52086efd193
Aug 25 16:11:34.076377 np0000008090 devstack@c-api.service[97105]: DEBUG cinder.api.openstack.wsgi [req-9005f5e3-695b-4c53-be42-d053274e79d3 req-72826640-fab9-4639-a8e0-fccca71e854d tempest-ServerStableDeviceRescueTest-1153820394 tempest-ServerStableDeviceRescueTest-1153820394-project-member] Empty body provided in request {{(pid=97105) get_body /opt/stack/cinder/cinder/api/openstack/wsgi.py:725}}
Aug 25 16:11:34.076676 np0000008090 devstack@c-api.service[97105]: DEBUG cinder.api.openstack.wsgi [req-9005f5e3-695b-4c53-be42-d053274e79d3 req-72826640-fab9-4639-a8e0-fccca71e854d tempest-ServerStableDeviceRescueTest-1153820394 tempest-ServerStableDeviceRescueTest-1153820394-project-member] Calling method 'show' {{(pid=97105) _process_stack /opt/stack/cinder/cinder/api/openstack/wsgi.py:878}}
Aug 25 16:11:34.087598 np0000008090 devstack@c-api.service[97105]: /opt/stack/data/venv/lib/python3.12/site-packages/oslo_context/context.py:102: DeprecationWarning: Policy enforcement is depending on the value of is_admin. This key is deprecated. Please update your policy file to use the standard policy values.
Aug 25 16:11:34.087598 np0000008090 devstack@c-api.service[97105]: warnings.warn(
Aug 25 16:11:34.093706 np0000008090 devstack@c-api.service[97105]: INFO cinder.volume.api [req-9005f5e3-695b-4c53-be42-d053274e79d3 req-72826640-fab9-4639-a8e0-fccca71e854d tempest-ServerStableDeviceRescueTest-1153820394 tempest-ServerStableDeviceRescueTest-1153820394-project-member] Volume info retrieved successfully.
Aug 25 16:11:34.100085 np0000008090 devstack@c-api.service[97105]: INFO cinder.api.openstack.wsgi [req-9005f5e3-695b-4c53-be42-d053274e79d3 req-72826640-fab9-4639-a8e0-fccca71e854d tempest-ServerStableDeviceRescueTest-1153820394 tempest-ServerStableDeviceRescueTest-1153820394-project-member] https://10.4.3.18/volume/v3/volumes/7d6cd7f4-0d67-4ba1-bb9a-c52086efd193 returned with HTTP 200
Aug 25 16:11:34.100668 np0000008090 devstack@c-api.service[97105]: [pid: 97105|app: 0|req: 142/421] 10.4.3.18 () {68 vars in 1591 bytes} [Tue Aug 25 16:11:34 2026] GET /volume/v3/volumes/7d6cd7f4-0d67-4ba1-bb9a-c52086efd193 => generated 849 bytes in 28 msecs (HTTP/1.1 200) 7 headers in 285 bytes (1 switches on core 0)
Aug 25 16:11:34.153704 np0000008090 devstack@c-api.service[97106]: DEBUG cinder.api.middleware.request_id [None req-c9db7e2d-9b93-450c-8a12-06d2a1f79b00 None None] RequestId filter calling following filter/app {{(pid=97106) _context_setter /opt/stack/cinder/cinder/api/middleware/request_id.py:62}}
Aug 25 16:11:34.196852 np0000008090 devstack@c-api.service[97107]: DEBUG cinder.api.middleware.request_id [None req-0f558faa-7951-4406-a7cf-6cd2400ee41d None None] RequestId filter calling following filter/app {{(pid=97107) _context_setter /opt/stack/cinder/cinder/api/middleware/request_id.py:62}}
Aug 25 16:11:34.197397 np0000008090 devstack@c-api.service[97107]: INFO cinder.api.openstack.wsgi [None req-0f558faa-7951-4406-a7cf-6cd2400ee41d None None] GET https://10.4.3.18/volume//
Aug 25 16:11:34.197617 np0000008090 devstack@c-api.service[97107]: DEBUG cinder.api.openstack.wsgi [None req-0f558faa-7951-4406-a7cf-6cd2400ee41d None None] Empty body provided in request {{(pid=97107) get_body /opt/stack/cinder/cinder/api/openstack/wsgi.py:725}}
Aug 25 16:11:34.197869 np0000008090 devstack@c-api.service[97107]: DEBUG cinder.api.openstack.wsgi [None req-0f558faa-7951-4406-a7cf-6cd2400ee41d None None] Calling method 'all' {{(pid=97107) _process_stack /opt/stack/cinder/cinder/api/openstack/wsgi.py:878}}
Aug 25 16:11:34.198265 np0000008090 devstack@c-api.service[97107]: INFO cinder.api.openstack.wsgi [None req-0f558faa-7951-4406-a7cf-6cd2400ee41d None None] https://10.4.3.18/volume// returned with HTTP 300
Aug 25 16:11:34.198618 np0000008090 devstack@c-api.service[97107]: [pid: 97107|app: 0|req: 145/422] 10.4.3.18 () {66 vars in 1421 bytes} [Tue Aug 25 16:11:34 2026] GET /volume/ => generated 385 bytes in 2 msecs (HTTP/1.1 300) 7 headers in 299 bytes (1 switches on core 0)
Aug 25 16:11:34.205866 np0000008090 devstack@c-api.service[97105]: DEBUG cinder.api.middleware.request_id [req-9005f5e3-695b-4c53-be42-d053274e79d3 req-d9355472-9757-4755-867c-b8729c0720c4 None None] RequestId filter calling following filter/app {{(pid=97105) _context_setter /opt/stack/cinder/cinder/api/middleware/request_id.py:62}}
Aug 25 16:11:34.208758 np0000008090 devstack@c-api.service[97105]: INFO cinder.api.openstack.wsgi [req-9005f5e3-695b-4c53-be42-d053274e79d3 req-d9355472-9757-4755-867c-b8729c0720c4 tempest-ServerStableDeviceRescueTest-1153820394 tempest-ServerStableDeviceRescueTest-1153820394-project-member] POST https://10.4.3.18/volume/v3/attachments
Aug 25 16:11:34.209344 np0000008090 devstack@c-api.service[97105]: DEBUG cinder.api.openstack.wsgi [req-9005f5e3-695b-4c53-be42-d053274e79d3 req-d9355472-9757-4755-867c-b8729c0720c4 tempest-ServerStableDeviceRescueTest-1153820394 tempest-ServerStableDeviceRescueTest-1153820394-project-member] Action: 'create', calling method: version_select, body: {"attachment": {"volume_uuid": "7d6cd7f4-0d67-4ba1-bb9a-c52086efd193", "connector": null, "instance_uuid": "ab024073-0d96-476c-ad43-72b942edc40c"}} {{(pid=97105) _process_stack /opt/stack/cinder/cinder/api/openstack/wsgi.py:876}}
Aug 25 16:11:34.218722 np0000008090 devstack@c-api.service[97105]: /opt/stack/data/venv/lib/python3.12/site-packages/oslo_context/context.py:102: DeprecationWarning: Policy enforcement is depending on the value of is_admin. This key is deprecated. Please update your policy file to use the standard policy values.
Aug 25 16:11:34.218722 np0000008090 devstack@c-api.service[97105]: warnings.warn(
Aug 25 16:11:34.223917 np0000008090 devstack@c-api.service[97106]: INFO cinder.api.openstack.wsgi [None req-c9db7e2d-9b93-450c-8a12-06d2a1f79b00 tempest-VolumeServicesNegativeTest-228454232 tempest-VolumeServicesNegativeTest-228454232-project-admin] GET https://10.4.3.18/volume/v3/os-services
Aug 25 16:11:34.224299 np0000008090 devstack@c-api.service[97106]: DEBUG cinder.api.openstack.wsgi [None req-c9db7e2d-9b93-450c-8a12-06d2a1f79b00 tempest-VolumeServicesNegativeTest-228454232 tempest-VolumeServicesNegativeTest-228454232-project-admin] Empty body provided in request {{(pid=97106) get_body /opt/stack/cinder/cinder/api/openstack/wsgi.py:725}}
Aug 25 16:11:34.224350 np0000008090 devstack@c-api.service[97106]: DEBUG cinder.api.openstack.wsgi [None req-c9db7e2d-9b93-450c-8a12-06d2a1f79b00 tempest-VolumeServicesNegativeTest-228454232 tempest-VolumeServicesNegativeTest-228454232-project-admin] Calling method 'index' {{(pid=97106) _process_stack /opt/stack/cinder/cinder/api/openstack/wsgi.py:878}}
Aug 25 16:11:34.231974 np0000008090 devstack@c-api.service[97106]: INFO cinder.api.openstack.wsgi [None req-c9db7e2d-9b93-450c-8a12-06d2a1f79b00 tempest-VolumeServicesNegativeTest-228454232 tempest-VolumeServicesNegativeTest-228454232-project-admin] https://10.4.3.18/volume/v3/os-services returned with HTTP 200
Aug 25 16:11:34.232414 np0000008090 devstack@c-api.service[97106]: [pid: 97106|app: 0|req: 136/423] 10.4.3.18 () {66 vars in 1242 bytes} [Tue Aug 25 16:11:34 2026] GET /volume/v3/os-services => generated 626 bytes in 79 msecs (HTTP/1.1 200) 7 headers in 285 bytes (1 switches on core 0)
Aug 25 16:11:34.243850 np0000008090 devstack@c-api.service[97107]: DEBUG cinder.api.middleware.request_id [None req-d5d184a7-2fe9-4c52-bb3f-9b81651be001 None None] RequestId filter calling following filter/app {{(pid=97107) _context_setter /opt/stack/cinder/cinder/api/middleware/request_id.py:62}}
Aug 25 16:11:34.245640 np0000008090 devstack@c-api.service[97107]: INFO cinder.api.openstack.wsgi [None req-d5d184a7-2fe9-4c52-bb3f-9b81651be001 tempest-VolumeServicesNegativeTest-228454232 tempest-VolumeServicesNegativeTest-228454232-project-admin] PUT https://10.4.3.18/volume/v3/os-services/disable-log-reason
Aug 25 16:11:34.245994 np0000008090 devstack@c-api.service[97107]: DEBUG cinder.api.openstack.wsgi [None req-d5d184a7-2fe9-4c52-bb3f-9b81651be001 tempest-VolumeServicesNegativeTest-228454232 tempest-VolumeServicesNegativeTest-228454232-project-admin] Action: 'disable_log_reason', calling method: disable_log_reason, body: {"host": "np0000008090", "binary": "cinder-scheduler", "disabled_reason": null} {{(pid=97107) _process_stack /opt/stack/cinder/cinder/api/openstack/wsgi.py:876}}
Aug 25 16:11:34.247726 np0000008090 devstack@c-api.service[97107]: INFO cinder.api.openstack.wsgi [None req-d5d184a7-2fe9-4c52-bb3f-9b81651be001 tempest-VolumeServicesNegativeTest-228454232 tempest-VolumeServicesNegativeTest-228454232-project-admin] https://10.4.3.18/volume/v3/os-services/disable-log-reason returned with HTTP 400
Aug 25 16:11:34.248277 np0000008090 devstack@c-api.service[97107]: [pid: 97107|app: 0|req: 146/424] 10.4.3.18 () {68 vars in 1319 bytes} [Tue Aug 25 16:11:34 2026] PUT /volume/v3/os-services/disable-log-reason => generated 136 bytes in 5 msecs (HTTP/1.1 400) 7 headers in 294 bytes (1 switches on core 0)
Aug 25 16:11:34.253855 np0000008090 devstack@c-api.service[97105]: INFO cinder.api.openstack.wsgi [req-9005f5e3-695b-4c53-be42-d053274e79d3 req-d9355472-9757-4755-867c-b8729c0720c4 tempest-ServerStableDeviceRescueTest-1153820394 tempest-ServerStableDeviceRescueTest-1153820394-project-member] https://10.4.3.18/volume/v3/attachments returned with HTTP 200
Aug 25 16:11:34.254826 np0000008090 devstack@c-api.service[97105]: [pid: 97105|app: 0|req: 143/425] 10.4.3.18 () {74 vars in 1587 bytes} [Tue Aug 25 16:11:34 2026] POST /volume/v3/attachments => generated 273 bytes in 49 msecs (HTTP/1.1 200) 7 headers in 286 bytes (1 switches on core 0)
Aug 25 16:11:34.258985 np0000008090 devstack@c-api.service[97106]: DEBUG cinder.api.middleware.request_id [None req-934df1e6-c093-41ba-9255-4215611f6ab2 None None] RequestId filter calling following filter/app {{(pid=97106) _context_setter /opt/stack/cinder/cinder/api/middleware/request_id.py:62}}
Aug 25 16:11:34.262145 np0000008090 devstack@c-api.service[97106]: INFO cinder.api.openstack.wsgi [None req-934df1e6-c093-41ba-9255-4215611f6ab2 tempest-VolumeServicesNegativeTest-228454232 tempest-VolumeServicesNegativeTest-228454232-project-admin] PUT https://10.4.3.18/volume/v3/os-services/disable
Aug 25 16:11:34.262472 np0000008090 devstack@c-api.service[97106]: DEBUG cinder.api.openstack.wsgi [None req-934df1e6-c093-41ba-9255-4215611f6ab2 tempest-VolumeServicesNegativeTest-228454232 tempest-VolumeServicesNegativeTest-228454232-project-admin] Action: 'disable', calling method: disable, body: {"host": "np0000008090", "binary": "invalid_binary"} {{(pid=97106) _process_stack /opt/stack/cinder/cinder/api/openstack/wsgi.py:876}}
Aug 25 16:11:34.270918 np0000008090 devstack@c-api.service[97106]: INFO cinder.api.openstack.wsgi [None req-934df1e6-c093-41ba-9255-4215611f6ab2 tempest-VolumeServicesNegativeTest-228454232 tempest-VolumeServicesNegativeTest-228454232-project-admin] https://10.4.3.18/volume/v3/os-services/disable returned with HTTP 404
Aug 25 16:11:34.271068 np0000008090 devstack@c-api.service[97106]: [pid: 97106|app: 0|req: 137/426] 10.4.3.18 () {68 vars in 1286 bytes} [Tue Aug 25 16:11:34 2026] PUT /volume/v3/os-services/disable => generated 109 bytes in 12 msecs (HTTP/1.1 404) 7 headers in 292 bytes (1 switches on core 0)
Aug 25 16:11:34.285029 np0000008090 devstack@c-api.service[97107]: DEBUG cinder.api.middleware.request_id [None req-c5eb0305-8365-4e0b-9543-58984430db06 None None] RequestId filter calling following filter/app {{(pid=97107) _context_setter /opt/stack/cinder/cinder/api/middleware/request_id.py:62}}
Aug 25 16:11:34.287767 np0000008090 devstack@c-api.service[97107]: INFO cinder.api.openstack.wsgi [None req-c5eb0305-8365-4e0b-9543-58984430db06 tempest-VolumeServicesNegativeTest-228454232 tempest-VolumeServicesNegativeTest-228454232-project-admin] PUT https://10.4.3.18/volume/v3/os-services/enable
Aug 25 16:11:34.290226 np0000008090 devstack@c-api.service[97107]: DEBUG cinder.api.openstack.wsgi [None req-c5eb0305-8365-4e0b-9543-58984430db06 tempest-VolumeServicesNegativeTest-228454232 tempest-VolumeServicesNegativeTest-228454232-project-admin] Action: 'enable', calling method: enable, body: {"host": "invalid_host", "binary": "cinder-scheduler"} {{(pid=97107) _process_stack /opt/stack/cinder/cinder/api/openstack/wsgi.py:876}}
Aug 25 16:11:34.291529 np0000008090 devstack@c-api.service[97105]: DEBUG cinder.api.middleware.request_id [None req-f629929a-0114-4efd-9d1b-6b4c1c617888 None None] RequestId filter calling following filter/app {{(pid=97105) _context_setter /opt/stack/cinder/cinder/api/middleware/request_id.py:62}}
Aug 25 16:11:34.293368 np0000008090 devstack@c-api.service[97105]: INFO cinder.api.openstack.wsgi [None req-f629929a-0114-4efd-9d1b-6b4c1c617888 tempest-ServerStableDeviceRescueTest-1153820394 tempest-ServerStableDeviceRescueTest-1153820394-project-member] GET https://10.4.3.18/volume/v3/volumes/7d6cd7f4-0d67-4ba1-bb9a-c52086efd193
Aug 25 16:11:34.293530 np0000008090 devstack@c-api.service[97105]: DEBUG cinder.api.openstack.wsgi [None req-f629929a-0114-4efd-9d1b-6b4c1c617888 tempest-ServerStableDeviceRescueTest-1153820394 tempest-ServerStableDeviceRescueTest-1153820394-project-member] Empty body provided in request {{(pid=97105) get_body /opt/stack/cinder/cinder/api/openstack/wsgi.py:725}}
Aug 25 16:11:34.293731 np0000008090 devstack@c-api.service[97105]: DEBUG cinder.api.openstack.wsgi [None req-f629929a-0114-4efd-9d1b-6b4c1c617888 tempest-ServerStableDeviceRescueTest-1153820394 tempest-ServerStableDeviceRescueTest-1153820394-project-member] Calling method 'show' {{(pid=97105) _process_stack /opt/stack/cinder/cinder/api/openstack/wsgi.py:878}}
Aug 25 16:11:34.299271 np0000008090 devstack@c-api.service[97107]: INFO cinder.api.openstack.wsgi [None req-c5eb0305-8365-4e0b-9543-58984430db06 tempest-VolumeServicesNegativeTest-228454232 tempest-VolumeServicesNegativeTest-228454232-project-admin] https://10.4.3.18/volume/v3/os-services/enable returned with HTTP 404
Aug 25 16:11:34.300312 np0000008090 devstack@c-api.service[97107]: [pid: 97107|app: 0|req: 147/427] 10.4.3.18 () {68 vars in 1283 bytes} [Tue Aug 25 16:11:34 2026] PUT /volume/v3/os-services/enable => generated 111 bytes in 19 msecs (HTTP/1.1 404) 7 headers in 292 bytes (1 switches on core 0)
Aug 25 16:11:34.309319 np0000008090 devstack@c-api.service[97106]: DEBUG cinder.api.middleware.request_id [None req-db07a5ce-d4d7-4b4c-ad91-08efb48389d9 None None] RequestId filter calling following filter/app {{(pid=97106) _context_setter /opt/stack/cinder/cinder/api/middleware/request_id.py:62}}
Aug 25 16:11:34.309654 np0000008090 devstack@c-api.service[97106]: INFO cinder.api.openstack.wsgi [None req-db07a5ce-d4d7-4b4c-ad91-08efb48389d9 None None] GET https://10.4.3.18/volume//
Aug 25 16:11:34.309836 np0000008090 devstack@c-api.service[97106]: DEBUG cinder.api.openstack.wsgi [None req-db07a5ce-d4d7-4b4c-ad91-08efb48389d9 None None] Empty body provided in request {{(pid=97106) get_body /opt/stack/cinder/cinder/api/openstack/wsgi.py:725}}
Aug 25 16:11:34.310713 np0000008090 devstack@c-api.service[97107]: DEBUG cinder.api.middleware.request_id [None req-2af53f3e-2458-4b72-a14f-1f36a231f660 None None] RequestId filter calling following filter/app {{(pid=97107) _context_setter /opt/stack/cinder/cinder/api/middleware/request_id.py:62}}
Aug 25 16:11:34.310889 np0000008090 devstack@c-api.service[97106]: DEBUG cinder.api.openstack.wsgi [None req-db07a5ce-d4d7-4b4c-ad91-08efb48389d9 None None] Calling method 'all' {{(pid=97106) _process_stack /opt/stack/cinder/cinder/api/openstack/wsgi.py:878}}
Aug 25 16:11:34.310953 np0000008090 devstack@c-api.service[97105]: /opt/stack/data/venv/lib/python3.12/site-packages/oslo_context/context.py:102: DeprecationWarning: Policy enforcement is depending on the value of is_admin. This key is deprecated. Please update your policy file to use the standard policy values.
Aug 25 16:11:34.310953 np0000008090 devstack@c-api.service[97105]: warnings.warn(
Aug 25 16:11:34.311210 np0000008090 devstack@c-api.service[97106]: INFO cinder.api.openstack.wsgi [None req-db07a5ce-d4d7-4b4c-ad91-08efb48389d9 None None] https://10.4.3.18/volume// returned with HTTP 300
Aug 25 16:11:34.311540 np0000008090 devstack@c-api.service[97106]: [pid: 97106|app: 0|req: 138/428] 10.4.3.18 () {66 vars in 1419 bytes} [Tue Aug 25 16:11:34 2026] GET /volume/ => generated 385 bytes in 3 msecs (HTTP/1.1 300) 7 headers in 299 bytes (1 switches on core 0)
Aug 25 16:11:34.314820 np0000008090 devstack@c-api.service[97107]: INFO cinder.api.openstack.wsgi [None req-2af53f3e-2458-4b72-a14f-1f36a231f660 tempest-VolumeServicesNegativeTest-228454232 tempest-VolumeServicesNegativeTest-228454232-project-admin] PUT https://10.4.3.18/volume/v3/os-services/freeze
Aug 25 16:11:34.315282 np0000008090 devstack@c-api.service[97107]: DEBUG cinder.api.openstack.wsgi [None req-2af53f3e-2458-4b72-a14f-1f36a231f660 tempest-VolumeServicesNegativeTest-228454232 tempest-VolumeServicesNegativeTest-228454232-project-admin] Action: 'freeze', calling method: freeze, body: {"host": "invalid_host"} {{(pid=97107) _process_stack /opt/stack/cinder/cinder/api/openstack/wsgi.py:876}}
Aug 25 16:11:34.318400 np0000008090 devstack@c-api.service[97105]: INFO cinder.volume.api [None req-f629929a-0114-4efd-9d1b-6b4c1c617888 tempest-ServerStableDeviceRescueTest-1153820394 tempest-ServerStableDeviceRescueTest-1153820394-project-member] Volume info retrieved successfully.
Aug 25 16:11:34.323994 np0000008090 devstack@c-api.service[97106]: DEBUG cinder.api.middleware.request_id [req-9005f5e3-695b-4c53-be42-d053274e79d3 req-3e2acba7-6aa3-4526-bbbe-9f535a0eb784 None None] RequestId filter calling following filter/app {{(pid=97106) _context_setter /opt/stack/cinder/cinder/api/middleware/request_id.py:62}}
Aug 25 16:11:34.324899 np0000008090 devstack@c-api.service[97107]: INFO cinder.api.openstack.wsgi [None req-2af53f3e-2458-4b72-a14f-1f36a231f660 tempest-VolumeServicesNegativeTest-228454232 tempest-VolumeServicesNegativeTest-228454232-project-admin] https://10.4.3.18/volume/v3/os-services/freeze returned with HTTP 400
Aug 25 16:11:34.325471 np0000008090 devstack@c-api.service[97107]: [pid: 97107|app: 0|req: 148/429] 10.4.3.18 () {68 vars in 1283 bytes} [Tue Aug 25 16:11:34 2026] PUT /volume/v3/os-services/freeze => generated 83 bytes in 15 msecs (HTTP/1.1 400) 7 headers in 293 bytes (1 switches on core 0)
Aug 25 16:11:34.326203 np0000008090 devstack@c-api.service[97105]: INFO cinder.api.openstack.wsgi [None req-f629929a-0114-4efd-9d1b-6b4c1c617888 tempest-ServerStableDeviceRescueTest-1153820394 tempest-ServerStableDeviceRescueTest-1153820394-project-member] https://10.4.3.18/volume/v3/volumes/7d6cd7f4-0d67-4ba1-bb9a-c52086efd193 returned with HTTP 200
Aug 25 16:11:34.326616 np0000008090 devstack@c-api.service[97105]: [pid: 97105|app: 0|req: 144/430] 10.4.3.18 () {66 vars in 1341 bytes} [Tue Aug 25 16:11:34 2026] GET /volume/v3/volumes/7d6cd7f4-0d67-4ba1-bb9a-c52086efd193 => generated 848 bytes in 36 msecs (HTTP/1.1 200) 7 headers in 285 bytes (1 switches on core 0)
Aug 25 16:11:34.328047 np0000008090 devstack@c-api.service[97106]: INFO cinder.api.openstack.wsgi [req-9005f5e3-695b-4c53-be42-d053274e79d3 req-3e2acba7-6aa3-4526-bbbe-9f535a0eb784 tempest-ServerStableDeviceRescueTest-1153820394 tempest-ServerStableDeviceRescueTest-1153820394-project-member] GET https://10.4.3.18/volume/v3/volumes/7d6cd7f4-0d67-4ba1-bb9a-c52086efd193
Aug 25 16:11:34.328047 np0000008090 devstack@c-api.service[97106]: DEBUG cinder.api.openstack.wsgi [req-9005f5e3-695b-4c53-be42-d053274e79d3 req-3e2acba7-6aa3-4526-bbbe-9f535a0eb784 tempest-ServerStableDeviceRescueTest-1153820394 tempest-ServerStableDeviceRescueTest-1153820394-project-member] Empty body provided in request {{(pid=97106) get_body /opt/stack/cinder/cinder/api/openstack/wsgi.py:725}}
Aug 25 16:11:34.328165 np0000008090 devstack@c-api.service[97106]: DEBUG cinder.api.openstack.wsgi [req-9005f5e3-695b-4c53-be42-d053274e79d3 req-3e2acba7-6aa3-4526-bbbe-9f535a0eb784 tempest-ServerStableDeviceRescueTest-1153820394 tempest-ServerStableDeviceRescueTest-1153820394-project-member] Calling method 'show' {{(pid=97106) _process_stack /opt/stack/cinder/cinder/api/openstack/wsgi.py:878}}
Aug 25 16:11:34.336042 np0000008090 devstack@c-api.service[97107]: DEBUG cinder.api.middleware.request_id [None req-1a1b3f94-4423-40d9-96a2-1566f837abdc None None] RequestId filter calling following filter/app {{(pid=97107) _context_setter /opt/stack/cinder/cinder/api/middleware/request_id.py:62}}
Aug 25 16:11:34.337801 np0000008090 devstack@c-api.service[97107]: INFO cinder.api.openstack.wsgi [None req-1a1b3f94-4423-40d9-96a2-1566f837abdc tempest-VolumeServicesNegativeTest-228454232 tempest-VolumeServicesNegativeTest-228454232-project-admin] PUT https://10.4.3.18/volume/v3/os-services/thaw
Aug 25 16:11:34.338266 np0000008090 devstack@c-api.service[97107]: DEBUG cinder.api.openstack.wsgi [None req-1a1b3f94-4423-40d9-96a2-1566f837abdc tempest-VolumeServicesNegativeTest-228454232 tempest-VolumeServicesNegativeTest-228454232-project-admin] Action: 'thaw', calling method: thaw, body: {"host": "invalid_host"} {{(pid=97107) _process_stack /opt/stack/cinder/cinder/api/openstack/wsgi.py:876}}
Aug 25 16:11:34.339119 np0000008090 devstack@c-api.service[97106]: /opt/stack/data/venv/lib/python3.12/site-packages/oslo_context/context.py:102: DeprecationWarning: Policy enforcement is depending on the value of is_admin. This key is deprecated. Please update your policy file to use the standard policy values.
Aug 25 16:11:34.339119 np0000008090 devstack@c-api.service[97106]: warnings.warn(
Aug 25 16:11:34.343572 np0000008090 devstack@c-api.service[97106]: INFO cinder.volume.api [req-9005f5e3-695b-4c53-be42-d053274e79d3 req-3e2acba7-6aa3-4526-bbbe-9f535a0eb784 tempest-ServerStableDeviceRescueTest-1153820394 tempest-ServerStableDeviceRescueTest-1153820394-project-member] Volume info retrieved successfully.
Aug 25 16:11:34.345278 np0000008090 devstack@c-api.service[97107]: INFO cinder.api.openstack.wsgi [None req-1a1b3f94-4423-40d9-96a2-1566f837abdc tempest-VolumeServicesNegativeTest-228454232 tempest-VolumeServicesNegativeTest-228454232-project-admin] https://10.4.3.18/volume/v3/os-services/thaw returned with HTTP 400
Aug 25 16:11:34.345906 np0000008090 devstack@c-api.service[97107]: [pid: 97107|app: 0|req: 149/431] 10.4.3.18 () {68 vars in 1277 bytes} [Tue Aug 25 16:11:34 2026] PUT /volume/v3/os-services/thaw => generated 83 bytes in 10 msecs (HTTP/1.1 400) 7 headers in 293 bytes (1 switches on core 0)
Aug 25 16:11:34.347694 np0000008090 devstack@c-api.service[97106]: INFO cinder.api.openstack.wsgi [req-9005f5e3-695b-4c53-be42-d053274e79d3 req-3e2acba7-6aa3-4526-bbbe-9f535a0eb784 tempest-ServerStableDeviceRescueTest-1153820394 tempest-ServerStableDeviceRescueTest-1153820394-project-member] https://10.4.3.18/volume/v3/volumes/7d6cd7f4-0d67-4ba1-bb9a-c52086efd193 returned with HTTP 200
