Aug 25 16:12:05.828429 np0000008090 devstack@g-api.service[99811]: DEBUG glance.api.middleware.version_negotiation [None req-c5ea7e70-8189-4672-86ac-13e0bb08db36 tempest-ServerBootFromVolumeStableRescueTest-1002000262 tempest-ServerBootFromVolumeStableRescueTest-1002000262-project-member] Matched version: v2 {{(pid=99811) process_request /opt/stack/glance/glance/api/middleware/version_negotiation.py:69}}
Aug 25 16:12:05.828429 np0000008090 devstack@g-api.service[99811]: DEBUG glance.api.middleware.version_negotiation [None req-c5ea7e70-8189-4672-86ac-13e0bb08db36 tempest-ServerBootFromVolumeStableRescueTest-1002000262 tempest-ServerBootFromVolumeStableRescueTest-1002000262-project-member] new path /v2/images/1dd65c41-e10d-4de8-bc51-4548e1f784a8 {{(pid=99811) process_request /opt/stack/glance/glance/api/middleware/version_negotiation.py:70}}
Aug 25 16:12:05.848080 np0000008090 devstack@g-api.service[99811]: [pid: 99811|app: 0|req: 62/182] 127.0.0.1 () {44 vars in 1111 bytes} [Tue Aug 25 16:12:05 2026] GET /v2/images/1dd65c41-e10d-4de8-bc51-4548e1f784a8 => generated 1338 bytes in 20 msecs (HTTP/1.1 200) 4 headers in 158 bytes (1 switches on core 0)
Aug 25 16:12:05.900225 np0000008090 devstack@g-api.service[99810]: DEBUG glance.api.middleware.version_negotiation [None req-9f4e7cd9-9b1b-4887-b6d9-57d3d80d7025 tempest-AttachVolumeShelveTestJSON-1584880656 tempest-AttachVolumeShelveTestJSON-1584880656-project-member] Determining version of request: GET /v2/schemas/image Accept: */* {{(pid=99810) process_request /opt/stack/glance/glance/api/middleware/version_negotiation.py:44}}
Aug 25 16:12:05.900225 np0000008090 devstack@g-api.service[99810]: DEBUG glance.api.middleware.version_negotiation [None req-9f4e7cd9-9b1b-4887-b6d9-57d3d80d7025 tempest-AttachVolumeShelveTestJSON-1584880656 tempest-AttachVolumeShelveTestJSON-1584880656-project-member] Using url versioning {{(pid=99810) process_request /opt/stack/glance/glance/api/middleware/version_negotiation.py:57}}
Aug 25 16:12:05.900225 np0000008090 devstack@g-api.service[99810]: DEBUG glance.api.middleware.version_negotiation [None req-9f4e7cd9-9b1b-4887-b6d9-57d3d80d7025 tempest-AttachVolumeShelveTestJSON-1584880656 tempest-AttachVolumeShelveTestJSON-1584880656-project-member] Matched version: v2 {{(pid=99810) process_request /opt/stack/glance/glance/api/middleware/version_negotiation.py:69}}
Aug 25 16:12:05.900666 np0000008090 devstack@g-api.service[99810]: DEBUG glance.api.middleware.version_negotiation [None req-9f4e7cd9-9b1b-4887-b6d9-57d3d80d7025 tempest-AttachVolumeShelveTestJSON-1584880656 tempest-AttachVolumeShelveTestJSON-1584880656-project-member] new path /v2/schemas/image {{(pid=99810) process_request /opt/stack/glance/glance/api/middleware/version_negotiation.py:70}}
Aug 25 16:12:05.905060 np0000008090 devstack@g-api.service[99810]: [pid: 99810|app: 0|req: 64/183] 127.0.0.1 () {44 vars in 1051 bytes} [Tue Aug 25 16:12:05 2026] GET /v2/schemas/image => generated 6083 bytes in 4 msecs (HTTP/1.1 200) 4 headers in 158 bytes (1 switches on core 0)
Aug 25 16:12:09.168393 np0000008090 devstack@g-api.service[99809]: DEBUG glance.api.middleware.version_negotiation [None req-9f4e7cd9-9b1b-4887-b6d9-57d3d80d7025 tempest-AttachVolumeShelveTestJSON-1584880656 tempest-AttachVolumeShelveTestJSON-1584880656-project-member] Determining version of request: GET /v2/schemas/image Accept: */* {{(pid=99809) process_request /opt/stack/glance/glance/api/middleware/version_negotiation.py:44}}
Aug 25 16:12:09.168717 np0000008090 devstack@g-api.service[99809]: DEBUG glance.api.middleware.version_negotiation [None req-9f4e7cd9-9b1b-4887-b6d9-57d3d80d7025 tempest-AttachVolumeShelveTestJSON-1584880656 tempest-AttachVolumeShelveTestJSON-1584880656-project-member] Using url versioning {{(pid=99809) process_request /opt/stack/glance/glance/api/middleware/version_negotiation.py:57}}
Aug 25 16:12:09.168717 np0000008090 devstack@g-api.service[99809]: DEBUG glance.api.middleware.version_negotiation [None req-9f4e7cd9-9b1b-4887-b6d9-57d3d80d7025 tempest-AttachVolumeShelveTestJSON-1584880656 tempest-AttachVolumeShelveTestJSON-1584880656-project-member] Matched version: v2 {{(pid=99809) process_request /opt/stack/glance/glance/api/middleware/version_negotiation.py:69}}
Aug 25 16:12:09.168801 np0000008090 devstack@g-api.service[99809]: DEBUG glance.api.middleware.version_negotiation [None req-9f4e7cd9-9b1b-4887-b6d9-57d3d80d7025 tempest-AttachVolumeShelveTestJSON-1584880656 tempest-AttachVolumeShelveTestJSON-1584880656-project-member] new path /v2/schemas/image {{(pid=99809) process_request /opt/stack/glance/glance/api/middleware/version_negotiation.py:70}}
Aug 25 16:12:09.171425 np0000008090 devstack@g-api.service[99809]: [pid: 99809|app: 0|req: 58/184] 127.0.0.1 () {44 vars in 1051 bytes} [Tue Aug 25 16:12:09 2026] GET /v2/schemas/image => generated 6083 bytes in 3 msecs (HTTP/1.1 200) 4 headers in 158 bytes (1 switches on core 0)
Aug 25 16:12:09.262093 np0000008090 devstack@g-api.service[99811]: DEBUG glance.api.middleware.version_negotiation [None req-9f4e7cd9-9b1b-4887-b6d9-57d3d80d7025 tempest-AttachVolumeShelveTestJSON-1584880656 tempest-AttachVolumeShelveTestJSON-1584880656-project-member] Determining version of request: POST /v2/images Accept: */* {{(pid=99811) process_request /opt/stack/glance/glance/api/middleware/version_negotiation.py:44}}
Aug 25 16:12:09.262462 np0000008090 devstack@g-api.service[99811]: DEBUG glance.api.middleware.version_negotiation [None req-9f4e7cd9-9b1b-4887-b6d9-57d3d80d7025 tempest-AttachVolumeShelveTestJSON-1584880656 tempest-AttachVolumeShelveTestJSON-1584880656-project-member] Using url versioning {{(pid=99811) process_request /opt/stack/glance/glance/api/middleware/version_negotiation.py:57}}
Aug 25 16:12:09.262462 np0000008090 devstack@g-api.service[99811]: DEBUG glance.api.middleware.version_negotiation [None req-9f4e7cd9-9b1b-4887-b6d9-57d3d80d7025 tempest-AttachVolumeShelveTestJSON-1584880656 tempest-AttachVolumeShelveTestJSON-1584880656-project-member] Matched version: v2 {{(pid=99811) process_request /opt/stack/glance/glance/api/middleware/version_negotiation.py:69}}
Aug 25 16:12:09.262511 np0000008090 devstack@g-api.service[99811]: DEBUG glance.api.middleware.version_negotiation [None req-9f4e7cd9-9b1b-4887-b6d9-57d3d80d7025 tempest-AttachVolumeShelveTestJSON-1584880656 tempest-AttachVolumeShelveTestJSON-1584880656-project-member] new path /v2/images {{(pid=99811) process_request /opt/stack/glance/glance/api/middleware/version_negotiation.py:70}}
Aug 25 16:12:09.747250 np0000008090 devstack@g-api.service[99810]: DEBUG glance.api.middleware.version_negotiation [None req-9f4e7cd9-9b1b-4887-b6d9-57d3d80d7025 tempest-AttachVolumeShelveTestJSON-1584880656 tempest-AttachVolumeShelveTestJSON-1584880656-project-member] Determining version of request: GET /v2/images/1dd65c41-e10d-4de8-bc51-4548e1f784a8 Accept: */* {{(pid=99810) process_request /opt/stack/glance/glance/api/middleware/version_negotiation.py:44}}
Aug 25 16:12:09.748426 np0000008090 devstack@g-api.service[99810]: DEBUG glance.api.middleware.version_negotiation [None req-9f4e7cd9-9b1b-4887-b6d9-57d3d80d7025 tempest-AttachVolumeShelveTestJSON-1584880656 tempest-AttachVolumeShelveTestJSON-1584880656-project-member] Using url versioning {{(pid=99810) process_request /opt/stack/glance/glance/api/middleware/version_negotiation.py:57}}
Aug 25 16:12:09.748683 np0000008090 devstack@g-api.service[99810]: DEBUG glance.api.middleware.version_negotiation [None req-9f4e7cd9-9b1b-4887-b6d9-57d3d80d7025 tempest-AttachVolumeShelveTestJSON-1584880656 tempest-AttachVolumeShelveTestJSON-1584880656-project-member] Matched version: v2 {{(pid=99810) process_request /opt/stack/glance/glance/api/middleware/version_negotiation.py:69}}
Aug 25 16:12:09.748867 np0000008090 devstack@g-api.service[99810]: DEBUG glance.api.middleware.version_negotiation [None req-9f4e7cd9-9b1b-4887-b6d9-57d3d80d7025 tempest-AttachVolumeShelveTestJSON-1584880656 tempest-AttachVolumeShelveTestJSON-1584880656-project-member] new path /v2/images/1dd65c41-e10d-4de8-bc51-4548e1f784a8 {{(pid=99810) process_request /opt/stack/glance/glance/api/middleware/version_negotiation.py:70}}
Aug 25 16:12:09.760789 np0000008090 devstack@g-api.service[99810]: [pid: 99810|app: 0|req: 65/185] 127.0.0.1 () {44 vars in 1111 bytes} [Tue Aug 25 16:12:09 2026] GET /v2/images/1dd65c41-e10d-4de8-bc51-4548e1f784a8 => generated 1338 bytes in 13 msecs (HTTP/1.1 200) 4 headers in 158 bytes (1 switches on core 0)
Aug 25 16:12:09.783611 np0000008090 devstack@g-api.service[99811]: [pid: 99811|app: 0|req: 63/186] 127.0.0.1 () {46 vars in 1051 bytes} [Tue Aug 25 16:12:09 2026] POST /v2/images => generated 1359 bytes in 522 msecs (HTTP/1.1 201) 6 headers in 316 bytes (1 switches on core 0)
Aug 25 16:12:09.790457 np0000008090 devstack@g-api.service[99809]: DEBUG glance.api.middleware.version_negotiation [None req-bd1794c2-7d49-4ef7-b6e4-bf833f1557b0 tempest-ServerBootFromVolumeStableRescueTest-1002000262 tempest-ServerBootFromVolumeStableRescueTest-1002000262-project-member] Determining version of request: GET /v2/schemas/image Accept: */* {{(pid=99809) process_request /opt/stack/glance/glance/api/middleware/version_negotiation.py:44}}
Aug 25 16:12:09.790605 np0000008090 devstack@g-api.service[99809]: DEBUG glance.api.middleware.version_negotiation [None req-bd1794c2-7d49-4ef7-b6e4-bf833f1557b0 tempest-ServerBootFromVolumeStableRescueTest-1002000262 tempest-ServerBootFromVolumeStableRescueTest-1002000262-project-member] Using url versioning {{(pid=99809) process_request /opt/stack/glance/glance/api/middleware/version_negotiation.py:57}}
Aug 25 16:12:09.790744 np0000008090 devstack@g-api.service[99809]: DEBUG glance.api.middleware.version_negotiation [None req-bd1794c2-7d49-4ef7-b6e4-bf833f1557b0 tempest-ServerBootFromVolumeStableRescueTest-1002000262 tempest-ServerBootFromVolumeStableRescueTest-1002000262-project-member] Matched version: v2 {{(pid=99809) process_request /opt/stack/glance/glance/api/middleware/version_negotiation.py:69}}
Aug 25 16:12:09.790843 np0000008090 devstack@g-api.service[99809]: DEBUG glance.api.middleware.version_negotiation [None req-bd1794c2-7d49-4ef7-b6e4-bf833f1557b0 tempest-ServerBootFromVolumeStableRescueTest-1002000262 tempest-ServerBootFromVolumeStableRescueTest-1002000262-project-member] new path /v2/schemas/image {{(pid=99809) process_request /opt/stack/glance/glance/api/middleware/version_negotiation.py:70}}
Aug 25 16:12:09.795857 np0000008090 devstack@g-api.service[99809]: [pid: 99809|app: 0|req: 59/187] 127.0.0.1 () {44 vars in 1051 bytes} [Tue Aug 25 16:12:09 2026] GET /v2/schemas/image => generated 6083 bytes in 5 msecs (HTTP/1.1 200) 4 headers in 158 bytes (1 switches on core 0)
Aug 25 16:12:09.833535 np0000008090 devstack@g-api.service[99810]: DEBUG glance.api.middleware.version_negotiation [None req-9f4e7cd9-9b1b-4887-b6d9-57d3d80d7025 tempest-AttachVolumeShelveTestJSON-1584880656 tempest-AttachVolumeShelveTestJSON-1584880656-project-member] Determining version of request: GET /v2/schemas/image Accept: */* {{(pid=99810) process_request /opt/stack/glance/glance/api/middleware/version_negotiation.py:44}}
Aug 25 16:12:09.833673 np0000008090 devstack@g-api.service[99810]: DEBUG glance.api.middleware.version_negotiation [None req-9f4e7cd9-9b1b-4887-b6d9-57d3d80d7025 tempest-AttachVolumeShelveTestJSON-1584880656 tempest-AttachVolumeShelveTestJSON-1584880656-project-member] Using url versioning {{(pid=99810) process_request /opt/stack/glance/glance/api/middleware/version_negotiation.py:57}}
Aug 25 16:12:09.833858 np0000008090 devstack@g-api.service[99810]: DEBUG glance.api.middleware.version_negotiation [None req-9f4e7cd9-9b1b-4887-b6d9-57d3d80d7025 tempest-AttachVolumeShelveTestJSON-1584880656 tempest-AttachVolumeShelveTestJSON-1584880656-project-member] Matched version: v2 {{(pid=99810) process_request /opt/stack/glance/glance/api/middleware/version_negotiation.py:69}}
Aug 25 16:12:09.833994 np0000008090 devstack@g-api.service[99810]: DEBUG glance.api.middleware.version_negotiation [None req-9f4e7cd9-9b1b-4887-b6d9-57d3d80d7025 tempest-AttachVolumeShelveTestJSON-1584880656 tempest-AttachVolumeShelveTestJSON-1584880656-project-member] new path /v2/schemas/image {{(pid=99810) process_request /opt/stack/glance/glance/api/middleware/version_negotiation.py:70}}
Aug 25 16:12:09.836109 np0000008090 devstack@g-api.service[99810]: [pid: 99810|app: 0|req: 66/188] 127.0.0.1 () {44 vars in 1051 bytes} [Tue Aug 25 16:12:09 2026] GET /v2/schemas/image => generated 6083 bytes in 3 msecs (HTTP/1.1 200) 4 headers in 158 bytes (1 switches on core 0)
Aug 25 16:12:09.865344 np0000008090 devstack@g-api.service[99811]: DEBUG glance.api.middleware.version_negotiation [None req-bd1794c2-7d49-4ef7-b6e4-bf833f1557b0 tempest-ServerBootFromVolumeStableRescueTest-1002000262 tempest-ServerBootFromVolumeStableRescueTest-1002000262-project-member] Determining version of request: PATCH /v2/images/1dd65c41-e10d-4de8-bc51-4548e1f784a8 Accept: */* {{(pid=99811) process_request /opt/stack/glance/glance/api/middleware/version_negotiation.py:44}}
Aug 25 16:12:09.865454 np0000008090 devstack@g-api.service[99811]: DEBUG glance.api.middleware.version_negotiation [None req-bd1794c2-7d49-4ef7-b6e4-bf833f1557b0 tempest-ServerBootFromVolumeStableRescueTest-1002000262 tempest-ServerBootFromVolumeStableRescueTest-1002000262-project-member] Using url versioning {{(pid=99811) process_request /opt/stack/glance/glance/api/middleware/version_negotiation.py:57}}
Aug 25 16:12:09.865642 np0000008090 devstack@g-api.service[99811]: DEBUG glance.api.middleware.version_negotiation [None req-bd1794c2-7d49-4ef7-b6e4-bf833f1557b0 tempest-ServerBootFromVolumeStableRescueTest-1002000262 tempest-ServerBootFromVolumeStableRescueTest-1002000262-project-member] Matched version: v2 {{(pid=99811) process_request /opt/stack/glance/glance/api/middleware/version_negotiation.py:69}}
Aug 25 16:12:09.865762 np0000008090 devstack@g-api.service[99811]: DEBUG glance.api.middleware.version_negotiation [None req-bd1794c2-7d49-4ef7-b6e4-bf833f1557b0 tempest-ServerBootFromVolumeStableRescueTest-1002000262 tempest-ServerBootFromVolumeStableRescueTest-1002000262-project-member] new path /v2/images/1dd65c41-e10d-4de8-bc51-4548e1f784a8 {{(pid=99811) process_request /opt/stack/glance/glance/api/middleware/version_negotiation.py:70}}
Aug 25 16:12:09.918115 np0000008090 devstack@g-api.service[99809]: DEBUG glance.api.middleware.version_negotiation [None req-9f4e7cd9-9b1b-4887-b6d9-57d3d80d7025 tempest-AttachVolumeShelveTestJSON-1584880656 tempest-AttachVolumeShelveTestJSON-1584880656-project-member] Determining version of request: GET /v2/images/cac76a9b-5074-457b-97f9-8b45a551a347 Accept: application/json {{(pid=99809) process_request /opt/stack/glance/glance/api/middleware/version_negotiation.py:44}}
Aug 25 16:12:09.918115 np0000008090 devstack@g-api.service[99809]: DEBUG glance.api.middleware.version_negotiation [None req-9f4e7cd9-9b1b-4887-b6d9-57d3d80d7025 tempest-AttachVolumeShelveTestJSON-1584880656 tempest-AttachVolumeShelveTestJSON-1584880656-project-member] Using url versioning {{(pid=99809) process_request /opt/stack/glance/glance/api/middleware/version_negotiation.py:57}}
Aug 25 16:12:09.918115 np0000008090 devstack@g-api.service[99809]: DEBUG glance.api.middleware.version_negotiation [None req-9f4e7cd9-9b1b-4887-b6d9-57d3d80d7025 tempest-AttachVolumeShelveTestJSON-1584880656 tempest-AttachVolumeShelveTestJSON-1584880656-project-member] Matched version: v2 {{(pid=99809) process_request /opt/stack/glance/glance/api/middleware/version_negotiation.py:69}}
Aug 25 16:12:09.918115 np0000008090 devstack@g-api.service[99809]: DEBUG glance.api.middleware.version_negotiation [None req-9f4e7cd9-9b1b-4887-b6d9-57d3d80d7025 tempest-AttachVolumeShelveTestJSON-1584880656 tempest-AttachVolumeShelveTestJSON-1584880656-project-member] new path /v2/images/cac76a9b-5074-457b-97f9-8b45a551a347 {{(pid=99809) process_request /opt/stack/glance/glance/api/middleware/version_negotiation.py:70}}
Aug 25 16:12:09.923483 np0000008090 devstack@g-api.service[99809]: [pid: 99809|app: 0|req: 60/189] 127.0.0.1 () {40 vars in 834 bytes} [Tue Aug 25 16:12:09 2026] GET /v2/images/cac76a9b-5074-457b-97f9-8b45a551a347 => generated 1359 bytes in 10 msecs (HTTP/1.1 200) 4 headers in 158 bytes (1 switches on core 0)
Aug 25 16:12:10.146219 np0000008090 devstack@g-api.service[99811]: [pid: 99811|app: 0|req: 64/190] 127.0.0.1 () {46 vars in 1154 bytes} [Tue Aug 25 16:12:09 2026] PATCH /v2/images/1dd65c41-e10d-4de8-bc51-4548e1f784a8 => generated 1449 bytes in 280 msecs (HTTP/1.1 200) 4 headers in 158 bytes (1 switches on core 0)
Aug 25 16:12:10.174435 np0000008090 devstack@g-api.service[99810]: DEBUG glance.api.middleware.version_negotiation [None req-9f4e7cd9-9b1b-4887-b6d9-57d3d80d7025 tempest-AttachVolumeShelveTestJSON-1584880656 tempest-AttachVolumeShelveTestJSON-1584880656-project-member] Determining version of request: GET /v2/images/cac76a9b-5074-457b-97f9-8b45a551a347 Accept: */* {{(pid=99810) process_request /opt/stack/glance/glance/api/middleware/version_negotiation.py:44}}
Aug 25 16:12:10.174721 np0000008090 devstack@g-api.service[99810]: DEBUG glance.api.middleware.version_negotiation [None req-9f4e7cd9-9b1b-4887-b6d9-57d3d80d7025 tempest-AttachVolumeShelveTestJSON-1584880656 tempest-AttachVolumeShelveTestJSON-1584880656-project-member] Using url versioning {{(pid=99810) process_request /opt/stack/glance/glance/api/middleware/version_negotiation.py:57}}
Aug 25 16:12:10.174956 np0000008090 devstack@g-api.service[99810]: DEBUG glance.api.middleware.version_negotiation [None req-9f4e7cd9-9b1b-4887-b6d9-57d3d80d7025 tempest-AttachVolumeShelveTestJSON-1584880656 tempest-AttachVolumeShelveTestJSON-1584880656-project-member] Matched version: v2 {{(pid=99810) process_request /opt/stack/glance/glance/api/middleware/version_negotiation.py:69}}
Aug 25 16:12:10.175109 np0000008090 devstack@g-api.service[99810]: DEBUG glance.api.middleware.version_negotiation [None req-9f4e7cd9-9b1b-4887-b6d9-57d3d80d7025 tempest-AttachVolumeShelveTestJSON-1584880656 tempest-AttachVolumeShelveTestJSON-1584880656-project-member] new path /v2/images/cac76a9b-5074-457b-97f9-8b45a551a347 {{(pid=99810) process_request /opt/stack/glance/glance/api/middleware/version_negotiation.py:70}}
Aug 25 16:12:10.183775 np0000008090 devstack@g-api.service[99809]: DEBUG glance.api.middleware.version_negotiation [None req-f481f03e-c0b8-4e87-8535-e5fca8463e70 tempest-ServerBootFromVolumeStableRescueTest-1002000262 tempest-ServerBootFromVolumeStableRescueTest-1002000262-project-member] Determining version of request: GET /v2/images/1dd65c41-e10d-4de8-bc51-4548e1f784a8 Accept: */* {{(pid=99809) process_request /opt/stack/glance/glance/api/middleware/version_negotiation.py:44}}
Aug 25 16:12:10.184255 np0000008090 devstack@g-api.service[99809]: DEBUG glance.api.middleware.version_negotiation [None req-f481f03e-c0b8-4e87-8535-e5fca8463e70 tempest-ServerBootFromVolumeStableRescueTest-1002000262 tempest-ServerBootFromVolumeStableRescueTest-1002000262-project-member] Using url versioning {{(pid=99809) process_request /opt/stack/glance/glance/api/middleware/version_negotiation.py:57}}
Aug 25 16:12:10.184255 np0000008090 devstack@g-api.service[99809]: DEBUG glance.api.middleware.version_negotiation [None req-f481f03e-c0b8-4e87-8535-e5fca8463e70 tempest-ServerBootFromVolumeStableRescueTest-1002000262 tempest-ServerBootFromVolumeStableRescueTest-1002000262-project-member] Matched version: v2 {{(pid=99809) process_request /opt/stack/glance/glance/api/middleware/version_negotiation.py:69}}
Aug 25 16:12:10.184374 np0000008090 devstack@g-api.service[99809]: DEBUG glance.api.middleware.version_negotiation [None req-f481f03e-c0b8-4e87-8535-e5fca8463e70 tempest-ServerBootFromVolumeStableRescueTest-1002000262 tempest-ServerBootFromVolumeStableRescueTest-1002000262-project-member] new path /v2/images/1dd65c41-e10d-4de8-bc51-4548e1f784a8 {{(pid=99809) process_request /opt/stack/glance/glance/api/middleware/version_negotiation.py:70}}
Aug 25 16:12:10.187005 np0000008090 devstack@g-api.service[99810]: [pid: 99810|app: 0|req: 67/191] 127.0.0.1 () {44 vars in 1111 bytes} [Tue Aug 25 16:12:10 2026] GET /v2/images/cac76a9b-5074-457b-97f9-8b45a551a347 => generated 1359 bytes in 13 msecs (HTTP/1.1 200) 4 headers in 158 bytes (1 switches on core 0)
Aug 25 16:12:10.199460 np0000008090 devstack@g-api.service[99809]: [pid: 99809|app: 0|req: 61/192] 127.0.0.1 () {44 vars in 1111 bytes} [Tue Aug 25 16:12:10 2026] GET /v2/images/1dd65c41-e10d-4de8-bc51-4548e1f784a8 => generated 1449 bytes in 16 msecs (HTTP/1.1 200) 4 headers in 158 bytes (1 switches on core 0)
Aug 25 16:12:10.342631 np0000008090 devstack@g-api.service[99811]: DEBUG glance.api.middleware.version_negotiation [None req-9f4e7cd9-9b1b-4887-b6d9-57d3d80d7025 tempest-AttachVolumeShelveTestJSON-1584880656 tempest-AttachVolumeShelveTestJSON-1584880656-project-member] Determining version of request: GET /v2/schemas/image Accept: */* {{(pid=99811) process_request /opt/stack/glance/glance/api/middleware/version_negotiation.py:44}}
Aug 25 16:12:10.343014 np0000008090 devstack@g-api.service[99811]: DEBUG glance.api.middleware.version_negotiation [None req-9f4e7cd9-9b1b-4887-b6d9-57d3d80d7025 tempest-AttachVolumeShelveTestJSON-1584880656 tempest-AttachVolumeShelveTestJSON-1584880656-project-member] Using url versioning {{(pid=99811) process_request /opt/stack/glance/glance/api/middleware/version_negotiation.py:57}}
Aug 25 16:12:10.343014 np0000008090 devstack@g-api.service[99811]: DEBUG glance.api.middleware.version_negotiation [None req-9f4e7cd9-9b1b-4887-b6d9-57d3d80d7025 tempest-AttachVolumeShelveTestJSON-1584880656 tempest-AttachVolumeShelveTestJSON-1584880656-project-member] Matched version: v2 {{(pid=99811) process_request /opt/stack/glance/glance/api/middleware/version_negotiation.py:69}}
Aug 25 16:12:10.343014 np0000008090 devstack@g-api.service[99811]: DEBUG glance.api.middleware.version_negotiation [None req-9f4e7cd9-9b1b-4887-b6d9-57d3d80d7025 tempest-AttachVolumeShelveTestJSON-1584880656 tempest-AttachVolumeShelveTestJSON-1584880656-project-member] new path /v2/schemas/image {{(pid=99811) process_request /opt/stack/glance/glance/api/middleware/version_negotiation.py:70}}
Aug 25 16:12:10.345171 np0000008090 devstack@g-api.service[99811]: [pid: 99811|app: 0|req: 65/193] 127.0.0.1 () {44 vars in 1051 bytes} [Tue Aug 25 16:12:10 2026] GET /v2/schemas/image => generated 6083 bytes in 2 msecs (HTTP/1.1 200) 4 headers in 158 bytes (1 switches on core 0)
Aug 25 16:12:10.355215 np0000008090 devstack@g-api.service[99810]: DEBUG glance.api.middleware.version_negotiation [None req-bd1794c2-7d49-4ef7-b6e4-bf833f1557b0 tempest-ServerBootFromVolumeStableRescueTest-1002000262 tempest-ServerBootFromVolumeStableRescueTest-1002000262-project-member] Determining version of request: PUT /v2/images/1dd65c41-e10d-4de8-bc51-4548e1f784a8/file Accept: */* {{(pid=99810) process_request /opt/stack/glance/glance/api/middleware/version_negotiation.py:44}}
Aug 25 16:12:10.355408 np0000008090 devstack@g-api.service[99810]: DEBUG glance.api.middleware.version_negotiation [None req-bd1794c2-7d49-4ef7-b6e4-bf833f1557b0 tempest-ServerBootFromVolumeStableRescueTest-1002000262 tempest-ServerBootFromVolumeStableRescueTest-1002000262-project-member] Using url versioning {{(pid=99810) process_request /opt/stack/glance/glance/api/middleware/version_negotiation.py:57}}
Aug 25 16:12:10.355556 np0000008090 devstack@g-api.service[99810]: DEBUG glance.api.middleware.version_negotiation [None req-bd1794c2-7d49-4ef7-b6e4-bf833f1557b0 tempest-ServerBootFromVolumeStableRescueTest-1002000262 tempest-ServerBootFromVolumeStableRescueTest-1002000262-project-member] Matched version: v2 {{(pid=99810) process_request /opt/stack/glance/glance/api/middleware/version_negotiation.py:69}}
Aug 25 16:12:10.355670 np0000008090 devstack@g-api.service[99810]: DEBUG glance.api.middleware.version_negotiation [None req-bd1794c2-7d49-4ef7-b6e4-bf833f1557b0 tempest-ServerBootFromVolumeStableRescueTest-1002000262 tempest-ServerBootFromVolumeStableRescueTest-1002000262-project-member] new path /v2/images/1dd65c41-e10d-4de8-bc51-4548e1f784a8/file {{(pid=99810) process_request /opt/stack/glance/glance/api/middleware/version_negotiation.py:70}}
Aug 25 16:12:10.949325 np0000008090 devstack@g-api.service[99809]: DEBUG glance.api.middleware.version_negotiation [None req-9f4e7cd9-9b1b-4887-b6d9-57d3d80d7025 tempest-AttachVolumeShelveTestJSON-1584880656 tempest-AttachVolumeShelveTestJSON-1584880656-project-member] Determining version of request: GET /v2/images/cac76a9b-5074-457b-97f9-8b45a551a347 Accept: application/json {{(pid=99809) process_request /opt/stack/glance/glance/api/middleware/version_negotiation.py:44}}
Aug 25 16:12:10.949325 np0000008090 devstack@g-api.service[99809]: DEBUG glance.api.middleware.version_negotiation [None req-9f4e7cd9-9b1b-4887-b6d9-57d3d80d7025 tempest-AttachVolumeShelveTestJSON-1584880656 tempest-AttachVolumeShelveTestJSON-1584880656-project-member] Using url versioning {{(pid=99809) process_request /opt/stack/glance/glance/api/middleware/version_negotiation.py:57}}
Aug 25 16:12:10.949325 np0000008090 devstack@g-api.service[99809]: DEBUG glance.api.middleware.version_negotiation [None req-9f4e7cd9-9b1b-4887-b6d9-57d3d80d7025 tempest-AttachVolumeShelveTestJSON-1584880656 tempest-AttachVolumeShelveTestJSON-1584880656-project-member] Matched version: v2 {{(pid=99809) process_request /opt/stack/glance/glance/api/middleware/version_negotiation.py:69}}
Aug 25 16:12:10.949325 np0000008090 devstack@g-api.service[99809]: DEBUG glance.api.middleware.version_negotiation [None req-9f4e7cd9-9b1b-4887-b6d9-57d3d80d7025 tempest-AttachVolumeShelveTestJSON-1584880656 tempest-AttachVolumeShelveTestJSON-1584880656-project-member] new path /v2/images/cac76a9b-5074-457b-97f9-8b45a551a347 {{(pid=99809) process_request /opt/stack/glance/glance/api/middleware/version_negotiation.py:70}}
Aug 25 16:12:11.036955 np0000008090 devstack@g-api.service[99809]: [pid: 99809|app: 0|req: 62/194] 127.0.0.1 () {40 vars in 834 bytes} [Tue Aug 25 16:12:10 2026] GET /v2/images/cac76a9b-5074-457b-97f9-8b45a551a347 => generated 1359 bytes in 94 msecs (HTTP/1.1 200) 4 headers in 158 bytes (1 switches on core 0)
Aug 25 16:12:11.132285 np0000008090 devstack@g-api.service[99810]: INFO glance.api.v2.image_data [None req-9f4e7cd9-9b1b-4887-b6d9-57d3d80d7025 tempest-AttachVolumeShelveTestJSON-1584880656 tempest-AttachVolumeShelveTestJSON-1584880656-project-member] Unable to create trust: no such option collect_timing in group [keystone_authtoken] Use the existing user token.
Aug 25 16:12:11.707863 np0000008090 devstack@g-api.service[99810]: DEBUG glance.location [None req-9f4e7cd9-9b1b-4887-b6d9-57d3d80d7025 tempest-AttachVolumeShelveTestJSON-1584880656 tempest-AttachVolumeShelveTestJSON-1584880656-project-member] Enabling in-flight format inspection for qcow2 {{(pid=99810) set_data /opt/stack/glance/glance/location.py:596}}
Aug 25 16:12:11.707863 np0000008090 devstack@g-api.service[99810]: DEBUG glance_store.backend [None req-9f4e7cd9-9b1b-4887-b6d9-57d3d80d7025 tempest-AttachVolumeShelveTestJSON-1584880656 tempest-AttachVolumeShelveTestJSON-1584880656-project-member] Attempting to import store swift {{(pid=99810) _load_store /opt/stack/data/venv/lib/python3.12/site-packages/glance_store/backend.py:215}}
Aug 25 16:12:11.707863 np0000008090 devstack@g-api.service[99810]: DEBUG glance_store.capabilities [None req-9f4e7cd9-9b1b-4887-b6d9-57d3d80d7025 tempest-AttachVolumeShelveTestJSON-1584880656 tempest-AttachVolumeShelveTestJSON-1584880656-project-member] Store glance_store._drivers.swift.store.SingleTenantStore doesn't support updating dynamic storage capabilities. Please overwrite 'update_capabilities' method of the store to implement updating logics if needed. {{(pid=99810) update_capabilities /opt/stack/data/venv/lib/python3.12/site-packages/glance_store/capabilities.py:91}}
Aug 25 16:12:11.707863 np0000008090 devstack@g-api.service[99810]: DEBUG glance_store.driver [None req-9f4e7cd9-9b1b-4887-b6d9-57d3d80d7025 tempest-AttachVolumeShelveTestJSON-1584880656 tempest-AttachVolumeShelveTestJSON-1584880656-project-member] Late loading location class glance_store._drivers.swift.store.StoreLocation {{(pid=99810) get_store_location_class /opt/stack/data/venv/lib/python3.12/site-packages/glance_store/driver.py:134}}
Aug 25 16:12:11.707863 np0000008090 devstack@g-api.service[99810]: DEBUG glance_store.location [None req-9f4e7cd9-9b1b-4887-b6d9-57d3d80d7025 tempest-AttachVolumeShelveTestJSON-1584880656 tempest-AttachVolumeShelveTestJSON-1584880656-project-member] Registering scheme swift+https with {'store': , 'location_class': , 'store_entry': 'swift'} {{(pid=99810) register_scheme_map /opt/stack/data/venv/lib/python3.12/site-packages/glance_store/location.py:146}}
Aug 25 16:12:11.707863 np0000008090 devstack@g-api.service[99810]: DEBUG glance_store.location [None req-9f4e7cd9-9b1b-4887-b6d9-57d3d80d7025 tempest-AttachVolumeShelveTestJSON-1584880656 tempest-AttachVolumeShelveTestJSON-1584880656-project-member] Registering scheme swift+https with {'store': , 'location_class': , 'store_entry': 'swift'} {{(pid=99810) register_scheme_map /opt/stack/data/venv/lib/python3.12/site-packages/glance_store/location.py:146}}
Aug 25 16:12:11.707863 np0000008090 devstack@g-api.service[99810]: DEBUG glance_store.location [None req-9f4e7cd9-9b1b-4887-b6d9-57d3d80d7025 tempest-AttachVolumeShelveTestJSON-1584880656 tempest-AttachVolumeShelveTestJSON-1584880656-project-member] Registering scheme swift with {'store': , 'location_class': , 'store_entry': 'swift'} {{(pid=99810) register_scheme_map /opt/stack/data/venv/lib/python3.12/site-packages/glance_store/location.py:146}}
Aug 25 16:12:11.707863 np0000008090 devstack@g-api.service[99810]: DEBUG glance_store.location [None req-9f4e7cd9-9b1b-4887-b6d9-57d3d80d7025 tempest-AttachVolumeShelveTestJSON-1584880656 tempest-AttachVolumeShelveTestJSON-1584880656-project-member] Registering scheme swift+https with {'store': , 'location_class': , 'store_entry': 'swift'} {{(pid=99810) register_scheme_map /opt/stack/data/venv/lib/python3.12/site-packages/glance_store/location.py:146}}
Aug 25 16:12:11.707863 np0000008090 devstack@g-api.service[99810]: DEBUG glance_store.location [None req-9f4e7cd9-9b1b-4887-b6d9-57d3d80d7025 tempest-AttachVolumeShelveTestJSON-1584880656 tempest-AttachVolumeShelveTestJSON-1584880656-project-member] Registering scheme swift with {'store': , 'location_class': , 'store_entry': 'swift'} {{(pid=99810) register_scheme_map /opt/stack/data/venv/lib/python3.12/site-packages/glance_store/location.py:146}}
Aug 25 16:12:11.707863 np0000008090 devstack@g-api.service[99810]: DEBUG glance_store.location [None req-9f4e7cd9-9b1b-4887-b6d9-57d3d80d7025 tempest-AttachVolumeShelveTestJSON-1584880656 tempest-AttachVolumeShelveTestJSON-1584880656-project-member] Registering scheme swift+http with {'store': , 'location_class': , 'store_entry': 'swift'} {{(pid=99810) register_scheme_map /opt/stack/data/venv/lib/python3.12/site-packages/glance_store/location.py:146}}
Aug 25 16:12:11.707863 np0000008090 devstack@g-api.service[99810]: DEBUG glance_store.location [None req-9f4e7cd9-9b1b-4887-b6d9-57d3d80d7025 tempest-AttachVolumeShelveTestJSON-1584880656 tempest-AttachVolumeShelveTestJSON-1584880656-project-member] Registering scheme swift+https with {'store': , 'location_class': , 'store_entry': 'swift'} {{(pid=99810) register_scheme_map /opt/stack/data/venv/lib/python3.12/site-packages/glance_store/location.py:146}}
Aug 25 16:12:11.708605 np0000008090 devstack@g-api.service[99810]: DEBUG glance_store.location [None req-9f4e7cd9-9b1b-4887-b6d9-57d3d80d7025 tempest-AttachVolumeShelveTestJSON-1584880656 tempest-AttachVolumeShelveTestJSON-1584880656-project-member] Registering scheme swift with {'store': , 'location_class': , 'store_entry': 'swift'} {{(pid=99810) register_scheme_map /opt/stack/data/venv/lib/python3.12/site-packages/glance_store/location.py:146}}
Aug 25 16:12:11.708605 np0000008090 devstack@g-api.service[99810]: DEBUG glance_store.location [None req-9f4e7cd9-9b1b-4887-b6d9-57d3d80d7025 tempest-AttachVolumeShelveTestJSON-1584880656 tempest-AttachVolumeShelveTestJSON-1584880656-project-member] Registering scheme swift+http with {'store': , 'location_class': , 'store_entry': 'swift'} {{(pid=99810) register_scheme_map /opt/stack/data/venv/lib/python3.12/site-packages/glance_store/location.py:146}}
Aug 25 16:12:11.708605 np0000008090 devstack@g-api.service[99810]: DEBUG glance_store.location [None req-9f4e7cd9-9b1b-4887-b6d9-57d3d80d7025 tempest-AttachVolumeShelveTestJSON-1584880656 tempest-AttachVolumeShelveTestJSON-1584880656-project-member] Registering scheme swift+config with {'store': , 'location_class': , 'store_entry': 'swift'} {{(pid=99810) register_scheme_map /opt/stack/data/venv/lib/python3.12/site-packages/glance_store/location.py:146}}
Aug 25 16:12:11.932008 np0000008090 devstack@g-api.service[99810]: DEBUG swiftclient [None req-9f4e7cd9-9b1b-4887-b6d9-57d3d80d7025 tempest-AttachVolumeShelveTestJSON-1584880656 tempest-AttachVolumeShelveTestJSON-1584880656-project-member] REQ: curl -i https://10.4.3.18:8080/v1/AUTH_102bab01e10c4c8191d12c10cc7f992e/glance -I -H "X-Auth-Token: gAAAAABqjb7bDzGE..." {{(pid=99810) http_log /opt/stack/data/venv/lib/python3.12/site-packages/swiftclient/client.py:160}}
Aug 25 16:12:11.932101 np0000008090 devstack@g-api.service[99810]: DEBUG swiftclient [None req-9f4e7cd9-9b1b-4887-b6d9-57d3d80d7025 tempest-AttachVolumeShelveTestJSON-1584880656 tempest-AttachVolumeShelveTestJSON-1584880656-project-member] RESP STATUS: 204 No Content {{(pid=99810) http_log /opt/stack/data/venv/lib/python3.12/site-packages/swiftclient/client.py:161}}
Aug 25 16:12:11.932266 np0000008090 devstack@g-api.service[99810]: DEBUG swiftclient [None req-9f4e7cd9-9b1b-4887-b6d9-57d3d80d7025 tempest-AttachVolumeShelveTestJSON-1584880656 tempest-AttachVolumeShelveTestJSON-1584880656-project-member] RESP HEADERS: {'Date': 'Tue, 25 Aug 2026 16:12:11 GMT', 'Server': 'Apache/2.4.58 (Ubuntu)', 'Content-Type': 'text/plain; charset=utf-8', 'X-Container-Object-Count': '5', 'X-Container-Bytes-Used': '117899264', 'X-Timestamp': '1787674011.54099', 'Last-Modified': 'Tue, 25 Aug 2026 16:06:52 GMT', 'Accept-Ranges': 'bytes', 'X-Storage-Policy': 'Policy-0', 'X-Container-Sharding': 'False', 'Vary': 'Accept', 'X-Trans-Id': 'txad3e158c5451403e8532f-006a8dbedb', 'X-Openstack-Request-Id': 'txad3e158c5451403e8532f-006a8dbedb', 'Connection': 'close'} {{(pid=99810) http_log /opt/stack/data/venv/lib/python3.12/site-packages/swiftclient/client.py:162}}
Aug 25 16:12:11.932431 np0000008090 devstack@g-api.service[99810]: DEBUG glance_store._drivers.swift.store [None req-9f4e7cd9-9b1b-4887-b6d9-57d3d80d7025 tempest-AttachVolumeShelveTestJSON-1584880656 tempest-AttachVolumeShelveTestJSON-1584880656-project-member] Adding image object '1dd65c41-e10d-4de8-bc51-4548e1f784a8' to Swift {{(pid=99810) add /opt/stack/data/venv/lib/python3.12/site-packages/glance_store/_drivers/swift/store.py:970}}
Aug 25 16:12:11.932510 np0000008090 devstack@g-api.service[99810]: DEBUG glance_store._drivers.swift.store [None req-9f4e7cd9-9b1b-4887-b6d9-57d3d80d7025 tempest-AttachVolumeShelveTestJSON-1584880656 tempest-AttachVolumeShelveTestJSON-1584880656-project-member] Cannot determine image size because it is either not provided in the request or chunked-transfer encoding is used. Adding image as a segmented object to Swift. {{(pid=99810) add /opt/stack/data/venv/lib/python3.12/site-packages/glance_store/_drivers/swift/store.py:994}}
Aug 25 16:12:11.938275 np0000008090 devstack@g-api.service[99810]: DEBUG oslo_utils.imageutils.format_inspector [None req-9f4e7cd9-9b1b-4887-b6d9-57d3d80d7025 tempest-AttachVolumeShelveTestJSON-1584880656 tempest-AttachVolumeShelveTestJSON-1584880656-project-member] Format inspector for vmdk does not match, excluding from consideration (Signature KDMV not found: b'QFI\xfb') {{(pid=99810) _process_chunk /opt/stack/data/venv/lib/python3.12/site-packages/oslo_utils/imageutils/format_inspector.py:1758}}
Aug 25 16:12:11.942123 np0000008090 devstack@g-api.service[99810]: DEBUG oslo_utils.imageutils.format_inspector [None req-9f4e7cd9-9b1b-4887-b6d9-57d3d80d7025 tempest-AttachVolumeShelveTestJSON-1584880656 tempest-AttachVolumeShelveTestJSON-1584880656-project-member] Format inspector for vhdx does not match, excluding from consideration (Region signature not found at 30000) {{(pid=99810) _process_chunk /opt/stack/data/venv/lib/python3.12/site-packages/oslo_utils/imageutils/format_inspector.py:1758}}
Aug 25 16:12:12.048209 np0000008090 devstack@g-api.service[99811]: DEBUG glance.api.middleware.version_negotiation [None req-bd1794c2-7d49-4ef7-b6e4-bf833f1557b0 tempest-ServerBootFromVolumeStableRescueTest-1002000262 tempest-ServerBootFromVolumeStableRescueTest-1002000262-project-member] Determining version of request: GET /v2/images/cac76a9b-5074-457b-97f9-8b45a551a347 Accept: application/json {{(pid=99811) process_request /opt/stack/glance/glance/api/middleware/version_negotiation.py:44}}
Aug 25 16:12:12.048629 np0000008090 devstack@g-api.service[99811]: DEBUG glance.api.middleware.version_negotiation [None req-bd1794c2-7d49-4ef7-b6e4-bf833f1557b0 tempest-ServerBootFromVolumeStableRescueTest-1002000262 tempest-ServerBootFromVolumeStableRescueTest-1002000262-project-member] Using url versioning {{(pid=99811) process_request /opt/stack/glance/glance/api/middleware/version_negotiation.py:57}}
Aug 25 16:12:12.048629 np0000008090 devstack@g-api.service[99811]: DEBUG glance.api.middleware.version_negotiation [None req-bd1794c2-7d49-4ef7-b6e4-bf833f1557b0 tempest-ServerBootFromVolumeStableRescueTest-1002000262 tempest-ServerBootFromVolumeStableRescueTest-1002000262-project-member] Matched version: v2 {{(pid=99811) process_request /opt/stack/glance/glance/api/middleware/version_negotiation.py:69}}
Aug 25 16:12:12.049107 np0000008090 devstack@g-api.service[99811]: DEBUG glance.api.middleware.version_negotiation [None req-bd1794c2-7d49-4ef7-b6e4-bf833f1557b0 tempest-ServerBootFromVolumeStableRescueTest-1002000262 tempest-ServerBootFromVolumeStableRescueTest-1002000262-project-member] new path /v2/images/cac76a9b-5074-457b-97f9-8b45a551a347 {{(pid=99811) process_request /opt/stack/glance/glance/api/middleware/version_negotiation.py:70}}
Aug 25 16:12:12.121844 np0000008090 devstack@g-api.service[99811]: [pid: 99811|app: 0|req: 66/195] 127.0.0.1 () {40 vars in 834 bytes} [Tue Aug 25 16:12:12 2026] GET /v2/images/cac76a9b-5074-457b-97f9-8b45a551a347 => generated 1359 bytes in 74 msecs (HTTP/1.1 200) 4 headers in 158 bytes (1 switches on core 0)
Aug 25 16:12:13.053534 np0000008090 devstack@g-api.service[99810]: DEBUG swiftclient [None req-9f4e7cd9-9b1b-4887-b6d9-57d3d80d7025 tempest-AttachVolumeShelveTestJSON-1584880656 tempest-AttachVolumeShelveTestJSON-1584880656-project-member] REQ: curl -i https://10.4.3.18:8080/v1/AUTH_102bab01e10c4c8191d12c10cc7f992e/glance/1dd65c41-e10d-4de8-bc51-4548e1f784a8-00001 -X PUT -H "X-Auth-Token: gAAAAABqjb7bDzGE..." {{(pid=99810) http_log /opt/stack/data/venv/lib/python3.12/site-packages/swiftclient/client.py:160}}
Aug 25 16:12:13.053534 np0000008090 devstack@g-api.service[99810]: DEBUG swiftclient [None req-9f4e7cd9-9b1b-4887-b6d9-57d3d80d7025 tempest-AttachVolumeShelveTestJSON-1584880656 tempest-AttachVolumeShelveTestJSON-1584880656-project-member] RESP STATUS: 201 Created {{(pid=99810) http_log /opt/stack/data/venv/lib/python3.12/site-packages/swiftclient/client.py:161}}
Aug 25 16:12:13.053534 np0000008090 devstack@g-api.service[99810]: DEBUG swiftclient [None req-9f4e7cd9-9b1b-4887-b6d9-57d3d80d7025 tempest-AttachVolumeShelveTestJSON-1584880656 tempest-AttachVolumeShelveTestJSON-1584880656-project-member] RESP HEADERS: {'Date': 'Tue, 25 Aug 2026 16:12:13 GMT', 'Server': 'Apache/2.4.58 (Ubuntu)', 'Content-Type': 'text/html; charset=UTF-8', 'Content-Length': '0', 'Etag': '2cbbb6f551fde8d07db3ae4e3378e34f', 'Last-Modified': 'Tue, 25 Aug 2026 16:12:12 GMT', 'X-Trans-Id': 'tx721d27dbe17042658af16-006a8dbedb', 'X-Openstack-Request-Id': 'tx721d27dbe17042658af16-006a8dbedb', 'Connection': 'close'} {{(pid=99810) http_log /opt/stack/data/venv/lib/python3.12/site-packages/swiftclient/client.py:162}}
Aug 25 16:12:13.053534 np0000008090 devstack@g-api.service[99810]: DEBUG glance_store._drivers.swift.store [None req-9f4e7cd9-9b1b-4887-b6d9-57d3d80d7025 tempest-AttachVolumeShelveTestJSON-1584880656 tempest-AttachVolumeShelveTestJSON-1584880656-project-member] Wrote chunk 1dd65c41-e10d-4de8-bc51-4548e1f784a8-00001 (1/?) of length 53608448 to Swift returning MD5 of content: 2cbbb6f551fde8d07db3ae4e3378e34f {{(pid=99810) add /opt/stack/data/venv/lib/python3.12/site-packages/glance_store/_drivers/swift/store.py:1059}}
Aug 25 16:12:13.054203 np0000008090 devstack@g-api.service[99810]: DEBUG glance_store._drivers.swift.store [None req-9f4e7cd9-9b1b-4887-b6d9-57d3d80d7025 tempest-AttachVolumeShelveTestJSON-1584880656 tempest-AttachVolumeShelveTestJSON-1584880656-project-member] Not writing zero-length chunk. {{(pid=99810) add /opt/stack/data/venv/lib/python3.12/site-packages/glance_store/_drivers/swift/store.py:1028}}
Aug 25 16:12:13.165651 np0000008090 devstack@g-api.service[99809]: DEBUG glance.api.middleware.version_negotiation [None req-ad89da89-916b-4931-bd45-1ef802737c45 tempest-ServerBootFromVolumeStableRescueTest-1002000262 tempest-ServerBootFromVolumeStableRescueTest-1002000262-project-member] Determining version of request: GET /v2/images/cac76a9b-5074-457b-97f9-8b45a551a347 Accept: application/json {{(pid=99809) process_request /opt/stack/glance/glance/api/middleware/version_negotiation.py:44}}
Aug 25 16:12:13.165651 np0000008090 devstack@g-api.service[99809]: DEBUG glance.api.middleware.version_negotiation [None req-ad89da89-916b-4931-bd45-1ef802737c45 tempest-ServerBootFromVolumeStableRescueTest-1002000262 tempest-ServerBootFromVolumeStableRescueTest-1002000262-project-member] Using url versioning {{(pid=99809) process_request /opt/stack/glance/glance/api/middleware/version_negotiation.py:57}}
Aug 25 16:12:13.165651 np0000008090 devstack@g-api.service[99809]: DEBUG glance.api.middleware.version_negotiation [None req-ad89da89-916b-4931-bd45-1ef802737c45 tempest-ServerBootFromVolumeStableRescueTest-1002000262 tempest-ServerBootFromVolumeStableRescueTest-1002000262-project-member] Matched version: v2 {{(pid=99809) process_request /opt/stack/glance/glance/api/middleware/version_negotiation.py:69}}
Aug 25 16:12:13.165651 np0000008090 devstack@g-api.service[99809]: DEBUG glance.api.middleware.version_negotiation [None req-ad89da89-916b-4931-bd45-1ef802737c45 tempest-ServerBootFromVolumeStableRescueTest-1002000262 tempest-ServerBootFromVolumeStableRescueTest-1002000262-project-member] new path /v2/images/cac76a9b-5074-457b-97f9-8b45a551a347 {{(pid=99809) process_request /opt/stack/glance/glance/api/middleware/version_negotiation.py:70}}
Aug 25 16:12:13.283259 np0000008090 devstack@g-api.service[99810]: DEBUG swiftclient [None req-9f4e7cd9-9b1b-4887-b6d9-57d3d80d7025 tempest-AttachVolumeShelveTestJSON-1584880656 tempest-AttachVolumeShelveTestJSON-1584880656-project-member] REQ: curl -i https://10.4.3.18:8080/v1/AUTH_102bab01e10c4c8191d12c10cc7f992e/glance/1dd65c41-e10d-4de8-bc51-4548e1f784a8 -X PUT -H "X-Object-Manifest: glance/1dd65c41-e10d-4de8-bc51-4548e1f784a8-" -H "X-Auth-Token: gAAAAABqjb7bDzGE..." -H "Content-Length: 0" {{(pid=99810) http_log /opt/stack/data/venv/lib/python3.12/site-packages/swiftclient/client.py:160}}
Aug 25 16:12:13.283259 np0000008090 devstack@g-api.service[99810]: DEBUG swiftclient [None req-9f4e7cd9-9b1b-4887-b6d9-57d3d80d7025 tempest-AttachVolumeShelveTestJSON-1584880656 tempest-AttachVolumeShelveTestJSON-1584880656-project-member] RESP STATUS: 201 Created {{(pid=99810) http_log /opt/stack/data/venv/lib/python3.12/site-packages/swiftclient/client.py:161}}
Aug 25 16:12:13.283259 np0000008090 devstack@g-api.service[99810]: DEBUG swiftclient [None req-9f4e7cd9-9b1b-4887-b6d9-57d3d80d7025 tempest-AttachVolumeShelveTestJSON-1584880656 tempest-AttachVolumeShelveTestJSON-1584880656-project-member] RESP HEADERS: {'Date': 'Tue, 25 Aug 2026 16:12:13 GMT', 'Server': 'Apache/2.4.58 (Ubuntu)', 'Content-Type': 'text/html; charset=UTF-8', 'Content-Length': '0', 'Etag': 'd41d8cd98f00b204e9800998ecf8427e', 'Last-Modified': 'Tue, 25 Aug 2026 16:12:14 GMT', 'X-Trans-Id': 'tx8d5a5cc0d5c447c9a8f8d-006a8dbedd', 'X-Openstack-Request-Id': 'tx8d5a5cc0d5c447c9a8f8d-006a8dbedd', 'Connection': 'close'} {{(pid=99810) http_log /opt/stack/data/venv/lib/python3.12/site-packages/swiftclient/client.py:162}}
Aug 25 16:12:13.283259 np0000008090 devstack@g-api.service[99810]: INFO glance.location [None req-9f4e7cd9-9b1b-4887-b6d9-57d3d80d7025 tempest-AttachVolumeShelveTestJSON-1584880656 tempest-AttachVolumeShelveTestJSON-1584880656-project-member] Image format matched and virtual size computed: 1073741824
Aug 25 16:12:13.498347 np0000008090 devstack@g-api.service[99809]: [pid: 99809|app: 0|req: 63/196] 127.0.0.1 () {40 vars in 834 bytes} [Tue Aug 25 16:12:13 2026] GET /v2/images/cac76a9b-5074-457b-97f9-8b45a551a347 => generated 1359 bytes in 334 msecs (HTTP/1.1 200) 4 headers in 158 bytes (1 switches on core 0)
Aug 25 16:12:13.710268 np0000008090 devstack@g-api.service[99810]: DEBUG glance_store.backend [None req-9f4e7cd9-9b1b-4887-b6d9-57d3d80d7025 tempest-AttachVolumeShelveTestJSON-1584880656 tempest-AttachVolumeShelveTestJSON-1584880656-project-member] Attempting to import store swift {{(pid=99810) _load_store /opt/stack/data/venv/lib/python3.12/site-packages/glance_store/backend.py:215}}
Aug 25 16:12:13.711846 np0000008090 devstack@g-api.service[99810]: DEBUG glance_store.capabilities [None req-9f4e7cd9-9b1b-4887-b6d9-57d3d80d7025 tempest-AttachVolumeShelveTestJSON-1584880656 tempest-AttachVolumeShelveTestJSON-1584880656-project-member] Store glance_store._drivers.swift.store.SingleTenantStore doesn't support updating dynamic storage capabilities. Please overwrite 'update_capabilities' method of the store to implement updating logics if needed. {{(pid=99810) update_capabilities /opt/stack/data/venv/lib/python3.12/site-packages/glance_store/capabilities.py:91}}
Aug 25 16:12:13.712066 np0000008090 devstack@g-api.service[99810]: DEBUG glance_store.driver [None req-9f4e7cd9-9b1b-4887-b6d9-57d3d80d7025 tempest-AttachVolumeShelveTestJSON-1584880656 tempest-AttachVolumeShelveTestJSON-1584880656-project-member] Late loading location class glance_store._drivers.swift.store.StoreLocation {{(pid=99810) get_store_location_class /opt/stack/data/venv/lib/python3.12/site-packages/glance_store/driver.py:134}}
Aug 25 16:12:13.712270 np0000008090 devstack@g-api.service[99810]: DEBUG glance_store.location [None req-9f4e7cd9-9b1b-4887-b6d9-57d3d80d7025 tempest-AttachVolumeShelveTestJSON-1584880656 tempest-AttachVolumeShelveTestJSON-1584880656-project-member] Registering scheme swift+https with {'store': , 'location_class': , 'store_entry': 'swift'} {{(pid=99810) register_scheme_map /opt/stack/data/venv/lib/python3.12/site-packages/glance_store/location.py:146}}
Aug 25 16:12:13.712467 np0000008090 devstack@g-api.service[99810]: DEBUG glance_store.location [None req-9f4e7cd9-9b1b-4887-b6d9-57d3d80d7025 tempest-AttachVolumeShelveTestJSON-1584880656 tempest-AttachVolumeShelveTestJSON-1584880656-project-member] Registering scheme swift+https with {'store': , 'location_class': , 'store_entry': 'swift'} {{(pid=99810) register_scheme_map /opt/stack/data/venv/lib/python3.12/site-packages/glance_store/location.py:146}}
Aug 25 16:12:13.712621 np0000008090 devstack@g-api.service[99810]: DEBUG glance_store.location [None req-9f4e7cd9-9b1b-4887-b6d9-57d3d80d7025 tempest-AttachVolumeShelveTestJSON-1584880656 tempest-AttachVolumeShelveTestJSON-1584880656-project-member] Registering scheme swift with {'store': , 'location_class': , 'store_entry': 'swift'} {{(pid=99810) register_scheme_map /opt/stack/data/venv/lib/python3.12/site-packages/glance_store/location.py:146}}
Aug 25 16:12:13.712839 np0000008090 devstack@g-api.service[99810]: DEBUG glance_store.location [None req-9f4e7cd9-9b1b-4887-b6d9-57d3d80d7025 tempest-AttachVolumeShelveTestJSON-1584880656 tempest-AttachVolumeShelveTestJSON-1584880656-project-member] Registering scheme swift+https with {'store': , 'location_class': , 'store_entry': 'swift'} {{(pid=99810) register_scheme_map /opt/stack/data/venv/lib/python3.12/site-packages/glance_store/location.py:146}}
Aug 25 16:12:13.712995 np0000008090 devstack@g-api.service[99810]: DEBUG glance_store.location [None req-9f4e7cd9-9b1b-4887-b6d9-57d3d80d7025 tempest-AttachVolumeShelveTestJSON-1584880656 tempest-AttachVolumeShelveTestJSON-1584880656-project-member] Registering scheme swift with {'store': , 'location_class': , 'store_entry': 'swift'} {{(pid=99810) register_scheme_map /opt/stack/data/venv/lib/python3.12/site-packages/glance_store/location.py:146}}
Aug 25 16:12:13.713142 np0000008090 devstack@g-api.service[99810]: DEBUG glance_store.location [None req-9f4e7cd9-9b1b-4887-b6d9-57d3d80d7025 tempest-AttachVolumeShelveTestJSON-1584880656 tempest-AttachVolumeShelveTestJSON-1584880656-project-member] Registering scheme swift+http with {'store': , 'location_class': , 'store_entry': 'swift'} {{(pid=99810) register_scheme_map /opt/stack/data/venv/lib/python3.12/site-packages/glance_store/location.py:146}}
