Aug 25 16:06:21.193239 np0000008090 nova-scheduler[93559]: DEBUG cotyledon.oslo_config_glue [-] oslo_messaging_rabbit.rabbit_login_method = AMQPLAIN {{(pid=93559) log_opt_values /opt/stack/data/venv/lib/python3.12/site-packages/oslo_config/cfg.py:3560}}
Aug 25 16:06:21.193239 np0000008090 nova-scheduler[93559]: DEBUG cotyledon.oslo_config_glue [-] oslo_messaging_rabbit.rabbit_qos_prefetch_count = 0 {{(pid=93559) log_opt_values /opt/stack/data/venv/lib/python3.12/site-packages/oslo_config/cfg.py:3560}}
Aug 25 16:06:21.193239 np0000008090 nova-scheduler[93559]: DEBUG cotyledon.oslo_config_glue [-] oslo_messaging_rabbit.rabbit_quorum_delivery_limit = 0 {{(pid=93559) log_opt_values /opt/stack/data/venv/lib/python3.12/site-packages/oslo_config/cfg.py:3560}}
Aug 25 16:06:21.193239 np0000008090 nova-scheduler[93559]: DEBUG cotyledon.oslo_config_glue [-] oslo_messaging_rabbit.rabbit_quorum_max_memory_bytes = 0 {{(pid=93559) log_opt_values /opt/stack/data/venv/lib/python3.12/site-packages/oslo_config/cfg.py:3560}}
Aug 25 16:06:21.193239 np0000008090 nova-scheduler[93559]: DEBUG cotyledon.oslo_config_glue [-] oslo_messaging_rabbit.rabbit_quorum_max_memory_length = 0 {{(pid=93559) log_opt_values /opt/stack/data/venv/lib/python3.12/site-packages/oslo_config/cfg.py:3560}}
Aug 25 16:06:21.193239 np0000008090 nova-scheduler[93559]: DEBUG cotyledon.oslo_config_glue [-] oslo_messaging_rabbit.rabbit_quorum_queue = False {{(pid=93559) log_opt_values /opt/stack/data/venv/lib/python3.12/site-packages/oslo_config/cfg.py:3560}}
Aug 25 16:06:21.193239 np0000008090 nova-scheduler[93559]: DEBUG cotyledon.oslo_config_glue [-] oslo_messaging_rabbit.rabbit_retry_backoff = 2 {{(pid=93559) log_opt_values /opt/stack/data/venv/lib/python3.12/site-packages/oslo_config/cfg.py:3560}}
Aug 25 16:06:21.193443 np0000008090 nova-scheduler[93559]: DEBUG cotyledon.oslo_config_glue [-] oslo_messaging_rabbit.rabbit_retry_interval = 1 {{(pid=93559) log_opt_values /opt/stack/data/venv/lib/python3.12/site-packages/oslo_config/cfg.py:3560}}
Aug 25 16:06:21.193443 np0000008090 nova-scheduler[93559]: DEBUG cotyledon.oslo_config_glue [-] oslo_messaging_rabbit.rabbit_stream_fanout = False {{(pid=93559) log_opt_values /opt/stack/data/venv/lib/python3.12/site-packages/oslo_config/cfg.py:3560}}
Aug 25 16:06:21.193443 np0000008090 nova-scheduler[93559]: DEBUG cotyledon.oslo_config_glue [-] oslo_messaging_rabbit.rabbit_transient_queues_ttl = 1800 {{(pid=93559) log_opt_values /opt/stack/data/venv/lib/python3.12/site-packages/oslo_config/cfg.py:3560}}
Aug 25 16:06:21.193443 np0000008090 nova-scheduler[93559]: DEBUG cotyledon.oslo_config_glue [-] oslo_messaging_rabbit.rabbit_transient_quorum_queue = False {{(pid=93559) log_opt_values /opt/stack/data/venv/lib/python3.12/site-packages/oslo_config/cfg.py:3560}}
Aug 25 16:06:21.193443 np0000008090 nova-scheduler[93559]: DEBUG cotyledon.oslo_config_glue [-] oslo_messaging_rabbit.rpc_conn_pool_size = 30 {{(pid=93559) log_opt_values /opt/stack/data/venv/lib/python3.12/site-packages/oslo_config/cfg.py:3560}}
Aug 25 16:06:21.193443 np0000008090 nova-scheduler[93559]: DEBUG cotyledon.oslo_config_glue [-] oslo_messaging_rabbit.ssl = False {{(pid=93559) log_opt_values /opt/stack/data/venv/lib/python3.12/site-packages/oslo_config/cfg.py:3560}}
Aug 25 16:06:21.193443 np0000008090 nova-scheduler[93559]: DEBUG cotyledon.oslo_config_glue [-] oslo_messaging_rabbit.ssl_ca_file = {{(pid=93559) log_opt_values /opt/stack/data/venv/lib/python3.12/site-packages/oslo_config/cfg.py:3560}}
Aug 25 16:06:21.193443 np0000008090 nova-scheduler[93559]: DEBUG cotyledon.oslo_config_glue [-] oslo_messaging_rabbit.ssl_cert_file = {{(pid=93559) log_opt_values /opt/stack/data/venv/lib/python3.12/site-packages/oslo_config/cfg.py:3560}}
Aug 25 16:06:21.193443 np0000008090 nova-scheduler[93559]: DEBUG cotyledon.oslo_config_glue [-] oslo_messaging_rabbit.ssl_enforce_fips_mode = False {{(pid=93559) log_opt_values /opt/stack/data/venv/lib/python3.12/site-packages/oslo_config/cfg.py:3560}}
Aug 25 16:06:21.193611 np0000008090 nova-scheduler[93559]: DEBUG cotyledon.oslo_config_glue [-] oslo_messaging_rabbit.ssl_enforce_hostname_verification = True {{(pid=93559) log_opt_values /opt/stack/data/venv/lib/python3.12/site-packages/oslo_config/cfg.py:3560}}
Aug 25 16:06:21.193611 np0000008090 nova-scheduler[93559]: DEBUG cotyledon.oslo_config_glue [-] oslo_messaging_rabbit.ssl_key_file = {{(pid=93559) log_opt_values /opt/stack/data/venv/lib/python3.12/site-packages/oslo_config/cfg.py:3560}}
Aug 25 16:06:21.193611 np0000008090 nova-scheduler[93559]: DEBUG cotyledon.oslo_config_glue [-] oslo_messaging_rabbit.ssl_version = {{(pid=93559) log_opt_values /opt/stack/data/venv/lib/python3.12/site-packages/oslo_config/cfg.py:3560}}
Aug 25 16:06:21.193611 np0000008090 nova-scheduler[93559]: DEBUG cotyledon.oslo_config_glue [-] oslo_messaging_rabbit.use_queue_manager = False {{(pid=93559) log_opt_values /opt/stack/data/venv/lib/python3.12/site-packages/oslo_config/cfg.py:3560}}
Aug 25 16:06:21.193611 np0000008090 nova-scheduler[93559]: DEBUG cotyledon.oslo_config_glue [-] oslo_messaging_notifications.driver = ['messagingv2'] {{(pid=93559) log_opt_values /opt/stack/data/venv/lib/python3.12/site-packages/oslo_config/cfg.py:3560}}
Aug 25 16:06:21.193611 np0000008090 nova-scheduler[93559]: DEBUG cotyledon.oslo_config_glue [-] oslo_messaging_notifications.retry = -1 {{(pid=93559) log_opt_values /opt/stack/data/venv/lib/python3.12/site-packages/oslo_config/cfg.py:3560}}
Aug 25 16:06:21.193611 np0000008090 nova-scheduler[93559]: DEBUG cotyledon.oslo_config_glue [-] oslo_messaging_notifications.topics = ['notifications'] {{(pid=93559) log_opt_values /opt/stack/data/venv/lib/python3.12/site-packages/oslo_config/cfg.py:3560}}
Aug 25 16:06:21.193611 np0000008090 nova-scheduler[93559]: DEBUG cotyledon.oslo_config_glue [-] oslo_messaging_notifications.transport_url = **** {{(pid=93559) log_opt_values /opt/stack/data/venv/lib/python3.12/site-packages/oslo_config/cfg.py:3560}}
Aug 25 16:06:21.193611 np0000008090 nova-scheduler[93559]: DEBUG cotyledon.oslo_config_glue [-] oslo_limit.auth_section = None {{(pid=93559) log_opt_values /opt/stack/data/venv/lib/python3.12/site-packages/oslo_config/cfg.py:3560}}
Aug 25 16:06:21.193777 np0000008090 nova-scheduler[93559]: DEBUG cotyledon.oslo_config_glue [-] oslo_limit.auth_type = None {{(pid=93559) log_opt_values /opt/stack/data/venv/lib/python3.12/site-packages/oslo_config/cfg.py:3560}}
Aug 25 16:06:21.193777 np0000008090 nova-scheduler[93559]: DEBUG cotyledon.oslo_config_glue [-] oslo_limit.cafile = None {{(pid=93559) log_opt_values /opt/stack/data/venv/lib/python3.12/site-packages/oslo_config/cfg.py:3560}}
Aug 25 16:06:21.193777 np0000008090 nova-scheduler[93559]: DEBUG cotyledon.oslo_config_glue [-] oslo_limit.certfile = None {{(pid=93559) log_opt_values /opt/stack/data/venv/lib/python3.12/site-packages/oslo_config/cfg.py:3560}}
Aug 25 16:06:21.193777 np0000008090 nova-scheduler[93559]: DEBUG cotyledon.oslo_config_glue [-] oslo_limit.collect_timing = False {{(pid=93559) log_opt_values /opt/stack/data/venv/lib/python3.12/site-packages/oslo_config/cfg.py:3560}}
Aug 25 16:06:21.193777 np0000008090 nova-scheduler[93559]: DEBUG cotyledon.oslo_config_glue [-] oslo_limit.connect_retries = None {{(pid=93559) log_opt_values /opt/stack/data/venv/lib/python3.12/site-packages/oslo_config/cfg.py:3560}}
Aug 25 16:06:21.193777 np0000008090 nova-scheduler[93559]: DEBUG cotyledon.oslo_config_glue [-] oslo_limit.connect_retry_delay = None {{(pid=93559) log_opt_values /opt/stack/data/venv/lib/python3.12/site-packages/oslo_config/cfg.py:3560}}
Aug 25 16:06:21.193777 np0000008090 nova-scheduler[93559]: DEBUG cotyledon.oslo_config_glue [-] oslo_limit.endpoint_id = None {{(pid=93559) log_opt_values /opt/stack/data/venv/lib/python3.12/site-packages/oslo_config/cfg.py:3560}}
Aug 25 16:06:21.193777 np0000008090 nova-scheduler[93559]: DEBUG cotyledon.oslo_config_glue [-] oslo_limit.endpoint_interface = public {{(pid=93559) log_opt_values /opt/stack/data/venv/lib/python3.12/site-packages/oslo_config/cfg.py:3560}}
Aug 25 16:06:21.193777 np0000008090 nova-scheduler[93559]: DEBUG cotyledon.oslo_config_glue [-] oslo_limit.endpoint_override = None {{(pid=93559) log_opt_values /opt/stack/data/venv/lib/python3.12/site-packages/oslo_config/cfg.py:3560}}
Aug 25 16:06:21.193964 np0000008090 nova-scheduler[93559]: DEBUG cotyledon.oslo_config_glue [-] oslo_limit.endpoint_region_name = None {{(pid=93559) log_opt_values /opt/stack/data/venv/lib/python3.12/site-packages/oslo_config/cfg.py:3560}}
Aug 25 16:06:21.193964 np0000008090 nova-scheduler[93559]: DEBUG cotyledon.oslo_config_glue [-] oslo_limit.endpoint_service_name = None {{(pid=93559) log_opt_values /opt/stack/data/venv/lib/python3.12/site-packages/oslo_config/cfg.py:3560}}
Aug 25 16:06:21.193964 np0000008090 nova-scheduler[93559]: DEBUG cotyledon.oslo_config_glue [-] oslo_limit.endpoint_service_type = None {{(pid=93559) log_opt_values /opt/stack/data/venv/lib/python3.12/site-packages/oslo_config/cfg.py:3560}}
Aug 25 16:06:21.193964 np0000008090 nova-scheduler[93559]: DEBUG cotyledon.oslo_config_glue [-] oslo_limit.insecure = False {{(pid=93559) log_opt_values /opt/stack/data/venv/lib/python3.12/site-packages/oslo_config/cfg.py:3560}}
Aug 25 16:06:21.193964 np0000008090 nova-scheduler[93559]: DEBUG cotyledon.oslo_config_glue [-] oslo_limit.keyfile = None {{(pid=93559) log_opt_values /opt/stack/data/venv/lib/python3.12/site-packages/oslo_config/cfg.py:3560}}
Aug 25 16:06:21.193964 np0000008090 nova-scheduler[93559]: DEBUG cotyledon.oslo_config_glue [-] oslo_limit.max_version = None {{(pid=93559) log_opt_values /opt/stack/data/venv/lib/python3.12/site-packages/oslo_config/cfg.py:3560}}
Aug 25 16:06:21.193964 np0000008090 nova-scheduler[93559]: DEBUG cotyledon.oslo_config_glue [-] oslo_limit.min_version = None {{(pid=93559) log_opt_values /opt/stack/data/venv/lib/python3.12/site-packages/oslo_config/cfg.py:3560}}
Aug 25 16:06:21.193964 np0000008090 nova-scheduler[93559]: DEBUG cotyledon.oslo_config_glue [-] oslo_limit.region_name = None {{(pid=93559) log_opt_values /opt/stack/data/venv/lib/python3.12/site-packages/oslo_config/cfg.py:3560}}
Aug 25 16:06:21.193964 np0000008090 nova-scheduler[93559]: DEBUG cotyledon.oslo_config_glue [-] oslo_limit.retriable_status_codes = None {{(pid=93559) log_opt_values /opt/stack/data/venv/lib/python3.12/site-packages/oslo_config/cfg.py:3560}}
Aug 25 16:06:21.194166 np0000008090 nova-scheduler[93559]: DEBUG cotyledon.oslo_config_glue [-] oslo_limit.service_name = None {{(pid=93559) log_opt_values /opt/stack/data/venv/lib/python3.12/site-packages/oslo_config/cfg.py:3560}}
Aug 25 16:06:21.194166 np0000008090 nova-scheduler[93559]: DEBUG cotyledon.oslo_config_glue [-] oslo_limit.service_type = None {{(pid=93559) log_opt_values /opt/stack/data/venv/lib/python3.12/site-packages/oslo_config/cfg.py:3560}}
Aug 25 16:06:21.194166 np0000008090 nova-scheduler[93559]: DEBUG cotyledon.oslo_config_glue [-] oslo_limit.split_loggers = False {{(pid=93559) log_opt_values /opt/stack/data/venv/lib/python3.12/site-packages/oslo_config/cfg.py:3560}}
Aug 25 16:06:21.194166 np0000008090 nova-scheduler[93559]: DEBUG cotyledon.oslo_config_glue [-] oslo_limit.status_code_retries = None {{(pid=93559) log_opt_values /opt/stack/data/venv/lib/python3.12/site-packages/oslo_config/cfg.py:3560}}
Aug 25 16:06:21.194166 np0000008090 nova-scheduler[93559]: DEBUG cotyledon.oslo_config_glue [-] oslo_limit.status_code_retry_delay = None {{(pid=93559) log_opt_values /opt/stack/data/venv/lib/python3.12/site-packages/oslo_config/cfg.py:3560}}
Aug 25 16:06:21.194166 np0000008090 nova-scheduler[93559]: DEBUG cotyledon.oslo_config_glue [-] oslo_limit.timeout = None {{(pid=93559) log_opt_values /opt/stack/data/venv/lib/python3.12/site-packages/oslo_config/cfg.py:3560}}
Aug 25 16:06:21.194166 np0000008090 nova-scheduler[93559]: DEBUG cotyledon.oslo_config_glue [-] oslo_limit.valid_interfaces = None {{(pid=93559) log_opt_values /opt/stack/data/venv/lib/python3.12/site-packages/oslo_config/cfg.py:3560}}
Aug 25 16:06:21.194166 np0000008090 nova-scheduler[93559]: DEBUG cotyledon.oslo_config_glue [-] oslo_limit.version = None {{(pid=93559) log_opt_values /opt/stack/data/venv/lib/python3.12/site-packages/oslo_config/cfg.py:3560}}
Aug 25 16:06:21.194166 np0000008090 nova-scheduler[93559]: DEBUG cotyledon.oslo_config_glue [-] oslo_reports.file_event_handler = None {{(pid=93559) log_opt_values /opt/stack/data/venv/lib/python3.12/site-packages/oslo_config/cfg.py:3560}}
Aug 25 16:06:21.194416 np0000008090 nova-scheduler[93559]: DEBUG cotyledon.oslo_config_glue [-] oslo_reports.file_event_handler_interval = 1 {{(pid=93559) log_opt_values /opt/stack/data/venv/lib/python3.12/site-packages/oslo_config/cfg.py:3560}}
Aug 25 16:06:21.194416 np0000008090 nova-scheduler[93559]: DEBUG cotyledon.oslo_config_glue [-] oslo_reports.log_dir = None {{(pid=93559) log_opt_values /opt/stack/data/venv/lib/python3.12/site-packages/oslo_config/cfg.py:3560}}
Aug 25 16:06:21.194416 np0000008090 nova-scheduler[93559]: DEBUG cotyledon.oslo_config_glue [-] ******************************************************************************** {{(pid=93559) log_opt_values /opt/stack/data/venv/lib/python3.12/site-packages/oslo_config/cfg.py:3567}}
Aug 25 16:06:21.194516 np0000008090 nova-scheduler[93561]: INFO dbcounter [None req-e2a83216-4a68-458e-b788-b65af079560f None None] Registered counter for database nova_cell0
Aug 25 16:06:21.194543 np0000008090 nova-scheduler[93559]: DEBUG cotyledon._service_worker [-] Run service ServiceWrapper(1) [93559] {{(pid=93559) wait_forever /opt/stack/data/venv/lib/python3.12/site-packages/cotyledon/_service_worker.py:218}}
Aug 25 16:06:21.194543 np0000008090 nova-scheduler[93559]: INFO nova.service [-] Starting scheduler node (version 33.1.0)
Aug 25 16:06:21.194543 np0000008090 nova-scheduler[93559]: INFO dbcounter [None req-0af9039e-4ff9-4fa2-a09e-b3f0a431c532 None None] Registered counter for database nova_cell0
Aug 25 16:06:21.194612 np0000008090 nova-scheduler[93557]: DEBUG oslo_db.sqlalchemy.engines [None req-17d9f17b-649c-476b-81de-7983c54c6061 None None] MySQL server mode set to STRICT_TRANS_TABLES,STRICT_ALL_TABLES,NO_ZERO_IN_DATE,NO_ZERO_DATE,ERROR_FOR_DIVISION_BY_ZERO,TRADITIONAL,NO_ENGINE_SUBSTITUTION {{(pid=93557) _check_effective_sql_mode /opt/stack/data/venv/lib/python3.12/site-packages/oslo_db/sqlalchemy/engines.py:325}}
Aug 25 16:06:21.194612 np0000008090 nova-scheduler[93557]: DEBUG dbcounter [-] [93557] Writer thread running {{(pid=93557) stat_writer /opt/stack/data/venv/lib/python3.12/site-packages/dbcounter.py:102}}
Aug 25 16:06:21.195920 np0000008090 nova-scheduler[93561]: DEBUG oslo_db.sqlalchemy.engines [None req-e2a83216-4a68-458e-b788-b65af079560f None None] MySQL server mode set to STRICT_TRANS_TABLES,STRICT_ALL_TABLES,NO_ZERO_IN_DATE,NO_ZERO_DATE,ERROR_FOR_DIVISION_BY_ZERO,TRADITIONAL,NO_ENGINE_SUBSTITUTION {{(pid=93561) _check_effective_sql_mode /opt/stack/data/venv/lib/python3.12/site-packages/oslo_db/sqlalchemy/engines.py:325}}
Aug 25 16:06:21.202786 np0000008090 nova-scheduler[93559]: DEBUG oslo_db.sqlalchemy.engines [None req-0af9039e-4ff9-4fa2-a09e-b3f0a431c532 None None] MySQL server mode set to STRICT_TRANS_TABLES,STRICT_ALL_TABLES,NO_ZERO_IN_DATE,NO_ZERO_DATE,ERROR_FOR_DIVISION_BY_ZERO,TRADITIONAL,NO_ENGINE_SUBSTITUTION {{(pid=93559) _check_effective_sql_mode /opt/stack/data/venv/lib/python3.12/site-packages/oslo_db/sqlalchemy/engines.py:325}}
Aug 25 16:06:21.204126 np0000008090 nova-scheduler[93557]: DEBUG nova.service [None req-17d9f17b-649c-476b-81de-7983c54c6061 None None] Creating RPC server for service: nova-scheduler on topic: scheduler {{(pid=93557) start /opt/stack/nova/nova/service.py:262}}
Aug 25 16:06:21.205495 np0000008090 nova-scheduler[93561]: DEBUG dbcounter [-] [93561] Writer thread running {{(pid=93561) stat_writer /opt/stack/data/venv/lib/python3.12/site-packages/dbcounter.py:102}}
Aug 25 16:06:21.208231 np0000008090 nova-scheduler[93561]: DEBUG nova.service [None req-e2a83216-4a68-458e-b788-b65af079560f None None] Creating RPC server for service: nova-scheduler on topic: scheduler {{(pid=93561) start /opt/stack/nova/nova/service.py:262}}
Aug 25 16:06:21.213435 np0000008090 nova-scheduler[93559]: DEBUG dbcounter [-] [93559] Writer thread running {{(pid=93559) stat_writer /opt/stack/data/venv/lib/python3.12/site-packages/dbcounter.py:102}}
Aug 25 16:06:21.217505 np0000008090 nova-scheduler[93559]: DEBUG nova.service [None req-0af9039e-4ff9-4fa2-a09e-b3f0a431c532 None None] Creating RPC server for service: nova-scheduler on topic: scheduler {{(pid=93559) start /opt/stack/nova/nova/service.py:262}}
Aug 25 16:06:21.229332 np0000008090 nova-scheduler[93557]: DEBUG nova.service [None req-17d9f17b-649c-476b-81de-7983c54c6061 None None] Join ServiceGroup membership for this service scheduler {{(pid=93557) start /opt/stack/nova/nova/service.py:288}}
Aug 25 16:06:21.229597 np0000008090 nova-scheduler[93557]: DEBUG nova.servicegroup.drivers.db [None req-17d9f17b-649c-476b-81de-7983c54c6061 None None] DB_Driver: join new ServiceGroup member np0000008090 to the scheduler group, service = {{(pid=93557) join /opt/stack/nova/nova/servicegroup/drivers/db.py:44}}
Aug 25 16:06:21.236089 np0000008090 nova-scheduler[93559]: DEBUG nova.service [None req-0af9039e-4ff9-4fa2-a09e-b3f0a431c532 None None] Join ServiceGroup membership for this service scheduler {{(pid=93559) start /opt/stack/nova/nova/service.py:288}}
Aug 25 16:06:21.236225 np0000008090 nova-scheduler[93561]: DEBUG nova.service [None req-e2a83216-4a68-458e-b788-b65af079560f None None] Join ServiceGroup membership for this service scheduler {{(pid=93561) start /opt/stack/nova/nova/service.py:288}}
Aug 25 16:06:21.236288 np0000008090 nova-scheduler[93559]: DEBUG nova.servicegroup.drivers.db [None req-0af9039e-4ff9-4fa2-a09e-b3f0a431c532 None None] DB_Driver: join new ServiceGroup member np0000008090 to the scheduler group, service = {{(pid=93559) join /opt/stack/nova/nova/servicegroup/drivers/db.py:44}}
Aug 25 16:06:21.236433 np0000008090 nova-scheduler[93561]: DEBUG nova.servicegroup.drivers.db [None req-e2a83216-4a68-458e-b788-b65af079560f None None] DB_Driver: join new ServiceGroup member np0000008090 to the scheduler group, service = {{(pid=93561) join /opt/stack/nova/nova/servicegroup/drivers/db.py:44}}
Aug 25 16:06:26.252503 np0000008090 nova-scheduler[93557]: DEBUG oslo.service.backend._threading.loopingcall [-] Fixed interval looping call 'nova.servicegroup.drivers.db.DbDriver._report_state' sleeping for 119.98 seconds {{(pid=93557) _run_loop /opt/stack/data/venv/lib/python3.12/site-packages/oslo_service/backend/_threading/loopingcall.py:125}}
Aug 25 16:06:26.254463 np0000008090 nova-scheduler[93561]: DEBUG oslo.service.backend._threading.loopingcall [-] Fixed interval looping call 'nova.servicegroup.drivers.db.DbDriver._report_state' sleeping for 119.98 seconds {{(pid=93561) _run_loop /opt/stack/data/venv/lib/python3.12/site-packages/oslo_service/backend/_threading/loopingcall.py:125}}
Aug 25 16:06:26.254731 np0000008090 nova-scheduler[93559]: DEBUG oslo.service.backend._threading.loopingcall [-] Fixed interval looping call 'nova.servicegroup.drivers.db.DbDriver._report_state' sleeping for 119.98 seconds {{(pid=93559) _run_loop /opt/stack/data/venv/lib/python3.12/site-packages/oslo_service/backend/_threading/loopingcall.py:125}}
Aug 25 16:06:29.828045 np0000008090 nova-scheduler[92279]: DEBUG dbcounter [-] [92279] Writing DB stats nova_api:SELECT=3 {{(pid=92279) stat_writer /opt/stack/data/venv/lib/python3.12/site-packages/dbcounter.py:115}}
Aug 25 16:06:29.945840 np0000008090 nova-scheduler[92279]: DEBUG dbcounter [-] [92279] Writing DB stats nova_cell0:SELECT=1 {{(pid=92279) stat_writer /opt/stack/data/venv/lib/python3.12/site-packages/dbcounter.py:115}}
Aug 25 16:06:29.952581 np0000008090 nova-scheduler[92279]: DEBUG dbcounter [-] [92279] Writing DB stats nova_cell1:SELECT=1 {{(pid=92279) stat_writer /opt/stack/data/venv/lib/python3.12/site-packages/dbcounter.py:115}}
Aug 25 16:06:36.239617 np0000008090 nova-scheduler[93557]: DEBUG dbcounter [-] [93557] Writing DB stats nova_cell0:SELECT=4,nova_cell0:INSERT=1,nova_cell0:UPDATE=1 {{(pid=93557) stat_writer /opt/stack/data/venv/lib/python3.12/site-packages/dbcounter.py:115}}
Aug 25 16:06:36.249602 np0000008090 nova-scheduler[93559]: DEBUG dbcounter [-] [93559] Writing DB stats nova_cell0:SELECT=3,nova_cell0:UPDATE=1 {{(pid=93559) stat_writer /opt/stack/data/venv/lib/python3.12/site-packages/dbcounter.py:115}}
Aug 25 16:06:36.250444 np0000008090 nova-scheduler[93561]: DEBUG dbcounter [-] [93561] Writing DB stats nova_cell0:SELECT=3,nova_cell0:UPDATE=1 {{(pid=93561) stat_writer /opt/stack/data/venv/lib/python3.12/site-packages/dbcounter.py:115}}
Aug 25 16:06:39.238321 np0000008090 nova-scheduler[93559]: DEBUG oslo.service.backend._threading.loopingcall [None req-666a443e-64ad-474e-8f18-b7a4f970f9e3 None None] Dynamic interval looping call 'nova.service.Service.periodic_tasks' sleeping for 60.00 seconds {{(pid=93559) _run_loop /opt/stack/data/venv/lib/python3.12/site-packages/oslo_service/backend/_threading/loopingcall.py:125}}
Aug 25 16:07:11.238442 np0000008090 nova-scheduler[93561]: DEBUG oslo.service.backend._threading.loopingcall [None req-ad86e9a2-ab2b-41f3-9cbe-42ea3614d5f7 None None] Dynamic interval looping call 'nova.service.Service.periodic_tasks' sleeping for 60.00 seconds {{(pid=93561) _run_loop /opt/stack/data/venv/lib/python3.12/site-packages/oslo_service/backend/_threading/loopingcall.py:125}}
Aug 25 16:07:17.231952 np0000008090 nova-scheduler[93557]: DEBUG oslo.service.backend._threading.loopingcall [None req-fb82fcc3-432e-4246-94b0-d66a3985d1a0 None None] Dynamic interval looping call 'nova.service.Service.periodic_tasks' sleeping for 60.00 seconds {{(pid=93557) _run_loop /opt/stack/data/venv/lib/python3.12/site-packages/oslo_service/backend/_threading/loopingcall.py:125}}
Aug 25 16:07:39.238850 np0000008090 nova-scheduler[93559]: DEBUG oslo.service.backend._threading.loopingcall [None req-666a443e-64ad-474e-8f18-b7a4f970f9e3 None None] Dynamic interval looping call 'nova.service.Service.periodic_tasks' sleeping for 60.00 seconds {{(pid=93559) _run_loop /opt/stack/data/venv/lib/python3.12/site-packages/oslo_service/backend/_threading/loopingcall.py:125}}
Aug 25 16:08:11.238872 np0000008090 nova-scheduler[93561]: DEBUG oslo.service.backend._threading.loopingcall [None req-ad86e9a2-ab2b-41f3-9cbe-42ea3614d5f7 None None] Dynamic interval looping call 'nova.service.Service.periodic_tasks' sleeping for 60.00 seconds {{(pid=93561) _run_loop /opt/stack/data/venv/lib/python3.12/site-packages/oslo_service/backend/_threading/loopingcall.py:125}}
Aug 25 16:08:17.232424 np0000008090 nova-scheduler[93557]: DEBUG oslo.service.backend._threading.loopingcall [None req-fb82fcc3-432e-4246-94b0-d66a3985d1a0 None None] Dynamic interval looping call 'nova.service.Service.periodic_tasks' sleeping for 60.00 seconds {{(pid=93557) _run_loop /opt/stack/data/venv/lib/python3.12/site-packages/oslo_service/backend/_threading/loopingcall.py:125}}
Aug 25 16:08:26.241758 np0000008090 nova-scheduler[93557]: DEBUG oslo.service.backend._threading.loopingcall [-] Fixed interval looping call 'nova.servicegroup.drivers.db.DbDriver._report_state' sleeping for 119.99 seconds {{(pid=93557) _run_loop /opt/stack/data/venv/lib/python3.12/site-packages/oslo_service/backend/_threading/loopingcall.py:125}}
Aug 25 16:08:26.242326 np0000008090 nova-scheduler[93561]: DEBUG oslo.service.backend._threading.loopingcall [-] Fixed interval looping call 'nova.servicegroup.drivers.db.DbDriver._report_state' sleeping for 119.99 seconds {{(pid=93561) _run_loop /opt/stack/data/venv/lib/python3.12/site-packages/oslo_service/backend/_threading/loopingcall.py:125}}
Aug 25 16:08:26.244090 np0000008090 nova-scheduler[93559]: DEBUG oslo.service.backend._threading.loopingcall [-] Fixed interval looping call 'nova.servicegroup.drivers.db.DbDriver._report_state' sleeping for 119.99 seconds {{(pid=93559) _run_loop /opt/stack/data/venv/lib/python3.12/site-packages/oslo_service/backend/_threading/loopingcall.py:125}}
Aug 25 16:08:36.237695 np0000008090 nova-scheduler[93561]: DEBUG dbcounter [-] [93561] Writing DB stats nova_cell0:SELECT=1,nova_cell0:UPDATE=1 {{(pid=93561) stat_writer /opt/stack/data/venv/lib/python3.12/site-packages/dbcounter.py:115}}
Aug 25 16:08:36.238324 np0000008090 nova-scheduler[93557]: DEBUG dbcounter [-] [93557] Writing DB stats nova_cell0:SELECT=1,nova_cell0:UPDATE=1 {{(pid=93557) stat_writer /opt/stack/data/venv/lib/python3.12/site-packages/dbcounter.py:115}}
Aug 25 16:08:36.239070 np0000008090 nova-scheduler[93559]: DEBUG dbcounter [-] [93559] Writing DB stats nova_cell0:SELECT=1,nova_cell0:UPDATE=1 {{(pid=93559) stat_writer /opt/stack/data/venv/lib/python3.12/site-packages/dbcounter.py:115}}
Aug 25 16:08:39.239710 np0000008090 nova-scheduler[93559]: DEBUG oslo.service.backend._threading.loopingcall [None req-666a443e-64ad-474e-8f18-b7a4f970f9e3 None None] Dynamic interval looping call 'nova.service.Service.periodic_tasks' sleeping for 60.00 seconds {{(pid=93559) _run_loop /opt/stack/data/venv/lib/python3.12/site-packages/oslo_service/backend/_threading/loopingcall.py:125}}
Aug 25 16:09:10.762046 np0000008090 nova-scheduler[93557]: DEBUG nova.scheduler.manager [None req-484ca9f6-83a4-47ee-815b-44fc50316d08 tempest-AttachVolumeTestJSON-2093501449 tempest-AttachVolumeTestJSON-2093501449-project-member] Starting to schedule for instances: ['a8f5b7c5-9bac-47bd-8d21-daf2503394f3'] {{(pid=93557) select_destinations /opt/stack/nova/nova/scheduler/manager.py:197}}
Aug 25 16:09:10.762046 np0000008090 nova-scheduler[93557]: DEBUG nova.scheduler.request_filter [None req-484ca9f6-83a4-47ee-815b-44fc50316d08 tempest-AttachVolumeTestJSON-2093501449 tempest-AttachVolumeTestJSON-2093501449-project-member] compute_status_filter request filter added forbidden trait COMPUTE_STATUS_DISABLED {{(pid=93557) compute_status_filter /opt/stack/nova/nova/scheduler/request_filter.py:258}}
Aug 25 16:09:10.762046 np0000008090 nova-scheduler[93557]: DEBUG nova.scheduler.request_filter [None req-484ca9f6-83a4-47ee-815b-44fc50316d08 tempest-AttachVolumeTestJSON-2093501449 tempest-AttachVolumeTestJSON-2093501449-project-member] Request filter 'compute_status_filter' took 0.0 seconds {{(pid=93557) wrapper /opt/stack/nova/nova/scheduler/request_filter.py:51}}
Aug 25 16:09:10.762046 np0000008090 nova-scheduler[93557]: DEBUG nova.scheduler.request_filter [None req-484ca9f6-83a4-47ee-815b-44fc50316d08 tempest-AttachVolumeTestJSON-2093501449 tempest-AttachVolumeTestJSON-2093501449-project-member] Request filter 'accelerators_filter' took 0.0 seconds {{(pid=93557) wrapper /opt/stack/nova/nova/scheduler/request_filter.py:51}}
Aug 25 16:09:10.762046 np0000008090 nova-scheduler[93557]: DEBUG nova.scheduler.request_filter [None req-484ca9f6-83a4-47ee-815b-44fc50316d08 tempest-AttachVolumeTestJSON-2093501449 tempest-AttachVolumeTestJSON-2093501449-project-member] Request filter 'packed_virtqueue_filter' took 0.0 seconds {{(pid=93557) wrapper /opt/stack/nova/nova/scheduler/request_filter.py:51}}
Aug 25 16:09:10.762550 np0000008090 nova-scheduler[93557]: DEBUG nova.scheduler.request_filter [None req-484ca9f6-83a4-47ee-815b-44fc50316d08 tempest-AttachVolumeTestJSON-2093501449 tempest-AttachVolumeTestJSON-2093501449-project-member] Request filter 'remote_managed_ports_filter' took 0.0 seconds {{(pid=93557) wrapper /opt/stack/nova/nova/scheduler/request_filter.py:51}}
Aug 25 16:09:10.762550 np0000008090 nova-scheduler[93557]: DEBUG nova.scheduler.request_filter [None req-484ca9f6-83a4-47ee-815b-44fc50316d08 tempest-AttachVolumeTestJSON-2093501449 tempest-AttachVolumeTestJSON-2093501449-project-member] ephemeral_encryption_filter skipped {{(pid=93557) ephemeral_encryption_filter /opt/stack/nova/nova/scheduler/request_filter.py:431}}
Aug 25 16:09:10.762550 np0000008090 nova-scheduler[93557]: DEBUG nova.scheduler.request_filter [None req-484ca9f6-83a4-47ee-815b-44fc50316d08 tempest-AttachVolumeTestJSON-2093501449 tempest-AttachVolumeTestJSON-2093501449-project-member] virtio_sound_filter skipped {{(pid=93557) virtio_sound_filter /opt/stack/nova/nova/scheduler/request_filter.py:465}}
Aug 25 16:09:10.762550 np0000008090 nova-scheduler[93557]: DEBUG nova.scheduler.request_filter [None req-484ca9f6-83a4-47ee-815b-44fc50316d08 tempest-AttachVolumeTestJSON-2093501449 tempest-AttachVolumeTestJSON-2093501449-project-member] tpm_secret_security_filter skipped {{(pid=93557) tpm_secret_security_filter /opt/stack/nova/nova/scheduler/request_filter.py:482}}
Aug 25 16:09:10.762550 np0000008090 nova-scheduler[93557]: DEBUG oslo_concurrency.lockutils [None req-484ca9f6-83a4-47ee-815b-44fc50316d08 tempest-AttachVolumeTestJSON-2093501449 tempest-AttachVolumeTestJSON-2093501449-project-member] Acquiring lock "00000000-0000-0000-0000-000000000000" by "nova.context.set_target_cell..get_or_set_cached_cell_and_set_connections" {{(pid=93557) inner /opt/stack/data/venv/lib/python3.12/site-packages/oslo_concurrency/lockutils.py:512}}
Aug 25 16:09:10.762678 np0000008090 nova-scheduler[93557]: DEBUG oslo_concurrency.lockutils [None req-484ca9f6-83a4-47ee-815b-44fc50316d08 tempest-AttachVolumeTestJSON-2093501449 tempest-AttachVolumeTestJSON-2093501449-project-member] Lock "00000000-0000-0000-0000-000000000000" acquired by "nova.context.set_target_cell..get_or_set_cached_cell_and_set_connections" :: waited 0.000s {{(pid=93557) inner /opt/stack/data/venv/lib/python3.12/site-packages/oslo_concurrency/lockutils.py:525}}
Aug 25 16:09:10.762678 np0000008090 nova-scheduler[93557]: DEBUG oslo_concurrency.lockutils [None req-484ca9f6-83a4-47ee-815b-44fc50316d08 tempest-AttachVolumeTestJSON-2093501449 tempest-AttachVolumeTestJSON-2093501449-project-member] Lock "00000000-0000-0000-0000-000000000000" "released" by "nova.context.set_target_cell..get_or_set_cached_cell_and_set_connections" :: held 0.001s {{(pid=93557) inner /opt/stack/data/venv/lib/python3.12/site-packages/oslo_concurrency/lockutils.py:544}}
Aug 25 16:09:10.762678 np0000008090 nova-scheduler[93557]: INFO nova.thread_pool_factory [None req-484ca9f6-83a4-47ee-815b-44fc50316d08 tempest-AttachVolumeTestJSON-2093501449 tempest-AttachVolumeTestJSON-2093501449-project-member] The cell_worker thread pool ForkProcess-1.cell_worker is initialized
Aug 25 16:09:10.762678 np0000008090 nova-scheduler[93557]: DEBUG oslo_concurrency.lockutils [None req-484ca9f6-83a4-47ee-815b-44fc50316d08 tempest-AttachVolumeTestJSON-2093501449 tempest-AttachVolumeTestJSON-2093501449-project-member] Acquiring lock "7c310705-dc96-43e1-8d90-55efda862d92" by "nova.context.set_target_cell..get_or_set_cached_cell_and_set_connections" {{(pid=93557) inner /opt/stack/data/venv/lib/python3.12/site-packages/oslo_concurrency/lockutils.py:512}}
Aug 25 16:09:10.762774 np0000008090 nova-scheduler[93557]: DEBUG oslo_concurrency.lockutils [None req-484ca9f6-83a4-47ee-815b-44fc50316d08 tempest-AttachVolumeTestJSON-2093501449 tempest-AttachVolumeTestJSON-2093501449-project-member] Lock "7c310705-dc96-43e1-8d90-55efda862d92" acquired by "nova.context.set_target_cell..get_or_set_cached_cell_and_set_connections" :: waited 0.000s {{(pid=93557) inner /opt/stack/data/venv/lib/python3.12/site-packages/oslo_concurrency/lockutils.py:525}}
Aug 25 16:09:10.762774 np0000008090 nova-scheduler[93557]: DEBUG oslo_concurrency.lockutils [None req-484ca9f6-83a4-47ee-815b-44fc50316d08 tempest-AttachVolumeTestJSON-2093501449 tempest-AttachVolumeTestJSON-2093501449-project-member] Lock "7c310705-dc96-43e1-8d90-55efda862d92" "released" by "nova.context.set_target_cell..get_or_set_cached_cell_and_set_connections" :: held 0.001s {{(pid=93557) inner /opt/stack/data/venv/lib/python3.12/site-packages/oslo_concurrency/lockutils.py:544}}
Aug 25 16:09:10.762774 np0000008090 nova-scheduler[93557]: INFO dbcounter [None req-484ca9f6-83a4-47ee-815b-44fc50316d08 tempest-AttachVolumeTestJSON-2093501449 tempest-AttachVolumeTestJSON-2093501449-project-member] Registered counter for database nova_cell0
Aug 25 16:09:10.762774 np0000008090 nova-scheduler[93557]: INFO dbcounter [None req-484ca9f6-83a4-47ee-815b-44fc50316d08 tempest-AttachVolumeTestJSON-2093501449 tempest-AttachVolumeTestJSON-2093501449-project-member] Registered counter for database nova_cell1
Aug 25 16:09:10.821423 np0000008090 nova-scheduler[93557]: DEBUG oslo_db.sqlalchemy.engines [None req-484ca9f6-83a4-47ee-815b-44fc50316d08 tempest-AttachVolumeTestJSON-2093501449 tempest-AttachVolumeTestJSON-2093501449-project-member] MySQL server mode set to STRICT_TRANS_TABLES,STRICT_ALL_TABLES,NO_ZERO_IN_DATE,NO_ZERO_DATE,ERROR_FOR_DIVISION_BY_ZERO,TRADITIONAL,NO_ENGINE_SUBSTITUTION {{(pid=93557) _check_effective_sql_mode /opt/stack/data/venv/lib/python3.12/site-packages/oslo_db/sqlalchemy/engines.py:325}}
Aug 25 16:09:10.821423 np0000008090 nova-scheduler[93557]: DEBUG dbcounter [-] [93557] Writer thread running {{(pid=93557) stat_writer /opt/stack/data/venv/lib/python3.12/site-packages/dbcounter.py:102}}
Aug 25 16:09:10.821423 np0000008090 nova-scheduler[93557]: DEBUG oslo_db.sqlalchemy.engines [None req-484ca9f6-83a4-47ee-815b-44fc50316d08 tempest-AttachVolumeTestJSON-2093501449 tempest-AttachVolumeTestJSON-2093501449-project-member] MySQL server mode set to STRICT_TRANS_TABLES,STRICT_ALL_TABLES,NO_ZERO_IN_DATE,NO_ZERO_DATE,ERROR_FOR_DIVISION_BY_ZERO,TRADITIONAL,NO_ENGINE_SUBSTITUTION {{(pid=93557) _check_effective_sql_mode /opt/stack/data/venv/lib/python3.12/site-packages/oslo_db/sqlalchemy/engines.py:325}}
Aug 25 16:09:10.822325 np0000008090 nova-scheduler[93561]: DEBUG nova.scheduler.manager [None req-77f74510-db96-4265-89e8-8cf537cf185d tempest-ServerActionsTestOtherB-120576641 tempest-ServerActionsTestOtherB-120576641-project-member] Starting to schedule for instances: ['fdb4b3b6-584a-4b12-a898-c70872a14d72'] {{(pid=93561) select_destinations /opt/stack/nova/nova/scheduler/manager.py:197}}
Aug 25 16:09:10.822572 np0000008090 nova-scheduler[93557]: DEBUG dbcounter [-] [93557] Writer thread running {{(pid=93557) stat_writer /opt/stack/data/venv/lib/python3.12/site-packages/dbcounter.py:102}}
Aug 25 16:09:10.822615 np0000008090 nova-scheduler[93561]: DEBUG nova.scheduler.request_filter [None req-77f74510-db96-4265-89e8-8cf537cf185d tempest-ServerActionsTestOtherB-120576641 tempest-ServerActionsTestOtherB-120576641-project-member] compute_status_filter request filter added forbidden trait COMPUTE_STATUS_DISABLED {{(pid=93561) compute_status_filter /opt/stack/nova/nova/scheduler/request_filter.py:258}}
Aug 25 16:09:10.822615 np0000008090 nova-scheduler[93561]: DEBUG nova.scheduler.request_filter [None req-77f74510-db96-4265-89e8-8cf537cf185d tempest-ServerActionsTestOtherB-120576641 tempest-ServerActionsTestOtherB-120576641-project-member] Request filter 'compute_status_filter' took 0.0 seconds {{(pid=93561) wrapper /opt/stack/nova/nova/scheduler/request_filter.py:51}}
Aug 25 16:09:10.822615 np0000008090 nova-scheduler[93561]: DEBUG nova.scheduler.request_filter [None req-77f74510-db96-4265-89e8-8cf537cf185d tempest-ServerActionsTestOtherB-120576641 tempest-ServerActionsTestOtherB-120576641-project-member] Request filter 'accelerators_filter' took 0.0 seconds {{(pid=93561) wrapper /opt/stack/nova/nova/scheduler/request_filter.py:51}}
Aug 25 16:09:10.822615 np0000008090 nova-scheduler[93561]: DEBUG nova.scheduler.request_filter [None req-77f74510-db96-4265-89e8-8cf537cf185d tempest-ServerActionsTestOtherB-120576641 tempest-ServerActionsTestOtherB-120576641-project-member] Request filter 'packed_virtqueue_filter' took 0.0 seconds {{(pid=93561) wrapper /opt/stack/nova/nova/scheduler/request_filter.py:51}}
Aug 25 16:09:10.822615 np0000008090 nova-scheduler[93561]: DEBUG nova.scheduler.request_filter [None req-77f74510-db96-4265-89e8-8cf537cf185d tempest-ServerActionsTestOtherB-120576641 tempest-ServerActionsTestOtherB-120576641-project-member] Request filter 'remote_managed_ports_filter' took 0.0 seconds {{(pid=93561) wrapper /opt/stack/nova/nova/scheduler/request_filter.py:51}}
Aug 25 16:09:10.822800 np0000008090 nova-scheduler[93561]: DEBUG nova.scheduler.request_filter [None req-77f74510-db96-4265-89e8-8cf537cf185d tempest-ServerActionsTestOtherB-120576641 tempest-ServerActionsTestOtherB-120576641-project-member] ephemeral_encryption_filter skipped {{(pid=93561) ephemeral_encryption_filter /opt/stack/nova/nova/scheduler/request_filter.py:431}}
Aug 25 16:09:10.822800 np0000008090 nova-scheduler[93561]: DEBUG nova.scheduler.request_filter [None req-77f74510-db96-4265-89e8-8cf537cf185d tempest-ServerActionsTestOtherB-120576641 tempest-ServerActionsTestOtherB-120576641-project-member] virtio_sound_filter skipped {{(pid=93561) virtio_sound_filter /opt/stack/nova/nova/scheduler/request_filter.py:465}}
Aug 25 16:09:10.822800 np0000008090 nova-scheduler[93561]: DEBUG nova.scheduler.request_filter [None req-77f74510-db96-4265-89e8-8cf537cf185d tempest-ServerActionsTestOtherB-120576641 tempest-ServerActionsTestOtherB-120576641-project-member] tpm_secret_security_filter skipped {{(pid=93561) tpm_secret_security_filter /opt/stack/nova/nova/scheduler/request_filter.py:482}}
Aug 25 16:09:10.822800 np0000008090 nova-scheduler[93561]: DEBUG oslo_concurrency.lockutils [None req-77f74510-db96-4265-89e8-8cf537cf185d tempest-ServerActionsTestOtherB-120576641 tempest-ServerActionsTestOtherB-120576641-project-member] Acquiring lock "00000000-0000-0000-0000-000000000000" by "nova.context.set_target_cell..get_or_set_cached_cell_and_set_connections" {{(pid=93561) inner /opt/stack/data/venv/lib/python3.12/site-packages/oslo_concurrency/lockutils.py:512}}
Aug 25 16:09:10.822800 np0000008090 nova-scheduler[93561]: DEBUG oslo_concurrency.lockutils [None req-77f74510-db96-4265-89e8-8cf537cf185d tempest-ServerActionsTestOtherB-120576641 tempest-ServerActionsTestOtherB-120576641-project-member] Lock "00000000-0000-0000-0000-000000000000" acquired by "nova.context.set_target_cell..get_or_set_cached_cell_and_set_connections" :: waited 0.000s {{(pid=93561) inner /opt/stack/data/venv/lib/python3.12/site-packages/oslo_concurrency/lockutils.py:525}}
Aug 25 16:09:10.823008 np0000008090 nova-scheduler[93561]: DEBUG oslo_concurrency.lockutils [None req-77f74510-db96-4265-89e8-8cf537cf185d tempest-ServerActionsTestOtherB-120576641 tempest-ServerActionsTestOtherB-120576641-project-member] Lock "00000000-0000-0000-0000-000000000000" "released" by "nova.context.set_target_cell..get_or_set_cached_cell_and_set_connections" :: held 0.001s {{(pid=93561) inner /opt/stack/data/venv/lib/python3.12/site-packages/oslo_concurrency/lockutils.py:544}}
Aug 25 16:09:10.823008 np0000008090 nova-scheduler[93561]: INFO nova.thread_pool_factory [None req-77f74510-db96-4265-89e8-8cf537cf185d tempest-ServerActionsTestOtherB-120576641 tempest-ServerActionsTestOtherB-120576641-project-member] The cell_worker thread pool ForkProcess-3.cell_worker is initialized
Aug 25 16:09:10.823008 np0000008090 nova-scheduler[93561]: DEBUG oslo_concurrency.lockutils [None req-77f74510-db96-4265-89e8-8cf537cf185d tempest-ServerActionsTestOtherB-120576641 tempest-ServerActionsTestOtherB-120576641-project-member] Acquiring lock "7c310705-dc96-43e1-8d90-55efda862d92" by "nova.context.set_target_cell..get_or_set_cached_cell_and_set_connections" {{(pid=93561) inner /opt/stack/data/venv/lib/python3.12/site-packages/oslo_concurrency/lockutils.py:512}}
Aug 25 16:09:10.823008 np0000008090 nova-scheduler[93561]: DEBUG oslo_concurrency.lockutils [None req-77f74510-db96-4265-89e8-8cf537cf185d tempest-ServerActionsTestOtherB-120576641 tempest-ServerActionsTestOtherB-120576641-project-member] Lock "7c310705-dc96-43e1-8d90-55efda862d92" acquired by "nova.context.set_target_cell..get_or_set_cached_cell_and_set_connections" :: waited 0.000s {{(pid=93561) inner /opt/stack/data/venv/lib/python3.12/site-packages/oslo_concurrency/lockutils.py:525}}
Aug 25 16:09:10.823154 np0000008090 nova-scheduler[93561]: DEBUG oslo_concurrency.lockutils [None req-77f74510-db96-4265-89e8-8cf537cf185d tempest-ServerActionsTestOtherB-120576641 tempest-ServerActionsTestOtherB-120576641-project-member] Lock "7c310705-dc96-43e1-8d90-55efda862d92" "released" by "nova.context.set_target_cell..get_or_set_cached_cell_and_set_connections" :: held 0.001s {{(pid=93561) inner /opt/stack/data/venv/lib/python3.12/site-packages/oslo_concurrency/lockutils.py:544}}
Aug 25 16:09:10.823154 np0000008090 nova-scheduler[93561]: INFO dbcounter [None req-77f74510-db96-4265-89e8-8cf537cf185d tempest-ServerActionsTestOtherB-120576641 tempest-ServerActionsTestOtherB-120576641-project-member] Registered counter for database nova_cell0
Aug 25 16:09:10.823154 np0000008090 nova-scheduler[93561]: INFO dbcounter [None req-77f74510-db96-4265-89e8-8cf537cf185d tempest-ServerActionsTestOtherB-120576641 tempest-ServerActionsTestOtherB-120576641-project-member] Registered counter for database nova_cell1
Aug 25 16:09:10.844449 np0000008090 nova-scheduler[93561]: DEBUG oslo_db.sqlalchemy.engines [None req-77f74510-db96-4265-89e8-8cf537cf185d tempest-ServerActionsTestOtherB-120576641 tempest-ServerActionsTestOtherB-120576641-project-member] MySQL server mode set to STRICT_TRANS_TABLES,STRICT_ALL_TABLES,NO_ZERO_IN_DATE,NO_ZERO_DATE,ERROR_FOR_DIVISION_BY_ZERO,TRADITIONAL,NO_ENGINE_SUBSTITUTION {{(pid=93561) _check_effective_sql_mode /opt/stack/data/venv/lib/python3.12/site-packages/oslo_db/sqlalchemy/engines.py:325}}
Aug 25 16:09:10.849726 np0000008090 nova-scheduler[93561]: DEBUG dbcounter [-] [93561] Writer thread running {{(pid=93561) stat_writer /opt/stack/data/venv/lib/python3.12/site-packages/dbcounter.py:102}}
Aug 25 16:09:10.852254 np0000008090 nova-scheduler[93561]: DEBUG oslo_db.sqlalchemy.engines [None req-77f74510-db96-4265-89e8-8cf537cf185d tempest-ServerActionsTestOtherB-120576641 tempest-ServerActionsTestOtherB-120576641-project-member] MySQL server mode set to STRICT_TRANS_TABLES,STRICT_ALL_TABLES,NO_ZERO_IN_DATE,NO_ZERO_DATE,ERROR_FOR_DIVISION_BY_ZERO,TRADITIONAL,NO_ENGINE_SUBSTITUTION {{(pid=93561) _check_effective_sql_mode /opt/stack/data/venv/lib/python3.12/site-packages/oslo_db/sqlalchemy/engines.py:325}}
Aug 25 16:09:10.856897 np0000008090 nova-scheduler[93561]: DEBUG dbcounter [-] [93561] Writer thread running {{(pid=93561) stat_writer /opt/stack/data/venv/lib/python3.12/site-packages/dbcounter.py:102}}
Aug 25 16:09:10.927515 np0000008090 nova-scheduler[93561]: DEBUG nova.scheduler.request_filter [None req-77f74510-db96-4265-89e8-8cf537cf185d tempest-ServerActionsTestOtherB-120576641 tempest-ServerActionsTestOtherB-120576641-project-member] Added required trait OWNER_NOVA to root provider in request spec {{(pid=93561) owner_nova_filter /opt/stack/nova/nova/scheduler/request_filter.py:580}}
Aug 25 16:09:10.927515 np0000008090 nova-scheduler[93561]: DEBUG nova.scheduler.request_filter [None req-77f74510-db96-4265-89e8-8cf537cf185d tempest-ServerActionsTestOtherB-120576641 tempest-ServerActionsTestOtherB-120576641-project-member] Request filter 'owner_nova_filter' took 0.1 seconds {{(pid=93561) wrapper /opt/stack/nova/nova/scheduler/request_filter.py:51}}
Aug 25 16:09:10.927917 np0000008090 nova-scheduler[93557]: DEBUG nova.scheduler.request_filter [None req-484ca9f6-83a4-47ee-815b-44fc50316d08 tempest-AttachVolumeTestJSON-2093501449 tempest-AttachVolumeTestJSON-2093501449-project-member] Added required trait OWNER_NOVA to root provider in request spec {{(pid=93557) owner_nova_filter /opt/stack/nova/nova/scheduler/request_filter.py:580}}
Aug 25 16:09:10.927917 np0000008090 nova-scheduler[93557]: DEBUG nova.scheduler.request_filter [None req-484ca9f6-83a4-47ee-815b-44fc50316d08 tempest-AttachVolumeTestJSON-2093501449 tempest-AttachVolumeTestJSON-2093501449-project-member] Request filter 'owner_nova_filter' took 0.1 seconds {{(pid=93557) wrapper /opt/stack/nova/nova/scheduler/request_filter.py:51}}
Aug 25 16:09:11.275095 np0000008090 nova-scheduler[93561]: DEBUG oslo.service.backend._threading.loopingcall [None req-ad86e9a2-ab2b-41f3-9cbe-42ea3614d5f7 None None] Dynamic interval looping call 'nova.service.Service.periodic_tasks' sleeping for 60.00 seconds {{(pid=93561) _run_loop /opt/stack/data/venv/lib/python3.12/site-packages/oslo_service/backend/_threading/loopingcall.py:125}}
Aug 25 16:09:12.202133 np0000008090 nova-scheduler[93561]: DEBUG oslo_concurrency.lockutils [None req-77f74510-db96-4265-89e8-8cf537cf185d tempest-ServerActionsTestOtherB-120576641 tempest-ServerActionsTestOtherB-120576641-project-member] Acquiring lock "7c310705-dc96-43e1-8d90-55efda862d92" by "nova.context.set_target_cell..get_or_set_cached_cell_and_set_connections" {{(pid=93561) inner /opt/stack/data/venv/lib/python3.12/site-packages/oslo_concurrency/lockutils.py:512}}
Aug 25 16:09:12.202133 np0000008090 nova-scheduler[93561]: DEBUG oslo_concurrency.lockutils [None req-77f74510-db96-4265-89e8-8cf537cf185d tempest-ServerActionsTestOtherB-120576641 tempest-ServerActionsTestOtherB-120576641-project-member] Lock "7c310705-dc96-43e1-8d90-55efda862d92" acquired by "nova.context.set_target_cell..get_or_set_cached_cell_and_set_connections" :: waited 0.000s {{(pid=93561) inner /opt/stack/data/venv/lib/python3.12/site-packages/oslo_concurrency/lockutils.py:525}}
Aug 25 16:09:12.202133 np0000008090 nova-scheduler[93561]: DEBUG oslo_concurrency.lockutils [None req-77f74510-db96-4265-89e8-8cf537cf185d tempest-ServerActionsTestOtherB-120576641 tempest-ServerActionsTestOtherB-120576641-project-member] Lock "7c310705-dc96-43e1-8d90-55efda862d92" "released" by "nova.context.set_target_cell..get_or_set_cached_cell_and_set_connections" :: held 0.000s {{(pid=93561) inner /opt/stack/data/venv/lib/python3.12/site-packages/oslo_concurrency/lockutils.py:544}}
Aug 25 16:09:12.203106 np0000008090 nova-scheduler[93557]: DEBUG oslo_concurrency.lockutils [None req-484ca9f6-83a4-47ee-815b-44fc50316d08 tempest-AttachVolumeTestJSON-2093501449 tempest-AttachVolumeTestJSON-2093501449-project-member] Acquiring lock "7c310705-dc96-43e1-8d90-55efda862d92" by "nova.context.set_target_cell..get_or_set_cached_cell_and_set_connections" {{(pid=93557) inner /opt/stack/data/venv/lib/python3.12/site-packages/oslo_concurrency/lockutils.py:512}}
Aug 25 16:09:12.203106 np0000008090 nova-scheduler[93557]: DEBUG oslo_concurrency.lockutils [None req-484ca9f6-83a4-47ee-815b-44fc50316d08 tempest-AttachVolumeTestJSON-2093501449 tempest-AttachVolumeTestJSON-2093501449-project-member] Lock "7c310705-dc96-43e1-8d90-55efda862d92" acquired by "nova.context.set_target_cell..get_or_set_cached_cell_and_set_connections" :: waited 0.000s {{(pid=93557) inner /opt/stack/data/venv/lib/python3.12/site-packages/oslo_concurrency/lockutils.py:525}}
Aug 25 16:09:12.203106 np0000008090 nova-scheduler[93557]: DEBUG oslo_concurrency.lockutils [None req-484ca9f6-83a4-47ee-815b-44fc50316d08 tempest-AttachVolumeTestJSON-2093501449 tempest-AttachVolumeTestJSON-2093501449-project-member] Lock "7c310705-dc96-43e1-8d90-55efda862d92" "released" by "nova.context.set_target_cell..get_or_set_cached_cell_and_set_connections" :: held 0.000s {{(pid=93557) inner /opt/stack/data/venv/lib/python3.12/site-packages/oslo_concurrency/lockutils.py:544}}
Aug 25 16:09:12.206507 np0000008090 nova-scheduler[93561]: DEBUG oslo_db.sqlalchemy.engines [None req-77f74510-db96-4265-89e8-8cf537cf185d tempest-ServerActionsTestOtherB-120576641 tempest-ServerActionsTestOtherB-120576641-project-member] Parent process 92279 forked (93561) with an open database connection, which is being discarded and recreated. {{(pid=93561) checkout /opt/stack/data/venv/lib/python3.12/site-packages/oslo_db/sqlalchemy/engines.py:402}}
Aug 25 16:09:12.238187 np0000008090 nova-scheduler[93561]: DEBUG dbcounter [-] [93561] Writer thread running {{(pid=93561) stat_writer /opt/stack/data/venv/lib/python3.12/site-packages/dbcounter.py:102}}
Aug 25 16:09:12.240006 np0000008090 nova-scheduler[93557]: DEBUG dbcounter [-] [93557] Writer thread running {{(pid=93557) stat_writer /opt/stack/data/venv/lib/python3.12/site-packages/dbcounter.py:102}}
Aug 25 16:09:12.241114 np0000008090 nova-scheduler[93561]: DEBUG oslo_concurrency.lockutils [None req-77f74510-db96-4265-89e8-8cf537cf185d tempest-ServerActionsTestOtherB-120576641 tempest-ServerActionsTestOtherB-120576641-project-member] Acquiring lock "7c310705-dc96-43e1-8d90-55efda862d92" by "nova.context.set_target_cell..get_or_set_cached_cell_and_set_connections" {{(pid=93561) inner /opt/stack/data/venv/lib/python3.12/site-packages/oslo_concurrency/lockutils.py:512}}
Aug 25 16:09:12.241327 np0000008090 nova-scheduler[93561]: DEBUG oslo_concurrency.lockutils [None req-77f74510-db96-4265-89e8-8cf537cf185d tempest-ServerActionsTestOtherB-120576641 tempest-ServerActionsTestOtherB-120576641-project-member] Lock "7c310705-dc96-43e1-8d90-55efda862d92" acquired by "nova.context.set_target_cell..get_or_set_cached_cell_and_set_connections" :: waited 0.000s {{(pid=93561) inner /opt/stack/data/venv/lib/python3.12/site-packages/oslo_concurrency/lockutils.py:525}}
Aug 25 16:09:12.241424 np0000008090 nova-scheduler[93561]: DEBUG oslo_concurrency.lockutils [None req-77f74510-db96-4265-89e8-8cf537cf185d tempest-ServerActionsTestOtherB-120576641 tempest-ServerActionsTestOtherB-120576641-project-member] Lock "7c310705-dc96-43e1-8d90-55efda862d92" "released" by "nova.context.set_target_cell..get_or_set_cached_cell_and_set_connections" :: held 0.000s {{(pid=93561) inner /opt/stack/data/venv/lib/python3.12/site-packages/oslo_concurrency/lockutils.py:544}}
