Jun 04 06:21:10.247745 np0000002102 devstack@g-api.service[102005]: DEBUG glance_store.location [-] Registering scheme swift+config with {'store': , 'location_class': , 'store_entry': 'swift'} {{(pid=102005) register_scheme_map /opt/stack/data/venv/lib/python3.12/site-packages/glance_store/location.py:146}}
Jun 04 06:21:10.247813 np0000002102 devstack@g-api.service[102005]: DEBUG glance_store.backend [-] Attempting to import store file {{(pid=102005) _load_store /opt/stack/data/venv/lib/python3.12/site-packages/glance_store/backend.py:215}}
Jun 04 06:21:10.248413 np0000002102 devstack@g-api.service[102005]: DEBUG glance_store.capabilities [-] Store glance_store._drivers.filesystem.Store doesn't support updating dynamic storage capabilities. Please overwrite 'update_capabilities' method of the store to implement updating logics if needed. {{(pid=102005) update_capabilities /opt/stack/data/venv/lib/python3.12/site-packages/glance_store/capabilities.py:91}}
Jun 04 06:21:10.248467 np0000002102 devstack@g-api.service[102005]: DEBUG glance_store.backend [-] Registering store file with schemes ('file', 'filesystem') {{(pid=102005) create_stores /opt/stack/data/venv/lib/python3.12/site-packages/glance_store/backend.py:261}}
Jun 04 06:21:10.248522 np0000002102 devstack@g-api.service[102005]: DEBUG glance_store.driver [-] Late loading location class glance_store._drivers.filesystem.StoreLocation {{(pid=102005) get_store_location_class /opt/stack/data/venv/lib/python3.12/site-packages/glance_store/driver.py:134}}
Jun 04 06:21:10.248592 np0000002102 devstack@g-api.service[102005]: DEBUG glance_store.location [-] Registering scheme file with {'store': , 'location_class': , 'store_entry': 'file'} {{(pid=102005) register_scheme_map /opt/stack/data/venv/lib/python3.12/site-packages/glance_store/location.py:146}}
Jun 04 06:21:10.248644 np0000002102 devstack@g-api.service[102005]: DEBUG glance_store.location [-] Registering scheme filesystem with {'store': , 'location_class': , 'store_entry': 'file'} {{(pid=102005) register_scheme_map /opt/stack/data/venv/lib/python3.12/site-packages/glance_store/location.py:146}}
Jun 04 06:21:10.248700 np0000002102 devstack@g-api.service[102005]: DEBUG glance_store.backend [-] Attempting to import store http {{(pid=102005) _load_store /opt/stack/data/venv/lib/python3.12/site-packages/glance_store/backend.py:215}}
Jun 04 06:21:10.248946 np0000002102 devstack@g-api.service[102005]: DEBUG glance_store.capabilities [-] Store glance_store._drivers.http.Store doesn't support updating dynamic storage capabilities. Please overwrite 'update_capabilities' method of the store to implement updating logics if needed. {{(pid=102005) update_capabilities /opt/stack/data/venv/lib/python3.12/site-packages/glance_store/capabilities.py:91}}
Jun 04 06:21:10.249050 np0000002102 devstack@g-api.service[102005]: DEBUG glance_store.backend [-] Registering store http with schemes ('http', 'https') {{(pid=102005) create_stores /opt/stack/data/venv/lib/python3.12/site-packages/glance_store/backend.py:261}}
Jun 04 06:21:10.249124 np0000002102 devstack@g-api.service[102005]: DEBUG glance_store.driver [-] Late loading location class glance_store._drivers.http.StoreLocation {{(pid=102005) get_store_location_class /opt/stack/data/venv/lib/python3.12/site-packages/glance_store/driver.py:134}}
Jun 04 06:21:10.249187 np0000002102 devstack@g-api.service[102005]: DEBUG glance_store.location [-] Registering scheme http with {'store': , 'location_class': , 'store_entry': 'http'} {{(pid=102005) register_scheme_map /opt/stack/data/venv/lib/python3.12/site-packages/glance_store/location.py:146}}
Jun 04 06:21:10.249238 np0000002102 devstack@g-api.service[102005]: DEBUG glance_store.location [-] Registering scheme https with {'store': , 'location_class': , 'store_entry': 'http'} {{(pid=102005) register_scheme_map /opt/stack/data/venv/lib/python3.12/site-packages/glance_store/location.py:146}}
Jun 04 06:21:10.249351 np0000002102 devstack@g-api.service[102005]: DEBUG glance_store.backend [-] Attempting to import store swift {{(pid=102005) _load_store /opt/stack/data/venv/lib/python3.12/site-packages/glance_store/backend.py:215}}
Jun 04 06:21:10.250682 np0000002102 devstack@g-api.service[102005]: DEBUG glance_store.capabilities [-] Store glance_store._drivers.swift.store.SingleTenantStore doesn't support updating dynamic storage capabilities. Please overwrite 'update_capabilities' method of the store to implement updating logics if needed. {{(pid=102005) update_capabilities /opt/stack/data/venv/lib/python3.12/site-packages/glance_store/capabilities.py:91}}
Jun 04 06:21:10.250753 np0000002102 devstack@g-api.service[102005]: DEBUG glance_store.driver [-] Late loading location class glance_store._drivers.swift.store.StoreLocation {{(pid=102005) get_store_location_class /opt/stack/data/venv/lib/python3.12/site-packages/glance_store/driver.py:134}}
Jun 04 06:21:10.250834 np0000002102 devstack@g-api.service[102005]: DEBUG glance_store.location [-] Registering scheme swift+https with {'store': , 'location_class': , 'store_entry': 'swift'} {{(pid=102005) register_scheme_map /opt/stack/data/venv/lib/python3.12/site-packages/glance_store/location.py:146}}
Jun 04 06:21:10.250889 np0000002102 devstack@g-api.service[102005]: DEBUG glance_store.location [-] Registering scheme swift+https with {'store': , 'location_class': , 'store_entry': 'swift'} {{(pid=102005) register_scheme_map /opt/stack/data/venv/lib/python3.12/site-packages/glance_store/location.py:146}}
Jun 04 06:21:10.250955 np0000002102 devstack@g-api.service[102005]: DEBUG glance_store.location [-] Registering scheme swift with {'store': , 'location_class': , 'store_entry': 'swift'} {{(pid=102005) register_scheme_map /opt/stack/data/venv/lib/python3.12/site-packages/glance_store/location.py:146}}
Jun 04 06:21:10.251031 np0000002102 devstack@g-api.service[102005]: DEBUG glance_store.location [-] Registering scheme swift+https with {'store': , 'location_class': , 'store_entry': 'swift'} {{(pid=102005) register_scheme_map /opt/stack/data/venv/lib/python3.12/site-packages/glance_store/location.py:146}}
Jun 04 06:21:10.251083 np0000002102 devstack@g-api.service[102005]: DEBUG glance_store.location [-] Registering scheme swift with {'store': , 'location_class': , 'store_entry': 'swift'} {{(pid=102005) register_scheme_map /opt/stack/data/venv/lib/python3.12/site-packages/glance_store/location.py:146}}
Jun 04 06:21:10.251135 np0000002102 devstack@g-api.service[102005]: DEBUG glance_store.location [-] Registering scheme swift+http with {'store': , 'location_class': , 'store_entry': 'swift'} {{(pid=102005) register_scheme_map /opt/stack/data/venv/lib/python3.12/site-packages/glance_store/location.py:146}}
Jun 04 06:21:10.251178 np0000002102 devstack@g-api.service[102005]: DEBUG glance_store.location [-] Registering scheme swift+https with {'store': , 'location_class': , 'store_entry': 'swift'} {{(pid=102005) register_scheme_map /opt/stack/data/venv/lib/python3.12/site-packages/glance_store/location.py:146}}
Jun 04 06:21:10.251230 np0000002102 devstack@g-api.service[102005]: DEBUG glance_store.location [-] Registering scheme swift with {'store': , 'location_class': , 'store_entry': 'swift'} {{(pid=102005) register_scheme_map /opt/stack/data/venv/lib/python3.12/site-packages/glance_store/location.py:146}}
Jun 04 06:21:10.251282 np0000002102 devstack@g-api.service[102005]: DEBUG glance_store.location [-] Registering scheme swift+http with {'store': , 'location_class': , 'store_entry': 'swift'} {{(pid=102005) register_scheme_map /opt/stack/data/venv/lib/python3.12/site-packages/glance_store/location.py:146}}
Jun 04 06:21:10.251331 np0000002102 devstack@g-api.service[102005]: DEBUG glance_store.location [-] Registering scheme swift+config with {'store': , 'location_class': , 'store_entry': 'swift'} {{(pid=102005) register_scheme_map /opt/stack/data/venv/lib/python3.12/site-packages/glance_store/location.py:146}}
Jun 04 06:21:10.251607 np0000002102 devstack@g-api.service[102005]: DEBUG glance.sqlite_migration [-] SQLite caching database not located, skipping migration {{(pid=102005) get_db_path /opt/stack/glance/glance/sqlite_migration.py:68}}
Jun 04 06:21:10.251806 np0000002102 devstack@g-api.service[102005]: WARNING glance.common.wsgi_app [-] Import methods are enabled but staging directory /tmp/staging/ does not exist; Imports will fail!
Jun 04 06:21:10.479802 np0000002102 devstack@g-api.service[102006]: DEBUG glance.common.config [None req-2ac75b70-3788-4485-9e98-be7955578c18 None None] Loading glance-api-keystone+cachemanagement from /etc/glance/glance-api-paste.ini {{(pid=102006) load_paste_app /opt/stack/glance/glance/common/config.py:758}}
Jun 04 06:21:10.497659 np0000002102 devstack@g-api.service[102004]: DEBUG glance.common.config [None req-443c0ecf-c95d-49aa-a4e2-dd02fe5b6fc2 None None] Loading glance-api-keystone+cachemanagement from /etc/glance/glance-api-paste.ini {{(pid=102004) load_paste_app /opt/stack/glance/glance/common/config.py:758}}
Jun 04 06:21:10.545163 np0000002102 devstack@g-api.service[102005]: DEBUG glance.common.config [None req-0a698a8f-531b-422f-b681-558ef957e137 None None] Loading glance-api-keystone+cachemanagement from /etc/glance/glance-api-paste.ini {{(pid=102005) load_paste_app /opt/stack/glance/glance/common/config.py:758}}
Jun 04 06:21:11.070186 np0000002102 devstack@g-api.service[102006]: INFO glance.image_cache [None req-2ac75b70-3788-4485-9e98-be7955578c18 None None] Image cache loaded driver 'centralized_db'.
Jun 04 06:21:11.072202 np0000002102 devstack@g-api.service[102004]: INFO glance.image_cache [None req-443c0ecf-c95d-49aa-a4e2-dd02fe5b6fc2 None None] Image cache loaded driver 'centralized_db'.
Jun 04 06:21:11.099823 np0000002102 devstack@g-api.service[102005]: INFO glance.image_cache [None req-0a698a8f-531b-422f-b681-558ef957e137 None None] Image cache loaded driver 'centralized_db'.
Jun 04 06:21:11.113190 np0000002102 devstack@g-api.service[102006]: INFO dbcounter [None req-2ac75b70-3788-4485-9e98-be7955578c18 None None] Registered counter for database glance
Jun 04 06:21:11.114044 np0000002102 devstack@g-api.service[102004]: INFO dbcounter [None req-443c0ecf-c95d-49aa-a4e2-dd02fe5b6fc2 None None] Registered counter for database glance
Jun 04 06:21:11.144778 np0000002102 devstack@g-api.service[102005]: INFO dbcounter [None req-0a698a8f-531b-422f-b681-558ef957e137 None None] Registered counter for database glance
Jun 04 06:21:11.157092 np0000002102 devstack@g-api.service[102004]: DEBUG oslo_db.sqlalchemy.engines [None req-443c0ecf-c95d-49aa-a4e2-dd02fe5b6fc2 None None] MySQL server mode set to STRICT_TRANS_TABLES,STRICT_ALL_TABLES,NO_ZERO_IN_DATE,NO_ZERO_DATE,ERROR_FOR_DIVISION_BY_ZERO,TRADITIONAL,NO_ENGINE_SUBSTITUTION {{(pid=102004) _check_effective_sql_mode /opt/stack/data/venv/lib/python3.12/site-packages/oslo_db/sqlalchemy/engines.py:325}}
Jun 04 06:21:11.160705 np0000002102 devstack@g-api.service[102006]: DEBUG oslo_db.sqlalchemy.engines [None req-2ac75b70-3788-4485-9e98-be7955578c18 None None] MySQL server mode set to STRICT_TRANS_TABLES,STRICT_ALL_TABLES,NO_ZERO_IN_DATE,NO_ZERO_DATE,ERROR_FOR_DIVISION_BY_ZERO,TRADITIONAL,NO_ENGINE_SUBSTITUTION {{(pid=102006) _check_effective_sql_mode /opt/stack/data/venv/lib/python3.12/site-packages/oslo_db/sqlalchemy/engines.py:325}}
Jun 04 06:21:11.177556 np0000002102 devstack@g-api.service[102004]: DEBUG dbcounter [-] [102004] Writer thread running {{(pid=102004) stat_writer /opt/stack/data/venv/lib/python3.12/site-packages/dbcounter.py:102}}
Jun 04 06:21:11.184381 np0000002102 devstack@g-api.service[102006]: DEBUG dbcounter [-] [102006] Writer thread running {{(pid=102006) stat_writer /opt/stack/data/venv/lib/python3.12/site-packages/dbcounter.py:102}}
Jun 04 06:21:11.186962 np0000002102 devstack@g-api.service[102006]: DEBUG glance.image_cache.drivers.centralized_db [None req-2ac75b70-3788-4485-9e98-be7955578c18 None None] Node reference is already recorded, ignoring it {{(pid=102006) configure /opt/stack/glance/glance/image_cache/drivers/centralized_db.py:71}}
Jun 04 06:21:11.189275 np0000002102 devstack@g-api.service[102004]: INFO glance.image_cache [None req-443c0ecf-c95d-49aa-a4e2-dd02fe5b6fc2 None None] Image cache loaded driver 'centralized_db'.
Jun 04 06:21:11.191295 np0000002102 devstack@g-api.service[102005]: DEBUG oslo_db.sqlalchemy.engines [None req-0a698a8f-531b-422f-b681-558ef957e137 None None] MySQL server mode set to STRICT_TRANS_TABLES,STRICT_ALL_TABLES,NO_ZERO_IN_DATE,NO_ZERO_DATE,ERROR_FOR_DIVISION_BY_ZERO,TRADITIONAL,NO_ENGINE_SUBSTITUTION {{(pid=102005) _check_effective_sql_mode /opt/stack/data/venv/lib/python3.12/site-packages/oslo_db/sqlalchemy/engines.py:325}}
Jun 04 06:21:11.192380 np0000002102 devstack@g-api.service[102006]: INFO glance.image_cache [None req-2ac75b70-3788-4485-9e98-be7955578c18 None None] Image cache loaded driver 'centralized_db'.
Jun 04 06:21:11.195884 np0000002102 devstack@g-api.service[102004]: DEBUG glance.image_cache.drivers.centralized_db [None req-443c0ecf-c95d-49aa-a4e2-dd02fe5b6fc2 None None] Node reference is already recorded, ignoring it {{(pid=102004) configure /opt/stack/glance/glance/image_cache/drivers/centralized_db.py:71}}
Jun 04 06:21:11.198567 np0000002102 devstack@g-api.service[102006]: DEBUG glance.image_cache.drivers.centralized_db [None req-2ac75b70-3788-4485-9e98-be7955578c18 None None] Node reference is already recorded, ignoring it {{(pid=102006) configure /opt/stack/glance/glance/image_cache/drivers/centralized_db.py:71}}
Jun 04 06:21:11.200663 np0000002102 devstack@g-api.service[102004]: DEBUG glance.api.v2.cached_images [None req-443c0ecf-c95d-49aa-a4e2-dd02fe5b6fc2 None None] Started cache worker thread {{(pid=102004) __init__ /opt/stack/glance/glance/api/v2/cached_images.py:69}}
Jun 04 06:21:11.201318 np0000002102 devstack@g-api.service[102004]: INFO glance.image_cache [None req-443c0ecf-c95d-49aa-a4e2-dd02fe5b6fc2 None None] Image cache loaded driver 'centralized_db'.
Jun 04 06:21:11.203369 np0000002102 devstack@g-api.service[102006]: DEBUG glance.api.v2.cached_images [None req-2ac75b70-3788-4485-9e98-be7955578c18 None None] Started cache worker thread {{(pid=102006) __init__ /opt/stack/glance/glance/api/v2/cached_images.py:69}}
Jun 04 06:21:11.203877 np0000002102 devstack@g-api.service[102006]: INFO glance.image_cache [None req-2ac75b70-3788-4485-9e98-be7955578c18 None None] Image cache loaded driver 'centralized_db'.
Jun 04 06:21:11.207132 np0000002102 devstack@g-api.service[102004]: DEBUG glance.image_cache.drivers.centralized_db [None req-443c0ecf-c95d-49aa-a4e2-dd02fe5b6fc2 None None] Node reference is already recorded, ignoring it {{(pid=102004) configure /opt/stack/glance/glance/image_cache/drivers/centralized_db.py:71}}
Jun 04 06:21:11.210228 np0000002102 devstack@g-api.service[102006]: DEBUG glance.image_cache.drivers.centralized_db [None req-2ac75b70-3788-4485-9e98-be7955578c18 None None] Node reference is already recorded, ignoring it {{(pid=102006) configure /opt/stack/glance/glance/image_cache/drivers/centralized_db.py:71}}
Jun 04 06:21:11.211603 np0000002102 devstack@g-api.service[102004]: INFO glance.api.middleware.cache_manage [None req-443c0ecf-c95d-49aa-a4e2-dd02fe5b6fc2 None None] Initialized image cache management middleware
Jun 04 06:21:11.211756 np0000002102 devstack@g-api.service[102004]: INFO glance.image_cache [None req-443c0ecf-c95d-49aa-a4e2-dd02fe5b6fc2 None None] Image cache loaded driver 'centralized_db'.
Jun 04 06:21:11.214231 np0000002102 devstack@g-api.service[102005]: DEBUG dbcounter [-] [102005] Writer thread running {{(pid=102005) stat_writer /opt/stack/data/venv/lib/python3.12/site-packages/dbcounter.py:102}}
Jun 04 06:21:11.214326 np0000002102 devstack@g-api.service[102006]: INFO glance.api.middleware.cache_manage [None req-2ac75b70-3788-4485-9e98-be7955578c18 None None] Initialized image cache management middleware
Jun 04 06:21:11.214462 np0000002102 devstack@g-api.service[102006]: INFO glance.image_cache [None req-2ac75b70-3788-4485-9e98-be7955578c18 None None] Image cache loaded driver 'centralized_db'.
Jun 04 06:21:11.216673 np0000002102 devstack@g-api.service[102005]: DEBUG glance.image_cache.drivers.centralized_db [None req-0a698a8f-531b-422f-b681-558ef957e137 None None] Node reference is already recorded, ignoring it {{(pid=102005) configure /opt/stack/glance/glance/image_cache/drivers/centralized_db.py:71}}
Jun 04 06:21:11.217239 np0000002102 devstack@g-api.service[102004]: DEBUG glance.image_cache.drivers.centralized_db [None req-443c0ecf-c95d-49aa-a4e2-dd02fe5b6fc2 None None] Node reference is already recorded, ignoring it {{(pid=102004) configure /opt/stack/glance/glance/image_cache/drivers/centralized_db.py:71}}
Jun 04 06:21:11.220574 np0000002102 devstack@g-api.service[102004]: INFO glance.api.middleware.cache [None req-443c0ecf-c95d-49aa-a4e2-dd02fe5b6fc2 None None] Initialized image cache middleware
Jun 04 06:21:11.220713 np0000002102 devstack@g-api.service[102006]: DEBUG glance.image_cache.drivers.centralized_db [None req-2ac75b70-3788-4485-9e98-be7955578c18 None None] Node reference is already recorded, ignoring it {{(pid=102006) configure /opt/stack/glance/glance/image_cache/drivers/centralized_db.py:71}}
Jun 04 06:21:11.222964 np0000002102 devstack@g-api.service[102005]: INFO glance.image_cache [None req-0a698a8f-531b-422f-b681-558ef957e137 None None] Image cache loaded driver 'centralized_db'.
Jun 04 06:21:11.225613 np0000002102 devstack@g-api.service[102006]: INFO glance.api.middleware.cache [None req-2ac75b70-3788-4485-9e98-be7955578c18 None None] Initialized image cache middleware
Jun 04 06:21:11.229594 np0000002102 devstack@g-api.service[102005]: DEBUG glance.image_cache.drivers.centralized_db [None req-0a698a8f-531b-422f-b681-558ef957e137 None None] Node reference is already recorded, ignoring it {{(pid=102005) configure /opt/stack/glance/glance/image_cache/drivers/centralized_db.py:71}}
Jun 04 06:21:11.231793 np0000002102 devstack@g-api.service[102004]: DEBUG glance.common.config [None req-443c0ecf-c95d-49aa-a4e2-dd02fe5b6fc2 None None] ******************************************************************************** {{(pid=102004) log_opt_values /opt/stack/data/venv/lib/python3.12/site-packages/oslo_config/cfg.py:3229}}
Jun 04 06:21:11.231884 np0000002102 devstack@g-api.service[102004]: DEBUG glance.common.config [None req-443c0ecf-c95d-49aa-a4e2-dd02fe5b6fc2 None None] Configuration options gathered from: {{(pid=102004) log_opt_values /opt/stack/data/venv/lib/python3.12/site-packages/oslo_config/cfg.py:3230}}
Jun 04 06:21:11.232229 np0000002102 devstack@g-api.service[102004]: DEBUG glance.common.config [None req-443c0ecf-c95d-49aa-a4e2-dd02fe5b6fc2 None None] command line args: [] {{(pid=102004) log_opt_values /opt/stack/data/venv/lib/python3.12/site-packages/oslo_config/cfg.py:3231}}
Jun 04 06:21:11.232392 np0000002102 devstack@g-api.service[102004]: DEBUG glance.common.config [None req-443c0ecf-c95d-49aa-a4e2-dd02fe5b6fc2 None None] config files: ['/etc/glance/glance-image-import.conf', '/etc/glance/glance-api.conf'] {{(pid=102004) log_opt_values /opt/stack/data/venv/lib/python3.12/site-packages/oslo_config/cfg.py:3232}}
Jun 04 06:21:11.232488 np0000002102 devstack@g-api.service[102004]: DEBUG glance.common.config [None req-443c0ecf-c95d-49aa-a4e2-dd02fe5b6fc2 None None] ================================================================================ {{(pid=102004) log_opt_values /opt/stack/data/venv/lib/python3.12/site-packages/oslo_config/cfg.py:3237}}
Jun 04 06:21:11.232655 np0000002102 devstack@g-api.service[102004]: DEBUG glance.common.config [None req-443c0ecf-c95d-49aa-a4e2-dd02fe5b6fc2 None None] allow_anonymous_access = False {{(pid=102004) log_opt_values /opt/stack/data/venv/lib/python3.12/site-packages/oslo_config/cfg.py:3245}}
Jun 04 06:21:11.232797 np0000002102 devstack@g-api.service[102004]: DEBUG glance.common.config [None req-443c0ecf-c95d-49aa-a4e2-dd02fe5b6fc2 None None] api_limit_max = 1000 {{(pid=102004) log_opt_values /opt/stack/data/venv/lib/python3.12/site-packages/oslo_config/cfg.py:3245}}
Jun 04 06:21:11.232955 np0000002102 devstack@g-api.service[102004]: DEBUG glance.common.config [None req-443c0ecf-c95d-49aa-a4e2-dd02fe5b6fc2 None None] backlog = 4096 {{(pid=102004) log_opt_values /opt/stack/data/venv/lib/python3.12/site-packages/oslo_config/cfg.py:3245}}
Jun 04 06:21:11.233128 np0000002102 devstack@g-api.service[102004]: DEBUG glance.common.config [None req-443c0ecf-c95d-49aa-a4e2-dd02fe5b6fc2 None None] bind_host = 0.0.0.0 {{(pid=102004) log_opt_values /opt/stack/data/venv/lib/python3.12/site-packages/oslo_config/cfg.py:3245}}
Jun 04 06:21:11.233283 np0000002102 devstack@g-api.service[102004]: DEBUG glance.common.config [None req-443c0ecf-c95d-49aa-a4e2-dd02fe5b6fc2 None None] bind_port = 19292 {{(pid=102004) log_opt_values /opt/stack/data/venv/lib/python3.12/site-packages/oslo_config/cfg.py:3245}}
Jun 04 06:21:11.233417 np0000002102 devstack@g-api.service[102004]: DEBUG glance.common.config [None req-443c0ecf-c95d-49aa-a4e2-dd02fe5b6fc2 None None] client_socket_timeout = 900 {{(pid=102004) log_opt_values /opt/stack/data/venv/lib/python3.12/site-packages/oslo_config/cfg.py:3245}}
Jun 04 06:21:11.233554 np0000002102 devstack@g-api.service[102004]: DEBUG glance.common.config [None req-443c0ecf-c95d-49aa-a4e2-dd02fe5b6fc2 None None] config_dir = [] {{(pid=102004) log_opt_values /opt/stack/data/venv/lib/python3.12/site-packages/oslo_config/cfg.py:3245}}
Jun 04 06:21:11.233663 np0000002102 devstack@g-api.service[102004]: DEBUG glance.common.config [None req-443c0ecf-c95d-49aa-a4e2-dd02fe5b6fc2 None None] config_file = ['/etc/glance/glance-image-import.conf', '/etc/glance/glance-api.conf'] {{(pid=102004) log_opt_values /opt/stack/data/venv/lib/python3.12/site-packages/oslo_config/cfg.py:3245}}
Jun 04 06:21:11.233802 np0000002102 devstack@g-api.service[102004]: DEBUG glance.common.config [None req-443c0ecf-c95d-49aa-a4e2-dd02fe5b6fc2 None None] config_source = [] {{(pid=102004) log_opt_values /opt/stack/data/venv/lib/python3.12/site-packages/oslo_config/cfg.py:3245}}
Jun 04 06:21:11.233955 np0000002102 devstack@g-api.service[102004]: DEBUG glance.common.config [None req-443c0ecf-c95d-49aa-a4e2-dd02fe5b6fc2 None None] control_exchange = glance {{(pid=102004) log_opt_values /opt/stack/data/venv/lib/python3.12/site-packages/oslo_config/cfg.py:3245}}
Jun 04 06:21:11.234070 np0000002102 devstack@g-api.service[102004]: DEBUG glance.common.config [None req-443c0ecf-c95d-49aa-a4e2-dd02fe5b6fc2 None None] debug = True {{(pid=102004) log_opt_values /opt/stack/data/venv/lib/python3.12/site-packages/oslo_config/cfg.py:3245}}
Jun 04 06:21:11.234320 np0000002102 devstack@g-api.service[102004]: DEBUG glance.common.config [None req-443c0ecf-c95d-49aa-a4e2-dd02fe5b6fc2 None None] default_log_levels = ['amqp=WARN', 'boto=WARN', 'sqlalchemy=WARN', 'suds=INFO', 'oslo.messaging=INFO', 'oslo_messaging=INFO', 'iso8601=WARN', 'requests.packages.urllib3.connectionpool=WARN', 'urllib3.connectionpool=WARN', 'websocket=WARN', 'requests.packages.urllib3.util.retry=WARN', 'urllib3.util.retry=WARN', 'keystonemiddleware=WARN', 'routes.middleware=WARN', 'stevedore=WARN', 'taskflow=WARN', 'keystoneauth=WARN', 'oslo.cache=INFO', 'oslo_policy=INFO', 'dogpile.core.dogpile=INFO'] {{(pid=102004) log_opt_values /opt/stack/data/venv/lib/python3.12/site-packages/oslo_config/cfg.py:3245}}
Jun 04 06:21:11.234453 np0000002102 devstack@g-api.service[102004]: DEBUG glance.common.config [None req-443c0ecf-c95d-49aa-a4e2-dd02fe5b6fc2 None None] default_publisher_id = image.localhost {{(pid=102004) log_opt_values /opt/stack/data/venv/lib/python3.12/site-packages/oslo_config/cfg.py:3245}}
Jun 04 06:21:11.234585 np0000002102 devstack@g-api.service[102005]: DEBUG glance.api.v2.cached_images [None req-0a698a8f-531b-422f-b681-558ef957e137 None None] Started cache worker thread {{(pid=102005) __init__ /opt/stack/glance/glance/api/v2/cached_images.py:69}}
Jun 04 06:21:11.234642 np0000002102 devstack@g-api.service[102004]: DEBUG glance.common.config [None req-443c0ecf-c95d-49aa-a4e2-dd02fe5b6fc2 None None] delayed_delete = False {{(pid=102004) log_opt_values /opt/stack/data/venv/lib/python3.12/site-packages/oslo_config/cfg.py:3245}}
Jun 04 06:21:11.234725 np0000002102 devstack@g-api.service[102004]: DEBUG glance.common.config [None req-443c0ecf-c95d-49aa-a4e2-dd02fe5b6fc2 None None] digest_algorithm = sha256 {{(pid=102004) log_opt_values /opt/stack/data/venv/lib/python3.12/site-packages/oslo_config/cfg.py:3245}}
Jun 04 06:21:11.234867 np0000002102 devstack@g-api.service[102004]: DEBUG glance.common.config [None req-443c0ecf-c95d-49aa-a4e2-dd02fe5b6fc2 None None] disabled_notifications = [] {{(pid=102004) log_opt_values /opt/stack/data/venv/lib/python3.12/site-packages/oslo_config/cfg.py:3245}}
Jun 04 06:21:11.235038 np0000002102 devstack@g-api.service[102004]: DEBUG glance.common.config [None req-443c0ecf-c95d-49aa-a4e2-dd02fe5b6fc2 None None] do_secure_hash = True {{(pid=102004) log_opt_values /opt/stack/data/venv/lib/python3.12/site-packages/oslo_config/cfg.py:3245}}
Jun 04 06:21:11.235160 np0000002102 devstack@g-api.service[102004]: DEBUG glance.common.config [None req-443c0ecf-c95d-49aa-a4e2-dd02fe5b6fc2 None None] enabled_backends = None {{(pid=102004) log_opt_values /opt/stack/data/venv/lib/python3.12/site-packages/oslo_config/cfg.py:3245}}
Jun 04 06:21:11.235315 np0000002102 devstack@g-api.service[102004]: DEBUG glance.common.config [None req-443c0ecf-c95d-49aa-a4e2-dd02fe5b6fc2 None None] enabled_import_methods = ['glance-direct', 'web-download', 'copy-image'] {{(pid=102004) log_opt_values /opt/stack/data/venv/lib/python3.12/site-packages/oslo_config/cfg.py:3245}}
Jun 04 06:21:11.235370 np0000002102 devstack@g-api.service[102005]: INFO glance.image_cache [None req-0a698a8f-531b-422f-b681-558ef957e137 None None] Image cache loaded driver 'centralized_db'.
Jun 04 06:21:11.235453 np0000002102 devstack@g-api.service[102004]: DEBUG glance.common.config [None req-443c0ecf-c95d-49aa-a4e2-dd02fe5b6fc2 None None] fatal_deprecations = False {{(pid=102004) log_opt_values /opt/stack/data/venv/lib/python3.12/site-packages/oslo_config/cfg.py:3245}}
Jun 04 06:21:11.235599 np0000002102 devstack@g-api.service[102004]: DEBUG glance.common.config [None req-443c0ecf-c95d-49aa-a4e2-dd02fe5b6fc2 None None] hashing_algorithm = sha512 {{(pid=102004) log_opt_values /opt/stack/data/venv/lib/python3.12/site-packages/oslo_config/cfg.py:3245}}
Jun 04 06:21:11.236060 np0000002102 devstack@g-api.service[102004]: DEBUG glance.common.config [None req-443c0ecf-c95d-49aa-a4e2-dd02fe5b6fc2 None None] http_keepalive = True {{(pid=102004) log_opt_values /opt/stack/data/venv/lib/python3.12/site-packages/oslo_config/cfg.py:3245}}
Jun 04 06:21:11.236060 np0000002102 devstack@g-api.service[102004]: DEBUG glance.common.config [None req-443c0ecf-c95d-49aa-a4e2-dd02fe5b6fc2 None None] http_retries = 3 {{(pid=102004) log_opt_values /opt/stack/data/venv/lib/python3.12/site-packages/oslo_config/cfg.py:3245}}
Jun 04 06:21:11.236060 np0000002102 devstack@g-api.service[102004]: DEBUG glance.common.config [None req-443c0ecf-c95d-49aa-a4e2-dd02fe5b6fc2 None None] image_cache_dir = /opt/stack/data/glance/cache/ {{(pid=102004) log_opt_values /opt/stack/data/venv/lib/python3.12/site-packages/oslo_config/cfg.py:3245}}
Jun 04 06:21:11.236060 np0000002102 devstack@g-api.service[102004]: DEBUG glance.common.config [None req-443c0ecf-c95d-49aa-a4e2-dd02fe5b6fc2 None None] image_cache_driver = centralized_db {{(pid=102004) log_opt_values /opt/stack/data/venv/lib/python3.12/site-packages/oslo_config/cfg.py:3245}}
Jun 04 06:21:11.236241 np0000002102 devstack@g-api.service[102004]: DEBUG glance.common.config [None req-443c0ecf-c95d-49aa-a4e2-dd02fe5b6fc2 None None] image_cache_max_size = 10737418240 {{(pid=102004) log_opt_values /opt/stack/data/venv/lib/python3.12/site-packages/oslo_config/cfg.py:3245}}
Jun 04 06:21:11.236338 np0000002102 devstack@g-api.service[102004]: DEBUG glance.common.config [None req-443c0ecf-c95d-49aa-a4e2-dd02fe5b6fc2 None None] image_cache_sqlite_db = cache.db {{(pid=102004) log_opt_values /opt/stack/data/venv/lib/python3.12/site-packages/oslo_config/cfg.py:3245}}
Jun 04 06:21:11.236466 np0000002102 devstack@g-api.service[102004]: DEBUG glance.common.config [None req-443c0ecf-c95d-49aa-a4e2-dd02fe5b6fc2 None None] image_cache_stall_time = 86400 {{(pid=102004) log_opt_values /opt/stack/data/venv/lib/python3.12/site-packages/oslo_config/cfg.py:3245}}
Jun 04 06:21:11.236556 np0000002102 devstack@g-api.service[102004]: DEBUG glance.common.config [None req-443c0ecf-c95d-49aa-a4e2-dd02fe5b6fc2 None None] image_location_quota = 10 {{(pid=102004) log_opt_values /opt/stack/data/venv/lib/python3.12/site-packages/oslo_config/cfg.py:3245}}
Jun 04 06:21:11.236646 np0000002102 devstack@g-api.service[102004]: DEBUG glance.common.config [None req-443c0ecf-c95d-49aa-a4e2-dd02fe5b6fc2 None None] image_member_quota = 128 {{(pid=102004) log_opt_values /opt/stack/data/venv/lib/python3.12/site-packages/oslo_config/cfg.py:3245}}
Jun 04 06:21:11.236735 np0000002102 devstack@g-api.service[102004]: DEBUG glance.common.config [None req-443c0ecf-c95d-49aa-a4e2-dd02fe5b6fc2 None None] image_property_quota = 128 {{(pid=102004) log_opt_values /opt/stack/data/venv/lib/python3.12/site-packages/oslo_config/cfg.py:3245}}
Jun 04 06:21:11.236820 np0000002102 devstack@g-api.service[102004]: DEBUG glance.common.config [None req-443c0ecf-c95d-49aa-a4e2-dd02fe5b6fc2 None None] image_size_cap = 1099511627776 {{(pid=102004) log_opt_values /opt/stack/data/venv/lib/python3.12/site-packages/oslo_config/cfg.py:3245}}
Jun 04 06:21:11.236909 np0000002102 devstack@g-api.service[102004]: DEBUG glance.common.config [None req-443c0ecf-c95d-49aa-a4e2-dd02fe5b6fc2 None None] image_tag_quota = 128 {{(pid=102004) log_opt_values /opt/stack/data/venv/lib/python3.12/site-packages/oslo_config/cfg.py:3245}}
Jun 04 06:21:11.237039 np0000002102 devstack@g-api.service[102004]: DEBUG glance.common.config [None req-443c0ecf-c95d-49aa-a4e2-dd02fe5b6fc2 None None] instance_format = [instance: %(uuid)s] {{(pid=102004) log_opt_values /opt/stack/data/venv/lib/python3.12/site-packages/oslo_config/cfg.py:3245}}
Jun 04 06:21:11.237131 np0000002102 devstack@g-api.service[102004]: DEBUG glance.common.config [None req-443c0ecf-c95d-49aa-a4e2-dd02fe5b6fc2 None None] instance_uuid_format = [instance: %(uuid)s] {{(pid=102004) log_opt_values /opt/stack/data/venv/lib/python3.12/site-packages/oslo_config/cfg.py:3245}}
Jun 04 06:21:11.237215 np0000002102 devstack@g-api.service[102004]: DEBUG glance.common.config [None req-443c0ecf-c95d-49aa-a4e2-dd02fe5b6fc2 None None] limit_param_default = 25 {{(pid=102004) log_opt_values /opt/stack/data/venv/lib/python3.12/site-packages/oslo_config/cfg.py:3245}}
Jun 04 06:21:11.237310 np0000002102 devstack@g-api.service[102004]: DEBUG glance.common.config [None req-443c0ecf-c95d-49aa-a4e2-dd02fe5b6fc2 None None] log_color = False {{(pid=102004) log_opt_values /opt/stack/data/venv/lib/python3.12/site-packages/oslo_config/cfg.py:3245}}
Jun 04 06:21:11.237438 np0000002102 devstack@g-api.service[102004]: DEBUG glance.common.config [None req-443c0ecf-c95d-49aa-a4e2-dd02fe5b6fc2 None None] log_config_append = None {{(pid=102004) log_opt_values /opt/stack/data/venv/lib/python3.12/site-packages/oslo_config/cfg.py:3245}}
Jun 04 06:21:11.237537 np0000002102 devstack@g-api.service[102004]: DEBUG glance.common.config [None req-443c0ecf-c95d-49aa-a4e2-dd02fe5b6fc2 None None] log_date_format = %Y-%m-%d %H:%M:%S {{(pid=102004) log_opt_values /opt/stack/data/venv/lib/python3.12/site-packages/oslo_config/cfg.py:3245}}
Jun 04 06:21:11.237633 np0000002102 devstack@g-api.service[102004]: DEBUG glance.common.config [None req-443c0ecf-c95d-49aa-a4e2-dd02fe5b6fc2 None None] log_dir = None {{(pid=102004) log_opt_values /opt/stack/data/venv/lib/python3.12/site-packages/oslo_config/cfg.py:3245}}
Jun 04 06:21:11.237717 np0000002102 devstack@g-api.service[102004]: DEBUG glance.common.config [None req-443c0ecf-c95d-49aa-a4e2-dd02fe5b6fc2 None None] log_file = None {{(pid=102004) log_opt_values /opt/stack/data/venv/lib/python3.12/site-packages/oslo_config/cfg.py:3245}}
Jun 04 06:21:11.237806 np0000002102 devstack@g-api.service[102004]: DEBUG glance.common.config [None req-443c0ecf-c95d-49aa-a4e2-dd02fe5b6fc2 None None] log_rotate_interval = 1 {{(pid=102004) log_opt_values /opt/stack/data/venv/lib/python3.12/site-packages/oslo_config/cfg.py:3245}}
Jun 04 06:21:11.237897 np0000002102 devstack@g-api.service[102004]: DEBUG glance.common.config [None req-443c0ecf-c95d-49aa-a4e2-dd02fe5b6fc2 None None] log_rotate_interval_type = days {{(pid=102004) log_opt_values /opt/stack/data/venv/lib/python3.12/site-packages/oslo_config/cfg.py:3245}}
Jun 04 06:21:11.238229 np0000002102 devstack@g-api.service[102004]: DEBUG glance.common.config [None req-443c0ecf-c95d-49aa-a4e2-dd02fe5b6fc2 None None] log_rotation_type = none {{(pid=102004) log_opt_values /opt/stack/data/venv/lib/python3.12/site-packages/oslo_config/cfg.py:3245}}
Jun 04 06:21:11.238229 np0000002102 devstack@g-api.service[102004]: DEBUG glance.common.config [None req-443c0ecf-c95d-49aa-a4e2-dd02fe5b6fc2 None None] logging_context_format_string = %(color)s%(levelname)s %(name)s [%(global_request_id)s %(request_id)s %(project_name)s %(user_name)s%(color)s] %(instance)s%(color)s%(message)s {{(pid=102004) log_opt_values /opt/stack/data/venv/lib/python3.12/site-packages/oslo_config/cfg.py:3245}}
Jun 04 06:21:11.238229 np0000002102 devstack@g-api.service[102004]: DEBUG glance.common.config [None req-443c0ecf-c95d-49aa-a4e2-dd02fe5b6fc2 None None] logging_debug_format_suffix = {{(pid=%(process)d) %(funcName)s %(pathname)s:%(lineno)d}} {{(pid=102004) log_opt_values /opt/stack/data/venv/lib/python3.12/site-packages/oslo_config/cfg.py:3245}}
Jun 04 06:21:11.238313 np0000002102 devstack@g-api.service[102004]: DEBUG glance.common.config [None req-443c0ecf-c95d-49aa-a4e2-dd02fe5b6fc2 None None] logging_default_format_string = %(color)s%(levelname)s %(name)s [-%(color)s] %(instance)s%(color)s%(message)s {{(pid=102004) log_opt_values /opt/stack/data/venv/lib/python3.12/site-packages/oslo_config/cfg.py:3245}}
Jun 04 06:21:11.238339 np0000002102 devstack@g-api.service[102004]: DEBUG glance.common.config [None req-443c0ecf-c95d-49aa-a4e2-dd02fe5b6fc2 None None] logging_exception_prefix = ERROR %(name)s %(instance)s {{(pid=102004) log_opt_values /opt/stack/data/venv/lib/python3.12/site-packages/oslo_config/cfg.py:3245}}
Jun 04 06:21:11.238443 np0000002102 devstack@g-api.service[102004]: DEBUG glance.common.config [None req-443c0ecf-c95d-49aa-a4e2-dd02fe5b6fc2 None None] logging_user_identity_format = %(user)s %(project)s %(domain)s %(system_scope)s %(user_domain)s %(project_domain)s {{(pid=102004) log_opt_values /opt/stack/data/venv/lib/python3.12/site-packages/oslo_config/cfg.py:3245}}
Jun 04 06:21:11.238485 np0000002102 devstack@g-api.service[102004]: DEBUG glance.common.config [None req-443c0ecf-c95d-49aa-a4e2-dd02fe5b6fc2 None None] max_header_line = 16384 {{(pid=102004) log_opt_values /opt/stack/data/venv/lib/python3.12/site-packages/oslo_config/cfg.py:3245}}
Jun 04 06:21:11.238571 np0000002102 devstack@g-api.service[102004]: DEBUG glance.common.config [None req-443c0ecf-c95d-49aa-a4e2-dd02fe5b6fc2 None None] max_logfile_count = 30 {{(pid=102004) log_opt_values /opt/stack/data/venv/lib/python3.12/site-packages/oslo_config/cfg.py:3245}}
Jun 04 06:21:11.238656 np0000002102 devstack@g-api.service[102004]: DEBUG glance.common.config [None req-443c0ecf-c95d-49aa-a4e2-dd02fe5b6fc2 None None] max_logfile_size_mb = 200 {{(pid=102004) log_opt_values /opt/stack/data/venv/lib/python3.12/site-packages/oslo_config/cfg.py:3245}}
Jun 04 06:21:11.238742 np0000002102 devstack@g-api.service[102004]: DEBUG glance.common.config [None req-443c0ecf-c95d-49aa-a4e2-dd02fe5b6fc2 None None] max_request_id_length = 64 {{(pid=102004) log_opt_values /opt/stack/data/venv/lib/python3.12/site-packages/oslo_config/cfg.py:3245}}
Jun 04 06:21:11.238825 np0000002102 devstack@g-api.service[102004]: DEBUG glance.common.config [None req-443c0ecf-c95d-49aa-a4e2-dd02fe5b6fc2 None None] metadata_encryption_key = **** {{(pid=102004) log_opt_values /opt/stack/data/venv/lib/python3.12/site-packages/oslo_config/cfg.py:3245}}
Jun 04 06:21:11.238914 np0000002102 devstack@g-api.service[102004]: DEBUG glance.common.config [None req-443c0ecf-c95d-49aa-a4e2-dd02fe5b6fc2 None None] node_staging_uri = file:///tmp/staging/ {{(pid=102004) log_opt_values /opt/stack/data/venv/lib/python3.12/site-packages/oslo_config/cfg.py:3245}}
Jun 04 06:21:11.239041 np0000002102 devstack@g-api.service[102004]: DEBUG glance.common.config [None req-443c0ecf-c95d-49aa-a4e2-dd02fe5b6fc2 None None] property_protection_file = None {{(pid=102004) log_opt_values /opt/stack/data/venv/lib/python3.12/site-packages/oslo_config/cfg.py:3245}}
Jun 04 06:21:11.239133 np0000002102 devstack@g-api.service[102004]: DEBUG glance.common.config [None req-443c0ecf-c95d-49aa-a4e2-dd02fe5b6fc2 None None] property_protection_rule_format = roles {{(pid=102004) log_opt_values /opt/stack/data/venv/lib/python3.12/site-packages/oslo_config/cfg.py:3245}}
Jun 04 06:21:11.239224 np0000002102 devstack@g-api.service[102004]: DEBUG glance.common.config [None req-443c0ecf-c95d-49aa-a4e2-dd02fe5b6fc2 None None] public_endpoint = https://10.4.3.229/image {{(pid=102004) log_opt_values /opt/stack/data/venv/lib/python3.12/site-packages/oslo_config/cfg.py:3245}}
Jun 04 06:21:11.239308 np0000002102 devstack@g-api.service[102004]: DEBUG glance.common.config [None req-443c0ecf-c95d-49aa-a4e2-dd02fe5b6fc2 None None] publish_errors = False {{(pid=102004) log_opt_values /opt/stack/data/venv/lib/python3.12/site-packages/oslo_config/cfg.py:3245}}
Jun 04 06:21:11.239392 np0000002102 devstack@g-api.service[102004]: DEBUG glance.common.config [None req-443c0ecf-c95d-49aa-a4e2-dd02fe5b6fc2 None None] pydev_worker_debug_host = None {{(pid=102004) log_opt_values /opt/stack/data/venv/lib/python3.12/site-packages/oslo_config/cfg.py:3245}}
Jun 04 06:21:11.239494 np0000002102 devstack@g-api.service[102004]: DEBUG glance.common.config [None req-443c0ecf-c95d-49aa-a4e2-dd02fe5b6fc2 None None] pydev_worker_debug_port = 5678 {{(pid=102004) log_opt_values /opt/stack/data/venv/lib/python3.12/site-packages/oslo_config/cfg.py:3245}}
Jun 04 06:21:11.239604 np0000002102 devstack@g-api.service[102004]: DEBUG glance.common.config [None req-443c0ecf-c95d-49aa-a4e2-dd02fe5b6fc2 None None] rate_limit_burst = 0 {{(pid=102004) log_opt_values /opt/stack/data/venv/lib/python3.12/site-packages/oslo_config/cfg.py:3245}}
Jun 04 06:21:11.239699 np0000002102 devstack@g-api.service[102004]: DEBUG glance.common.config [None req-443c0ecf-c95d-49aa-a4e2-dd02fe5b6fc2 None None] rate_limit_except_level = CRITICAL {{(pid=102004) log_opt_values /opt/stack/data/venv/lib/python3.12/site-packages/oslo_config/cfg.py:3245}}
Jun 04 06:21:11.239816 np0000002102 devstack@g-api.service[102004]: DEBUG glance.common.config [None req-443c0ecf-c95d-49aa-a4e2-dd02fe5b6fc2 None None] rate_limit_interval = 0 {{(pid=102004) log_opt_values /opt/stack/data/venv/lib/python3.12/site-packages/oslo_config/cfg.py:3245}}
Jun 04 06:21:11.239903 np0000002102 devstack@g-api.service[102004]: DEBUG glance.common.config [None req-443c0ecf-c95d-49aa-a4e2-dd02fe5b6fc2 None None] scrub_pool_size = 1 {{(pid=102004) log_opt_values /opt/stack/data/venv/lib/python3.12/site-packages/oslo_config/cfg.py:3245}}
Jun 04 06:21:11.240026 np0000002102 devstack@g-api.service[102004]: DEBUG glance.common.config [None req-443c0ecf-c95d-49aa-a4e2-dd02fe5b6fc2 None None] scrub_time = 0 {{(pid=102004) log_opt_values /opt/stack/data/venv/lib/python3.12/site-packages/oslo_config/cfg.py:3245}}
Jun 04 06:21:11.240118 np0000002102 devstack@g-api.service[102004]: DEBUG glance.common.config [None req-443c0ecf-c95d-49aa-a4e2-dd02fe5b6fc2 None None] shell_completion = None {{(pid=102004) log_opt_values /opt/stack/data/venv/lib/python3.12/site-packages/oslo_config/cfg.py:3245}}
Jun 04 06:21:11.240211 np0000002102 devstack@g-api.service[102004]: DEBUG glance.common.config [None req-443c0ecf-c95d-49aa-a4e2-dd02fe5b6fc2 None None] show_image_direct_url = False {{(pid=102004) log_opt_values /opt/stack/data/venv/lib/python3.12/site-packages/oslo_config/cfg.py:3245}}
Jun 04 06:21:11.240418 np0000002102 devstack@g-api.service[102004]: WARNING oslo_config.cfg [None req-443c0ecf-c95d-49aa-a4e2-dd02fe5b6fc2 None None] Deprecated: Option "show_multiple_locations" from group "DEFAULT" is deprecated for removal (Use of this option, deprecated since Newton, is a security risk and will be removed once we figure out a way to satisfy those use cases that currently require it. An earlier announcement that the same functionality can be achieved with greater granularity by using policies is incorrect. You cannot work around this option via policy configuration at the present time, though that is the direction we believe the fix will take. Please keep an eye on the Glance release notes to stay up to date on progress in addressing this issue.). Its value may be silently ignored in the future.
Jun 04 06:21:11.240534 np0000002102 devstack@g-api.service[102004]: DEBUG glance.common.config [None req-443c0ecf-c95d-49aa-a4e2-dd02fe5b6fc2 None None] show_multiple_locations = False {{(pid=102004) log_opt_values /opt/stack/data/venv/lib/python3.12/site-packages/oslo_config/cfg.py:3245}}
Jun 04 06:21:11.240630 np0000002102 devstack@g-api.service[102004]: DEBUG glance.common.config [None req-443c0ecf-c95d-49aa-a4e2-dd02fe5b6fc2 None None] syslog_log_facility = LOG_USER {{(pid=102004) log_opt_values /opt/stack/data/venv/lib/python3.12/site-packages/oslo_config/cfg.py:3245}}
Jun 04 06:21:11.240716 np0000002102 devstack@g-api.service[102004]: DEBUG glance.common.config [None req-443c0ecf-c95d-49aa-a4e2-dd02fe5b6fc2 None None] tcp_keepidle = 600 {{(pid=102004) log_opt_values /opt/stack/data/venv/lib/python3.12/site-packages/oslo_config/cfg.py:3245}}
Jun 04 06:21:11.240836 np0000002102 devstack@g-api.service[102004]: DEBUG glance.common.config [None req-443c0ecf-c95d-49aa-a4e2-dd02fe5b6fc2 None None] transport_url = **** {{(pid=102004) log_opt_values /opt/stack/data/venv/lib/python3.12/site-packages/oslo_config/cfg.py:3245}}
Jun 04 06:21:11.240924 np0000002102 devstack@g-api.service[102004]: DEBUG glance.common.config [None req-443c0ecf-c95d-49aa-a4e2-dd02fe5b6fc2 None None] use_journal = False {{(pid=102004) log_opt_values /opt/stack/data/venv/lib/python3.12/site-packages/oslo_config/cfg.py:3245}}
Jun 04 06:21:11.241052 np0000002102 devstack@g-api.service[102004]: DEBUG glance.common.config [None req-443c0ecf-c95d-49aa-a4e2-dd02fe5b6fc2 None None] use_json = False {{(pid=102004) log_opt_values /opt/stack/data/venv/lib/python3.12/site-packages/oslo_config/cfg.py:3245}}
Jun 04 06:21:11.241170 np0000002102 devstack@g-api.service[102004]: DEBUG glance.common.config [None req-443c0ecf-c95d-49aa-a4e2-dd02fe5b6fc2 None None] use_keystone_limits = True {{(pid=102004) log_opt_values /opt/stack/data/venv/lib/python3.12/site-packages/oslo_config/cfg.py:3245}}
Jun 04 06:21:11.241289 np0000002102 devstack@g-api.service[102004]: DEBUG glance.common.config [None req-443c0ecf-c95d-49aa-a4e2-dd02fe5b6fc2 None None] use_stderr = False {{(pid=102004) log_opt_values /opt/stack/data/venv/lib/python3.12/site-packages/oslo_config/cfg.py:3245}}
Jun 04 06:21:11.241402 np0000002102 devstack@g-api.service[102004]: DEBUG glance.common.config [None req-443c0ecf-c95d-49aa-a4e2-dd02fe5b6fc2 None None] use_syslog = False {{(pid=102004) log_opt_values /opt/stack/data/venv/lib/python3.12/site-packages/oslo_config/cfg.py:3245}}
Jun 04 06:21:11.241517 np0000002102 devstack@g-api.service[102004]: DEBUG glance.common.config [None req-443c0ecf-c95d-49aa-a4e2-dd02fe5b6fc2 None None] user_storage_quota = 0 {{(pid=102004) log_opt_values /opt/stack/data/venv/lib/python3.12/site-packages/oslo_config/cfg.py:3245}}
Jun 04 06:21:11.241619 np0000002102 devstack@g-api.service[102004]: DEBUG glance.common.config [None req-443c0ecf-c95d-49aa-a4e2-dd02fe5b6fc2 None None] worker_self_reference_url = http://127.0.0.1:60999 {{(pid=102004) log_opt_values /opt/stack/data/venv/lib/python3.12/site-packages/oslo_config/cfg.py:3245}}
Jun 04 06:21:11.241735 np0000002102 devstack@g-api.service[102004]: DEBUG glance.common.config [None req-443c0ecf-c95d-49aa-a4e2-dd02fe5b6fc2 None None] workers = None {{(pid=102004) log_opt_values /opt/stack/data/venv/lib/python3.12/site-packages/oslo_config/cfg.py:3245}}
Jun 04 06:21:11.241885 np0000002102 devstack@g-api.service[102004]: DEBUG glance.common.config [None req-443c0ecf-c95d-49aa-a4e2-dd02fe5b6fc2 None None] oslo_concurrency.disable_process_locking = False {{(pid=102004) log_opt_values /opt/stack/data/venv/lib/python3.12/site-packages/oslo_config/cfg.py:3256}}
Jun 04 06:21:11.242022 np0000002102 devstack@g-api.service[102004]: DEBUG glance.common.config [None req-443c0ecf-c95d-49aa-a4e2-dd02fe5b6fc2 None None] oslo_concurrency.lock_path = /opt/stack/data/glance/locks {{(pid=102004) log_opt_values /opt/stack/data/venv/lib/python3.12/site-packages/oslo_config/cfg.py:3256}}
Jun 04 06:21:11.242129 np0000002102 devstack@g-api.service[102004]: DEBUG glance.common.config [None req-443c0ecf-c95d-49aa-a4e2-dd02fe5b6fc2 None None] oslo_middleware.enable_proxy_headers_parsing = False {{(pid=102004) log_opt_values /opt/stack/data/venv/lib/python3.12/site-packages/oslo_config/cfg.py:3256}}
Jun 04 06:21:11.242219 np0000002102 devstack@g-api.service[102004]: DEBUG glance.common.config [None req-443c0ecf-c95d-49aa-a4e2-dd02fe5b6fc2 None None] oslo_middleware.http_basic_auth_user_file = /etc/htpasswd {{(pid=102004) log_opt_values /opt/stack/data/venv/lib/python3.12/site-packages/oslo_config/cfg.py:3256}}
Jun 04 06:21:11.242309 np0000002102 devstack@g-api.service[102004]: DEBUG glance.common.config [None req-443c0ecf-c95d-49aa-a4e2-dd02fe5b6fc2 None None] paste_deploy.config_file = None {{(pid=102004) log_opt_values /opt/stack/data/venv/lib/python3.12/site-packages/oslo_config/cfg.py:3256}}
Jun 04 06:21:11.242404 np0000002102 devstack@g-api.service[102004]: DEBUG glance.common.config [None req-443c0ecf-c95d-49aa-a4e2-dd02fe5b6fc2 None None] paste_deploy.flavor = keystone+cachemanagement {{(pid=102004) log_opt_values /opt/stack/data/venv/lib/python3.12/site-packages/oslo_config/cfg.py:3256}}
Jun 04 06:21:11.242534 np0000002102 devstack@g-api.service[102004]: DEBUG glance.common.config [None req-443c0ecf-c95d-49aa-a4e2-dd02fe5b6fc2 None None] image_format.container_formats = ['ami', 'ari', 'aki', 'bare', 'ovf', 'ova', 'docker', 'compressed'] {{(pid=102004) log_opt_values /opt/stack/data/venv/lib/python3.12/site-packages/oslo_config/cfg.py:3256}}
Jun 04 06:21:11.242660 np0000002102 devstack@g-api.service[102004]: DEBUG glance.common.config [None req-443c0ecf-c95d-49aa-a4e2-dd02fe5b6fc2 None None] image_format.disk_formats = ['ami', 'ari', 'aki', 'vhd', 'vhdx', 'vmdk', 'raw', 'qcow2', 'vdi', 'iso', 'ploop'] {{(pid=102004) log_opt_values /opt/stack/data/venv/lib/python3.12/site-packages/oslo_config/cfg.py:3256}}
Jun 04 06:21:11.242686 np0000002102 devstack@g-api.service[102005]: DEBUG glance.image_cache.drivers.centralized_db [None req-0a698a8f-531b-422f-b681-558ef957e137 None None] Node reference is already recorded, ignoring it {{(pid=102005) configure /opt/stack/glance/glance/image_cache/drivers/centralized_db.py:71}}
Jun 04 06:21:11.242827 np0000002102 devstack@g-api.service[102004]: DEBUG glance.common.config [None req-443c0ecf-c95d-49aa-a4e2-dd02fe5b6fc2 None None] image_format.gpt_safety_checks_nonfatal = [] {{(pid=102004) log_opt_values /opt/stack/data/venv/lib/python3.12/site-packages/oslo_config/cfg.py:3256}}
Jun 04 06:21:11.242919 np0000002102 devstack@g-api.service[102004]: DEBUG glance.common.config [None req-443c0ecf-c95d-49aa-a4e2-dd02fe5b6fc2 None None] image_format.require_image_format_match = True {{(pid=102004) log_opt_values /opt/stack/data/venv/lib/python3.12/site-packages/oslo_config/cfg.py:3256}}
Jun 04 06:21:11.243045 np0000002102 devstack@g-api.service[102004]: DEBUG glance.common.config [None req-443c0ecf-c95d-49aa-a4e2-dd02fe5b6fc2 None None] image_format.vmdk_allowed_types = ['streamOptimized', 'monolithicSparse'] {{(pid=102004) log_opt_values /opt/stack/data/venv/lib/python3.12/site-packages/oslo_config/cfg.py:3256}}
Jun 04 06:21:11.243144 np0000002102 devstack@g-api.service[102004]: DEBUG glance.common.config [None req-443c0ecf-c95d-49aa-a4e2-dd02fe5b6fc2 None None] task.task_executor = taskflow {{(pid=102004) log_opt_values /opt/stack/data/venv/lib/python3.12/site-packages/oslo_config/cfg.py:3256}}
Jun 04 06:21:11.243234 np0000002102 devstack@g-api.service[102004]: DEBUG glance.common.config [None req-443c0ecf-c95d-49aa-a4e2-dd02fe5b6fc2 None None] task.task_time_to_live = 48 {{(pid=102004) log_opt_values /opt/stack/data/venv/lib/python3.12/site-packages/oslo_config/cfg.py:3256}}
Jun 04 06:21:11.243319 np0000002102 devstack@g-api.service[102004]: DEBUG glance.common.config [None req-443c0ecf-c95d-49aa-a4e2-dd02fe5b6fc2 None None] task.work_dir = None {{(pid=102004) log_opt_values /opt/stack/data/venv/lib/python3.12/site-packages/oslo_config/cfg.py:3256}}
Jun 04 06:21:11.243414 np0000002102 devstack@g-api.service[102004]: DEBUG glance.common.config [None req-443c0ecf-c95d-49aa-a4e2-dd02fe5b6fc2 None None] wsgi.python_interpreter = /opt/stack/data/venv/bin/python3 {{(pid=102004) log_opt_values /opt/stack/data/venv/lib/python3.12/site-packages/oslo_config/cfg.py:3256}}
Jun 04 06:21:11.243502 np0000002102 devstack@g-api.service[102004]: DEBUG glance.common.config [None req-443c0ecf-c95d-49aa-a4e2-dd02fe5b6fc2 None None] wsgi.task_pool_threads = 16 {{(pid=102004) log_opt_values /opt/stack/data/venv/lib/python3.12/site-packages/oslo_config/cfg.py:3256}}
