Jul 07 16:49:50.985057 np0000004742 devstack@g-api.service[102842]: DEBUG glance.api.middleware.cache [None req-4e1c9327-8534-4b1f-8562-afd08afe7ca1 tempest-ServerBootFromVolumeStableRescueTest-596110946 tempest-ServerBootFromVolumeStableRescueTest-596110946-project-member] Removing image b9c10948-0290-4e40-9991-642d86af7d05 from cache {{(pid=102842) _process_DELETE_response /opt/stack/glance/glance/api/middleware/cache.py:264}}
Jul 07 16:49:50.986575 np0000004742 devstack@g-api.service[102842]: DEBUG glance.image_cache.drivers.centralized_db [None req-4e1c9327-8534-4b1f-8562-afd08afe7ca1 tempest-ServerBootFromVolumeStableRescueTest-596110946 tempest-ServerBootFromVolumeStableRescueTest-596110946-project-member] Deleting image cache file '/opt/stack/data/glance/cache/b9c10948-0290-4e40-9991-642d86af7d05' {{(pid=102842) delete_cached_file /opt/stack/glance/glance/image_cache/drivers/centralized_db.py:400}}
Jul 07 16:49:50.999261 np0000004742 devstack@g-api.service[102842]: [pid: 102842|app: 0|req: 92/372] 127.0.0.1 () {40 vars in 837 bytes} [Tue Jul 7 16:49:50 2026] DELETE /v2/images/b9c10948-0290-4e40-9991-642d86af7d05 => generated 0 bytes in 426 msecs (HTTP/1.1 204) 4 headers in 171 bytes (1 switches on core 0)
Jul 07 16:49:56.975961 np0000004742 devstack@g-api.service[102844]: DEBUG dbcounter [-] [102844] Writing DB stats glance:SELECT=29,glance:UPDATE=2,glance:INSERT=2 {{(pid=102844) stat_writer /opt/stack/data/venv/lib/python3.12/site-packages/dbcounter.py:115}}
Jul 07 16:49:59.752308 np0000004742 devstack@g-api.service[102845]: DEBUG glance.api.middleware.version_negotiation [None req-d0ebb1b3-eafd-4bf5-b4fd-71c545537001 tempest-AttachVolumeNegativeTest-401823442 tempest-AttachVolumeNegativeTest-401823442-project-member] Determining version of request: GET /v2/images/0490f1c7-d1f7-4d7f-9188-dc3bbfbacf3a Accept: */* {{(pid=102845) process_request /opt/stack/glance/glance/api/middleware/version_negotiation.py:44}}
Jul 07 16:49:59.754907 np0000004742 devstack@g-api.service[102845]: DEBUG glance.api.middleware.version_negotiation [None req-d0ebb1b3-eafd-4bf5-b4fd-71c545537001 tempest-AttachVolumeNegativeTest-401823442 tempest-AttachVolumeNegativeTest-401823442-project-member] Using url versioning {{(pid=102845) process_request /opt/stack/glance/glance/api/middleware/version_negotiation.py:57}}
Jul 07 16:49:59.754907 np0000004742 devstack@g-api.service[102845]: DEBUG glance.api.middleware.version_negotiation [None req-d0ebb1b3-eafd-4bf5-b4fd-71c545537001 tempest-AttachVolumeNegativeTest-401823442 tempest-AttachVolumeNegativeTest-401823442-project-member] Matched version: v2 {{(pid=102845) process_request /opt/stack/glance/glance/api/middleware/version_negotiation.py:69}}
Jul 07 16:49:59.754907 np0000004742 devstack@g-api.service[102845]: DEBUG glance.api.middleware.version_negotiation [None req-d0ebb1b3-eafd-4bf5-b4fd-71c545537001 tempest-AttachVolumeNegativeTest-401823442 tempest-AttachVolumeNegativeTest-401823442-project-member] new path /v2/images/0490f1c7-d1f7-4d7f-9188-dc3bbfbacf3a {{(pid=102845) process_request /opt/stack/glance/glance/api/middleware/version_negotiation.py:70}}
Jul 07 16:49:59.764508 np0000004742 devstack@g-api.service[102845]: [pid: 102845|app: 0|req: 93/373] 127.0.0.1 () {44 vars in 1111 bytes} [Tue Jul 7 16:49:59 2026] GET /v2/images/0490f1c7-d1f7-4d7f-9188-dc3bbfbacf3a => generated 1044 bytes in 12 msecs (HTTP/1.1 200) 4 headers in 158 bytes (1 switches on core 0)
Jul 07 16:49:59.823859 np0000004742 devstack@g-api.service[102844]: DEBUG glance.api.middleware.version_negotiation [None req-603d46b0-0b3f-45ef-bd76-364d43f78cb7 tempest-AttachVolumeMultiAttachTest-1571053293 tempest-AttachVolumeMultiAttachTest-1571053293-project-member] Determining version of request: GET /v2/schemas/image Accept: */* {{(pid=102844) process_request /opt/stack/glance/glance/api/middleware/version_negotiation.py:44}}
Jul 07 16:49:59.824191 np0000004742 devstack@g-api.service[102844]: DEBUG glance.api.middleware.version_negotiation [None req-603d46b0-0b3f-45ef-bd76-364d43f78cb7 tempest-AttachVolumeMultiAttachTest-1571053293 tempest-AttachVolumeMultiAttachTest-1571053293-project-member] Using url versioning {{(pid=102844) process_request /opt/stack/glance/glance/api/middleware/version_negotiation.py:57}}
Jul 07 16:49:59.824255 np0000004742 devstack@g-api.service[102844]: DEBUG glance.api.middleware.version_negotiation [None req-603d46b0-0b3f-45ef-bd76-364d43f78cb7 tempest-AttachVolumeMultiAttachTest-1571053293 tempest-AttachVolumeMultiAttachTest-1571053293-project-member] Matched version: v2 {{(pid=102844) process_request /opt/stack/glance/glance/api/middleware/version_negotiation.py:69}}
Jul 07 16:49:59.824374 np0000004742 devstack@g-api.service[102844]: DEBUG glance.api.middleware.version_negotiation [None req-603d46b0-0b3f-45ef-bd76-364d43f78cb7 tempest-AttachVolumeMultiAttachTest-1571053293 tempest-AttachVolumeMultiAttachTest-1571053293-project-member] new path /v2/schemas/image {{(pid=102844) process_request /opt/stack/glance/glance/api/middleware/version_negotiation.py:70}}
Jul 07 16:49:59.829722 np0000004742 devstack@g-api.service[102844]: [pid: 102844|app: 0|req: 94/374] 127.0.0.1 () {44 vars in 1051 bytes} [Tue Jul 7 16:49:59 2026] GET /v2/schemas/image => generated 6083 bytes in 6 msecs (HTTP/1.1 200) 4 headers in 158 bytes (1 switches on core 0)
Jul 07 16:50:00.993296 np0000004742 devstack@g-api.service[102842]: DEBUG dbcounter [-] [102842] Writing DB stats glance:SELECT=34,glance:UPDATE=27,glance:DELETE=1 {{(pid=102842) stat_writer /opt/stack/data/venv/lib/python3.12/site-packages/dbcounter.py:115}}
Jul 07 16:50:09.764447 np0000004742 devstack@g-api.service[102845]: DEBUG dbcounter [-] [102845] Writing DB stats glance:SELECT=2 {{(pid=102845) stat_writer /opt/stack/data/venv/lib/python3.12/site-packages/dbcounter.py:115}}
Jul 07 16:50:10.478270 np0000004742 devstack@g-api.service[102843]: DEBUG glance.api.middleware.version_negotiation [None req-603d46b0-0b3f-45ef-bd76-364d43f78cb7 tempest-AttachVolumeMultiAttachTest-1571053293 tempest-AttachVolumeMultiAttachTest-1571053293-project-member] Determining version of request: GET /v2/images/0490f1c7-d1f7-4d7f-9188-dc3bbfbacf3a Accept: application/json {{(pid=102843) process_request /opt/stack/glance/glance/api/middleware/version_negotiation.py:44}}
Jul 07 16:50:10.478618 np0000004742 devstack@g-api.service[102843]: DEBUG glance.api.middleware.version_negotiation [None req-603d46b0-0b3f-45ef-bd76-364d43f78cb7 tempest-AttachVolumeMultiAttachTest-1571053293 tempest-AttachVolumeMultiAttachTest-1571053293-project-member] Using url versioning {{(pid=102843) process_request /opt/stack/glance/glance/api/middleware/version_negotiation.py:57}}
Jul 07 16:50:10.478618 np0000004742 devstack@g-api.service[102843]: DEBUG glance.api.middleware.version_negotiation [None req-603d46b0-0b3f-45ef-bd76-364d43f78cb7 tempest-AttachVolumeMultiAttachTest-1571053293 tempest-AttachVolumeMultiAttachTest-1571053293-project-member] Matched version: v2 {{(pid=102843) process_request /opt/stack/glance/glance/api/middleware/version_negotiation.py:69}}
Jul 07 16:50:10.478618 np0000004742 devstack@g-api.service[102843]: DEBUG glance.api.middleware.version_negotiation [None req-603d46b0-0b3f-45ef-bd76-364d43f78cb7 tempest-AttachVolumeMultiAttachTest-1571053293 tempest-AttachVolumeMultiAttachTest-1571053293-project-member] new path /v2/images/0490f1c7-d1f7-4d7f-9188-dc3bbfbacf3a {{(pid=102843) process_request /opt/stack/glance/glance/api/middleware/version_negotiation.py:70}}
Jul 07 16:50:10.489020 np0000004742 devstack@g-api.service[102843]: [pid: 102843|app: 0|req: 96/375] 127.0.0.1 () {40 vars in 834 bytes} [Tue Jul 7 16:50:10 2026] GET /v2/images/0490f1c7-d1f7-4d7f-9188-dc3bbfbacf3a => generated 1044 bytes in 11 msecs (HTTP/1.1 200) 4 headers in 158 bytes (1 switches on core 0)
Jul 07 16:50:10.504056 np0000004742 devstack@g-api.service[102842]: DEBUG glance.api.middleware.version_negotiation [None req-4e1c9327-8534-4b1f-8562-afd08afe7ca1 tempest-ServerBootFromVolumeStableRescueTest-596110946 tempest-ServerBootFromVolumeStableRescueTest-596110946-project-member] Determining version of request: GET /v2/images/0490f1c7-d1f7-4d7f-9188-dc3bbfbacf3a Accept: application/json {{(pid=102842) process_request /opt/stack/glance/glance/api/middleware/version_negotiation.py:44}}
Jul 07 16:50:10.504614 np0000004742 devstack@g-api.service[102842]: DEBUG glance.api.middleware.version_negotiation [None req-4e1c9327-8534-4b1f-8562-afd08afe7ca1 tempest-ServerBootFromVolumeStableRescueTest-596110946 tempest-ServerBootFromVolumeStableRescueTest-596110946-project-member] Using url versioning {{(pid=102842) process_request /opt/stack/glance/glance/api/middleware/version_negotiation.py:57}}
Jul 07 16:50:10.504614 np0000004742 devstack@g-api.service[102842]: DEBUG glance.api.middleware.version_negotiation [None req-4e1c9327-8534-4b1f-8562-afd08afe7ca1 tempest-ServerBootFromVolumeStableRescueTest-596110946 tempest-ServerBootFromVolumeStableRescueTest-596110946-project-member] Matched version: v2 {{(pid=102842) process_request /opt/stack/glance/glance/api/middleware/version_negotiation.py:69}}
Jul 07 16:50:10.504614 np0000004742 devstack@g-api.service[102842]: DEBUG glance.api.middleware.version_negotiation [None req-4e1c9327-8534-4b1f-8562-afd08afe7ca1 tempest-ServerBootFromVolumeStableRescueTest-596110946 tempest-ServerBootFromVolumeStableRescueTest-596110946-project-member] new path /v2/images/0490f1c7-d1f7-4d7f-9188-dc3bbfbacf3a {{(pid=102842) process_request /opt/stack/glance/glance/api/middleware/version_negotiation.py:70}}
Jul 07 16:50:10.522344 np0000004742 devstack@g-api.service[102842]: [pid: 102842|app: 0|req: 93/376] 127.0.0.1 () {40 vars in 834 bytes} [Tue Jul 7 16:50:10 2026] GET /v2/images/0490f1c7-d1f7-4d7f-9188-dc3bbfbacf3a => generated 1044 bytes in 18 msecs (HTTP/1.1 200) 4 headers in 158 bytes (1 switches on core 0)
Jul 07 16:50:10.612749 np0000004742 devstack@g-api.service[102845]: DEBUG glance.api.middleware.version_negotiation [None req-800db801-30f5-4b30-979d-93b272043061 tempest-ServerRescueNegativeTestJSON-212722393 tempest-ServerRescueNegativeTestJSON-212722393-project-member] Determining version of request: GET /v2/images/0490f1c7-d1f7-4d7f-9188-dc3bbfbacf3a Accept: */* {{(pid=102845) process_request /opt/stack/glance/glance/api/middleware/version_negotiation.py:44}}
Jul 07 16:50:10.612938 np0000004742 devstack@g-api.service[102845]: DEBUG glance.api.middleware.version_negotiation [None req-800db801-30f5-4b30-979d-93b272043061 tempest-ServerRescueNegativeTestJSON-212722393 tempest-ServerRescueNegativeTestJSON-212722393-project-member] Using url versioning {{(pid=102845) process_request /opt/stack/glance/glance/api/middleware/version_negotiation.py:57}}
Jul 07 16:50:10.613086 np0000004742 devstack@g-api.service[102845]: DEBUG glance.api.middleware.version_negotiation [None req-800db801-30f5-4b30-979d-93b272043061 tempest-ServerRescueNegativeTestJSON-212722393 tempest-ServerRescueNegativeTestJSON-212722393-project-member] Matched version: v2 {{(pid=102845) process_request /opt/stack/glance/glance/api/middleware/version_negotiation.py:69}}
Jul 07 16:50:10.613175 np0000004742 devstack@g-api.service[102845]: DEBUG glance.api.middleware.version_negotiation [None req-800db801-30f5-4b30-979d-93b272043061 tempest-ServerRescueNegativeTestJSON-212722393 tempest-ServerRescueNegativeTestJSON-212722393-project-member] new path /v2/images/0490f1c7-d1f7-4d7f-9188-dc3bbfbacf3a {{(pid=102845) process_request /opt/stack/glance/glance/api/middleware/version_negotiation.py:70}}
Jul 07 16:50:10.708459 np0000004742 devstack@g-api.service[102844]: DEBUG glance.api.middleware.version_negotiation [None req-800db801-30f5-4b30-979d-93b272043061 tempest-ServerRescueNegativeTestJSON-212722393 tempest-ServerRescueNegativeTestJSON-212722393-project-member] Determining version of request: DELETE /v2/images/e64cfe38-5345-4c53-88f8-17d0e415d2c5 Accept: application/json {{(pid=102844) process_request /opt/stack/glance/glance/api/middleware/version_negotiation.py:44}}
Jul 07 16:50:10.708895 np0000004742 devstack@g-api.service[102844]: DEBUG glance.api.middleware.version_negotiation [None req-800db801-30f5-4b30-979d-93b272043061 tempest-ServerRescueNegativeTestJSON-212722393 tempest-ServerRescueNegativeTestJSON-212722393-project-member] Using url versioning {{(pid=102844) process_request /opt/stack/glance/glance/api/middleware/version_negotiation.py:57}}
Jul 07 16:50:10.708895 np0000004742 devstack@g-api.service[102844]: DEBUG glance.api.middleware.version_negotiation [None req-800db801-30f5-4b30-979d-93b272043061 tempest-ServerRescueNegativeTestJSON-212722393 tempest-ServerRescueNegativeTestJSON-212722393-project-member] Matched version: v2 {{(pid=102844) process_request /opt/stack/glance/glance/api/middleware/version_negotiation.py:69}}
Jul 07 16:50:10.709022 np0000004742 devstack@g-api.service[102844]: DEBUG glance.api.middleware.version_negotiation [None req-800db801-30f5-4b30-979d-93b272043061 tempest-ServerRescueNegativeTestJSON-212722393 tempest-ServerRescueNegativeTestJSON-212722393-project-member] new path /v2/images/e64cfe38-5345-4c53-88f8-17d0e415d2c5 {{(pid=102844) process_request /opt/stack/glance/glance/api/middleware/version_negotiation.py:70}}
Jul 07 16:50:10.732488 np0000004742 devstack@g-api.service[102844]: WARNING glance.api.v2.images [None req-0a64505c-8211-4317-817f-121deaa4f234 tempest-ServerBootFromVolumeStableRescueTest-596110946 tempest-ServerBootFromVolumeStableRescueTest-596110946-project-member] After upload to backend, deletion of staged image data has failed because it cannot be found at /tmp/staging//e64cfe38-5345-4c53-88f8-17d0e415d2c5
Jul 07 16:50:10.732648 np0000004742 devstack@g-api.service[102845]: [pid: 102845|app: 0|req: 94/377] 127.0.0.1 () {44 vars in 1111 bytes} [Tue Jul 7 16:50:10 2026] GET /v2/images/0490f1c7-d1f7-4d7f-9188-dc3bbfbacf3a => generated 1044 bytes in 120 msecs (HTTP/1.1 200) 4 headers in 158 bytes (1 switches on core 0)
Jul 07 16:50:10.733191 np0000004742 devstack@g-api.service[102844]: DEBUG glance_store.backend [None req-0a64505c-8211-4317-817f-121deaa4f234 tempest-ServerBootFromVolumeStableRescueTest-596110946 tempest-ServerBootFromVolumeStableRescueTest-596110946-project-member] Attempting to import store swift {{(pid=102844) _load_store /opt/stack/data/venv/lib/python3.12/site-packages/glance_store/backend.py:215}}
Jul 07 16:50:10.738038 np0000004742 devstack@g-api.service[102844]: DEBUG glance_store.capabilities [None req-0a64505c-8211-4317-817f-121deaa4f234 tempest-ServerBootFromVolumeStableRescueTest-596110946 tempest-ServerBootFromVolumeStableRescueTest-596110946-project-member] Store glance_store._drivers.swift.store.SingleTenantStore doesn't support updating dynamic storage capabilities. Please overwrite 'update_capabilities' method of the store to implement updating logics if needed. {{(pid=102844) update_capabilities /opt/stack/data/venv/lib/python3.12/site-packages/glance_store/capabilities.py:91}}
Jul 07 16:50:10.738038 np0000004742 devstack@g-api.service[102844]: DEBUG glance_store.driver [None req-0a64505c-8211-4317-817f-121deaa4f234 tempest-ServerBootFromVolumeStableRescueTest-596110946 tempest-ServerBootFromVolumeStableRescueTest-596110946-project-member] Late loading location class glance_store._drivers.swift.store.StoreLocation {{(pid=102844) get_store_location_class /opt/stack/data/venv/lib/python3.12/site-packages/glance_store/driver.py:134}}
Jul 07 16:50:10.738038 np0000004742 devstack@g-api.service[102844]: DEBUG glance_store.location [None req-0a64505c-8211-4317-817f-121deaa4f234 tempest-ServerBootFromVolumeStableRescueTest-596110946 tempest-ServerBootFromVolumeStableRescueTest-596110946-project-member] Registering scheme swift+https with {'store': , 'location_class': , 'store_entry': 'swift'} {{(pid=102844) register_scheme_map /opt/stack/data/venv/lib/python3.12/site-packages/glance_store/location.py:146}}
Jul 07 16:50:10.738038 np0000004742 devstack@g-api.service[102844]: DEBUG glance_store.location [None req-0a64505c-8211-4317-817f-121deaa4f234 tempest-ServerBootFromVolumeStableRescueTest-596110946 tempest-ServerBootFromVolumeStableRescueTest-596110946-project-member] Registering scheme swift+https with {'store': , 'location_class': , 'store_entry': 'swift'} {{(pid=102844) register_scheme_map /opt/stack/data/venv/lib/python3.12/site-packages/glance_store/location.py:146}}
Jul 07 16:50:10.738038 np0000004742 devstack@g-api.service[102844]: DEBUG glance_store.location [None req-0a64505c-8211-4317-817f-121deaa4f234 tempest-ServerBootFromVolumeStableRescueTest-596110946 tempest-ServerBootFromVolumeStableRescueTest-596110946-project-member] Registering scheme swift with {'store': , 'location_class': , 'store_entry': 'swift'} {{(pid=102844) register_scheme_map /opt/stack/data/venv/lib/python3.12/site-packages/glance_store/location.py:146}}
Jul 07 16:50:10.738038 np0000004742 devstack@g-api.service[102844]: DEBUG glance_store.location [None req-0a64505c-8211-4317-817f-121deaa4f234 tempest-ServerBootFromVolumeStableRescueTest-596110946 tempest-ServerBootFromVolumeStableRescueTest-596110946-project-member] Registering scheme swift+https with {'store': , 'location_class': , 'store_entry': 'swift'} {{(pid=102844) register_scheme_map /opt/stack/data/venv/lib/python3.12/site-packages/glance_store/location.py:146}}
Jul 07 16:50:10.738038 np0000004742 devstack@g-api.service[102844]: DEBUG glance_store.location [None req-0a64505c-8211-4317-817f-121deaa4f234 tempest-ServerBootFromVolumeStableRescueTest-596110946 tempest-ServerBootFromVolumeStableRescueTest-596110946-project-member] Registering scheme swift with {'store': , 'location_class': , 'store_entry': 'swift'} {{(pid=102844) register_scheme_map /opt/stack/data/venv/lib/python3.12/site-packages/glance_store/location.py:146}}
Jul 07 16:50:10.738038 np0000004742 devstack@g-api.service[102844]: DEBUG glance_store.location [None req-0a64505c-8211-4317-817f-121deaa4f234 tempest-ServerBootFromVolumeStableRescueTest-596110946 tempest-ServerBootFromVolumeStableRescueTest-596110946-project-member] Registering scheme swift+http with {'store': , 'location_class': , 'store_entry': 'swift'} {{(pid=102844) register_scheme_map /opt/stack/data/venv/lib/python3.12/site-packages/glance_store/location.py:146}}
Jul 07 16:50:10.738038 np0000004742 devstack@g-api.service[102844]: DEBUG glance_store.location [None req-0a64505c-8211-4317-817f-121deaa4f234 tempest-ServerBootFromVolumeStableRescueTest-596110946 tempest-ServerBootFromVolumeStableRescueTest-596110946-project-member] Registering scheme swift+https with {'store': , 'location_class': , 'store_entry': 'swift'} {{(pid=102844) register_scheme_map /opt/stack/data/venv/lib/python3.12/site-packages/glance_store/location.py:146}}
Jul 07 16:50:10.738038 np0000004742 devstack@g-api.service[102844]: DEBUG glance_store.location [None req-0a64505c-8211-4317-817f-121deaa4f234 tempest-ServerBootFromVolumeStableRescueTest-596110946 tempest-ServerBootFromVolumeStableRescueTest-596110946-project-member] Registering scheme swift with {'store': , 'location_class': , 'store_entry': 'swift'} {{(pid=102844) register_scheme_map /opt/stack/data/venv/lib/python3.12/site-packages/glance_store/location.py:146}}
Jul 07 16:50:10.738719 np0000004742 devstack@g-api.service[102844]: DEBUG glance_store.location [None req-0a64505c-8211-4317-817f-121deaa4f234 tempest-ServerBootFromVolumeStableRescueTest-596110946 tempest-ServerBootFromVolumeStableRescueTest-596110946-project-member] Registering scheme swift+http with {'store': , 'location_class': , 'store_entry': 'swift'} {{(pid=102844) register_scheme_map /opt/stack/data/venv/lib/python3.12/site-packages/glance_store/location.py:146}}
Jul 07 16:50:10.738719 np0000004742 devstack@g-api.service[102844]: DEBUG glance_store.location [None req-0a64505c-8211-4317-817f-121deaa4f234 tempest-ServerBootFromVolumeStableRescueTest-596110946 tempest-ServerBootFromVolumeStableRescueTest-596110946-project-member] Registering scheme swift+config with {'store': , 'location_class': , 'store_entry': 'swift'} {{(pid=102844) register_scheme_map /opt/stack/data/venv/lib/python3.12/site-packages/glance_store/location.py:146}}
Jul 07 16:50:10.738719 np0000004742 devstack@g-api.service[102844]: DEBUG keystoneclient.auth.identity.v3.base [None req-0a64505c-8211-4317-817f-121deaa4f234 tempest-ServerBootFromVolumeStableRescueTest-596110946 tempest-ServerBootFromVolumeStableRescueTest-596110946-project-member] Making authentication request to https://10.4.3.81/identity/v3/auth/tokens {{(pid=102844) get_auth_ref /opt/stack/data/venv/lib/python3.12/site-packages/keystoneclient/auth/identity/v3/base.py:185}}
Jul 07 16:50:10.740378 np0000004742 devstack@g-api.service[102843]: DEBUG glance.api.middleware.version_negotiation [None req-7d448d48-1a65-4dfd-8f6a-1ab967a301f9 tempest-VolumesGetTest-1020501508 tempest-VolumesGetTest-1020501508-project-member] Determining version of request: GET /v2/schemas/image Accept: */* {{(pid=102843) process_request /opt/stack/glance/glance/api/middleware/version_negotiation.py:44}}
Jul 07 16:50:10.740579 np0000004742 devstack@g-api.service[102843]: DEBUG glance.api.middleware.version_negotiation [None req-7d448d48-1a65-4dfd-8f6a-1ab967a301f9 tempest-VolumesGetTest-1020501508 tempest-VolumesGetTest-1020501508-project-member] Using url versioning {{(pid=102843) process_request /opt/stack/glance/glance/api/middleware/version_negotiation.py:57}}
Jul 07 16:50:10.740739 np0000004742 devstack@g-api.service[102843]: DEBUG glance.api.middleware.version_negotiation [None req-7d448d48-1a65-4dfd-8f6a-1ab967a301f9 tempest-VolumesGetTest-1020501508 tempest-VolumesGetTest-1020501508-project-member] Matched version: v2 {{(pid=102843) process_request /opt/stack/glance/glance/api/middleware/version_negotiation.py:69}}
Jul 07 16:50:10.742193 np0000004742 devstack@g-api.service[102843]: DEBUG glance.api.middleware.version_negotiation [None req-7d448d48-1a65-4dfd-8f6a-1ab967a301f9 tempest-VolumesGetTest-1020501508 tempest-VolumesGetTest-1020501508-project-member] new path /v2/schemas/image {{(pid=102843) process_request /opt/stack/glance/glance/api/middleware/version_negotiation.py:70}}
Jul 07 16:50:10.748695 np0000004742 devstack@g-api.service[102843]: [pid: 102843|app: 0|req: 97/378] 127.0.0.1 () {44 vars in 1051 bytes} [Tue Jul 7 16:50:10 2026] GET /v2/schemas/image => generated 6083 bytes in 8 msecs (HTTP/1.1 200) 4 headers in 158 bytes (1 switches on core 0)
Jul 07 16:50:10.760125 np0000004742 devstack@g-api.service[102842]: DEBUG glance.api.middleware.version_negotiation [None req-5f92c953-9b60-4914-9908-dc2b1867160a tempest-VolumesGetTest-1020501508 tempest-VolumesGetTest-1020501508-project-member] Determining version of request: GET /v2/schemas/image Accept: */* {{(pid=102842) process_request /opt/stack/glance/glance/api/middleware/version_negotiation.py:44}}
Jul 07 16:50:10.763850 np0000004742 devstack@g-api.service[102842]: DEBUG glance.api.middleware.version_negotiation [None req-5f92c953-9b60-4914-9908-dc2b1867160a tempest-VolumesGetTest-1020501508 tempest-VolumesGetTest-1020501508-project-member] Using url versioning {{(pid=102842) process_request /opt/stack/glance/glance/api/middleware/version_negotiation.py:57}}
Jul 07 16:50:10.763850 np0000004742 devstack@g-api.service[102842]: DEBUG glance.api.middleware.version_negotiation [None req-5f92c953-9b60-4914-9908-dc2b1867160a tempest-VolumesGetTest-1020501508 tempest-VolumesGetTest-1020501508-project-member] Matched version: v2 {{(pid=102842) process_request /opt/stack/glance/glance/api/middleware/version_negotiation.py:69}}
Jul 07 16:50:10.763850 np0000004742 devstack@g-api.service[102842]: DEBUG glance.api.middleware.version_negotiation [None req-5f92c953-9b60-4914-9908-dc2b1867160a tempest-VolumesGetTest-1020501508 tempest-VolumesGetTest-1020501508-project-member] new path /v2/schemas/image {{(pid=102842) process_request /opt/stack/glance/glance/api/middleware/version_negotiation.py:70}}
Jul 07 16:50:10.763850 np0000004742 devstack@g-api.service[102842]: [pid: 102842|app: 0|req: 94/379] 127.0.0.1 () {44 vars in 1051 bytes} [Tue Jul 7 16:50:10 2026] GET /v2/schemas/image => generated 6083 bytes in 4 msecs (HTTP/1.1 200) 4 headers in 158 bytes (1 switches on core 0)
Jul 07 16:50:10.777268 np0000004742 devstack@g-api.service[102845]: DEBUG glance.api.middleware.version_negotiation [None req-4fd9a8ed-d944-4fcf-b92b-c9bb176545e5 tempest-VolumesGetTest-1020501508 tempest-VolumesGetTest-1020501508-project-member] Determining version of request: GET /v2/images/0490f1c7-d1f7-4d7f-9188-dc3bbfbacf3a Accept: */* {{(pid=102845) process_request /opt/stack/glance/glance/api/middleware/version_negotiation.py:44}}
Jul 07 16:50:10.777788 np0000004742 devstack@g-api.service[102845]: DEBUG glance.api.middleware.version_negotiation [None req-4fd9a8ed-d944-4fcf-b92b-c9bb176545e5 tempest-VolumesGetTest-1020501508 tempest-VolumesGetTest-1020501508-project-member] Using url versioning {{(pid=102845) process_request /opt/stack/glance/glance/api/middleware/version_negotiation.py:57}}
Jul 07 16:50:10.777788 np0000004742 devstack@g-api.service[102845]: DEBUG glance.api.middleware.version_negotiation [None req-4fd9a8ed-d944-4fcf-b92b-c9bb176545e5 tempest-VolumesGetTest-1020501508 tempest-VolumesGetTest-1020501508-project-member] Matched version: v2 {{(pid=102845) process_request /opt/stack/glance/glance/api/middleware/version_negotiation.py:69}}
Jul 07 16:50:10.777788 np0000004742 devstack@g-api.service[102845]: DEBUG glance.api.middleware.version_negotiation [None req-4fd9a8ed-d944-4fcf-b92b-c9bb176545e5 tempest-VolumesGetTest-1020501508 tempest-VolumesGetTest-1020501508-project-member] new path /v2/images/0490f1c7-d1f7-4d7f-9188-dc3bbfbacf3a {{(pid=102845) process_request /opt/stack/glance/glance/api/middleware/version_negotiation.py:70}}
Jul 07 16:50:10.796079 np0000004742 devstack@g-api.service[102845]: [pid: 102845|app: 0|req: 95/380] 127.0.0.1 () {44 vars in 1111 bytes} [Tue Jul 7 16:50:10 2026] GET /v2/images/0490f1c7-d1f7-4d7f-9188-dc3bbfbacf3a => generated 1044 bytes in 19 msecs (HTTP/1.1 200) 4 headers in 158 bytes (1 switches on core 0)
Jul 07 16:50:10.806615 np0000004742 devstack@g-api.service[102843]: DEBUG glance.api.middleware.version_negotiation [None req-4fd9a8ed-d944-4fcf-b92b-c9bb176545e5 tempest-VolumesGetTest-1020501508 tempest-VolumesGetTest-1020501508-project-member] Determining version of request: GET /v2/schemas/image Accept: */* {{(pid=102843) process_request /opt/stack/glance/glance/api/middleware/version_negotiation.py:44}}
Jul 07 16:50:10.806848 np0000004742 devstack@g-api.service[102843]: DEBUG glance.api.middleware.version_negotiation [None req-4fd9a8ed-d944-4fcf-b92b-c9bb176545e5 tempest-VolumesGetTest-1020501508 tempest-VolumesGetTest-1020501508-project-member] Using url versioning {{(pid=102843) process_request /opt/stack/glance/glance/api/middleware/version_negotiation.py:57}}
Jul 07 16:50:10.806919 np0000004742 devstack@g-api.service[102843]: DEBUG glance.api.middleware.version_negotiation [None req-4fd9a8ed-d944-4fcf-b92b-c9bb176545e5 tempest-VolumesGetTest-1020501508 tempest-VolumesGetTest-1020501508-project-member] Matched version: v2 {{(pid=102843) process_request /opt/stack/glance/glance/api/middleware/version_negotiation.py:69}}
Jul 07 16:50:10.807065 np0000004742 devstack@g-api.service[102843]: DEBUG glance.api.middleware.version_negotiation [None req-4fd9a8ed-d944-4fcf-b92b-c9bb176545e5 tempest-VolumesGetTest-1020501508 tempest-VolumesGetTest-1020501508-project-member] new path /v2/schemas/image {{(pid=102843) process_request /opt/stack/glance/glance/api/middleware/version_negotiation.py:70}}
Jul 07 16:50:10.809664 np0000004742 devstack@g-api.service[102843]: [pid: 102843|app: 0|req: 98/381] 127.0.0.1 () {44 vars in 1051 bytes} [Tue Jul 7 16:50:10 2026] GET /v2/schemas/image => generated 6083 bytes in 3 msecs (HTTP/1.1 200) 4 headers in 158 bytes (1 switches on core 0)
Jul 07 16:50:10.819609 np0000004742 devstack@g-api.service[102842]: DEBUG glance.api.middleware.version_negotiation [None req-4fd9a8ed-d944-4fcf-b92b-c9bb176545e5 tempest-VolumesGetTest-1020501508 tempest-VolumesGetTest-1020501508-project-member] Determining version of request: GET /v2/schemas/image Accept: */* {{(pid=102842) process_request /opt/stack/glance/glance/api/middleware/version_negotiation.py:44}}
Jul 07 16:50:10.819609 np0000004742 devstack@g-api.service[102842]: DEBUG glance.api.middleware.version_negotiation [None req-4fd9a8ed-d944-4fcf-b92b-c9bb176545e5 tempest-VolumesGetTest-1020501508 tempest-VolumesGetTest-1020501508-project-member] Using url versioning {{(pid=102842) process_request /opt/stack/glance/glance/api/middleware/version_negotiation.py:57}}
Jul 07 16:50:10.819609 np0000004742 devstack@g-api.service[102842]: DEBUG glance.api.middleware.version_negotiation [None req-4fd9a8ed-d944-4fcf-b92b-c9bb176545e5 tempest-VolumesGetTest-1020501508 tempest-VolumesGetTest-1020501508-project-member] Matched version: v2 {{(pid=102842) process_request /opt/stack/glance/glance/api/middleware/version_negotiation.py:69}}
Jul 07 16:50:10.819609 np0000004742 devstack@g-api.service[102842]: DEBUG glance.api.middleware.version_negotiation [None req-4fd9a8ed-d944-4fcf-b92b-c9bb176545e5 tempest-VolumesGetTest-1020501508 tempest-VolumesGetTest-1020501508-project-member] new path /v2/schemas/image {{(pid=102842) process_request /opt/stack/glance/glance/api/middleware/version_negotiation.py:70}}
Jul 07 16:50:10.823094 np0000004742 devstack@g-api.service[102842]: [pid: 102842|app: 0|req: 95/382] 127.0.0.1 () {44 vars in 1051 bytes} [Tue Jul 7 16:50:10 2026] GET /v2/schemas/image => generated 6083 bytes in 4 msecs (HTTP/1.1 200) 4 headers in 158 bytes (1 switches on core 0)
Jul 07 16:50:10.823288 np0000004742 devstack@g-api.service[102844]: DEBUG keystoneclient.auth.identity.v3.base [None req-0a64505c-8211-4317-817f-121deaa4f234 tempest-ServerBootFromVolumeStableRescueTest-596110946 tempest-ServerBootFromVolumeStableRescueTest-596110946-project-member] {"token": {"methods": ["password"], "user": {"domain": {"id": "default", "name": "Default"}, "id": "4a0376605c3145dd9b72fdd35cb8da64", "name": "glance-swift", "password_expires_at": null}, "audit_ids": ["vt_PkoHSR5iK69hw5UM1rg"], "expires_at": "2026-07-07T17:50:10.000000Z", "issued_at": "2026-07-07T16:50:10.000000Z", "project": {"domain": {"id": "default", "name": "Default"}, "id": "ceff32a5593a4354a87b8ba08999a78c", "name": "service"}, "is_domain": false, "roles": [{"id": "a263db685a754697bbccdc1c824be3aa", "name": "service"}, {"id": "441b82bf3e2447d4b8e704855d2fd233", "name": "ResellerAdmin"}], "catalog": [{"endpoints": [{"id": "8cabe2143c284ac68b0d63753bbf198e", "interface": "public", "region_id": "RegionOne", "url": "https://10.4.3.81/compute/v2.1", "region": "RegionOne"}], "id": "0d3e647f97bc4ecd9aa9021c6203439a", "type": "compute", "name": "nova"}, {"endpoints": [{"id": "d805fa34b9484dcd84a609f7952806c0", "interface": "public", "region_id": "RegionOne", "url": "https://10.4.3.81/volume/v3", "region": "RegionOne"}], "id": "1d8eeca95e8c4187b0814ccdd0baa8dc", "type": "block-storage", "name": "cinder"}, {"endpoints": [{"id": "a92e3c3eb0554dbdb4511b6227a2525e", "interface": "public", "region_id": "RegionOne", "url": "https://10.4.3.81/placement", "region": "RegionOne"}], "id": "5db09d142ed44b9ca8aa27b9d1d31505", "type": "placement", "name": "placement"}, {"endpoints": [{"id": "a0f69110573743dda8601ef3e6a3187e", "interface": "public", "region_id": "RegionOne", "url": "https://10.4.3.81/networking", "region": "RegionOne"}], "id": "74019b4af20042d8a4b960fbc426ba36", "type": "network", "name": "neutron"}, {"endpoints": [{"id": "d1b321b3a4a64033a78a1cfeaa2f856a", "interface": "public", "region_id": "RegionOne", "url": "https://10.4.3.81/image", "region": "RegionOne"}], "id": "7c0649b3bf804f409d92f7a2fce0e132", "type": "image", "name": "glance"}, {"endpoints": [{"id": "9b027e9353c1467fb736ce38bf0b0321", "interface": "public", "region_id": "RegionOne", "url": "https://10.4.3.81/identity", "region": "RegionOne"}], "id": "8f2b8d5f13d847fa846addcf483ab85a", "type": "identity", "name": "keystone"}, {"endpoints": [{"id": "ac766100bd5940918dc8784794fdf99f", "interface": "public", "region_id": "RegionOne", "url": "https://10.4.3.81/compute/v2/ceff32a5593a4354a87b8ba08999a78c", "region": "RegionOne"}], "id": "b97dabe0a1cf491bbc40511e0ce92964", "type": "compute_legacy", "name": "nova_legacy"}, {"endpoints": [{"id": "0678faa59e224165818397308eeff03d", "interface": "admin", "region_id": "RegionOne", "url": "https://10.4.3.81:8080", "region": "RegionOne"}, {"id": "6378d11c771b490dae4159143cb1f626", "interface": "public", "region_id": "RegionOne", "url": "https://10.4.3.81:8080/v1/AUTH_ceff32a5593a4354a87b8ba08999a78c", "region": "RegionOne"}], "id": "ecfc717c66544976a0c64d99d48e935f", "type": "object-store", "name": "swift"}]}} {{(pid=102844) get_auth_ref /opt/stack/data/venv/lib/python3.12/site-packages/keystoneclient/auth/identity/v3/base.py:190}}
Jul 07 16:50:10.823779 np0000004742 devstack@g-api.service[102844]: DEBUG keystoneclient.httpclient [None req-0a64505c-8211-4317-817f-121deaa4f234 tempest-ServerBootFromVolumeStableRescueTest-596110946 tempest-ServerBootFromVolumeStableRescueTest-596110946-project-member] Failed to find endpoint for management url admin endpoint for identity service not found {{(pid=102844) _process_management_url /opt/stack/data/venv/lib/python3.12/site-packages/keystoneclient/httpclient.py:670}}
Jul 07 16:50:10.852514 np0000004742 devstack@g-api.service[102845]: DEBUG glance.api.middleware.version_negotiation [None req-4fd9a8ed-d944-4fcf-b92b-c9bb176545e5 tempest-VolumesGetTest-1020501508 tempest-VolumesGetTest-1020501508-project-member] Determining version of request: GET /v2/images/0490f1c7-d1f7-4d7f-9188-dc3bbfbacf3a Accept: */* {{(pid=102845) process_request /opt/stack/glance/glance/api/middleware/version_negotiation.py:44}}
Jul 07 16:50:10.852711 np0000004742 devstack@g-api.service[102845]: DEBUG glance.api.middleware.version_negotiation [None req-4fd9a8ed-d944-4fcf-b92b-c9bb176545e5 tempest-VolumesGetTest-1020501508 tempest-VolumesGetTest-1020501508-project-member] Using url versioning {{(pid=102845) process_request /opt/stack/glance/glance/api/middleware/version_negotiation.py:57}}
Jul 07 16:50:10.852885 np0000004742 devstack@g-api.service[102845]: DEBUG glance.api.middleware.version_negotiation [None req-4fd9a8ed-d944-4fcf-b92b-c9bb176545e5 tempest-VolumesGetTest-1020501508 tempest-VolumesGetTest-1020501508-project-member] Matched version: v2 {{(pid=102845) process_request /opt/stack/glance/glance/api/middleware/version_negotiation.py:69}}
Jul 07 16:50:10.852983 np0000004742 devstack@g-api.service[102845]: DEBUG glance.api.middleware.version_negotiation [None req-4fd9a8ed-d944-4fcf-b92b-c9bb176545e5 tempest-VolumesGetTest-1020501508 tempest-VolumesGetTest-1020501508-project-member] new path /v2/images/0490f1c7-d1f7-4d7f-9188-dc3bbfbacf3a {{(pid=102845) process_request /opt/stack/glance/glance/api/middleware/version_negotiation.py:70}}
Jul 07 16:50:10.867836 np0000004742 devstack@g-api.service[102845]: [pid: 102845|app: 0|req: 96/383] 127.0.0.1 () {44 vars in 1111 bytes} [Tue Jul 7 16:50:10 2026] GET /v2/images/0490f1c7-d1f7-4d7f-9188-dc3bbfbacf3a => generated 1044 bytes in 15 msecs (HTTP/1.1 200) 4 headers in 158 bytes (1 switches on core 0)
Jul 07 16:50:10.878576 np0000004742 devstack@g-api.service[102843]: DEBUG glance.api.middleware.version_negotiation [None req-4fd9a8ed-d944-4fcf-b92b-c9bb176545e5 tempest-VolumesGetTest-1020501508 tempest-VolumesGetTest-1020501508-project-member] Determining version of request: GET /v2/schemas/image Accept: */* {{(pid=102843) process_request /opt/stack/glance/glance/api/middleware/version_negotiation.py:44}}
Jul 07 16:50:10.878723 np0000004742 devstack@g-api.service[102843]: DEBUG glance.api.middleware.version_negotiation [None req-4fd9a8ed-d944-4fcf-b92b-c9bb176545e5 tempest-VolumesGetTest-1020501508 tempest-VolumesGetTest-1020501508-project-member] Using url versioning {{(pid=102843) process_request /opt/stack/glance/glance/api/middleware/version_negotiation.py:57}}
Jul 07 16:50:10.879025 np0000004742 devstack@g-api.service[102843]: DEBUG glance.api.middleware.version_negotiation [None req-4fd9a8ed-d944-4fcf-b92b-c9bb176545e5 tempest-VolumesGetTest-1020501508 tempest-VolumesGetTest-1020501508-project-member] Matched version: v2 {{(pid=102843) process_request /opt/stack/glance/glance/api/middleware/version_negotiation.py:69}}
Jul 07 16:50:10.879152 np0000004742 devstack@g-api.service[102843]: DEBUG glance.api.middleware.version_negotiation [None req-4fd9a8ed-d944-4fcf-b92b-c9bb176545e5 tempest-VolumesGetTest-1020501508 tempest-VolumesGetTest-1020501508-project-member] new path /v2/schemas/image {{(pid=102843) process_request /opt/stack/glance/glance/api/middleware/version_negotiation.py:70}}
Jul 07 16:50:10.882192 np0000004742 devstack@g-api.service[102843]: [pid: 102843|app: 0|req: 99/384] 127.0.0.1 () {44 vars in 1051 bytes} [Tue Jul 7 16:50:10 2026] GET /v2/schemas/image => generated 6083 bytes in 4 msecs (HTTP/1.1 200) 4 headers in 158 bytes (1 switches on core 0)
Jul 07 16:50:10.896782 np0000004742 devstack@g-api.service[102842]: DEBUG glance.api.middleware.version_negotiation [None req-4fd9a8ed-d944-4fcf-b92b-c9bb176545e5 tempest-VolumesGetTest-1020501508 tempest-VolumesGetTest-1020501508-project-member] Determining version of request: GET /v2/schemas/image Accept: */* {{(pid=102842) process_request /opt/stack/glance/glance/api/middleware/version_negotiation.py:44}}
Jul 07 16:50:10.897006 np0000004742 devstack@g-api.service[102842]: DEBUG glance.api.middleware.version_negotiation [None req-4fd9a8ed-d944-4fcf-b92b-c9bb176545e5 tempest-VolumesGetTest-1020501508 tempest-VolumesGetTest-1020501508-project-member] Using url versioning {{(pid=102842) process_request /opt/stack/glance/glance/api/middleware/version_negotiation.py:57}}
Jul 07 16:50:10.898457 np0000004742 devstack@g-api.service[102842]: DEBUG glance.api.middleware.version_negotiation [None req-4fd9a8ed-d944-4fcf-b92b-c9bb176545e5 tempest-VolumesGetTest-1020501508 tempest-VolumesGetTest-1020501508-project-member] Matched version: v2 {{(pid=102842) process_request /opt/stack/glance/glance/api/middleware/version_negotiation.py:69}}
Jul 07 16:50:10.898546 np0000004742 devstack@g-api.service[102842]: DEBUG glance.api.middleware.version_negotiation [None req-4fd9a8ed-d944-4fcf-b92b-c9bb176545e5 tempest-VolumesGetTest-1020501508 tempest-VolumesGetTest-1020501508-project-member] new path /v2/schemas/image {{(pid=102842) process_request /opt/stack/glance/glance/api/middleware/version_negotiation.py:70}}
Jul 07 16:50:10.903246 np0000004742 devstack@g-api.service[102842]: [pid: 102842|app: 0|req: 96/385] 127.0.0.1 () {44 vars in 1051 bytes} [Tue Jul 7 16:50:10 2026] GET /v2/schemas/image => generated 6083 bytes in 6 msecs (HTTP/1.1 200) 4 headers in 158 bytes (1 switches on core 0)
Jul 07 16:50:10.992167 np0000004742 devstack@g-api.service[102844]: DEBUG swiftclient [None req-0a64505c-8211-4317-817f-121deaa4f234 tempest-ServerBootFromVolumeStableRescueTest-596110946 tempest-ServerBootFromVolumeStableRescueTest-596110946-project-member] REQ: curl -i https://10.4.3.81:8080/v1/AUTH_ceff32a5593a4354a87b8ba08999a78c/glance/e64cfe38-5345-4c53-88f8-17d0e415d2c5 -I -H "X-Auth-Token: gAAAAABqTS5Cxc8z..." {{(pid=102844) http_log /opt/stack/data/venv/lib/python3.12/site-packages/swiftclient/client.py:160}}
Jul 07 16:50:10.992716 np0000004742 devstack@g-api.service[102844]: DEBUG swiftclient [None req-0a64505c-8211-4317-817f-121deaa4f234 tempest-ServerBootFromVolumeStableRescueTest-596110946 tempest-ServerBootFromVolumeStableRescueTest-596110946-project-member] RESP STATUS: 200 OK {{(pid=102844) http_log /opt/stack/data/venv/lib/python3.12/site-packages/swiftclient/client.py:161}}
Jul 07 16:50:10.992986 np0000004742 devstack@g-api.service[102844]: DEBUG swiftclient [None req-0a64505c-8211-4317-817f-121deaa4f234 tempest-ServerBootFromVolumeStableRescueTest-596110946 tempest-ServerBootFromVolumeStableRescueTest-596110946-project-member] RESP HEADERS: {'Date': 'Tue, 07 Jul 2026 16:50:10 GMT', 'Server': 'Apache/2.4.58 (Ubuntu)', 'Content-Type': 'application/octet-stream', 'Content-Length': '23527424', 'X-Object-Manifest': 'glance/e64cfe38-5345-4c53-88f8-17d0e415d2c5-', 'Last-Modified': 'Tue, 07 Jul 2026 16:47:33 GMT', 'X-Timestamp': '1783442852.88489', 'Accept-Ranges': 'bytes', 'Etag': '"9c424351ecc3b84373f916fa8ecd34a2"', 'X-Trans-Id': 'txa7234f0351af4345b51df-006a4d2e42', 'X-Openstack-Request-Id': 'txa7234f0351af4345b51df-006a4d2e42', 'Connection': 'close'} {{(pid=102844) http_log /opt/stack/data/venv/lib/python3.12/site-packages/swiftclient/client.py:162}}
Jul 07 16:50:11.019763 np0000004742 devstack@g-api.service[102844]: DEBUG swiftclient [None req-0a64505c-8211-4317-817f-121deaa4f234 tempest-ServerBootFromVolumeStableRescueTest-596110946 tempest-ServerBootFromVolumeStableRescueTest-596110946-project-member] REQ: curl -i https://10.4.3.81:8080/v1/AUTH_ceff32a5593a4354a87b8ba08999a78c/glance?format=json&prefix=e64cfe38-5345-4c53-88f8-17d0e415d2c5- -X GET -H "X-Auth-Token: gAAAAABqTS5Cxc8z..." -H "Accept-Encoding: gzip" {{(pid=102844) http_log /opt/stack/data/venv/lib/python3.12/site-packages/swiftclient/client.py:160}}
Jul 07 16:50:11.019972 np0000004742 devstack@g-api.service[102844]: DEBUG swiftclient [None req-0a64505c-8211-4317-817f-121deaa4f234 tempest-ServerBootFromVolumeStableRescueTest-596110946 tempest-ServerBootFromVolumeStableRescueTest-596110946-project-member] RESP STATUS: 200 OK {{(pid=102844) http_log /opt/stack/data/venv/lib/python3.12/site-packages/swiftclient/client.py:161}}
Jul 07 16:50:11.020323 np0000004742 devstack@g-api.service[102844]: DEBUG swiftclient [None req-0a64505c-8211-4317-817f-121deaa4f234 tempest-ServerBootFromVolumeStableRescueTest-596110946 tempest-ServerBootFromVolumeStableRescueTest-596110946-project-member] RESP HEADERS: {'Date': 'Tue, 07 Jul 2026 16:50:11 GMT', 'Server': 'Apache/2.4.58 (Ubuntu)', 'Content-Type': 'application/json; charset=utf-8', 'Content-Length': '210', 'X-Container-Object-Count': '5', 'X-Container-Bytes-Used': '87883776', 'X-Timestamp': '1783442520.84886', 'Last-Modified': 'Tue, 07 Jul 2026 16:42:01 GMT', 'Accept-Ranges': 'bytes', 'X-Storage-Policy': 'Policy-0', 'X-Container-Sharding': 'False', 'X-Trans-Id': 'tx54f51814c49b49d4b31e1-006a4d2e43', 'X-Openstack-Request-Id': 'tx54f51814c49b49d4b31e1-006a4d2e43', 'Connection': 'close'} {{(pid=102844) http_log /opt/stack/data/venv/lib/python3.12/site-packages/swiftclient/client.py:162}}
Jul 07 16:50:11.020995 np0000004742 devstack@g-api.service[102844]: DEBUG swiftclient [None req-0a64505c-8211-4317-817f-121deaa4f234 tempest-ServerBootFromVolumeStableRescueTest-596110946 tempest-ServerBootFromVolumeStableRescueTest-596110946-project-member] RESP BODY: b'[{"bytes": 23527424, "hash": "4fa343ee581d8d2e78533191fd1ac3e1", "name": "e64cfe38-5345-4c53-88f8-17d0e415d2c5-00001", "content_type": "application/octet-stream", "last_modified": "2026-07-07T16:47:32.579260"}]' {{(pid=102844) http_log /opt/stack/data/venv/lib/python3.12/site-packages/swiftclient/client.py:166}}
Jul 07 16:50:11.044313 np0000004742 devstack@g-api.service[102844]: DEBUG swiftclient [None req-0a64505c-8211-4317-817f-121deaa4f234 tempest-ServerBootFromVolumeStableRescueTest-596110946 tempest-ServerBootFromVolumeStableRescueTest-596110946-project-member] REQ: curl -i https://10.4.3.81:8080/v1/AUTH_ceff32a5593a4354a87b8ba08999a78c/glance/e64cfe38-5345-4c53-88f8-17d0e415d2c5-00001 DELETE -H "X-Auth-Token: gAAAAABqTS5Cxc8z..." {{(pid=102844) http_log /opt/stack/data/venv/lib/python3.12/site-packages/swiftclient/client.py:160}}
Jul 07 16:50:11.044485 np0000004742 devstack@g-api.service[102844]: DEBUG swiftclient [None req-0a64505c-8211-4317-817f-121deaa4f234 tempest-ServerBootFromVolumeStableRescueTest-596110946 tempest-ServerBootFromVolumeStableRescueTest-596110946-project-member] RESP STATUS: 204 No Content {{(pid=102844) http_log /opt/stack/data/venv/lib/python3.12/site-packages/swiftclient/client.py:161}}
Jul 07 16:50:11.044523 np0000004742 devstack@g-api.service[102844]: DEBUG swiftclient [None req-0a64505c-8211-4317-817f-121deaa4f234 tempest-ServerBootFromVolumeStableRescueTest-596110946 tempest-ServerBootFromVolumeStableRescueTest-596110946-project-member] RESP HEADERS: {'Date': 'Tue, 07 Jul 2026 16:50:11 GMT', 'Server': 'Apache/2.4.58 (Ubuntu)', 'Content-Type': 'text/html; charset=UTF-8', 'X-Trans-Id': 'tx899dc479dab0453c9fb7a-006a4d2e43', 'X-Openstack-Request-Id': 'tx899dc479dab0453c9fb7a-006a4d2e43', 'Connection': 'close'} {{(pid=102844) http_log /opt/stack/data/venv/lib/python3.12/site-packages/swiftclient/client.py:162}}
Jul 07 16:50:11.071891 np0000004742 devstack@g-api.service[102844]: DEBUG swiftclient [None req-0a64505c-8211-4317-817f-121deaa4f234 tempest-ServerBootFromVolumeStableRescueTest-596110946 tempest-ServerBootFromVolumeStableRescueTest-596110946-project-member] REQ: curl -i https://10.4.3.81:8080/v1/AUTH_ceff32a5593a4354a87b8ba08999a78c/glance/e64cfe38-5345-4c53-88f8-17d0e415d2c5 DELETE -H "X-Auth-Token: gAAAAABqTS5Cxc8z..." {{(pid=102844) http_log /opt/stack/data/venv/lib/python3.12/site-packages/swiftclient/client.py:160}}
Jul 07 16:50:11.072002 np0000004742 devstack@g-api.service[102844]: DEBUG swiftclient [None req-0a64505c-8211-4317-817f-121deaa4f234 tempest-ServerBootFromVolumeStableRescueTest-596110946 tempest-ServerBootFromVolumeStableRescueTest-596110946-project-member] RESP STATUS: 204 No Content {{(pid=102844) http_log /opt/stack/data/venv/lib/python3.12/site-packages/swiftclient/client.py:161}}
Jul 07 16:50:11.072169 np0000004742 devstack@g-api.service[102844]: DEBUG swiftclient [None req-0a64505c-8211-4317-817f-121deaa4f234 tempest-ServerBootFromVolumeStableRescueTest-596110946 tempest-ServerBootFromVolumeStableRescueTest-596110946-project-member] RESP HEADERS: {'Date': 'Tue, 07 Jul 2026 16:50:11 GMT', 'Server': 'Apache/2.4.58 (Ubuntu)', 'Content-Type': 'text/html; charset=UTF-8', 'X-Trans-Id': 'tx9b094c7c328f45bc98355-006a4d2e43', 'X-Openstack-Request-Id': 'tx9b094c7c328f45bc98355-006a4d2e43', 'Connection': 'close'} {{(pid=102844) http_log /opt/stack/data/venv/lib/python3.12/site-packages/swiftclient/client.py:162}}
Jul 07 16:50:11.214302 np0000004742 devstack@g-api.service[102844]: DEBUG glance.api.middleware.cache [None req-0a64505c-8211-4317-817f-121deaa4f234 tempest-ServerBootFromVolumeStableRescueTest-596110946 tempest-ServerBootFromVolumeStableRescueTest-596110946-project-member] Removing image e64cfe38-5345-4c53-88f8-17d0e415d2c5 from cache {{(pid=102844) _process_DELETE_response /opt/stack/glance/glance/api/middleware/cache.py:264}}
Jul 07 16:50:11.214302 np0000004742 devstack@g-api.service[102844]: DEBUG glance.image_cache.drivers.centralized_db [None req-0a64505c-8211-4317-817f-121deaa4f234 tempest-ServerBootFromVolumeStableRescueTest-596110946 tempest-ServerBootFromVolumeStableRescueTest-596110946-project-member] Deleting image cache file '/opt/stack/data/glance/cache/e64cfe38-5345-4c53-88f8-17d0e415d2c5' {{(pid=102844) delete_cached_file /opt/stack/glance/glance/image_cache/drivers/centralized_db.py:400}}
Jul 07 16:50:11.232003 np0000004742 devstack@g-api.service[102844]: [pid: 102844|app: 0|req: 95/386] 127.0.0.1 () {40 vars in 837 bytes} [Tue Jul 7 16:50:10 2026] DELETE /v2/images/e64cfe38-5345-4c53-88f8-17d0e415d2c5 => generated 0 bytes in 524 msecs (HTTP/1.1 204) 4 headers in 171 bytes (1 switches on core 0)
Jul 07 16:50:11.287040 np0000004742 devstack@g-api.service[102845]: DEBUG glance.api.middleware.version_negotiation [None req-4fd9a8ed-d944-4fcf-b92b-c9bb176545e5 tempest-VolumesGetTest-1020501508 tempest-VolumesGetTest-1020501508-project-member] Determining version of request: GET /versions Accept: */* {{(pid=102845) process_request /opt/stack/glance/glance/api/middleware/version_negotiation.py:44}}
Jul 07 16:50:11.288082 np0000004742 devstack@g-api.service[102845]: [pid: 102845|app: 0|req: 97/387] 127.0.0.1 () {44 vars in 1035 bytes} [Tue Jul 7 16:50:11 2026] GET /versions => generated 1501 bytes in 1 msecs (HTTP/1.1 200) 3 headers in 92 bytes (1 switches on core 0)
Jul 07 16:50:11.309622 np0000004742 devstack@g-api.service[102843]: DEBUG glance.api.middleware.version_negotiation [None req-4fd9a8ed-d944-4fcf-b92b-c9bb176545e5 tempest-VolumesGetTest-1020501508 tempest-VolumesGetTest-1020501508-project-member] Determining version of request: GET /v2/images/0490f1c7-d1f7-4d7f-9188-dc3bbfbacf3a/locations Accept: */* {{(pid=102843) process_request /opt/stack/glance/glance/api/middleware/version_negotiation.py:44}}
Jul 07 16:50:11.309827 np0000004742 devstack@g-api.service[102843]: DEBUG glance.api.middleware.version_negotiation [None req-4fd9a8ed-d944-4fcf-b92b-c9bb176545e5 tempest-VolumesGetTest-1020501508 tempest-VolumesGetTest-1020501508-project-member] Using url versioning {{(pid=102843) process_request /opt/stack/glance/glance/api/middleware/version_negotiation.py:57}}
Jul 07 16:50:11.309996 np0000004742 devstack@g-api.service[102843]: DEBUG glance.api.middleware.version_negotiation [None req-4fd9a8ed-d944-4fcf-b92b-c9bb176545e5 tempest-VolumesGetTest-1020501508 tempest-VolumesGetTest-1020501508-project-member] Matched version: v2 {{(pid=102843) process_request /opt/stack/glance/glance/api/middleware/version_negotiation.py:69}}
Jul 07 16:50:11.310894 np0000004742 devstack@g-api.service[102843]: DEBUG glance.api.middleware.version_negotiation [None req-4fd9a8ed-d944-4fcf-b92b-c9bb176545e5 tempest-VolumesGetTest-1020501508 tempest-VolumesGetTest-1020501508-project-member] new path /v2/images/0490f1c7-d1f7-4d7f-9188-dc3bbfbacf3a/locations {{(pid=102843) process_request /opt/stack/glance/glance/api/middleware/version_negotiation.py:70}}
