Jul 07 16:41:26.450434 np0000004742 systemd[1]: Starting devstack@n-api-meta.service - Devstack devstack@n-api-meta.service...
Jul 07 16:41:26.457227 np0000004742 devstack@n-api-meta.service[95839]: [uWSGI] getting INI configuration from /etc/nova/nova-metadata-uwsgi.ini
Jul 07 16:41:26.460485 np0000004742 devstack@n-api-meta.service[95839]: *** Starting uWSGI 2.0.24-debian (64bit) on [Tue Jul 7 16:41:26 2026] ***
Jul 07 16:41:26.460485 np0000004742 devstack@n-api-meta.service[95839]: compiled with version: 13.2.0 on 17 April 2024 16:23:48
Jul 07 16:41:26.460485 np0000004742 devstack@n-api-meta.service[95839]: os: Linux-6.8.0-100-generic #100-Ubuntu SMP PREEMPT_DYNAMIC Tue Jan 13 16:40:06 UTC 2026
Jul 07 16:41:26.460485 np0000004742 devstack@n-api-meta.service[95839]: nodename: np0000004742
Jul 07 16:41:26.460485 np0000004742 devstack@n-api-meta.service[95839]: machine: x86_64
Jul 07 16:41:26.460485 np0000004742 devstack@n-api-meta.service[95839]: clock source: unix
Jul 07 16:41:26.460485 np0000004742 devstack@n-api-meta.service[95839]: pcre jit disabled
Jul 07 16:41:26.460485 np0000004742 devstack@n-api-meta.service[95839]: detected number of CPU cores: 16
Jul 07 16:41:26.460485 np0000004742 devstack@n-api-meta.service[95839]: current working directory: /
Jul 07 16:41:26.460485 np0000004742 devstack@n-api-meta.service[95839]: detected binary path: /usr/bin/uwsgi-core
Jul 07 16:41:26.460485 np0000004742 devstack@n-api-meta.service[95839]: your processes number limit is 257052
Jul 07 16:41:26.460485 np0000004742 devstack@n-api-meta.service[95839]: your memory page size is 4096 bytes
Jul 07 16:41:26.460485 np0000004742 devstack@n-api-meta.service[95839]: detected max file descriptor number: 2048
Jul 07 16:41:26.460995 np0000004742 devstack@n-api-meta.service[95839]: lock engine: pthread robust mutexes
Jul 07 16:41:26.460995 np0000004742 devstack@n-api-meta.service[95839]: thunder lock: enabled
Jul 07 16:41:26.461249 np0000004742 devstack@n-api-meta.service[95839]: uWSGI http bound on 0.0.0.0:8775 fd 5
Jul 07 16:41:26.461294 np0000004742 devstack@n-api-meta.service[95839]: uwsgi socket 0 bound to TCP address 127.0.0.1:40101 (port auto-assigned) fd 4
Jul 07 16:41:26.461339 np0000004742 devstack@n-api-meta.service[95839]: Python version: 3.12.3 (main, Jun 19 2026, 12:46:00) [GCC 13.3.0]
Jul 07 16:41:26.461339 np0000004742 devstack@n-api-meta.service[95839]: PEP 405 virtualenv detected: /opt/stack/data/venv
Jul 07 16:41:26.461339 np0000004742 devstack@n-api-meta.service[95839]: Set PythonHome to /opt/stack/data/venv
Jul 07 16:41:26.498437 np0000004742 devstack@n-api-meta.service[95839]: Python main interpreter initialized at 0x7d1ea1ca4668
Jul 07 16:41:26.498437 np0000004742 devstack@n-api-meta.service[95839]: python threads support enabled
Jul 07 16:41:26.498437 np0000004742 devstack@n-api-meta.service[95839]: your server socket listen backlog is limited to 100 connections
Jul 07 16:41:26.498437 np0000004742 devstack@n-api-meta.service[95839]: your mercy for graceful operations on workers is 80 seconds
Jul 07 16:41:26.499196 np0000004742 devstack@n-api-meta.service[95839]: mapped 671795 bytes (656 KB) for 4 cores
Jul 07 16:41:26.499196 np0000004742 devstack@n-api-meta.service[95839]: *** Operational MODE: preforking ***
Jul 07 16:41:26.499367 np0000004742 devstack@n-api-meta.service[95839]: *** uWSGI is running in multiple interpreter mode ***
Jul 07 16:41:26.499367 np0000004742 devstack@n-api-meta.service[95839]: spawned uWSGI master process (pid: 95839)
Jul 07 16:41:26.499492 np0000004742 systemd[1]: Started devstack@n-api-meta.service - Devstack devstack@n-api-meta.service.
Jul 07 16:41:26.499919 np0000004742 devstack@n-api-meta.service[95839]: spawned uWSGI worker 1 (pid: 95840, cores: 1)
Jul 07 16:41:26.500378 np0000004742 devstack@n-api-meta.service[95839]: spawned uWSGI worker 2 (pid: 95841, cores: 1)
Jul 07 16:41:26.500816 np0000004742 devstack@n-api-meta.service[95839]: spawned uWSGI worker 3 (pid: 95842, cores: 1)
Jul 07 16:41:26.501291 np0000004742 devstack@n-api-meta.service[95839]: spawned uWSGI worker 4 (pid: 95843, cores: 1)
Jul 07 16:41:26.501750 np0000004742 devstack@n-api-meta.service[95839]: spawned uWSGI http 1 (pid: 95844)
Jul 07 16:41:26.501750 np0000004742 devstack@n-api-meta.service[95839]: running "unix_signal:15 gracefully_kill_them_all" (master-start)...
Jul 07 16:41:28.487634 np0000004742 devstack@n-api-meta.service[95840]: INFO dbcounter [None req-37aec28b-b95c-407e-af86-2b8b4c49da49 None None] Registered counter for database nova_api
Jul 07 16:41:28.553115 np0000004742 devstack@n-api-meta.service[95840]: DEBUG oslo_db.sqlalchemy.engines [None req-37aec28b-b95c-407e-af86-2b8b4c49da49 None None] MySQL server mode set to STRICT_TRANS_TABLES,STRICT_ALL_TABLES,NO_ZERO_IN_DATE,NO_ZERO_DATE,ERROR_FOR_DIVISION_BY_ZERO,TRADITIONAL,NO_ENGINE_SUBSTITUTION {{(pid=95840) _check_effective_sql_mode /opt/stack/data/venv/lib/python3.12/site-packages/oslo_db/sqlalchemy/engines.py:325}}
Jul 07 16:41:28.557849 np0000004742 devstack@n-api-meta.service[95843]: INFO dbcounter [None req-dd41ffe0-de9e-47ca-a714-edb4a518f783 None None] Registered counter for database nova_api
Jul 07 16:41:28.574439 np0000004742 devstack@n-api-meta.service[95841]: INFO dbcounter [None req-c6e63e64-6da4-49f0-b9fe-d6e9fd0f2145 None None] Registered counter for database nova_api
Jul 07 16:41:28.598770 np0000004742 devstack@n-api-meta.service[95840]: DEBUG dbcounter [-] [95840] Writer thread running {{(pid=95840) stat_writer /opt/stack/data/venv/lib/python3.12/site-packages/dbcounter.py:102}}
Jul 07 16:41:28.602088 np0000004742 devstack@n-api-meta.service[95840]: DEBUG nova.context [None req-37aec28b-b95c-407e-af86-2b8b4c49da49 None None] Found 2 cells: 00000000-0000-0000-0000-000000000000(cell0),190ac681-b78e-4720-8499-ee86ab99ead3(cell1) {{(pid=95840) load_cells /opt/stack/nova/nova/context.py:509}}
Jul 07 16:41:28.602423 np0000004742 devstack@n-api-meta.service[95840]: INFO nova.utils [None req-37aec28b-b95c-407e-af86-2b8b4c49da49 None None] The cell worker thread pool MainProcess.cell_worker is initialized
Jul 07 16:41:28.604540 np0000004742 devstack@n-api-meta.service[95840]: DEBUG oslo_concurrency.lockutils [None req-37aec28b-b95c-407e-af86-2b8b4c49da49 None None] Acquiring lock "00000000-0000-0000-0000-000000000000" by "nova.context.set_target_cell..get_or_set_cached_cell_and_set_connections" {{(pid=95840) inner /opt/stack/data/venv/lib/python3.12/site-packages/oslo_concurrency/lockutils.py:511}}
Jul 07 16:41:28.604707 np0000004742 devstack@n-api-meta.service[95840]: DEBUG oslo_concurrency.lockutils [None req-37aec28b-b95c-407e-af86-2b8b4c49da49 None None] Lock "00000000-0000-0000-0000-000000000000" acquired by "nova.context.set_target_cell..get_or_set_cached_cell_and_set_connections" :: waited 0.000s {{(pid=95840) inner /opt/stack/data/venv/lib/python3.12/site-packages/oslo_concurrency/lockutils.py:524}}
Jul 07 16:41:28.605184 np0000004742 devstack@n-api-meta.service[95840]: DEBUG oslo_concurrency.lockutils [None req-37aec28b-b95c-407e-af86-2b8b4c49da49 None None] Lock "00000000-0000-0000-0000-000000000000" "released" by "nova.context.set_target_cell..get_or_set_cached_cell_and_set_connections" :: held 0.000s {{(pid=95840) inner /opt/stack/data/venv/lib/python3.12/site-packages/oslo_concurrency/lockutils.py:543}}
Jul 07 16:41:28.606111 np0000004742 devstack@n-api-meta.service[95840]: DEBUG oslo_concurrency.lockutils [None req-37aec28b-b95c-407e-af86-2b8b4c49da49 None None] Acquiring lock "190ac681-b78e-4720-8499-ee86ab99ead3" by "nova.context.set_target_cell..get_or_set_cached_cell_and_set_connections" {{(pid=95840) inner /opt/stack/data/venv/lib/python3.12/site-packages/oslo_concurrency/lockutils.py:511}}
Jul 07 16:41:28.608494 np0000004742 devstack@n-api-meta.service[95840]: INFO dbcounter [None req-37aec28b-b95c-407e-af86-2b8b4c49da49 None None] Registered counter for database nova_cell0
Jul 07 16:41:28.610282 np0000004742 devstack@n-api-meta.service[95840]: DEBUG oslo_concurrency.lockutils [None req-37aec28b-b95c-407e-af86-2b8b4c49da49 None None] Lock "190ac681-b78e-4720-8499-ee86ab99ead3" acquired by "nova.context.set_target_cell..get_or_set_cached_cell_and_set_connections" :: waited 0.002s {{(pid=95840) inner /opt/stack/data/venv/lib/python3.12/site-packages/oslo_concurrency/lockutils.py:524}}
Jul 07 16:41:28.612612 np0000004742 devstack@n-api-meta.service[95840]: DEBUG oslo_concurrency.lockutils [None req-37aec28b-b95c-407e-af86-2b8b4c49da49 None None] Lock "190ac681-b78e-4720-8499-ee86ab99ead3" "released" by "nova.context.set_target_cell..get_or_set_cached_cell_and_set_connections" :: held 0.003s {{(pid=95840) inner /opt/stack/data/venv/lib/python3.12/site-packages/oslo_concurrency/lockutils.py:543}}
Jul 07 16:41:28.613698 np0000004742 devstack@n-api-meta.service[95840]: INFO dbcounter [None req-37aec28b-b95c-407e-af86-2b8b4c49da49 None None] Registered counter for database nova_cell1
Jul 07 16:41:28.623093 np0000004742 devstack@n-api-meta.service[95843]: DEBUG oslo_db.sqlalchemy.engines [None req-dd41ffe0-de9e-47ca-a714-edb4a518f783 None None] MySQL server mode set to STRICT_TRANS_TABLES,STRICT_ALL_TABLES,NO_ZERO_IN_DATE,NO_ZERO_DATE,ERROR_FOR_DIVISION_BY_ZERO,TRADITIONAL,NO_ENGINE_SUBSTITUTION {{(pid=95843) _check_effective_sql_mode /opt/stack/data/venv/lib/python3.12/site-packages/oslo_db/sqlalchemy/engines.py:325}}
Jul 07 16:41:28.634083 np0000004742 devstack@n-api-meta.service[95841]: DEBUG oslo_db.sqlalchemy.engines [None req-c6e63e64-6da4-49f0-b9fe-d6e9fd0f2145 None None] MySQL server mode set to STRICT_TRANS_TABLES,STRICT_ALL_TABLES,NO_ZERO_IN_DATE,NO_ZERO_DATE,ERROR_FOR_DIVISION_BY_ZERO,TRADITIONAL,NO_ENGINE_SUBSTITUTION {{(pid=95841) _check_effective_sql_mode /opt/stack/data/venv/lib/python3.12/site-packages/oslo_db/sqlalchemy/engines.py:325}}
Jul 07 16:41:28.643010 np0000004742 devstack@n-api-meta.service[95842]: INFO dbcounter [None req-3e3dd37f-9e33-4510-ba28-2af91f65f131 None None] Registered counter for database nova_api
Jul 07 16:41:28.663115 np0000004742 devstack@n-api-meta.service[95840]: DEBUG oslo_db.sqlalchemy.engines [None req-37aec28b-b95c-407e-af86-2b8b4c49da49 None None] MySQL server mode set to STRICT_TRANS_TABLES,STRICT_ALL_TABLES,NO_ZERO_IN_DATE,NO_ZERO_DATE,ERROR_FOR_DIVISION_BY_ZERO,TRADITIONAL,NO_ENGINE_SUBSTITUTION {{(pid=95840) _check_effective_sql_mode /opt/stack/data/venv/lib/python3.12/site-packages/oslo_db/sqlalchemy/engines.py:325}}
Jul 07 16:41:28.663239 np0000004742 devstack@n-api-meta.service[95843]: DEBUG dbcounter [-] [95843] Writer thread running {{(pid=95843) stat_writer /opt/stack/data/venv/lib/python3.12/site-packages/dbcounter.py:102}}
Jul 07 16:41:28.666104 np0000004742 devstack@n-api-meta.service[95840]: DEBUG oslo_db.sqlalchemy.engines [None req-37aec28b-b95c-407e-af86-2b8b4c49da49 None None] MySQL server mode set to STRICT_TRANS_TABLES,STRICT_ALL_TABLES,NO_ZERO_IN_DATE,NO_ZERO_DATE,ERROR_FOR_DIVISION_BY_ZERO,TRADITIONAL,NO_ENGINE_SUBSTITUTION {{(pid=95840) _check_effective_sql_mode /opt/stack/data/venv/lib/python3.12/site-packages/oslo_db/sqlalchemy/engines.py:325}}
Jul 07 16:41:28.666420 np0000004742 devstack@n-api-meta.service[95843]: DEBUG nova.context [None req-dd41ffe0-de9e-47ca-a714-edb4a518f783 None None] Found 2 cells: 00000000-0000-0000-0000-000000000000(cell0),190ac681-b78e-4720-8499-ee86ab99ead3(cell1) {{(pid=95843) load_cells /opt/stack/nova/nova/context.py:509}}
Jul 07 16:41:28.666632 np0000004742 devstack@n-api-meta.service[95843]: INFO nova.utils [None req-dd41ffe0-de9e-47ca-a714-edb4a518f783 None None] The cell worker thread pool MainProcess.cell_worker is initialized
Jul 07 16:41:28.669202 np0000004742 devstack@n-api-meta.service[95843]: DEBUG oslo_concurrency.lockutils [None req-dd41ffe0-de9e-47ca-a714-edb4a518f783 None None] Acquiring lock "00000000-0000-0000-0000-000000000000" by "nova.context.set_target_cell..get_or_set_cached_cell_and_set_connections" {{(pid=95843) inner /opt/stack/data/venv/lib/python3.12/site-packages/oslo_concurrency/lockutils.py:511}}
Jul 07 16:41:28.669466 np0000004742 devstack@n-api-meta.service[95843]: DEBUG oslo_concurrency.lockutils [None req-dd41ffe0-de9e-47ca-a714-edb4a518f783 None None] Lock "00000000-0000-0000-0000-000000000000" acquired by "nova.context.set_target_cell..get_or_set_cached_cell_and_set_connections" :: waited 0.000s {{(pid=95843) inner /opt/stack/data/venv/lib/python3.12/site-packages/oslo_concurrency/lockutils.py:524}}
Jul 07 16:41:28.670066 np0000004742 devstack@n-api-meta.service[95843]: DEBUG oslo_concurrency.lockutils [None req-dd41ffe0-de9e-47ca-a714-edb4a518f783 None None] Lock "00000000-0000-0000-0000-000000000000" "released" by "nova.context.set_target_cell..get_or_set_cached_cell_and_set_connections" :: held 0.001s {{(pid=95843) inner /opt/stack/data/venv/lib/python3.12/site-packages/oslo_concurrency/lockutils.py:543}}
Jul 07 16:41:28.671082 np0000004742 devstack@n-api-meta.service[95843]: DEBUG oslo_concurrency.lockutils [None req-dd41ffe0-de9e-47ca-a714-edb4a518f783 None None] Acquiring lock "190ac681-b78e-4720-8499-ee86ab99ead3" by "nova.context.set_target_cell..get_or_set_cached_cell_and_set_connections" {{(pid=95843) inner /opt/stack/data/venv/lib/python3.12/site-packages/oslo_concurrency/lockutils.py:511}}
Jul 07 16:41:28.671309 np0000004742 devstack@n-api-meta.service[95843]: DEBUG oslo_concurrency.lockutils [None req-dd41ffe0-de9e-47ca-a714-edb4a518f783 None None] Lock "190ac681-b78e-4720-8499-ee86ab99ead3" acquired by "nova.context.set_target_cell..get_or_set_cached_cell_and_set_connections" :: waited 0.000s {{(pid=95843) inner /opt/stack/data/venv/lib/python3.12/site-packages/oslo_concurrency/lockutils.py:524}}
Jul 07 16:41:28.672521 np0000004742 devstack@n-api-meta.service[95843]: DEBUG oslo_concurrency.lockutils [None req-dd41ffe0-de9e-47ca-a714-edb4a518f783 None None] Lock "190ac681-b78e-4720-8499-ee86ab99ead3" "released" by "nova.context.set_target_cell..get_or_set_cached_cell_and_set_connections" :: held 0.001s {{(pid=95843) inner /opt/stack/data/venv/lib/python3.12/site-packages/oslo_concurrency/lockutils.py:543}}
Jul 07 16:41:28.674152 np0000004742 devstack@n-api-meta.service[95843]: INFO dbcounter [None req-dd41ffe0-de9e-47ca-a714-edb4a518f783 None None] Registered counter for database nova_cell0
Jul 07 16:41:28.676722 np0000004742 devstack@n-api-meta.service[95841]: DEBUG dbcounter [-] [95841] Writer thread running {{(pid=95841) stat_writer /opt/stack/data/venv/lib/python3.12/site-packages/dbcounter.py:102}}
Jul 07 16:41:28.677901 np0000004742 devstack@n-api-meta.service[95843]: INFO dbcounter [None req-dd41ffe0-de9e-47ca-a714-edb4a518f783 None None] Registered counter for database nova_cell1
Jul 07 16:41:28.682927 np0000004742 devstack@n-api-meta.service[95841]: DEBUG nova.context [None req-c6e63e64-6da4-49f0-b9fe-d6e9fd0f2145 None None] Found 2 cells: 00000000-0000-0000-0000-000000000000(cell0),190ac681-b78e-4720-8499-ee86ab99ead3(cell1) {{(pid=95841) load_cells /opt/stack/nova/nova/context.py:509}}
Jul 07 16:41:28.683200 np0000004742 devstack@n-api-meta.service[95841]: INFO nova.utils [None req-c6e63e64-6da4-49f0-b9fe-d6e9fd0f2145 None None] The cell worker thread pool MainProcess.cell_worker is initialized
Jul 07 16:41:28.685883 np0000004742 devstack@n-api-meta.service[95841]: DEBUG oslo_concurrency.lockutils [None req-c6e63e64-6da4-49f0-b9fe-d6e9fd0f2145 None None] Acquiring lock "00000000-0000-0000-0000-000000000000" by "nova.context.set_target_cell..get_or_set_cached_cell_and_set_connections" {{(pid=95841) inner /opt/stack/data/venv/lib/python3.12/site-packages/oslo_concurrency/lockutils.py:511}}
Jul 07 16:41:28.685883 np0000004742 devstack@n-api-meta.service[95841]: DEBUG oslo_concurrency.lockutils [None req-c6e63e64-6da4-49f0-b9fe-d6e9fd0f2145 None None] Lock "00000000-0000-0000-0000-000000000000" acquired by "nova.context.set_target_cell..get_or_set_cached_cell_and_set_connections" :: waited 0.000s {{(pid=95841) inner /opt/stack/data/venv/lib/python3.12/site-packages/oslo_concurrency/lockutils.py:524}}
Jul 07 16:41:28.686303 np0000004742 devstack@n-api-meta.service[95841]: DEBUG oslo_concurrency.lockutils [None req-c6e63e64-6da4-49f0-b9fe-d6e9fd0f2145 None None] Lock "00000000-0000-0000-0000-000000000000" "released" by "nova.context.set_target_cell..get_or_set_cached_cell_and_set_connections" :: held 0.001s {{(pid=95841) inner /opt/stack/data/venv/lib/python3.12/site-packages/oslo_concurrency/lockutils.py:543}}
Jul 07 16:41:28.687065 np0000004742 devstack@n-api-meta.service[95841]: DEBUG oslo_concurrency.lockutils [None req-c6e63e64-6da4-49f0-b9fe-d6e9fd0f2145 None None] Acquiring lock "190ac681-b78e-4720-8499-ee86ab99ead3" by "nova.context.set_target_cell..get_or_set_cached_cell_and_set_connections" {{(pid=95841) inner /opt/stack/data/venv/lib/python3.12/site-packages/oslo_concurrency/lockutils.py:511}}
Jul 07 16:41:28.687259 np0000004742 devstack@n-api-meta.service[95841]: DEBUG oslo_concurrency.lockutils [None req-c6e63e64-6da4-49f0-b9fe-d6e9fd0f2145 None None] Lock "190ac681-b78e-4720-8499-ee86ab99ead3" acquired by "nova.context.set_target_cell..get_or_set_cached_cell_and_set_connections" :: waited 0.000s {{(pid=95841) inner /opt/stack/data/venv/lib/python3.12/site-packages/oslo_concurrency/lockutils.py:524}}
Jul 07 16:41:28.688344 np0000004742 devstack@n-api-meta.service[95841]: DEBUG oslo_concurrency.lockutils [None req-c6e63e64-6da4-49f0-b9fe-d6e9fd0f2145 None None] Lock "190ac681-b78e-4720-8499-ee86ab99ead3" "released" by "nova.context.set_target_cell..get_or_set_cached_cell_and_set_connections" :: held 0.001s {{(pid=95841) inner /opt/stack/data/venv/lib/python3.12/site-packages/oslo_concurrency/lockutils.py:543}}
Jul 07 16:41:28.691829 np0000004742 devstack@n-api-meta.service[95841]: INFO dbcounter [None req-c6e63e64-6da4-49f0-b9fe-d6e9fd0f2145 None None] Registered counter for database nova_cell0
Jul 07 16:41:28.693406 np0000004742 devstack@n-api-meta.service[95841]: INFO dbcounter [None req-c6e63e64-6da4-49f0-b9fe-d6e9fd0f2145 None None] Registered counter for database nova_cell1
Jul 07 16:41:28.711722 np0000004742 devstack@n-api-meta.service[95842]: DEBUG oslo_db.sqlalchemy.engines [None req-3e3dd37f-9e33-4510-ba28-2af91f65f131 None None] MySQL server mode set to STRICT_TRANS_TABLES,STRICT_ALL_TABLES,NO_ZERO_IN_DATE,NO_ZERO_DATE,ERROR_FOR_DIVISION_BY_ZERO,TRADITIONAL,NO_ENGINE_SUBSTITUTION {{(pid=95842) _check_effective_sql_mode /opt/stack/data/venv/lib/python3.12/site-packages/oslo_db/sqlalchemy/engines.py:325}}
Jul 07 16:41:28.733202 np0000004742 devstack@n-api-meta.service[95843]: DEBUG oslo_db.sqlalchemy.engines [None req-dd41ffe0-de9e-47ca-a714-edb4a518f783 None None] MySQL server mode set to STRICT_TRANS_TABLES,STRICT_ALL_TABLES,NO_ZERO_IN_DATE,NO_ZERO_DATE,ERROR_FOR_DIVISION_BY_ZERO,TRADITIONAL,NO_ENGINE_SUBSTITUTION {{(pid=95843) _check_effective_sql_mode /opt/stack/data/venv/lib/python3.12/site-packages/oslo_db/sqlalchemy/engines.py:325}}
Jul 07 16:41:28.752533 np0000004742 devstack@n-api-meta.service[95841]: DEBUG oslo_db.sqlalchemy.engines [None req-c6e63e64-6da4-49f0-b9fe-d6e9fd0f2145 None None] MySQL server mode set to STRICT_TRANS_TABLES,STRICT_ALL_TABLES,NO_ZERO_IN_DATE,NO_ZERO_DATE,ERROR_FOR_DIVISION_BY_ZERO,TRADITIONAL,NO_ENGINE_SUBSTITUTION {{(pid=95841) _check_effective_sql_mode /opt/stack/data/venv/lib/python3.12/site-packages/oslo_db/sqlalchemy/engines.py:325}}
Jul 07 16:41:28.757292 np0000004742 devstack@n-api-meta.service[95842]: DEBUG dbcounter [-] [95842] Writer thread running {{(pid=95842) stat_writer /opt/stack/data/venv/lib/python3.12/site-packages/dbcounter.py:102}}
Jul 07 16:41:28.758565 np0000004742 devstack@n-api-meta.service[95840]: DEBUG dbcounter [-] [95840] Writer thread running {{(pid=95840) stat_writer /opt/stack/data/venv/lib/python3.12/site-packages/dbcounter.py:102}}
Jul 07 16:41:28.762278 np0000004742 devstack@n-api-meta.service[95842]: DEBUG nova.context [None req-3e3dd37f-9e33-4510-ba28-2af91f65f131 None None] Found 2 cells: 00000000-0000-0000-0000-000000000000(cell0),190ac681-b78e-4720-8499-ee86ab99ead3(cell1) {{(pid=95842) load_cells /opt/stack/nova/nova/context.py:509}}
Jul 07 16:41:28.762278 np0000004742 devstack@n-api-meta.service[95842]: INFO nova.utils [None req-3e3dd37f-9e33-4510-ba28-2af91f65f131 None None] The cell worker thread pool MainProcess.cell_worker is initialized
Jul 07 16:41:28.762765 np0000004742 devstack@n-api-meta.service[95840]: DEBUG dbcounter [-] [95840] Writer thread running {{(pid=95840) stat_writer /opt/stack/data/venv/lib/python3.12/site-packages/dbcounter.py:102}}
Jul 07 16:41:28.764727 np0000004742 devstack@n-api-meta.service[95842]: DEBUG oslo_concurrency.lockutils [None req-3e3dd37f-9e33-4510-ba28-2af91f65f131 None None] Acquiring lock "00000000-0000-0000-0000-000000000000" by "nova.context.set_target_cell..get_or_set_cached_cell_and_set_connections" {{(pid=95842) inner /opt/stack/data/venv/lib/python3.12/site-packages/oslo_concurrency/lockutils.py:511}}
Jul 07 16:41:28.764919 np0000004742 devstack@n-api-meta.service[95842]: DEBUG oslo_concurrency.lockutils [None req-3e3dd37f-9e33-4510-ba28-2af91f65f131 None None] Lock "00000000-0000-0000-0000-000000000000" acquired by "nova.context.set_target_cell..get_or_set_cached_cell_and_set_connections" :: waited 0.000s {{(pid=95842) inner /opt/stack/data/venv/lib/python3.12/site-packages/oslo_concurrency/lockutils.py:524}}
Jul 07 16:41:28.765437 np0000004742 devstack@n-api-meta.service[95842]: DEBUG oslo_concurrency.lockutils [None req-3e3dd37f-9e33-4510-ba28-2af91f65f131 None None] Lock "00000000-0000-0000-0000-000000000000" "released" by "nova.context.set_target_cell..get_or_set_cached_cell_and_set_connections" :: held 0.001s {{(pid=95842) inner /opt/stack/data/venv/lib/python3.12/site-packages/oslo_concurrency/lockutils.py:543}}
Jul 07 16:41:28.766347 np0000004742 devstack@n-api-meta.service[95840]: INFO dbcounter [None req-37aec28b-b95c-407e-af86-2b8b4c49da49 None None] Registered counter for database nova_cell0
Jul 07 16:41:28.766619 np0000004742 devstack@n-api-meta.service[95842]: DEBUG oslo_concurrency.lockutils [None req-3e3dd37f-9e33-4510-ba28-2af91f65f131 None None] Acquiring lock "190ac681-b78e-4720-8499-ee86ab99ead3" by "nova.context.set_target_cell..get_or_set_cached_cell_and_set_connections" {{(pid=95842) inner /opt/stack/data/venv/lib/python3.12/site-packages/oslo_concurrency/lockutils.py:511}}
Jul 07 16:41:28.767444 np0000004742 devstack@n-api-meta.service[95842]: DEBUG oslo_concurrency.lockutils [None req-3e3dd37f-9e33-4510-ba28-2af91f65f131 None None] Lock "190ac681-b78e-4720-8499-ee86ab99ead3" acquired by "nova.context.set_target_cell..get_or_set_cached_cell_and_set_connections" :: waited 0.000s {{(pid=95842) inner /opt/stack/data/venv/lib/python3.12/site-packages/oslo_concurrency/lockutils.py:524}}
Jul 07 16:41:28.768423 np0000004742 devstack@n-api-meta.service[95842]: DEBUG oslo_concurrency.lockutils [None req-3e3dd37f-9e33-4510-ba28-2af91f65f131 None None] Lock "190ac681-b78e-4720-8499-ee86ab99ead3" "released" by "nova.context.set_target_cell..get_or_set_cached_cell_and_set_connections" :: held 0.001s {{(pid=95842) inner /opt/stack/data/venv/lib/python3.12/site-packages/oslo_concurrency/lockutils.py:543}}
Jul 07 16:41:28.769521 np0000004742 devstack@n-api-meta.service[95841]: DEBUG oslo_db.sqlalchemy.engines [None req-c6e63e64-6da4-49f0-b9fe-d6e9fd0f2145 None None] MySQL server mode set to STRICT_TRANS_TABLES,STRICT_ALL_TABLES,NO_ZERO_IN_DATE,NO_ZERO_DATE,ERROR_FOR_DIVISION_BY_ZERO,TRADITIONAL,NO_ENGINE_SUBSTITUTION {{(pid=95841) _check_effective_sql_mode /opt/stack/data/venv/lib/python3.12/site-packages/oslo_db/sqlalchemy/engines.py:325}}
Jul 07 16:41:28.770425 np0000004742 devstack@n-api-meta.service[95842]: INFO dbcounter [None req-3e3dd37f-9e33-4510-ba28-2af91f65f131 None None] Registered counter for database nova_cell0
Jul 07 16:41:28.774240 np0000004742 devstack@n-api-meta.service[95842]: INFO dbcounter [None req-3e3dd37f-9e33-4510-ba28-2af91f65f131 None None] Registered counter for database nova_cell1
Jul 07 16:41:28.803466 np0000004742 devstack@n-api-meta.service[95843]: DEBUG oslo_db.sqlalchemy.engines [None req-dd41ffe0-de9e-47ca-a714-edb4a518f783 None None] MySQL server mode set to STRICT_TRANS_TABLES,STRICT_ALL_TABLES,NO_ZERO_IN_DATE,NO_ZERO_DATE,ERROR_FOR_DIVISION_BY_ZERO,TRADITIONAL,NO_ENGINE_SUBSTITUTION {{(pid=95843) _check_effective_sql_mode /opt/stack/data/venv/lib/python3.12/site-packages/oslo_db/sqlalchemy/engines.py:325}}
Jul 07 16:41:28.803589 np0000004742 devstack@n-api-meta.service[95840]: DEBUG oslo_db.sqlalchemy.engines [None req-37aec28b-b95c-407e-af86-2b8b4c49da49 None None] MySQL server mode set to STRICT_TRANS_TABLES,STRICT_ALL_TABLES,NO_ZERO_IN_DATE,NO_ZERO_DATE,ERROR_FOR_DIVISION_BY_ZERO,TRADITIONAL,NO_ENGINE_SUBSTITUTION {{(pid=95840) _check_effective_sql_mode /opt/stack/data/venv/lib/python3.12/site-packages/oslo_db/sqlalchemy/engines.py:325}}
Jul 07 16:41:28.810597 np0000004742 devstack@n-api-meta.service[95840]: DEBUG dbcounter [-] [95840] Writer thread running {{(pid=95840) stat_writer /opt/stack/data/venv/lib/python3.12/site-packages/dbcounter.py:102}}
Jul 07 16:41:28.819201 np0000004742 devstack@n-api-meta.service[95842]: DEBUG oslo_db.sqlalchemy.engines [None req-3e3dd37f-9e33-4510-ba28-2af91f65f131 None None] MySQL server mode set to STRICT_TRANS_TABLES,STRICT_ALL_TABLES,NO_ZERO_IN_DATE,NO_ZERO_DATE,ERROR_FOR_DIVISION_BY_ZERO,TRADITIONAL,NO_ENGINE_SUBSTITUTION {{(pid=95842) _check_effective_sql_mode /opt/stack/data/venv/lib/python3.12/site-packages/oslo_db/sqlalchemy/engines.py:325}}
Jul 07 16:41:28.824130 np0000004742 devstack@n-api-meta.service[95842]: DEBUG oslo_db.sqlalchemy.engines [None req-3e3dd37f-9e33-4510-ba28-2af91f65f131 None None] MySQL server mode set to STRICT_TRANS_TABLES,STRICT_ALL_TABLES,NO_ZERO_IN_DATE,NO_ZERO_DATE,ERROR_FOR_DIVISION_BY_ZERO,TRADITIONAL,NO_ENGINE_SUBSTITUTION {{(pid=95842) _check_effective_sql_mode /opt/stack/data/venv/lib/python3.12/site-packages/oslo_db/sqlalchemy/engines.py:325}}
Jul 07 16:41:28.838041 np0000004742 devstack@n-api-meta.service[95843]: DEBUG dbcounter [-] [95843] Writer thread running {{(pid=95843) stat_writer /opt/stack/data/venv/lib/python3.12/site-packages/dbcounter.py:102}}
Jul 07 16:41:28.844110 np0000004742 devstack@n-api-meta.service[95843]: DEBUG dbcounter [-] [95843] Writer thread running {{(pid=95843) stat_writer /opt/stack/data/venv/lib/python3.12/site-packages/dbcounter.py:102}}
Jul 07 16:41:28.848792 np0000004742 devstack@n-api-meta.service[95843]: INFO dbcounter [None req-dd41ffe0-de9e-47ca-a714-edb4a518f783 None None] Registered counter for database nova_cell0
Jul 07 16:41:28.856578 np0000004742 devstack@n-api-meta.service[95840]: WARNING nova.api.metadata.handler [None req-37aec28b-b95c-407e-af86-2b8b4c49da49 None None] metadata_proxy_shared_secret is not configured, the metadata information returned by the proxy cannot be trusted
Jul 07 16:41:28.859394 np0000004742 devstack@n-api-meta.service[95840]: DEBUG nova.api.openstack.wsgi_app [None req-37aec28b-b95c-407e-af86-2b8b4c49da49 None None] ******************************************************************************** {{(pid=95840) log_opt_values /opt/stack/data/venv/lib/python3.12/site-packages/oslo_config/cfg.py:3226}}
Jul 07 16:41:28.859394 np0000004742 devstack@n-api-meta.service[95840]: DEBUG nova.api.openstack.wsgi_app [None req-37aec28b-b95c-407e-af86-2b8b4c49da49 None None] Configuration options gathered from: {{(pid=95840) log_opt_values /opt/stack/data/venv/lib/python3.12/site-packages/oslo_config/cfg.py:3227}}
Jul 07 16:41:28.859590 np0000004742 devstack@n-api-meta.service[95840]: DEBUG nova.api.openstack.wsgi_app [None req-37aec28b-b95c-407e-af86-2b8b4c49da49 None None] command line args: [] {{(pid=95840) log_opt_values /opt/stack/data/venv/lib/python3.12/site-packages/oslo_config/cfg.py:3228}}
Jul 07 16:41:28.859640 np0000004742 devstack@n-api-meta.service[95840]: DEBUG nova.api.openstack.wsgi_app [None req-37aec28b-b95c-407e-af86-2b8b4c49da49 None None] config files: ['/etc/nova/api-paste.ini', '/etc/nova/nova.conf'] {{(pid=95840) log_opt_values /opt/stack/data/venv/lib/python3.12/site-packages/oslo_config/cfg.py:3229}}
Jul 07 16:41:28.859773 np0000004742 devstack@n-api-meta.service[95840]: DEBUG nova.api.openstack.wsgi_app [None req-37aec28b-b95c-407e-af86-2b8b4c49da49 None None] ================================================================================ {{(pid=95840) log_opt_values /opt/stack/data/venv/lib/python3.12/site-packages/oslo_config/cfg.py:3234}}
Jul 07 16:41:28.859990 np0000004742 devstack@n-api-meta.service[95840]: DEBUG nova.api.openstack.wsgi_app [None req-37aec28b-b95c-407e-af86-2b8b4c49da49 None None] allow_resize_to_same_host = True {{(pid=95840) log_opt_values /opt/stack/data/venv/lib/python3.12/site-packages/oslo_config/cfg.py:3242}}
Jul 07 16:41:28.860119 np0000004742 devstack@n-api-meta.service[95840]: DEBUG nova.api.openstack.wsgi_app [None req-37aec28b-b95c-407e-af86-2b8b4c49da49 None None] arq_binding_timeout = 300 {{(pid=95840) log_opt_values /opt/stack/data/venv/lib/python3.12/site-packages/oslo_config/cfg.py:3242}}
Jul 07 16:41:28.860251 np0000004742 devstack@n-api-meta.service[95840]: DEBUG nova.api.openstack.wsgi_app [None req-37aec28b-b95c-407e-af86-2b8b4c49da49 None None] block_device_allocate_retries = 60 {{(pid=95840) log_opt_values /opt/stack/data/venv/lib/python3.12/site-packages/oslo_config/cfg.py:3242}}
Jul 07 16:41:28.860426 np0000004742 devstack@n-api-meta.service[95840]: DEBUG nova.api.openstack.wsgi_app [None req-37aec28b-b95c-407e-af86-2b8b4c49da49 None None] block_device_allocate_retries_interval = 3 {{(pid=95840) log_opt_values /opt/stack/data/venv/lib/python3.12/site-packages/oslo_config/cfg.py:3242}}
Jul 07 16:41:28.860562 np0000004742 devstack@n-api-meta.service[95840]: DEBUG nova.api.openstack.wsgi_app [None req-37aec28b-b95c-407e-af86-2b8b4c49da49 None None] cell_worker_thread_pool_size = 5 {{(pid=95840) log_opt_values /opt/stack/data/venv/lib/python3.12/site-packages/oslo_config/cfg.py:3242}}
Jul 07 16:41:28.860734 np0000004742 devstack@n-api-meta.service[95840]: DEBUG nova.api.openstack.wsgi_app [None req-37aec28b-b95c-407e-af86-2b8b4c49da49 None None] cert = self.pem {{(pid=95840) log_opt_values /opt/stack/data/venv/lib/python3.12/site-packages/oslo_config/cfg.py:3242}}
Jul 07 16:41:28.860901 np0000004742 devstack@n-api-meta.service[95840]: DEBUG nova.api.openstack.wsgi_app [None req-37aec28b-b95c-407e-af86-2b8b4c49da49 None None] compute_driver = libvirt.LibvirtDriver {{(pid=95840) log_opt_values /opt/stack/data/venv/lib/python3.12/site-packages/oslo_config/cfg.py:3242}}
Jul 07 16:41:28.861080 np0000004742 devstack@n-api-meta.service[95840]: DEBUG nova.api.openstack.wsgi_app [None req-37aec28b-b95c-407e-af86-2b8b4c49da49 None None] compute_monitors = [] {{(pid=95840) log_opt_values /opt/stack/data/venv/lib/python3.12/site-packages/oslo_config/cfg.py:3242}}
Jul 07 16:41:28.861171 np0000004742 devstack@n-api-meta.service[95840]: DEBUG nova.api.openstack.wsgi_app [None req-37aec28b-b95c-407e-af86-2b8b4c49da49 None None] concurrency_backend = auto {{(pid=95840) log_opt_values /opt/stack/data/venv/lib/python3.12/site-packages/oslo_config/cfg.py:3242}}
Jul 07 16:41:28.861283 np0000004742 devstack@n-api-meta.service[95840]: DEBUG nova.api.openstack.wsgi_app [None req-37aec28b-b95c-407e-af86-2b8b4c49da49 None None] config_dir = [] {{(pid=95840) log_opt_values /opt/stack/data/venv/lib/python3.12/site-packages/oslo_config/cfg.py:3242}}
Jul 07 16:41:28.861403 np0000004742 devstack@n-api-meta.service[95840]: DEBUG nova.api.openstack.wsgi_app [None req-37aec28b-b95c-407e-af86-2b8b4c49da49 None None] config_drive_format = iso9660 {{(pid=95840) log_opt_values /opt/stack/data/venv/lib/python3.12/site-packages/oslo_config/cfg.py:3242}}
Jul 07 16:41:28.861533 np0000004742 devstack@n-api-meta.service[95840]: DEBUG nova.api.openstack.wsgi_app [None req-37aec28b-b95c-407e-af86-2b8b4c49da49 None None] config_file = ['/etc/nova/api-paste.ini', '/etc/nova/nova.conf'] {{(pid=95840) log_opt_values /opt/stack/data/venv/lib/python3.12/site-packages/oslo_config/cfg.py:3242}}
Jul 07 16:41:28.861712 np0000004742 devstack@n-api-meta.service[95840]: DEBUG nova.api.openstack.wsgi_app [None req-37aec28b-b95c-407e-af86-2b8b4c49da49 None None] config_source = [] {{(pid=95840) log_opt_values /opt/stack/data/venv/lib/python3.12/site-packages/oslo_config/cfg.py:3242}}
Jul 07 16:41:28.861928 np0000004742 devstack@n-api-meta.service[95840]: DEBUG nova.api.openstack.wsgi_app [None req-37aec28b-b95c-407e-af86-2b8b4c49da49 None None] console_host = np0000004742 {{(pid=95840) log_opt_values /opt/stack/data/venv/lib/python3.12/site-packages/oslo_config/cfg.py:3242}}
Jul 07 16:41:28.862092 np0000004742 devstack@n-api-meta.service[95840]: DEBUG nova.api.openstack.wsgi_app [None req-37aec28b-b95c-407e-af86-2b8b4c49da49 None None] control_exchange = nova {{(pid=95840) log_opt_values /opt/stack/data/venv/lib/python3.12/site-packages/oslo_config/cfg.py:3242}}
Jul 07 16:41:28.862237 np0000004742 devstack@n-api-meta.service[95840]: DEBUG nova.api.openstack.wsgi_app [None req-37aec28b-b95c-407e-af86-2b8b4c49da49 None None] cpu_allocation_ratio = None {{(pid=95840) log_opt_values /opt/stack/data/venv/lib/python3.12/site-packages/oslo_config/cfg.py:3242}}
Jul 07 16:41:28.862402 np0000004742 devstack@n-api-meta.service[95840]: DEBUG nova.api.openstack.wsgi_app [None req-37aec28b-b95c-407e-af86-2b8b4c49da49 None None] daemon = False {{(pid=95840) log_opt_values /opt/stack/data/venv/lib/python3.12/site-packages/oslo_config/cfg.py:3242}}
Jul 07 16:41:28.862583 np0000004742 devstack@n-api-meta.service[95840]: DEBUG nova.api.openstack.wsgi_app [None req-37aec28b-b95c-407e-af86-2b8b4c49da49 None None] debug = True {{(pid=95840) log_opt_values /opt/stack/data/venv/lib/python3.12/site-packages/oslo_config/cfg.py:3242}}
Jul 07 16:41:28.862760 np0000004742 devstack@n-api-meta.service[95840]: DEBUG nova.api.openstack.wsgi_app [None req-37aec28b-b95c-407e-af86-2b8b4c49da49 None None] default_access_ip_network_name = None {{(pid=95840) log_opt_values /opt/stack/data/venv/lib/python3.12/site-packages/oslo_config/cfg.py:3242}}
Jul 07 16:41:28.862988 np0000004742 devstack@n-api-meta.service[95840]: DEBUG nova.api.openstack.wsgi_app [None req-37aec28b-b95c-407e-af86-2b8b4c49da49 None None] default_availability_zone = nova {{(pid=95840) log_opt_values /opt/stack/data/venv/lib/python3.12/site-packages/oslo_config/cfg.py:3242}}
Jul 07 16:41:28.863169 np0000004742 devstack@n-api-meta.service[95840]: DEBUG nova.api.openstack.wsgi_app [None req-37aec28b-b95c-407e-af86-2b8b4c49da49 None None] default_ephemeral_format = ext4 {{(pid=95840) log_opt_values /opt/stack/data/venv/lib/python3.12/site-packages/oslo_config/cfg.py:3242}}
Jul 07 16:41:28.863979 np0000004742 devstack@n-api-meta.service[95840]: DEBUG nova.api.openstack.wsgi_app [None req-37aec28b-b95c-407e-af86-2b8b4c49da49 None None] default_green_pool_size = 1000 {{(pid=95840) log_opt_values /opt/stack/data/venv/lib/python3.12/site-packages/oslo_config/cfg.py:3242}}
Jul 07 16:41:28.863979 np0000004742 devstack@n-api-meta.service[95840]: DEBUG nova.api.openstack.wsgi_app [None req-37aec28b-b95c-407e-af86-2b8b4c49da49 None None] default_log_levels = ['amqp=WARN', 'boto=WARN', 'sqlalchemy=WARN', 'suds=INFO', 'oslo.messaging=INFO', 'oslo_messaging=INFO', 'iso8601=WARN', 'requests.packages.urllib3.connectionpool=WARN', 'urllib3.connectionpool=WARN', 'websocket=WARN', 'requests.packages.urllib3.util.retry=WARN', 'urllib3.util.retry=WARN', 'keystonemiddleware=WARN', 'routes.middleware=WARN', 'stevedore=WARN', 'taskflow=WARN', 'keystoneauth=WARN', 'oslo.cache=INFO', 'oslo_policy=INFO', 'dogpile.core.dogpile=INFO', 'glanceclient=WARN', 'oslo.privsep.daemon=INFO'] {{(pid=95840) log_opt_values /opt/stack/data/venv/lib/python3.12/site-packages/oslo_config/cfg.py:3242}}
Jul 07 16:41:28.863979 np0000004742 devstack@n-api-meta.service[95840]: DEBUG nova.api.openstack.wsgi_app [None req-37aec28b-b95c-407e-af86-2b8b4c49da49 None None] default_schedule_zone = None {{(pid=95840) log_opt_values /opt/stack/data/venv/lib/python3.12/site-packages/oslo_config/cfg.py:3242}}
Jul 07 16:41:28.863979 np0000004742 devstack@n-api-meta.service[95840]: DEBUG nova.api.openstack.wsgi_app [None req-37aec28b-b95c-407e-af86-2b8b4c49da49 None None] default_thread_pool_size = 10 {{(pid=95840) log_opt_values /opt/stack/data/venv/lib/python3.12/site-packages/oslo_config/cfg.py:3242}}
Jul 07 16:41:28.863979 np0000004742 devstack@n-api-meta.service[95840]: DEBUG nova.api.openstack.wsgi_app [None req-37aec28b-b95c-407e-af86-2b8b4c49da49 None None] disk_allocation_ratio = None {{(pid=95840) log_opt_values /opt/stack/data/venv/lib/python3.12/site-packages/oslo_config/cfg.py:3242}}
Jul 07 16:41:28.864259 np0000004742 devstack@n-api-meta.service[95840]: DEBUG nova.api.openstack.wsgi_app [None req-37aec28b-b95c-407e-af86-2b8b4c49da49 None None] enable_new_services = True {{(pid=95840) log_opt_values /opt/stack/data/venv/lib/python3.12/site-packages/oslo_config/cfg.py:3242}}
Jul 07 16:41:28.864259 np0000004742 devstack@n-api-meta.service[95840]: DEBUG nova.api.openstack.wsgi_app [None req-37aec28b-b95c-407e-af86-2b8b4c49da49 None None] flat_injected = False {{(pid=95840) log_opt_values /opt/stack/data/venv/lib/python3.12/site-packages/oslo_config/cfg.py:3242}}
Jul 07 16:41:28.864351 np0000004742 devstack@n-api-meta.service[95840]: DEBUG nova.api.openstack.wsgi_app [None req-37aec28b-b95c-407e-af86-2b8b4c49da49 None None] force_config_drive = True {{(pid=95840) log_opt_values /opt/stack/data/venv/lib/python3.12/site-packages/oslo_config/cfg.py:3242}}
Jul 07 16:41:28.864462 np0000004742 devstack@n-api-meta.service[95840]: DEBUG nova.api.openstack.wsgi_app [None req-37aec28b-b95c-407e-af86-2b8b4c49da49 None None] force_raw_images = True {{(pid=95840) log_opt_values /opt/stack/data/venv/lib/python3.12/site-packages/oslo_config/cfg.py:3242}}
Jul 07 16:41:28.864588 np0000004742 devstack@n-api-meta.service[95840]: DEBUG nova.api.openstack.wsgi_app [None req-37aec28b-b95c-407e-af86-2b8b4c49da49 None None] graceful_shutdown_timeout = 5 {{(pid=95840) log_opt_values /opt/stack/data/venv/lib/python3.12/site-packages/oslo_config/cfg.py:3242}}
Jul 07 16:41:28.864745 np0000004742 devstack@n-api-meta.service[95840]: DEBUG nova.api.openstack.wsgi_app [None req-37aec28b-b95c-407e-af86-2b8b4c49da49 None None] heal_instance_info_cache_interval = -1 {{(pid=95840) log_opt_values /opt/stack/data/venv/lib/python3.12/site-packages/oslo_config/cfg.py:3242}}
Jul 07 16:41:28.864979 np0000004742 devstack@n-api-meta.service[95840]: DEBUG nova.api.openstack.wsgi_app [None req-37aec28b-b95c-407e-af86-2b8b4c49da49 None None] host = np0000004742 {{(pid=95840) log_opt_values /opt/stack/data/venv/lib/python3.12/site-packages/oslo_config/cfg.py:3242}}
Jul 07 16:41:28.865103 np0000004742 devstack@n-api-meta.service[95840]: DEBUG nova.api.openstack.wsgi_app [None req-37aec28b-b95c-407e-af86-2b8b4c49da49 None None] initial_cpu_allocation_ratio = 4.0 {{(pid=95840) log_opt_values /opt/stack/data/venv/lib/python3.12/site-packages/oslo_config/cfg.py:3242}}
Jul 07 16:41:28.865219 np0000004742 devstack@n-api-meta.service[95840]: DEBUG nova.api.openstack.wsgi_app [None req-37aec28b-b95c-407e-af86-2b8b4c49da49 None None] initial_disk_allocation_ratio = 1.0 {{(pid=95840) log_opt_values /opt/stack/data/venv/lib/python3.12/site-packages/oslo_config/cfg.py:3242}}
Jul 07 16:41:28.865332 np0000004742 devstack@n-api-meta.service[95840]: DEBUG nova.api.openstack.wsgi_app [None req-37aec28b-b95c-407e-af86-2b8b4c49da49 None None] initial_ram_allocation_ratio = 1.0 {{(pid=95840) log_opt_values /opt/stack/data/venv/lib/python3.12/site-packages/oslo_config/cfg.py:3242}}
Jul 07 16:41:28.865497 np0000004742 devstack@n-api-meta.service[95840]: DEBUG nova.api.openstack.wsgi_app [None req-37aec28b-b95c-407e-af86-2b8b4c49da49 None None] injected_network_template = /opt/stack/nova/nova/virt/interfaces.template {{(pid=95840) log_opt_values /opt/stack/data/venv/lib/python3.12/site-packages/oslo_config/cfg.py:3242}}
Jul 07 16:41:28.865608 np0000004742 devstack@n-api-meta.service[95840]: DEBUG nova.api.openstack.wsgi_app [None req-37aec28b-b95c-407e-af86-2b8b4c49da49 None None] instance_build_timeout = 0 {{(pid=95840) log_opt_values /opt/stack/data/venv/lib/python3.12/site-packages/oslo_config/cfg.py:3242}}
Jul 07 16:41:28.865765 np0000004742 devstack@n-api-meta.service[95840]: DEBUG nova.api.openstack.wsgi_app [None req-37aec28b-b95c-407e-af86-2b8b4c49da49 None None] instance_delete_interval = 300 {{(pid=95840) log_opt_values /opt/stack/data/venv/lib/python3.12/site-packages/oslo_config/cfg.py:3242}}
Jul 07 16:41:28.865989 np0000004742 devstack@n-api-meta.service[95840]: DEBUG nova.api.openstack.wsgi_app [None req-37aec28b-b95c-407e-af86-2b8b4c49da49 None None] instance_format = [instance: %(uuid)s] {{(pid=95840) log_opt_values /opt/stack/data/venv/lib/python3.12/site-packages/oslo_config/cfg.py:3242}}
Jul 07 16:41:28.866112 np0000004742 devstack@n-api-meta.service[95840]: DEBUG nova.api.openstack.wsgi_app [None req-37aec28b-b95c-407e-af86-2b8b4c49da49 None None] instance_name_template = instance-%08x {{(pid=95840) log_opt_values /opt/stack/data/venv/lib/python3.12/site-packages/oslo_config/cfg.py:3242}}
Jul 07 16:41:28.866227 np0000004742 devstack@n-api-meta.service[95840]: DEBUG nova.api.openstack.wsgi_app [None req-37aec28b-b95c-407e-af86-2b8b4c49da49 None None] instance_usage_audit = False {{(pid=95840) log_opt_values /opt/stack/data/venv/lib/python3.12/site-packages/oslo_config/cfg.py:3242}}
Jul 07 16:41:28.866347 np0000004742 devstack@n-api-meta.service[95840]: DEBUG nova.api.openstack.wsgi_app [None req-37aec28b-b95c-407e-af86-2b8b4c49da49 None None] instance_usage_audit_period = month {{(pid=95840) log_opt_values /opt/stack/data/venv/lib/python3.12/site-packages/oslo_config/cfg.py:3242}}
Jul 07 16:41:28.866500 np0000004742 devstack@n-api-meta.service[95840]: DEBUG nova.api.openstack.wsgi_app [None req-37aec28b-b95c-407e-af86-2b8b4c49da49 None None] instance_uuid_format = [instance: %(uuid)s] {{(pid=95840) log_opt_values /opt/stack/data/venv/lib/python3.12/site-packages/oslo_config/cfg.py:3242}}
Jul 07 16:41:28.866697 np0000004742 devstack@n-api-meta.service[95840]: DEBUG nova.api.openstack.wsgi_app [None req-37aec28b-b95c-407e-af86-2b8b4c49da49 None None] instances_path = /opt/stack/data/nova/instances {{(pid=95840) log_opt_values /opt/stack/data/venv/lib/python3.12/site-packages/oslo_config/cfg.py:3242}}
Jul 07 16:41:28.866929 np0000004742 devstack@n-api-meta.service[95840]: DEBUG nova.api.openstack.wsgi_app [None req-37aec28b-b95c-407e-af86-2b8b4c49da49 None None] internal_service_availability_zone = internal {{(pid=95840) log_opt_values /opt/stack/data/venv/lib/python3.12/site-packages/oslo_config/cfg.py:3242}}
Jul 07 16:41:28.867102 np0000004742 devstack@n-api-meta.service[95840]: DEBUG nova.api.openstack.wsgi_app [None req-37aec28b-b95c-407e-af86-2b8b4c49da49 None None] key = None {{(pid=95840) log_opt_values /opt/stack/data/venv/lib/python3.12/site-packages/oslo_config/cfg.py:3242}}
Jul 07 16:41:28.867253 np0000004742 devstack@n-api-meta.service[95840]: DEBUG nova.api.openstack.wsgi_app [None req-37aec28b-b95c-407e-af86-2b8b4c49da49 None None] live_migration_retry_count = 30 {{(pid=95840) log_opt_values /opt/stack/data/venv/lib/python3.12/site-packages/oslo_config/cfg.py:3242}}
Jul 07 16:41:28.868035 np0000004742 devstack@n-api-meta.service[95840]: DEBUG nova.api.openstack.wsgi_app [None req-37aec28b-b95c-407e-af86-2b8b4c49da49 None None] log_color = False {{(pid=95840) log_opt_values /opt/stack/data/venv/lib/python3.12/site-packages/oslo_config/cfg.py:3242}}
Jul 07 16:41:28.868035 np0000004742 devstack@n-api-meta.service[95840]: DEBUG nova.api.openstack.wsgi_app [None req-37aec28b-b95c-407e-af86-2b8b4c49da49 None None] log_config_append = None {{(pid=95840) log_opt_values /opt/stack/data/venv/lib/python3.12/site-packages/oslo_config/cfg.py:3242}}
Jul 07 16:41:28.868035 np0000004742 devstack@n-api-meta.service[95840]: DEBUG nova.api.openstack.wsgi_app [None req-37aec28b-b95c-407e-af86-2b8b4c49da49 None None] log_date_format = %Y-%m-%d %H:%M:%S {{(pid=95840) log_opt_values /opt/stack/data/venv/lib/python3.12/site-packages/oslo_config/cfg.py:3242}}
Jul 07 16:41:28.868035 np0000004742 devstack@n-api-meta.service[95840]: DEBUG nova.api.openstack.wsgi_app [None req-37aec28b-b95c-407e-af86-2b8b4c49da49 None None] log_dir = None {{(pid=95840) log_opt_values /opt/stack/data/venv/lib/python3.12/site-packages/oslo_config/cfg.py:3242}}
Jul 07 16:41:28.868035 np0000004742 devstack@n-api-meta.service[95840]: DEBUG nova.api.openstack.wsgi_app [None req-37aec28b-b95c-407e-af86-2b8b4c49da49 None None] log_file = None {{(pid=95840) log_opt_values /opt/stack/data/venv/lib/python3.12/site-packages/oslo_config/cfg.py:3242}}
Jul 07 16:41:28.868244 np0000004742 devstack@n-api-meta.service[95840]: DEBUG nova.api.openstack.wsgi_app [None req-37aec28b-b95c-407e-af86-2b8b4c49da49 None None] log_options = True {{(pid=95840) log_opt_values /opt/stack/data/venv/lib/python3.12/site-packages/oslo_config/cfg.py:3242}}
Jul 07 16:41:28.868244 np0000004742 devstack@n-api-meta.service[95840]: DEBUG nova.api.openstack.wsgi_app [None req-37aec28b-b95c-407e-af86-2b8b4c49da49 None None] log_rotate_interval = 1 {{(pid=95840) log_opt_values /opt/stack/data/venv/lib/python3.12/site-packages/oslo_config/cfg.py:3242}}
Jul 07 16:41:28.868372 np0000004742 devstack@n-api-meta.service[95840]: DEBUG nova.api.openstack.wsgi_app [None req-37aec28b-b95c-407e-af86-2b8b4c49da49 None None] log_rotate_interval_type = days {{(pid=95840) log_opt_values /opt/stack/data/venv/lib/python3.12/site-packages/oslo_config/cfg.py:3242}}
Jul 07 16:41:28.868472 np0000004742 devstack@n-api-meta.service[95840]: DEBUG nova.api.openstack.wsgi_app [None req-37aec28b-b95c-407e-af86-2b8b4c49da49 None None] log_rotation_type = none {{(pid=95840) log_opt_values /opt/stack/data/venv/lib/python3.12/site-packages/oslo_config/cfg.py:3242}}
Jul 07 16:41:28.868565 np0000004742 devstack@n-api-meta.service[95840]: DEBUG nova.api.openstack.wsgi_app [None req-37aec28b-b95c-407e-af86-2b8b4c49da49 None None] logging_context_format_string = %(color)s%(levelname)s %(name)s [%(global_request_id)s %(request_id)s %(project_name)s %(user_name)s%(color)s] %(instance)s%(color)s%(message)s {{(pid=95840) log_opt_values /opt/stack/data/venv/lib/python3.12/site-packages/oslo_config/cfg.py:3242}}
Jul 07 16:41:28.868663 np0000004742 devstack@n-api-meta.service[95840]: DEBUG nova.api.openstack.wsgi_app [None req-37aec28b-b95c-407e-af86-2b8b4c49da49 None None] logging_debug_format_suffix = {{(pid=%(process)d) %(funcName)s %(pathname)s:%(lineno)d}} {{(pid=95840) log_opt_values /opt/stack/data/venv/lib/python3.12/site-packages/oslo_config/cfg.py:3242}}
Jul 07 16:41:28.868861 np0000004742 devstack@n-api-meta.service[95840]: DEBUG nova.api.openstack.wsgi_app [None req-37aec28b-b95c-407e-af86-2b8b4c49da49 None None] logging_default_format_string = %(color)s%(levelname)s %(name)s [-%(color)s] %(instance)s%(color)s%(message)s {{(pid=95840) log_opt_values /opt/stack/data/venv/lib/python3.12/site-packages/oslo_config/cfg.py:3242}}
Jul 07 16:41:28.869017 np0000004742 devstack@n-api-meta.service[95840]: DEBUG nova.api.openstack.wsgi_app [None req-37aec28b-b95c-407e-af86-2b8b4c49da49 None None] logging_exception_prefix = ERROR %(name)s %(instance)s {{(pid=95840) log_opt_values /opt/stack/data/venv/lib/python3.12/site-packages/oslo_config/cfg.py:3242}}
Jul 07 16:41:28.869110 np0000004742 devstack@n-api-meta.service[95840]: DEBUG nova.api.openstack.wsgi_app [None req-37aec28b-b95c-407e-af86-2b8b4c49da49 None None] logging_user_identity_format = %(user)s %(project)s %(domain)s %(system_scope)s %(user_domain)s %(project_domain)s {{(pid=95840) log_opt_values /opt/stack/data/venv/lib/python3.12/site-packages/oslo_config/cfg.py:3242}}
Jul 07 16:41:28.869244 np0000004742 devstack@n-api-meta.service[95840]: DEBUG nova.api.openstack.wsgi_app [None req-37aec28b-b95c-407e-af86-2b8b4c49da49 None None] long_rpc_timeout = 1800 {{(pid=95840) log_opt_values /opt/stack/data/venv/lib/python3.12/site-packages/oslo_config/cfg.py:3242}}
Jul 07 16:41:28.869391 np0000004742 devstack@n-api-meta.service[95840]: DEBUG nova.api.openstack.wsgi_app [None req-37aec28b-b95c-407e-af86-2b8b4c49da49 None None] manager_shutdown_timeout = 160 {{(pid=95840) log_opt_values /opt/stack/data/venv/lib/python3.12/site-packages/oslo_config/cfg.py:3242}}
Jul 07 16:41:28.869568 np0000004742 devstack@n-api-meta.service[95840]: DEBUG nova.api.openstack.wsgi_app [None req-37aec28b-b95c-407e-af86-2b8b4c49da49 None None] max_concurrent_builds = 10 {{(pid=95840) log_opt_values /opt/stack/data/venv/lib/python3.12/site-packages/oslo_config/cfg.py:3242}}
Jul 07 16:41:28.869745 np0000004742 devstack@n-api-meta.service[95840]: DEBUG nova.api.openstack.wsgi_app [None req-37aec28b-b95c-407e-af86-2b8b4c49da49 None None] max_concurrent_live_migrations = 1 {{(pid=95840) log_opt_values /opt/stack/data/venv/lib/python3.12/site-packages/oslo_config/cfg.py:3242}}
Jul 07 16:41:28.869925 np0000004742 devstack@n-api-meta.service[95840]: DEBUG nova.api.openstack.wsgi_app [None req-37aec28b-b95c-407e-af86-2b8b4c49da49 None None] max_concurrent_snapshots = 5 {{(pid=95840) log_opt_values /opt/stack/data/venv/lib/python3.12/site-packages/oslo_config/cfg.py:3242}}
Jul 07 16:41:28.870045 np0000004742 devstack@n-api-meta.service[95840]: DEBUG nova.api.openstack.wsgi_app [None req-37aec28b-b95c-407e-af86-2b8b4c49da49 None None] max_local_block_devices = 3 {{(pid=95840) log_opt_values /opt/stack/data/venv/lib/python3.12/site-packages/oslo_config/cfg.py:3242}}
