Jul 07 16:41:34.359916 np0000004742 nova-conductor[98855]: DEBUG cotyledon.oslo_config_glue [-] oslo_versionedobjects.fatal_exception_format_errors = False {{(pid=98855) log_opt_values /opt/stack/data/venv/lib/python3.12/site-packages/oslo_config/cfg.py:3253}}
Jul 07 16:41:34.359916 np0000004742 nova-conductor[98855]: DEBUG cotyledon.oslo_config_glue [-] oslo_middleware.http_basic_auth_user_file = /etc/htpasswd {{(pid=98855) log_opt_values /opt/stack/data/venv/lib/python3.12/site-packages/oslo_config/cfg.py:3253}}
Jul 07 16:41:34.360154 np0000004742 nova-conductor[98855]: DEBUG cotyledon.oslo_config_glue [-] profiler.connection_string = messaging:// {{(pid=98855) log_opt_values /opt/stack/data/venv/lib/python3.12/site-packages/oslo_config/cfg.py:3253}}
Jul 07 16:41:34.360154 np0000004742 nova-conductor[98855]: DEBUG cotyledon.oslo_config_glue [-] profiler.enabled = False {{(pid=98855) log_opt_values /opt/stack/data/venv/lib/python3.12/site-packages/oslo_config/cfg.py:3253}}
Jul 07 16:41:34.360154 np0000004742 nova-conductor[98855]: DEBUG cotyledon.oslo_config_glue [-] profiler.es_doc_type = notification {{(pid=98855) log_opt_values /opt/stack/data/venv/lib/python3.12/site-packages/oslo_config/cfg.py:3253}}
Jul 07 16:41:34.360154 np0000004742 nova-conductor[98855]: DEBUG cotyledon.oslo_config_glue [-] profiler.es_scroll_size = 10000 {{(pid=98855) log_opt_values /opt/stack/data/venv/lib/python3.12/site-packages/oslo_config/cfg.py:3253}}
Jul 07 16:41:34.360154 np0000004742 nova-conductor[98855]: DEBUG cotyledon.oslo_config_glue [-] profiler.es_scroll_time = 2m {{(pid=98855) log_opt_values /opt/stack/data/venv/lib/python3.12/site-packages/oslo_config/cfg.py:3253}}
Jul 07 16:41:34.360154 np0000004742 nova-conductor[98855]: DEBUG cotyledon.oslo_config_glue [-] profiler.filter_error_trace = False {{(pid=98855) log_opt_values /opt/stack/data/venv/lib/python3.12/site-packages/oslo_config/cfg.py:3253}}
Jul 07 16:41:34.360154 np0000004742 nova-conductor[98855]: DEBUG cotyledon.oslo_config_glue [-] profiler.hmac_keys = **** {{(pid=98855) log_opt_values /opt/stack/data/venv/lib/python3.12/site-packages/oslo_config/cfg.py:3253}}
Jul 07 16:41:34.360154 np0000004742 nova-conductor[98855]: DEBUG cotyledon.oslo_config_glue [-] profiler.sentinel_service_name = mymaster {{(pid=98855) log_opt_values /opt/stack/data/venv/lib/python3.12/site-packages/oslo_config/cfg.py:3253}}
Jul 07 16:41:34.360154 np0000004742 nova-conductor[98855]: DEBUG cotyledon.oslo_config_glue [-] profiler.socket_timeout = 0.1 {{(pid=98855) log_opt_values /opt/stack/data/venv/lib/python3.12/site-packages/oslo_config/cfg.py:3253}}
Jul 07 16:41:34.360339 np0000004742 nova-conductor[98855]: DEBUG cotyledon.oslo_config_glue [-] profiler.trace_requests = False {{(pid=98855) log_opt_values /opt/stack/data/venv/lib/python3.12/site-packages/oslo_config/cfg.py:3253}}
Jul 07 16:41:34.360339 np0000004742 nova-conductor[98855]: DEBUG cotyledon.oslo_config_glue [-] profiler.trace_sqlalchemy = False {{(pid=98855) log_opt_values /opt/stack/data/venv/lib/python3.12/site-packages/oslo_config/cfg.py:3253}}
Jul 07 16:41:34.360339 np0000004742 nova-conductor[98855]: DEBUG cotyledon.oslo_config_glue [-] profiler_jaeger.process_tags = {} {{(pid=98855) log_opt_values /opt/stack/data/venv/lib/python3.12/site-packages/oslo_config/cfg.py:3253}}
Jul 07 16:41:34.360339 np0000004742 nova-conductor[98855]: DEBUG cotyledon.oslo_config_glue [-] profiler_jaeger.service_name_prefix = None {{(pid=98855) log_opt_values /opt/stack/data/venv/lib/python3.12/site-packages/oslo_config/cfg.py:3253}}
Jul 07 16:41:34.360339 np0000004742 nova-conductor[98855]: DEBUG cotyledon.oslo_config_glue [-] profiler_otlp.service_name_prefix = None {{(pid=98855) log_opt_values /opt/stack/data/venv/lib/python3.12/site-packages/oslo_config/cfg.py:3253}}
Jul 07 16:41:34.360339 np0000004742 nova-conductor[98855]: DEBUG cotyledon.oslo_config_glue [-] oslo_messaging_rabbit.amqp_auto_delete = False {{(pid=98855) log_opt_values /opt/stack/data/venv/lib/python3.12/site-packages/oslo_config/cfg.py:3253}}
Jul 07 16:41:34.360339 np0000004742 nova-conductor[98855]: DEBUG cotyledon.oslo_config_glue [-] oslo_messaging_rabbit.amqp_durable_queues = False {{(pid=98855) log_opt_values /opt/stack/data/venv/lib/python3.12/site-packages/oslo_config/cfg.py:3253}}
Jul 07 16:41:34.360339 np0000004742 nova-conductor[98855]: DEBUG cotyledon.oslo_config_glue [-] oslo_messaging_rabbit.conn_pool_min_size = 2 {{(pid=98855) log_opt_values /opt/stack/data/venv/lib/python3.12/site-packages/oslo_config/cfg.py:3253}}
Jul 07 16:41:34.360339 np0000004742 nova-conductor[98855]: DEBUG cotyledon.oslo_config_glue [-] oslo_messaging_rabbit.conn_pool_ttl = 1200 {{(pid=98855) log_opt_values /opt/stack/data/venv/lib/python3.12/site-packages/oslo_config/cfg.py:3253}}
Jul 07 16:41:34.360494 np0000004742 nova-conductor[98855]: DEBUG cotyledon.oslo_config_glue [-] oslo_messaging_rabbit.direct_mandatory_flag = True {{(pid=98855) log_opt_values /opt/stack/data/venv/lib/python3.12/site-packages/oslo_config/cfg.py:3253}}
Jul 07 16:41:34.360494 np0000004742 nova-conductor[98855]: DEBUG cotyledon.oslo_config_glue [-] oslo_messaging_rabbit.enable_cancel_on_failover = False {{(pid=98855) log_opt_values /opt/stack/data/venv/lib/python3.12/site-packages/oslo_config/cfg.py:3253}}
Jul 07 16:41:34.360494 np0000004742 nova-conductor[98855]: DEBUG cotyledon.oslo_config_glue [-] oslo_messaging_rabbit.heartbeat_rate = 3 {{(pid=98855) log_opt_values /opt/stack/data/venv/lib/python3.12/site-packages/oslo_config/cfg.py:3253}}
Jul 07 16:41:34.360494 np0000004742 nova-conductor[98855]: DEBUG cotyledon.oslo_config_glue [-] oslo_messaging_rabbit.heartbeat_timeout_threshold = 60 {{(pid=98855) log_opt_values /opt/stack/data/venv/lib/python3.12/site-packages/oslo_config/cfg.py:3253}}
Jul 07 16:41:34.360494 np0000004742 nova-conductor[98855]: DEBUG cotyledon.oslo_config_glue [-] oslo_messaging_rabbit.hostname = np0000004742 {{(pid=98855) log_opt_values /opt/stack/data/venv/lib/python3.12/site-packages/oslo_config/cfg.py:3253}}
Jul 07 16:41:34.360494 np0000004742 nova-conductor[98855]: DEBUG cotyledon.oslo_config_glue [-] oslo_messaging_rabbit.kombu_compression = None {{(pid=98855) log_opt_values /opt/stack/data/venv/lib/python3.12/site-packages/oslo_config/cfg.py:3253}}
Jul 07 16:41:34.360494 np0000004742 nova-conductor[98855]: DEBUG cotyledon.oslo_config_glue [-] oslo_messaging_rabbit.kombu_failover_strategy = round-robin {{(pid=98855) log_opt_values /opt/stack/data/venv/lib/python3.12/site-packages/oslo_config/cfg.py:3253}}
Jul 07 16:41:34.360494 np0000004742 nova-conductor[98855]: DEBUG cotyledon.oslo_config_glue [-] oslo_messaging_rabbit.kombu_missing_consumer_retry_timeout = 60 {{(pid=98855) log_opt_values /opt/stack/data/venv/lib/python3.12/site-packages/oslo_config/cfg.py:3253}}
Jul 07 16:41:34.360494 np0000004742 nova-conductor[98855]: DEBUG cotyledon.oslo_config_glue [-] oslo_messaging_rabbit.kombu_reconnect_delay = 1.0 {{(pid=98855) log_opt_values /opt/stack/data/venv/lib/python3.12/site-packages/oslo_config/cfg.py:3253}}
Jul 07 16:41:34.360668 np0000004742 nova-conductor[98855]: DEBUG cotyledon.oslo_config_glue [-] oslo_messaging_rabbit.kombu_reconnect_splay = 0.0 {{(pid=98855) log_opt_values /opt/stack/data/venv/lib/python3.12/site-packages/oslo_config/cfg.py:3253}}
Jul 07 16:41:34.360668 np0000004742 nova-conductor[98855]: DEBUG cotyledon.oslo_config_glue [-] oslo_messaging_rabbit.processname = nova-conductor {{(pid=98855) log_opt_values /opt/stack/data/venv/lib/python3.12/site-packages/oslo_config/cfg.py:3253}}
Jul 07 16:41:34.360668 np0000004742 nova-conductor[98855]: DEBUG cotyledon.oslo_config_glue [-] oslo_messaging_rabbit.rabbit_ha_queues = False {{(pid=98855) log_opt_values /opt/stack/data/venv/lib/python3.12/site-packages/oslo_config/cfg.py:3253}}
Jul 07 16:41:34.360668 np0000004742 nova-conductor[98855]: DEBUG cotyledon.oslo_config_glue [-] oslo_messaging_rabbit.rabbit_interval_max = 30 {{(pid=98855) log_opt_values /opt/stack/data/venv/lib/python3.12/site-packages/oslo_config/cfg.py:3253}}
Jul 07 16:41:34.360668 np0000004742 nova-conductor[98855]: DEBUG cotyledon.oslo_config_glue [-] oslo_messaging_rabbit.rabbit_login_method = AMQPLAIN {{(pid=98855) log_opt_values /opt/stack/data/venv/lib/python3.12/site-packages/oslo_config/cfg.py:3253}}
Jul 07 16:41:34.360668 np0000004742 nova-conductor[98855]: DEBUG cotyledon.oslo_config_glue [-] oslo_messaging_rabbit.rabbit_qos_prefetch_count = 0 {{(pid=98855) log_opt_values /opt/stack/data/venv/lib/python3.12/site-packages/oslo_config/cfg.py:3253}}
Jul 07 16:41:34.360668 np0000004742 nova-conductor[98855]: DEBUG cotyledon.oslo_config_glue [-] oslo_messaging_rabbit.rabbit_quorum_delivery_limit = 0 {{(pid=98855) log_opt_values /opt/stack/data/venv/lib/python3.12/site-packages/oslo_config/cfg.py:3253}}
Jul 07 16:41:34.360668 np0000004742 nova-conductor[98855]: DEBUG cotyledon.oslo_config_glue [-] oslo_messaging_rabbit.rabbit_quorum_max_memory_bytes = 0 {{(pid=98855) log_opt_values /opt/stack/data/venv/lib/python3.12/site-packages/oslo_config/cfg.py:3253}}
Jul 07 16:41:34.360668 np0000004742 nova-conductor[98855]: DEBUG cotyledon.oslo_config_glue [-] oslo_messaging_rabbit.rabbit_quorum_max_memory_length = 0 {{(pid=98855) log_opt_values /opt/stack/data/venv/lib/python3.12/site-packages/oslo_config/cfg.py:3253}}
Jul 07 16:41:34.360893 np0000004742 nova-conductor[98855]: DEBUG cotyledon.oslo_config_glue [-] oslo_messaging_rabbit.rabbit_quorum_queue = False {{(pid=98855) log_opt_values /opt/stack/data/venv/lib/python3.12/site-packages/oslo_config/cfg.py:3253}}
Jul 07 16:41:34.360893 np0000004742 nova-conductor[98855]: DEBUG cotyledon.oslo_config_glue [-] oslo_messaging_rabbit.rabbit_retry_backoff = 2 {{(pid=98855) log_opt_values /opt/stack/data/venv/lib/python3.12/site-packages/oslo_config/cfg.py:3253}}
Jul 07 16:41:34.360893 np0000004742 nova-conductor[98855]: DEBUG cotyledon.oslo_config_glue [-] oslo_messaging_rabbit.rabbit_retry_interval = 1 {{(pid=98855) log_opt_values /opt/stack/data/venv/lib/python3.12/site-packages/oslo_config/cfg.py:3253}}
Jul 07 16:41:34.360893 np0000004742 nova-conductor[98855]: DEBUG cotyledon.oslo_config_glue [-] oslo_messaging_rabbit.rabbit_stream_fanout = False {{(pid=98855) log_opt_values /opt/stack/data/venv/lib/python3.12/site-packages/oslo_config/cfg.py:3253}}
Jul 07 16:41:34.360893 np0000004742 nova-conductor[98855]: DEBUG cotyledon.oslo_config_glue [-] oslo_messaging_rabbit.rabbit_transient_queues_ttl = 1800 {{(pid=98855) log_opt_values /opt/stack/data/venv/lib/python3.12/site-packages/oslo_config/cfg.py:3253}}
Jul 07 16:41:34.360893 np0000004742 nova-conductor[98855]: DEBUG cotyledon.oslo_config_glue [-] oslo_messaging_rabbit.rabbit_transient_quorum_queue = False {{(pid=98855) log_opt_values /opt/stack/data/venv/lib/python3.12/site-packages/oslo_config/cfg.py:3253}}
Jul 07 16:41:34.360893 np0000004742 nova-conductor[98855]: DEBUG cotyledon.oslo_config_glue [-] oslo_messaging_rabbit.rpc_conn_pool_size = 30 {{(pid=98855) log_opt_values /opt/stack/data/venv/lib/python3.12/site-packages/oslo_config/cfg.py:3253}}
Jul 07 16:41:34.360893 np0000004742 nova-conductor[98855]: DEBUG cotyledon.oslo_config_glue [-] oslo_messaging_rabbit.ssl = False {{(pid=98855) log_opt_values /opt/stack/data/venv/lib/python3.12/site-packages/oslo_config/cfg.py:3253}}
Jul 07 16:41:34.360893 np0000004742 nova-conductor[98855]: DEBUG cotyledon.oslo_config_glue [-] oslo_messaging_rabbit.ssl_ca_file = {{(pid=98855) log_opt_values /opt/stack/data/venv/lib/python3.12/site-packages/oslo_config/cfg.py:3253}}
Jul 07 16:41:34.361832 np0000004742 nova-conductor[98855]: DEBUG cotyledon.oslo_config_glue [-] oslo_messaging_rabbit.ssl_cert_file = {{(pid=98855) log_opt_values /opt/stack/data/venv/lib/python3.12/site-packages/oslo_config/cfg.py:3253}}
Jul 07 16:41:34.361832 np0000004742 nova-conductor[98855]: DEBUG cotyledon.oslo_config_glue [-] oslo_messaging_rabbit.ssl_enforce_fips_mode = False {{(pid=98855) log_opt_values /opt/stack/data/venv/lib/python3.12/site-packages/oslo_config/cfg.py:3253}}
Jul 07 16:41:34.361909 np0000004742 nova-conductor[98851]: INFO dbcounter [None req-bbdec36a-d78b-4164-8a7b-2dfb0423bb34 None None] Registered counter for database nova_cell0
Jul 07 16:41:34.361940 np0000004742 nova-conductor[98855]: DEBUG cotyledon.oslo_config_glue [-] oslo_messaging_rabbit.ssl_enforce_hostname_verification = True {{(pid=98855) log_opt_values /opt/stack/data/venv/lib/python3.12/site-packages/oslo_config/cfg.py:3253}}
Jul 07 16:41:34.361940 np0000004742 nova-conductor[98855]: DEBUG cotyledon.oslo_config_glue [-] oslo_messaging_rabbit.ssl_key_file = {{(pid=98855) log_opt_values /opt/stack/data/venv/lib/python3.12/site-packages/oslo_config/cfg.py:3253}}
Jul 07 16:41:34.361940 np0000004742 nova-conductor[98855]: DEBUG cotyledon.oslo_config_glue [-] oslo_messaging_rabbit.ssl_version = {{(pid=98855) log_opt_values /opt/stack/data/venv/lib/python3.12/site-packages/oslo_config/cfg.py:3253}}
Jul 07 16:41:34.361940 np0000004742 nova-conductor[98855]: DEBUG cotyledon.oslo_config_glue [-] oslo_messaging_rabbit.use_queue_manager = False {{(pid=98855) log_opt_values /opt/stack/data/venv/lib/python3.12/site-packages/oslo_config/cfg.py:3253}}
Jul 07 16:41:34.361940 np0000004742 nova-conductor[98855]: DEBUG cotyledon.oslo_config_glue [-] oslo_messaging_notifications.driver = ['messagingv2'] {{(pid=98855) log_opt_values /opt/stack/data/venv/lib/python3.12/site-packages/oslo_config/cfg.py:3253}}
Jul 07 16:41:34.361940 np0000004742 nova-conductor[98855]: DEBUG cotyledon.oslo_config_glue [-] oslo_messaging_notifications.retry = -1 {{(pid=98855) log_opt_values /opt/stack/data/venv/lib/python3.12/site-packages/oslo_config/cfg.py:3253}}
Jul 07 16:41:34.361940 np0000004742 nova-conductor[98855]: DEBUG cotyledon.oslo_config_glue [-] oslo_messaging_notifications.topics = ['notifications'] {{(pid=98855) log_opt_values /opt/stack/data/venv/lib/python3.12/site-packages/oslo_config/cfg.py:3253}}
Jul 07 16:41:34.361940 np0000004742 nova-conductor[98855]: DEBUG cotyledon.oslo_config_glue [-] oslo_messaging_notifications.transport_url = **** {{(pid=98855) log_opt_values /opt/stack/data/venv/lib/python3.12/site-packages/oslo_config/cfg.py:3253}}
Jul 07 16:41:34.361940 np0000004742 nova-conductor[98855]: DEBUG cotyledon.oslo_config_glue [-] oslo_limit.auth_section = None {{(pid=98855) log_opt_values /opt/stack/data/venv/lib/python3.12/site-packages/oslo_config/cfg.py:3253}}
Jul 07 16:41:34.362326 np0000004742 nova-conductor[98855]: DEBUG cotyledon.oslo_config_glue [-] oslo_limit.auth_type = None {{(pid=98855) log_opt_values /opt/stack/data/venv/lib/python3.12/site-packages/oslo_config/cfg.py:3253}}
Jul 07 16:41:34.362326 np0000004742 nova-conductor[98855]: DEBUG cotyledon.oslo_config_glue [-] oslo_limit.cafile = None {{(pid=98855) log_opt_values /opt/stack/data/venv/lib/python3.12/site-packages/oslo_config/cfg.py:3253}}
Jul 07 16:41:34.362326 np0000004742 nova-conductor[98855]: DEBUG cotyledon.oslo_config_glue [-] oslo_limit.certfile = None {{(pid=98855) log_opt_values /opt/stack/data/venv/lib/python3.12/site-packages/oslo_config/cfg.py:3253}}
Jul 07 16:41:34.362326 np0000004742 nova-conductor[98855]: DEBUG cotyledon.oslo_config_glue [-] oslo_limit.collect_timing = False {{(pid=98855) log_opt_values /opt/stack/data/venv/lib/python3.12/site-packages/oslo_config/cfg.py:3253}}
Jul 07 16:41:34.362326 np0000004742 nova-conductor[98855]: DEBUG cotyledon.oslo_config_glue [-] oslo_limit.connect_retries = None {{(pid=98855) log_opt_values /opt/stack/data/venv/lib/python3.12/site-packages/oslo_config/cfg.py:3253}}
Jul 07 16:41:34.362326 np0000004742 nova-conductor[98855]: DEBUG cotyledon.oslo_config_glue [-] oslo_limit.connect_retry_delay = None {{(pid=98855) log_opt_values /opt/stack/data/venv/lib/python3.12/site-packages/oslo_config/cfg.py:3253}}
Jul 07 16:41:34.362326 np0000004742 nova-conductor[98855]: DEBUG cotyledon.oslo_config_glue [-] oslo_limit.endpoint_id = None {{(pid=98855) log_opt_values /opt/stack/data/venv/lib/python3.12/site-packages/oslo_config/cfg.py:3253}}
Jul 07 16:41:34.362326 np0000004742 nova-conductor[98855]: DEBUG cotyledon.oslo_config_glue [-] oslo_limit.endpoint_interface = public {{(pid=98855) log_opt_values /opt/stack/data/venv/lib/python3.12/site-packages/oslo_config/cfg.py:3253}}
Jul 07 16:41:34.362326 np0000004742 nova-conductor[98855]: DEBUG cotyledon.oslo_config_glue [-] oslo_limit.endpoint_override = None {{(pid=98855) log_opt_values /opt/stack/data/venv/lib/python3.12/site-packages/oslo_config/cfg.py:3253}}
Jul 07 16:41:34.362499 np0000004742 nova-conductor[98855]: DEBUG cotyledon.oslo_config_glue [-] oslo_limit.endpoint_region_name = None {{(pid=98855) log_opt_values /opt/stack/data/venv/lib/python3.12/site-packages/oslo_config/cfg.py:3253}}
Jul 07 16:41:34.362499 np0000004742 nova-conductor[98855]: DEBUG cotyledon.oslo_config_glue [-] oslo_limit.endpoint_service_name = None {{(pid=98855) log_opt_values /opt/stack/data/venv/lib/python3.12/site-packages/oslo_config/cfg.py:3253}}
Jul 07 16:41:34.362499 np0000004742 nova-conductor[98855]: DEBUG cotyledon.oslo_config_glue [-] oslo_limit.endpoint_service_type = None {{(pid=98855) log_opt_values /opt/stack/data/venv/lib/python3.12/site-packages/oslo_config/cfg.py:3253}}
Jul 07 16:41:34.362499 np0000004742 nova-conductor[98855]: DEBUG cotyledon.oslo_config_glue [-] oslo_limit.insecure = False {{(pid=98855) log_opt_values /opt/stack/data/venv/lib/python3.12/site-packages/oslo_config/cfg.py:3253}}
Jul 07 16:41:34.362499 np0000004742 nova-conductor[98855]: DEBUG cotyledon.oslo_config_glue [-] oslo_limit.keyfile = None {{(pid=98855) log_opt_values /opt/stack/data/venv/lib/python3.12/site-packages/oslo_config/cfg.py:3253}}
Jul 07 16:41:34.362499 np0000004742 nova-conductor[98855]: DEBUG cotyledon.oslo_config_glue [-] oslo_limit.max_version = None {{(pid=98855) log_opt_values /opt/stack/data/venv/lib/python3.12/site-packages/oslo_config/cfg.py:3253}}
Jul 07 16:41:34.362499 np0000004742 nova-conductor[98855]: DEBUG cotyledon.oslo_config_glue [-] oslo_limit.min_version = None {{(pid=98855) log_opt_values /opt/stack/data/venv/lib/python3.12/site-packages/oslo_config/cfg.py:3253}}
Jul 07 16:41:34.362499 np0000004742 nova-conductor[98855]: DEBUG cotyledon.oslo_config_glue [-] oslo_limit.region_name = None {{(pid=98855) log_opt_values /opt/stack/data/venv/lib/python3.12/site-packages/oslo_config/cfg.py:3253}}
Jul 07 16:41:34.362499 np0000004742 nova-conductor[98855]: DEBUG cotyledon.oslo_config_glue [-] oslo_limit.retriable_status_codes = None {{(pid=98855) log_opt_values /opt/stack/data/venv/lib/python3.12/site-packages/oslo_config/cfg.py:3253}}
Jul 07 16:41:34.362677 np0000004742 nova-conductor[98855]: DEBUG cotyledon.oslo_config_glue [-] oslo_limit.service_name = None {{(pid=98855) log_opt_values /opt/stack/data/venv/lib/python3.12/site-packages/oslo_config/cfg.py:3253}}
Jul 07 16:41:34.362677 np0000004742 nova-conductor[98855]: DEBUG cotyledon.oslo_config_glue [-] oslo_limit.service_type = None {{(pid=98855) log_opt_values /opt/stack/data/venv/lib/python3.12/site-packages/oslo_config/cfg.py:3253}}
Jul 07 16:41:34.362677 np0000004742 nova-conductor[98855]: DEBUG cotyledon.oslo_config_glue [-] oslo_limit.split_loggers = False {{(pid=98855) log_opt_values /opt/stack/data/venv/lib/python3.12/site-packages/oslo_config/cfg.py:3253}}
Jul 07 16:41:34.362677 np0000004742 nova-conductor[98855]: DEBUG cotyledon.oslo_config_glue [-] oslo_limit.status_code_retries = None {{(pid=98855) log_opt_values /opt/stack/data/venv/lib/python3.12/site-packages/oslo_config/cfg.py:3253}}
Jul 07 16:41:34.362677 np0000004742 nova-conductor[98855]: DEBUG cotyledon.oslo_config_glue [-] oslo_limit.status_code_retry_delay = None {{(pid=98855) log_opt_values /opt/stack/data/venv/lib/python3.12/site-packages/oslo_config/cfg.py:3253}}
Jul 07 16:41:34.362677 np0000004742 nova-conductor[98855]: DEBUG cotyledon.oslo_config_glue [-] oslo_limit.timeout = None {{(pid=98855) log_opt_values /opt/stack/data/venv/lib/python3.12/site-packages/oslo_config/cfg.py:3253}}
Jul 07 16:41:34.362677 np0000004742 nova-conductor[98855]: DEBUG cotyledon.oslo_config_glue [-] oslo_limit.valid_interfaces = None {{(pid=98855) log_opt_values /opt/stack/data/venv/lib/python3.12/site-packages/oslo_config/cfg.py:3253}}
Jul 07 16:41:34.362677 np0000004742 nova-conductor[98855]: DEBUG cotyledon.oslo_config_glue [-] oslo_limit.version = None {{(pid=98855) log_opt_values /opt/stack/data/venv/lib/python3.12/site-packages/oslo_config/cfg.py:3253}}
Jul 07 16:41:34.362677 np0000004742 nova-conductor[98855]: DEBUG cotyledon.oslo_config_glue [-] oslo_reports.file_event_handler = None {{(pid=98855) log_opt_values /opt/stack/data/venv/lib/python3.12/site-packages/oslo_config/cfg.py:3253}}
Jul 07 16:41:34.362858 np0000004742 nova-conductor[98855]: DEBUG cotyledon.oslo_config_glue [-] oslo_reports.file_event_handler_interval = 1 {{(pid=98855) log_opt_values /opt/stack/data/venv/lib/python3.12/site-packages/oslo_config/cfg.py:3253}}
Jul 07 16:41:34.362858 np0000004742 nova-conductor[98855]: DEBUG cotyledon.oslo_config_glue [-] oslo_reports.log_dir = None {{(pid=98855) log_opt_values /opt/stack/data/venv/lib/python3.12/site-packages/oslo_config/cfg.py:3253}}
Jul 07 16:41:34.362858 np0000004742 nova-conductor[98855]: DEBUG cotyledon.oslo_config_glue [-] ******************************************************************************** {{(pid=98855) log_opt_values /opt/stack/data/venv/lib/python3.12/site-packages/oslo_config/cfg.py:3260}}
Jul 07 16:41:34.362912 np0000004742 nova-conductor[98844]: INFO dbcounter [None req-4028aafb-130a-4904-8b42-9b88f9b94c0c None None] Registered counter for database nova_cell0
Jul 07 16:41:34.362939 np0000004742 nova-conductor[98855]: DEBUG cotyledon._service_worker [-] Run service ServiceWrapper(3) [98855] {{(pid=98855) wait_forever /opt/stack/data/venv/lib/python3.12/site-packages/cotyledon/_service_worker.py:218}}
Jul 07 16:41:34.362939 np0000004742 nova-conductor[98855]: INFO nova.service [-] Starting conductor node (version 33.1.0)
Jul 07 16:41:34.362939 np0000004742 nova-conductor[98855]: INFO dbcounter [None req-81d4cc90-81a6-489f-9bb6-db88ac5b4bf4 None None] Registered counter for database nova_cell0
Jul 07 16:41:34.363014 np0000004742 nova-conductor[98831]: DEBUG oslo_db.sqlalchemy.engines [None req-e614fd4a-3f33-4a93-bf32-21ea3d2b6fa7 None None] MySQL server mode set to STRICT_TRANS_TABLES,STRICT_ALL_TABLES,NO_ZERO_IN_DATE,NO_ZERO_DATE,ERROR_FOR_DIVISION_BY_ZERO,TRADITIONAL,NO_ENGINE_SUBSTITUTION {{(pid=98831) _check_effective_sql_mode /opt/stack/data/venv/lib/python3.12/site-packages/oslo_db/sqlalchemy/engines.py:325}}
Jul 07 16:41:34.363014 np0000004742 nova-conductor[98831]: DEBUG dbcounter [-] [98831] Writer thread running {{(pid=98831) stat_writer /opt/stack/data/venv/lib/python3.12/site-packages/dbcounter.py:102}}
Jul 07 16:41:34.363014 np0000004742 nova-conductor[98831]: DEBUG nova.service [None req-e614fd4a-3f33-4a93-bf32-21ea3d2b6fa7 None None] Creating RPC server for service: nova-conductor on topic: conductor {{(pid=98831) start /opt/stack/nova/nova/service.py:196}}
Jul 07 16:41:34.363107 np0000004742 nova-conductor[98851]: DEBUG oslo_db.sqlalchemy.engines [None req-bbdec36a-d78b-4164-8a7b-2dfb0423bb34 None None] MySQL server mode set to STRICT_TRANS_TABLES,STRICT_ALL_TABLES,NO_ZERO_IN_DATE,NO_ZERO_DATE,ERROR_FOR_DIVISION_BY_ZERO,TRADITIONAL,NO_ENGINE_SUBSTITUTION {{(pid=98851) _check_effective_sql_mode /opt/stack/data/venv/lib/python3.12/site-packages/oslo_db/sqlalchemy/engines.py:325}}
Jul 07 16:41:34.363138 np0000004742 nova-conductor[98844]: DEBUG oslo_db.sqlalchemy.engines [None req-4028aafb-130a-4904-8b42-9b88f9b94c0c None None] MySQL server mode set to STRICT_TRANS_TABLES,STRICT_ALL_TABLES,NO_ZERO_IN_DATE,NO_ZERO_DATE,ERROR_FOR_DIVISION_BY_ZERO,TRADITIONAL,NO_ENGINE_SUBSTITUTION {{(pid=98844) _check_effective_sql_mode /opt/stack/data/venv/lib/python3.12/site-packages/oslo_db/sqlalchemy/engines.py:325}}
Jul 07 16:41:34.363166 np0000004742 nova-conductor[98855]: DEBUG oslo_db.sqlalchemy.engines [None req-81d4cc90-81a6-489f-9bb6-db88ac5b4bf4 None None] MySQL server mode set to STRICT_TRANS_TABLES,STRICT_ALL_TABLES,NO_ZERO_IN_DATE,NO_ZERO_DATE,ERROR_FOR_DIVISION_BY_ZERO,TRADITIONAL,NO_ENGINE_SUBSTITUTION {{(pid=98855) _check_effective_sql_mode /opt/stack/data/venv/lib/python3.12/site-packages/oslo_db/sqlalchemy/engines.py:325}}
Jul 07 16:41:34.369784 np0000004742 nova-conductor[98851]: DEBUG dbcounter [-] [98851] Writer thread running {{(pid=98851) stat_writer /opt/stack/data/venv/lib/python3.12/site-packages/dbcounter.py:102}}
Jul 07 16:41:34.371611 np0000004742 nova-conductor[98844]: DEBUG dbcounter [-] [98844] Writer thread running {{(pid=98844) stat_writer /opt/stack/data/venv/lib/python3.12/site-packages/dbcounter.py:102}}
Jul 07 16:41:34.372481 np0000004742 nova-conductor[98855]: DEBUG dbcounter [-] [98855] Writer thread running {{(pid=98855) stat_writer /opt/stack/data/venv/lib/python3.12/site-packages/dbcounter.py:102}}
Jul 07 16:41:34.374138 np0000004742 nova-conductor[98851]: DEBUG nova.service [None req-bbdec36a-d78b-4164-8a7b-2dfb0423bb34 None None] Creating RPC server for service: nova-conductor on topic: conductor {{(pid=98851) start /opt/stack/nova/nova/service.py:196}}
Jul 07 16:41:34.375505 np0000004742 nova-conductor[98844]: DEBUG nova.service [None req-4028aafb-130a-4904-8b42-9b88f9b94c0c None None] Creating RPC server for service: nova-conductor on topic: conductor {{(pid=98844) start /opt/stack/nova/nova/service.py:196}}
Jul 07 16:41:34.375749 np0000004742 nova-conductor[98855]: DEBUG nova.service [None req-81d4cc90-81a6-489f-9bb6-db88ac5b4bf4 None None] Creating RPC server for service: nova-conductor on topic: conductor {{(pid=98855) start /opt/stack/nova/nova/service.py:196}}
Jul 07 16:41:34.389430 np0000004742 nova-conductor[98831]: DEBUG nova.service [None req-e614fd4a-3f33-4a93-bf32-21ea3d2b6fa7 None None] Join ServiceGroup membership for this service conductor {{(pid=98831) start /opt/stack/nova/nova/service.py:222}}
Jul 07 16:41:34.389722 np0000004742 nova-conductor[98831]: DEBUG nova.servicegroup.drivers.db [None req-e614fd4a-3f33-4a93-bf32-21ea3d2b6fa7 None None] DB_Driver: join new ServiceGroup member np0000004742 to the conductor group, service = {{(pid=98831) join /opt/stack/nova/nova/servicegroup/drivers/db.py:44}}
Jul 07 16:41:34.415761 np0000004742 nova-conductor[98855]: DEBUG nova.service [None req-81d4cc90-81a6-489f-9bb6-db88ac5b4bf4 None None] Join ServiceGroup membership for this service conductor {{(pid=98855) start /opt/stack/nova/nova/service.py:222}}
Jul 07 16:41:34.415918 np0000004742 nova-conductor[98851]: DEBUG nova.service [None req-bbdec36a-d78b-4164-8a7b-2dfb0423bb34 None None] Join ServiceGroup membership for this service conductor {{(pid=98851) start /opt/stack/nova/nova/service.py:222}}
Jul 07 16:41:34.415975 np0000004742 nova-conductor[98844]: DEBUG nova.service [None req-4028aafb-130a-4904-8b42-9b88f9b94c0c None None] Join ServiceGroup membership for this service conductor {{(pid=98844) start /opt/stack/nova/nova/service.py:222}}
Jul 07 16:41:34.416042 np0000004742 nova-conductor[98855]: DEBUG nova.servicegroup.drivers.db [None req-81d4cc90-81a6-489f-9bb6-db88ac5b4bf4 None None] DB_Driver: join new ServiceGroup member np0000004742 to the conductor group, service = {{(pid=98855) join /opt/stack/nova/nova/servicegroup/drivers/db.py:44}}
Jul 07 16:41:34.416100 np0000004742 nova-conductor[98844]: DEBUG nova.servicegroup.drivers.db [None req-4028aafb-130a-4904-8b42-9b88f9b94c0c None None] DB_Driver: join new ServiceGroup member np0000004742 to the conductor group, service = {{(pid=98844) join /opt/stack/nova/nova/servicegroup/drivers/db.py:44}}
Jul 07 16:41:34.416151 np0000004742 nova-conductor[98851]: DEBUG nova.servicegroup.drivers.db [None req-bbdec36a-d78b-4164-8a7b-2dfb0423bb34 None None] DB_Driver: join new ServiceGroup member np0000004742 to the conductor group, service = {{(pid=98851) join /opt/stack/nova/nova/servicegroup/drivers/db.py:44}}
Jul 07 16:41:39.405427 np0000004742 nova-conductor[98831]: DEBUG oslo.service.backend._threading.loopingcall [-] Fixed interval looping call 'nova.servicegroup.drivers.db.DbDriver._report_state' sleeping for 119.99 seconds {{(pid=98831) _run_loop /opt/stack/data/venv/lib/python3.12/site-packages/oslo_service/backend/_threading/loopingcall.py:125}}
Jul 07 16:41:39.422601 np0000004742 nova-conductor[98844]: DEBUG oslo.service.backend._threading.loopingcall [None req-7850e210-d36a-4b40-9a9f-7721101c8e3c None None] Dynamic interval looping call 'nova.service.Service.periodic_tasks' sleeping for 60.00 seconds {{(pid=98844) _run_loop /opt/stack/data/venv/lib/python3.12/site-packages/oslo_service/backend/_threading/loopingcall.py:125}}
Jul 07 16:41:39.428568 np0000004742 nova-conductor[98851]: DEBUG oslo.service.backend._threading.loopingcall [-] Fixed interval looping call 'nova.servicegroup.drivers.db.DbDriver._report_state' sleeping for 119.99 seconds {{(pid=98851) _run_loop /opt/stack/data/venv/lib/python3.12/site-packages/oslo_service/backend/_threading/loopingcall.py:125}}
Jul 07 16:41:39.428924 np0000004742 nova-conductor[98844]: DEBUG oslo.service.backend._threading.loopingcall [-] Fixed interval looping call 'nova.servicegroup.drivers.db.DbDriver._report_state' sleeping for 119.99 seconds {{(pid=98844) _run_loop /opt/stack/data/venv/lib/python3.12/site-packages/oslo_service/backend/_threading/loopingcall.py:125}}
Jul 07 16:41:39.429567 np0000004742 nova-conductor[98855]: DEBUG oslo.service.backend._threading.loopingcall [-] Fixed interval looping call 'nova.servicegroup.drivers.db.DbDriver._report_state' sleeping for 119.99 seconds {{(pid=98855) _run_loop /opt/stack/data/venv/lib/python3.12/site-packages/oslo_service/backend/_threading/loopingcall.py:125}}
Jul 07 16:41:42.889214 np0000004742 nova-conductor[97360]: DEBUG dbcounter [-] [97360] Writing DB stats nova_api:SELECT=1 {{(pid=97360) stat_writer /opt/stack/data/venv/lib/python3.12/site-packages/dbcounter.py:115}}
Jul 07 16:41:43.050299 np0000004742 nova-conductor[97360]: DEBUG dbcounter [-] [97360] Writing DB stats nova_cell0:SELECT=1 {{(pid=97360) stat_writer /opt/stack/data/venv/lib/python3.12/site-packages/dbcounter.py:115}}
Jul 07 16:41:43.056310 np0000004742 nova-conductor[97360]: DEBUG dbcounter [-] [97360] Writing DB stats nova_cell1:SELECT=1 {{(pid=97360) stat_writer /opt/stack/data/venv/lib/python3.12/site-packages/dbcounter.py:115}}
Jul 07 16:41:49.400863 np0000004742 nova-conductor[98831]: DEBUG dbcounter [-] [98831] Writing DB stats nova_cell0:SELECT=4,nova_cell0:INSERT=1,nova_cell0:UPDATE=1 {{(pid=98831) stat_writer /opt/stack/data/venv/lib/python3.12/site-packages/dbcounter.py:115}}
Jul 07 16:41:49.425489 np0000004742 nova-conductor[98851]: DEBUG dbcounter [-] [98851] Writing DB stats nova_cell0:SELECT=3 {{(pid=98851) stat_writer /opt/stack/data/venv/lib/python3.12/site-packages/dbcounter.py:115}}
Jul 07 16:41:49.428607 np0000004742 nova-conductor[98844]: DEBUG dbcounter [-] [98844] Writing DB stats nova_cell0:SELECT=3 {{(pid=98844) stat_writer /opt/stack/data/venv/lib/python3.12/site-packages/dbcounter.py:115}}
Jul 07 16:41:49.428985 np0000004742 nova-conductor[98855]: DEBUG dbcounter [-] [98855] Writing DB stats nova_cell0:SELECT=3 {{(pid=98855) stat_writer /opt/stack/data/venv/lib/python3.12/site-packages/dbcounter.py:115}}
Jul 07 16:41:59.391828 np0000004742 nova-conductor[98831]: DEBUG oslo.service.backend._threading.loopingcall [None req-001f4a9a-36c2-4183-b118-54ade8f2bb60 None None] Dynamic interval looping call 'nova.service.Service.periodic_tasks' sleeping for 60.00 seconds {{(pid=98831) _run_loop /opt/stack/data/venv/lib/python3.12/site-packages/oslo_service/backend/_threading/loopingcall.py:125}}
Jul 07 16:42:11.418662 np0000004742 nova-conductor[98851]: DEBUG oslo.service.backend._threading.loopingcall [None req-5e964082-c9b8-45d5-9d41-a6817cab709e None None] Dynamic interval looping call 'nova.service.Service.periodic_tasks' sleeping for 60.00 seconds {{(pid=98851) _run_loop /opt/stack/data/venv/lib/python3.12/site-packages/oslo_service/backend/_threading/loopingcall.py:125}}
Jul 07 16:42:28.418685 np0000004742 nova-conductor[98855]: DEBUG oslo.service.backend._threading.loopingcall [None req-d88ed5ee-0f92-4aba-aa24-525214bf2f95 None None] Dynamic interval looping call 'nova.service.Service.periodic_tasks' sleeping for 60.00 seconds {{(pid=98855) _run_loop /opt/stack/data/venv/lib/python3.12/site-packages/oslo_service/backend/_threading/loopingcall.py:125}}
Jul 07 16:42:39.423263 np0000004742 nova-conductor[98844]: DEBUG oslo.service.backend._threading.loopingcall [None req-7850e210-d36a-4b40-9a9f-7721101c8e3c None None] Dynamic interval looping call 'nova.service.Service.periodic_tasks' sleeping for 60.00 seconds {{(pid=98844) _run_loop /opt/stack/data/venv/lib/python3.12/site-packages/oslo_service/backend/_threading/loopingcall.py:125}}
Jul 07 16:42:59.392334 np0000004742 nova-conductor[98831]: DEBUG oslo.service.backend._threading.loopingcall [None req-001f4a9a-36c2-4183-b118-54ade8f2bb60 None None] Dynamic interval looping call 'nova.service.Service.periodic_tasks' sleeping for 60.00 seconds {{(pid=98831) _run_loop /opt/stack/data/venv/lib/python3.12/site-packages/oslo_service/backend/_threading/loopingcall.py:125}}
Jul 07 16:43:11.419289 np0000004742 nova-conductor[98851]: DEBUG oslo.service.backend._threading.loopingcall [None req-5e964082-c9b8-45d5-9d41-a6817cab709e None None] Dynamic interval looping call 'nova.service.Service.periodic_tasks' sleeping for 60.00 seconds {{(pid=98851) _run_loop /opt/stack/data/venv/lib/python3.12/site-packages/oslo_service/backend/_threading/loopingcall.py:125}}
Jul 07 16:43:28.419197 np0000004742 nova-conductor[98855]: DEBUG oslo.service.backend._threading.loopingcall [None req-d88ed5ee-0f92-4aba-aa24-525214bf2f95 None None] Dynamic interval looping call 'nova.service.Service.periodic_tasks' sleeping for 60.00 seconds {{(pid=98855) _run_loop /opt/stack/data/venv/lib/python3.12/site-packages/oslo_service/backend/_threading/loopingcall.py:125}}
Jul 07 16:43:39.405284 np0000004742 nova-conductor[98831]: DEBUG oslo.service.backend._threading.loopingcall [-] Fixed interval looping call 'nova.servicegroup.drivers.db.DbDriver._report_state' sleeping for 119.99 seconds {{(pid=98831) _run_loop /opt/stack/data/venv/lib/python3.12/site-packages/oslo_service/backend/_threading/loopingcall.py:125}}
Jul 07 16:43:39.422577 np0000004742 nova-conductor[98851]: DEBUG oslo.service.backend._threading.loopingcall [-] Fixed interval looping call 'nova.servicegroup.drivers.db.DbDriver._report_state' sleeping for 120.00 seconds {{(pid=98851) _run_loop /opt/stack/data/venv/lib/python3.12/site-packages/oslo_service/backend/_threading/loopingcall.py:125}}
Jul 07 16:43:39.423053 np0000004742 nova-conductor[98844]: DEBUG oslo.service.backend._threading.loopingcall [-] Fixed interval looping call 'nova.servicegroup.drivers.db.DbDriver._report_state' sleeping for 120.00 seconds {{(pid=98844) _run_loop /opt/stack/data/venv/lib/python3.12/site-packages/oslo_service/backend/_threading/loopingcall.py:125}}
Jul 07 16:43:39.423325 np0000004742 nova-conductor[98855]: DEBUG oslo.service.backend._threading.loopingcall [-] Fixed interval looping call 'nova.servicegroup.drivers.db.DbDriver._report_state' sleeping for 120.00 seconds {{(pid=98855) _run_loop /opt/stack/data/venv/lib/python3.12/site-packages/oslo_service/backend/_threading/loopingcall.py:125}}
Jul 07 16:43:39.423639 np0000004742 nova-conductor[98844]: DEBUG oslo.service.backend._threading.loopingcall [None req-7850e210-d36a-4b40-9a9f-7721101c8e3c None None] Dynamic interval looping call 'nova.service.Service.periodic_tasks' sleeping for 60.00 seconds {{(pid=98844) _run_loop /opt/stack/data/venv/lib/python3.12/site-packages/oslo_service/backend/_threading/loopingcall.py:125}}
Jul 07 16:43:49.399660 np0000004742 nova-conductor[98831]: DEBUG dbcounter [-] [98831] Writing DB stats nova_cell0:SELECT=1,nova_cell0:UPDATE=1 {{(pid=98831) stat_writer /opt/stack/data/venv/lib/python3.12/site-packages/dbcounter.py:115}}
Jul 07 16:43:49.420925 np0000004742 nova-conductor[98844]: DEBUG dbcounter [-] [98844] Writing DB stats nova_cell0:SELECT=1 {{(pid=98844) stat_writer /opt/stack/data/venv/lib/python3.12/site-packages/dbcounter.py:115}}
Jul 07 16:43:49.421388 np0000004742 nova-conductor[98855]: DEBUG dbcounter [-] [98855] Writing DB stats nova_cell0:SELECT=1 {{(pid=98855) stat_writer /opt/stack/data/venv/lib/python3.12/site-packages/dbcounter.py:115}}
Jul 07 16:43:49.422366 np0000004742 nova-conductor[98851]: DEBUG dbcounter [-] [98851] Writing DB stats nova_cell0:SELECT=1 {{(pid=98851) stat_writer /opt/stack/data/venv/lib/python3.12/site-packages/dbcounter.py:115}}
Jul 07 16:43:59.393788 np0000004742 nova-conductor[98831]: DEBUG oslo.service.backend._threading.loopingcall [None req-001f4a9a-36c2-4183-b118-54ade8f2bb60 None None] Dynamic interval looping call 'nova.service.Service.periodic_tasks' sleeping for 60.00 seconds {{(pid=98831) _run_loop /opt/stack/data/venv/lib/python3.12/site-packages/oslo_service/backend/_threading/loopingcall.py:125}}
Jul 07 16:43:59.531677 np0000004742 nova-conductor[98831]: DEBUG oslo_db.sqlalchemy.engines [None req-f249ed29-1177-466e-b998-6defad0cb867 tempest-DeleteServersTestJSON-1022632979 tempest-DeleteServersTestJSON-1022632979-project-member] Parent process 97360 forked (98831) with an open database connection, which is being discarded and recreated. {{(pid=98831) checkout /opt/stack/data/venv/lib/python3.12/site-packages/oslo_db/sqlalchemy/engines.py:402}}
Jul 07 16:43:59.589407 np0000004742 nova-conductor[98831]: DEBUG dbcounter [-] [98831] Writer thread running {{(pid=98831) stat_writer /opt/stack/data/venv/lib/python3.12/site-packages/dbcounter.py:102}}
Jul 07 16:44:00.451311 np0000004742 nova-conductor[98855]: DEBUG dbcounter [-] [98855] Writer thread running {{(pid=98855) stat_writer /opt/stack/data/venv/lib/python3.12/site-packages/dbcounter.py:102}}
Jul 07 16:44:00.582644 np0000004742 nova-conductor[98851]: DEBUG dbcounter [-] [98851] Writer thread running {{(pid=98851) stat_writer /opt/stack/data/venv/lib/python3.12/site-packages/dbcounter.py:102}}
Jul 07 16:44:01.116735 np0000004742 nova-conductor[98831]: DEBUG nova.conductor.manager [None req-f249ed29-1177-466e-b998-6defad0cb867 tempest-DeleteServersTestJSON-1022632979 tempest-DeleteServersTestJSON-1022632979-project-member] Took 1.53 seconds to select destinations for 1 instance(s). {{(pid=98831) _schedule_instances /opt/stack/nova/nova/conductor/manager.py:968}}
Jul 07 16:44:01.156055 np0000004742 nova-conductor[98831]: DEBUG oslo_concurrency.lockutils [None req-f249ed29-1177-466e-b998-6defad0cb867 tempest-DeleteServersTestJSON-1022632979 tempest-DeleteServersTestJSON-1022632979-project-member] Acquiring lock "190ac681-b78e-4720-8499-ee86ab99ead3" by "nova.context.set_target_cell..get_or_set_cached_cell_and_set_connections" {{(pid=98831) inner /opt/stack/data/venv/lib/python3.12/site-packages/oslo_concurrency/lockutils.py:511}}
Jul 07 16:44:01.156289 np0000004742 nova-conductor[98831]: DEBUG oslo_concurrency.lockutils [None req-f249ed29-1177-466e-b998-6defad0cb867 tempest-DeleteServersTestJSON-1022632979 tempest-DeleteServersTestJSON-1022632979-project-member] Lock "190ac681-b78e-4720-8499-ee86ab99ead3" acquired by "nova.context.set_target_cell..get_or_set_cached_cell_and_set_connections" :: waited 0.000s {{(pid=98831) inner /opt/stack/data/venv/lib/python3.12/site-packages/oslo_concurrency/lockutils.py:524}}
Jul 07 16:44:01.158790 np0000004742 nova-conductor[98831]: DEBUG oslo_concurrency.lockutils [None req-f249ed29-1177-466e-b998-6defad0cb867 tempest-DeleteServersTestJSON-1022632979 tempest-DeleteServersTestJSON-1022632979-project-member] Lock "190ac681-b78e-4720-8499-ee86ab99ead3" "released" by "nova.context.set_target_cell..get_or_set_cached_cell_and_set_connections" :: held 0.002s {{(pid=98831) inner /opt/stack/data/venv/lib/python3.12/site-packages/oslo_concurrency/lockutils.py:543}}
Jul 07 16:44:01.162029 np0000004742 nova-conductor[98831]: INFO dbcounter [None req-f249ed29-1177-466e-b998-6defad0cb867 tempest-DeleteServersTestJSON-1022632979 tempest-DeleteServersTestJSON-1022632979-project-member] Registered counter for database nova_cell1
Jul 07 16:44:01.215143 np0000004742 nova-conductor[98831]: DEBUG oslo_db.sqlalchemy.engines [None req-f249ed29-1177-466e-b998-6defad0cb867 tempest-DeleteServersTestJSON-1022632979 tempest-DeleteServersTestJSON-1022632979-project-member] MySQL server mode set to STRICT_TRANS_TABLES,STRICT_ALL_TABLES,NO_ZERO_IN_DATE,NO_ZERO_DATE,ERROR_FOR_DIVISION_BY_ZERO,TRADITIONAL,NO_ENGINE_SUBSTITUTION {{(pid=98831) _check_effective_sql_mode /opt/stack/data/venv/lib/python3.12/site-packages/oslo_db/sqlalchemy/engines.py:325}}
Jul 07 16:44:01.223636 np0000004742 nova-conductor[98831]: DEBUG dbcounter [-] [98831] Writer thread running {{(pid=98831) stat_writer /opt/stack/data/venv/lib/python3.12/site-packages/dbcounter.py:102}}
Jul 07 16:44:01.302078 np0000004742 nova-conductor[98831]: INFO nova.utils [None req-f249ed29-1177-466e-b998-6defad0cb867 tempest-DeleteServersTestJSON-1022632979 tempest-DeleteServersTestJSON-1022632979-project-member] The cell worker thread pool ForkProcess-1.cell_worker is initialized
Jul 07 16:44:01.302427 np0000004742 nova-conductor[98831]: DEBUG oslo_concurrency.lockutils [None req-f249ed29-1177-466e-b998-6defad0cb867 tempest-DeleteServersTestJSON-1022632979 tempest-DeleteServersTestJSON-1022632979-project-member] Acquiring lock "00000000-0000-0000-0000-000000000000" by "nova.context.set_target_cell..get_or_set_cached_cell_and_set_connections" {{(pid=98831) inner /opt/stack/data/venv/lib/python3.12/site-packages/oslo_concurrency/lockutils.py:511}}
Jul 07 16:44:01.302622 np0000004742 nova-conductor[98831]: DEBUG oslo_concurrency.lockutils [None req-f249ed29-1177-466e-b998-6defad0cb867 tempest-DeleteServersTestJSON-1022632979 tempest-DeleteServersTestJSON-1022632979-project-member] Lock "00000000-0000-0000-0000-000000000000" acquired by "nova.context.set_target_cell..get_or_set_cached_cell_and_set_connections" :: waited 0.000s {{(pid=98831) inner /opt/stack/data/venv/lib/python3.12/site-packages/oslo_concurrency/lockutils.py:524}}
Jul 07 16:44:01.303090 np0000004742 nova-conductor[98831]: DEBUG oslo_concurrency.lockutils [None req-f249ed29-1177-466e-b998-6defad0cb867 tempest-DeleteServersTestJSON-1022632979 tempest-DeleteServersTestJSON-1022632979-project-member] Lock "00000000-0000-0000-0000-000000000000" "released" by "nova.context.set_target_cell..get_or_set_cached_cell_and_set_connections" :: held 0.000s {{(pid=98831) inner /opt/stack/data/venv/lib/python3.12/site-packages/oslo_concurrency/lockutils.py:543}}
Jul 07 16:44:01.303952 np0000004742 nova-conductor[98831]: DEBUG oslo_concurrency.lockutils [None req-f249ed29-1177-466e-b998-6defad0cb867 tempest-DeleteServersTestJSON-1022632979 tempest-DeleteServersTestJSON-1022632979-project-member] Acquiring lock "190ac681-b78e-4720-8499-ee86ab99ead3" by "nova.context.set_target_cell..get_or_set_cached_cell_and_set_connections" {{(pid=98831) inner /opt/stack/data/venv/lib/python3.12/site-packages/oslo_concurrency/lockutils.py:511}}
Jul 07 16:44:01.304146 np0000004742 nova-conductor[98831]: DEBUG oslo_concurrency.lockutils [None req-f249ed29-1177-466e-b998-6defad0cb867 tempest-DeleteServersTestJSON-1022632979 tempest-DeleteServersTestJSON-1022632979-project-member] Lock "190ac681-b78e-4720-8499-ee86ab99ead3" acquired by "nova.context.set_target_cell..get_or_set_cached_cell_and_set_connections" :: waited 0.000s {{(pid=98831) inner /opt/stack/data/venv/lib/python3.12/site-packages/oslo_concurrency/lockutils.py:524}}
Jul 07 16:44:01.305668 np0000004742 nova-conductor[98831]: DEBUG oslo_concurrency.lockutils [None req-f249ed29-1177-466e-b998-6defad0cb867 tempest-DeleteServersTestJSON-1022632979 tempest-DeleteServersTestJSON-1022632979-project-member] Lock "190ac681-b78e-4720-8499-ee86ab99ead3" "released" by "nova.context.set_target_cell..get_or_set_cached_cell_and_set_connections" :: held 0.001s {{(pid=98831) inner /opt/stack/data/venv/lib/python3.12/site-packages/oslo_concurrency/lockutils.py:543}}
Jul 07 16:44:01.306048 np0000004742 nova-conductor[98831]: INFO dbcounter [None req-f249ed29-1177-466e-b998-6defad0cb867 tempest-DeleteServersTestJSON-1022632979 tempest-DeleteServersTestJSON-1022632979-project-member] Registered counter for database nova_cell0
Jul 07 16:44:01.364389 np0000004742 nova-conductor[98831]: DEBUG oslo_db.sqlalchemy.engines [None req-f249ed29-1177-466e-b998-6defad0cb867 tempest-DeleteServersTestJSON-1022632979 tempest-DeleteServersTestJSON-1022632979-project-member] MySQL server mode set to STRICT_TRANS_TABLES,STRICT_ALL_TABLES,NO_ZERO_IN_DATE,NO_ZERO_DATE,ERROR_FOR_DIVISION_BY_ZERO,TRADITIONAL,NO_ENGINE_SUBSTITUTION {{(pid=98831) _check_effective_sql_mode /opt/stack/data/venv/lib/python3.12/site-packages/oslo_db/sqlalchemy/engines.py:325}}
Jul 07 16:44:01.369884 np0000004742 nova-conductor[98831]: DEBUG dbcounter [-] [98831] Writer thread running {{(pid=98831) stat_writer /opt/stack/data/venv/lib/python3.12/site-packages/dbcounter.py:102}}
Jul 07 16:44:01.380126 np0000004742 nova-conductor[98831]: DEBUG nova.quota [None req-f249ed29-1177-466e-b998-6defad0cb867 tempest-DeleteServersTestJSON-1022632979 tempest-DeleteServersTestJSON-1022632979-project-member] Getting quotas for project e957a94f15fb444bb4d612cb690c02a4. Resources: {'instances', 'cores', 'ram'} {{(pid=98831) _get_quotas /opt/stack/nova/nova/quota.py:389}}
Jul 07 16:44:01.383980 np0000004742 nova-conductor[98831]: DEBUG nova.quota [None req-f249ed29-1177-466e-b998-6defad0cb867 tempest-DeleteServersTestJSON-1022632979 tempest-DeleteServersTestJSON-1022632979-project-member] Getting quotas for user b66ea4141ca3439cb2ea62d333c4e8a0 and project e957a94f15fb444bb4d612cb690c02a4. Resources: {'instances', 'cores', 'ram'} {{(pid=98831) _get_quotas /opt/stack/nova/nova/quota.py:379}}
Jul 07 16:44:01.390813 np0000004742 nova-conductor[98831]: DEBUG nova.conductor.manager [None req-f249ed29-1177-466e-b998-6defad0cb867 tempest-DeleteServersTestJSON-1022632979 tempest-DeleteServersTestJSON-1022632979-project-member] [instance: 4e807a5b-05b4-4957-bb61-db585c09c307] Selected host: np0000004742; Selected node: np0000004742; Alternates: [] {{(pid=98831) schedule_and_build_instances /opt/stack/nova/nova/conductor/manager.py:1784}}
Jul 07 16:44:01.391456 np0000004742 nova-conductor[98831]: DEBUG oslo_concurrency.lockutils [None req-f249ed29-1177-466e-b998-6defad0cb867 tempest-DeleteServersTestJSON-1022632979 tempest-DeleteServersTestJSON-1022632979-project-member] Acquiring lock "190ac681-b78e-4720-8499-ee86ab99ead3" by "nova.context.set_target_cell..get_or_set_cached_cell_and_set_connections" {{(pid=98831) inner /opt/stack/data/venv/lib/python3.12/site-packages/oslo_concurrency/lockutils.py:511}}
Jul 07 16:44:01.391737 np0000004742 nova-conductor[98831]: DEBUG oslo_concurrency.lockutils [None req-f249ed29-1177-466e-b998-6defad0cb867 tempest-DeleteServersTestJSON-1022632979 tempest-DeleteServersTestJSON-1022632979-project-member] Lock "190ac681-b78e-4720-8499-ee86ab99ead3" acquired by "nova.context.set_target_cell..get_or_set_cached_cell_and_set_connections" :: waited 0.000s {{(pid=98831) inner /opt/stack/data/venv/lib/python3.12/site-packages/oslo_concurrency/lockutils.py:524}}
Jul 07 16:44:01.391883 np0000004742 nova-conductor[98831]: DEBUG oslo_concurrency.lockutils [None req-f249ed29-1177-466e-b998-6defad0cb867 tempest-DeleteServersTestJSON-1022632979 tempest-DeleteServersTestJSON-1022632979-project-member] Lock "190ac681-b78e-4720-8499-ee86ab99ead3" "released" by "nova.context.set_target_cell..get_or_set_cached_cell_and_set_connections" :: held 0.000s {{(pid=98831) inner /opt/stack/data/venv/lib/python3.12/site-packages/oslo_concurrency/lockutils.py:543}}
Jul 07 16:44:01.404726 np0000004742 nova-conductor[98831]: DEBUG nova.conductor.manager [None req-f249ed29-1177-466e-b998-6defad0cb867 tempest-DeleteServersTestJSON-1022632979 tempest-DeleteServersTestJSON-1022632979-project-member] [instance: 4e807a5b-05b4-4957-bb61-db585c09c307] block_device_mapping [BlockDeviceMapping(attachment_id=,boot_index=0,connection_info=None,created_at=,delete_on_termination=True,deleted=,deleted_at=,destination_type='local',device_name=None,device_type='disk',disk_bus=None,encrypted=False,encryption_format=None,encryption_options=None,encryption_secret_uuid=None,guest_format=None,id=,image_id='0490f1c7-d1f7-4d7f-9188-dc3bbfbacf3a',instance=,instance_uuid=,no_device=False,snapshot_id=None,source_type='image',tag=None,updated_at=,uuid=,volume_id=None,volume_size=None,volume_type=None)] {{(pid=98831) _create_block_device_mapping /opt/stack/nova/nova/conductor/manager.py:1529}}
Jul 07 16:44:01.406419 np0000004742 nova-conductor[98831]: DEBUG oslo_concurrency.lockutils [None req-f249ed29-1177-466e-b998-6defad0cb867 tempest-DeleteServersTestJSON-1022632979 tempest-DeleteServersTestJSON-1022632979-project-member] Acquiring lock "190ac681-b78e-4720-8499-ee86ab99ead3" by "nova.context.set_target_cell..get_or_set_cached_cell_and_set_connections" {{(pid=98831) inner /opt/stack/data/venv/lib/python3.12/site-packages/oslo_concurrency/lockutils.py:511}}
Jul 07 16:44:01.406619 np0000004742 nova-conductor[98831]: DEBUG oslo_concurrency.lockutils [None req-f249ed29-1177-466e-b998-6defad0cb867 tempest-DeleteServersTestJSON-1022632979 tempest-DeleteServersTestJSON-1022632979-project-member] Lock "190ac681-b78e-4720-8499-ee86ab99ead3" acquired by "nova.context.set_target_cell..get_or_set_cached_cell_and_set_connections" :: waited 0.000s {{(pid=98831) inner /opt/stack/data/venv/lib/python3.12/site-packages/oslo_concurrency/lockutils.py:524}}
