Jul 13 12:35:54.605441 np0000005114 nova-scheduler[96543]: DEBUG cotyledon.oslo_config_glue [-] workarounds.disable_fallback_pcpu_query = False {{(pid=96543) log_opt_values /opt/stack/data/venv/lib/python3.12/site-packages/oslo_config/cfg.py:3253}}
Jul 13 12:35:54.605803 np0000005114 nova-scheduler[96543]: DEBUG cotyledon.oslo_config_glue [-] workarounds.disable_group_policy_check_upcall = False {{(pid=96543) log_opt_values /opt/stack/data/venv/lib/python3.12/site-packages/oslo_config/cfg.py:3253}}
Jul 13 12:35:54.605803 np0000005114 nova-scheduler[96543]: DEBUG cotyledon.oslo_config_glue [-] workarounds.disable_libvirt_livesnapshot = False {{(pid=96543) log_opt_values /opt/stack/data/venv/lib/python3.12/site-packages/oslo_config/cfg.py:3253}}
Jul 13 12:35:54.605803 np0000005114 nova-scheduler[96543]: DEBUG cotyledon.oslo_config_glue [-] workarounds.disable_rootwrap = False {{(pid=96543) log_opt_values /opt/stack/data/venv/lib/python3.12/site-packages/oslo_config/cfg.py:3253}}
Jul 13 12:35:54.605803 np0000005114 nova-scheduler[96543]: DEBUG cotyledon.oslo_config_glue [-] workarounds.enable_numa_live_migration = False {{(pid=96543) log_opt_values /opt/stack/data/venv/lib/python3.12/site-packages/oslo_config/cfg.py:3253}}
Jul 13 12:35:54.605803 np0000005114 nova-scheduler[96543]: DEBUG cotyledon.oslo_config_glue [-] workarounds.enable_qemu_monitor_announce_self = False {{(pid=96543) log_opt_values /opt/stack/data/venv/lib/python3.12/site-packages/oslo_config/cfg.py:3253}}
Jul 13 12:35:54.605803 np0000005114 nova-scheduler[96543]: DEBUG cotyledon.oslo_config_glue [-] workarounds.ensure_libvirt_rbd_instance_dir_cleanup = False {{(pid=96543) log_opt_values /opt/stack/data/venv/lib/python3.12/site-packages/oslo_config/cfg.py:3253}}
Jul 13 12:35:54.605803 np0000005114 nova-scheduler[96543]: DEBUG cotyledon.oslo_config_glue [-] workarounds.handle_virt_lifecycle_events = True {{(pid=96543) log_opt_values /opt/stack/data/venv/lib/python3.12/site-packages/oslo_config/cfg.py:3253}}
Jul 13 12:35:54.605803 np0000005114 nova-scheduler[96543]: DEBUG cotyledon.oslo_config_glue [-] workarounds.libvirt_disable_apic = False {{(pid=96543) log_opt_values /opt/stack/data/venv/lib/python3.12/site-packages/oslo_config/cfg.py:3253}}
Jul 13 12:35:54.605803 np0000005114 nova-scheduler[96543]: DEBUG cotyledon.oslo_config_glue [-] workarounds.never_download_image_if_on_rbd = False {{(pid=96543) log_opt_values /opt/stack/data/venv/lib/python3.12/site-packages/oslo_config/cfg.py:3253}}
Jul 13 12:35:54.606146 np0000005114 nova-scheduler[96543]: DEBUG cotyledon.oslo_config_glue [-] workarounds.qemu_monitor_announce_self_count = 3 {{(pid=96543) log_opt_values /opt/stack/data/venv/lib/python3.12/site-packages/oslo_config/cfg.py:3253}}
Jul 13 12:35:54.606146 np0000005114 nova-scheduler[96543]: DEBUG cotyledon.oslo_config_glue [-] workarounds.qemu_monitor_announce_self_interval = 1 {{(pid=96543) log_opt_values /opt/stack/data/venv/lib/python3.12/site-packages/oslo_config/cfg.py:3253}}
Jul 13 12:35:54.606146 np0000005114 nova-scheduler[96543]: DEBUG cotyledon.oslo_config_glue [-] workarounds.reserve_disk_resource_for_image_cache = False {{(pid=96543) log_opt_values /opt/stack/data/venv/lib/python3.12/site-packages/oslo_config/cfg.py:3253}}
Jul 13 12:35:54.606146 np0000005114 nova-scheduler[96543]: DEBUG cotyledon.oslo_config_glue [-] workarounds.skip_cpu_compare_at_startup = False {{(pid=96543) log_opt_values /opt/stack/data/venv/lib/python3.12/site-packages/oslo_config/cfg.py:3253}}
Jul 13 12:35:54.606146 np0000005114 nova-scheduler[96543]: DEBUG cotyledon.oslo_config_glue [-] workarounds.skip_cpu_compare_on_dest = False {{(pid=96543) log_opt_values /opt/stack/data/venv/lib/python3.12/site-packages/oslo_config/cfg.py:3253}}
Jul 13 12:35:54.606146 np0000005114 nova-scheduler[96543]: DEBUG cotyledon.oslo_config_glue [-] workarounds.skip_hypervisor_version_check_on_lm = False {{(pid=96543) log_opt_values /opt/stack/data/venv/lib/python3.12/site-packages/oslo_config/cfg.py:3253}}
Jul 13 12:35:54.606146 np0000005114 nova-scheduler[96543]: DEBUG cotyledon.oslo_config_glue [-] workarounds.skip_reserve_in_use_ironic_nodes = False {{(pid=96543) log_opt_values /opt/stack/data/venv/lib/python3.12/site-packages/oslo_config/cfg.py:3253}}
Jul 13 12:35:54.606146 np0000005114 nova-scheduler[96543]: DEBUG cotyledon.oslo_config_glue [-] workarounds.unified_limits_count_pcpu_as_vcpu = False {{(pid=96543) log_opt_values /opt/stack/data/venv/lib/python3.12/site-packages/oslo_config/cfg.py:3253}}
Jul 13 12:35:54.606418 np0000005114 nova-scheduler[96543]: DEBUG cotyledon.oslo_config_glue [-] workarounds.wait_for_vif_plugged_event_during_hard_reboot = [] {{(pid=96543) log_opt_values /opt/stack/data/venv/lib/python3.12/site-packages/oslo_config/cfg.py:3253}}
Jul 13 12:35:54.606418 np0000005114 nova-scheduler[96543]: DEBUG cotyledon.oslo_config_glue [-] wsgi.api_paste_config = /etc/nova/api-paste.ini {{(pid=96543) log_opt_values /opt/stack/data/venv/lib/python3.12/site-packages/oslo_config/cfg.py:3253}}
Jul 13 12:35:54.606418 np0000005114 nova-scheduler[96543]: DEBUG cotyledon.oslo_config_glue [-] wsgi.secure_proxy_ssl_header = None {{(pid=96543) log_opt_values /opt/stack/data/venv/lib/python3.12/site-packages/oslo_config/cfg.py:3253}}
Jul 13 12:35:54.606418 np0000005114 nova-scheduler[96543]: DEBUG cotyledon.oslo_config_glue [-] zvm.ca_file = None {{(pid=96543) log_opt_values /opt/stack/data/venv/lib/python3.12/site-packages/oslo_config/cfg.py:3253}}
Jul 13 12:35:54.606418 np0000005114 nova-scheduler[96543]: DEBUG cotyledon.oslo_config_glue [-] zvm.cloud_connector_url = None {{(pid=96543) log_opt_values /opt/stack/data/venv/lib/python3.12/site-packages/oslo_config/cfg.py:3253}}
Jul 13 12:35:54.606418 np0000005114 nova-scheduler[96543]: DEBUG cotyledon.oslo_config_glue [-] zvm.image_tmp_path = /opt/stack/data/nova/images {{(pid=96543) log_opt_values /opt/stack/data/venv/lib/python3.12/site-packages/oslo_config/cfg.py:3253}}
Jul 13 12:35:54.606418 np0000005114 nova-scheduler[96543]: DEBUG cotyledon.oslo_config_glue [-] zvm.reachable_timeout = 300 {{(pid=96543) log_opt_values /opt/stack/data/venv/lib/python3.12/site-packages/oslo_config/cfg.py:3253}}
Jul 13 12:35:54.606418 np0000005114 nova-scheduler[96543]: DEBUG cotyledon.oslo_config_glue [-] oslo_versionedobjects.fatal_exception_format_errors = False {{(pid=96543) log_opt_values /opt/stack/data/venv/lib/python3.12/site-packages/oslo_config/cfg.py:3253}}
Jul 13 12:35:54.606418 np0000005114 nova-scheduler[96543]: DEBUG cotyledon.oslo_config_glue [-] oslo_middleware.http_basic_auth_user_file = /etc/htpasswd {{(pid=96543) log_opt_values /opt/stack/data/venv/lib/python3.12/site-packages/oslo_config/cfg.py:3253}}
Jul 13 12:35:54.606766 np0000005114 nova-scheduler[96543]: DEBUG cotyledon.oslo_config_glue [-] oslo_messaging_metrics.metrics_buffer_size = 1000 {{(pid=96543) log_opt_values /opt/stack/data/venv/lib/python3.12/site-packages/oslo_config/cfg.py:3253}}
Jul 13 12:35:54.606766 np0000005114 nova-scheduler[96543]: DEBUG cotyledon.oslo_config_glue [-] oslo_messaging_metrics.metrics_enabled = False {{(pid=96543) log_opt_values /opt/stack/data/venv/lib/python3.12/site-packages/oslo_config/cfg.py:3253}}
Jul 13 12:35:54.606766 np0000005114 nova-scheduler[96543]: DEBUG cotyledon.oslo_config_glue [-] oslo_messaging_metrics.metrics_process_name = {{(pid=96543) log_opt_values /opt/stack/data/venv/lib/python3.12/site-packages/oslo_config/cfg.py:3253}}
Jul 13 12:35:54.606766 np0000005114 nova-scheduler[96543]: DEBUG cotyledon.oslo_config_glue [-] oslo_messaging_metrics.metrics_socket_file = /var/tmp/metrics_collector.sock {{(pid=96543) log_opt_values /opt/stack/data/venv/lib/python3.12/site-packages/oslo_config/cfg.py:3253}}
Jul 13 12:35:54.606766 np0000005114 nova-scheduler[96543]: DEBUG cotyledon.oslo_config_glue [-] oslo_messaging_metrics.metrics_thread_stop_timeout = 10 {{(pid=96543) log_opt_values /opt/stack/data/venv/lib/python3.12/site-packages/oslo_config/cfg.py:3253}}
Jul 13 12:35:54.606766 np0000005114 nova-scheduler[96543]: DEBUG cotyledon.oslo_config_glue [-] profiler.connection_string = messaging:// {{(pid=96543) log_opt_values /opt/stack/data/venv/lib/python3.12/site-packages/oslo_config/cfg.py:3253}}
Jul 13 12:35:54.606766 np0000005114 nova-scheduler[96543]: DEBUG cotyledon.oslo_config_glue [-] profiler.enabled = False {{(pid=96543) log_opt_values /opt/stack/data/venv/lib/python3.12/site-packages/oslo_config/cfg.py:3253}}
Jul 13 12:35:54.606766 np0000005114 nova-scheduler[96543]: DEBUG cotyledon.oslo_config_glue [-] profiler.es_doc_type = notification {{(pid=96543) log_opt_values /opt/stack/data/venv/lib/python3.12/site-packages/oslo_config/cfg.py:3253}}
Jul 13 12:35:54.606766 np0000005114 nova-scheduler[96543]: DEBUG cotyledon.oslo_config_glue [-] profiler.es_scroll_size = 10000 {{(pid=96543) log_opt_values /opt/stack/data/venv/lib/python3.12/site-packages/oslo_config/cfg.py:3253}}
Jul 13 12:35:54.607204 np0000005114 nova-scheduler[96543]: DEBUG cotyledon.oslo_config_glue [-] profiler.es_scroll_time = 2m {{(pid=96543) log_opt_values /opt/stack/data/venv/lib/python3.12/site-packages/oslo_config/cfg.py:3253}}
Jul 13 12:35:54.607204 np0000005114 nova-scheduler[96543]: DEBUG cotyledon.oslo_config_glue [-] profiler.filter_error_trace = False {{(pid=96543) log_opt_values /opt/stack/data/venv/lib/python3.12/site-packages/oslo_config/cfg.py:3253}}
Jul 13 12:35:54.607204 np0000005114 nova-scheduler[96543]: DEBUG cotyledon.oslo_config_glue [-] profiler.hmac_keys = **** {{(pid=96543) log_opt_values /opt/stack/data/venv/lib/python3.12/site-packages/oslo_config/cfg.py:3253}}
Jul 13 12:35:54.607204 np0000005114 nova-scheduler[96543]: DEBUG cotyledon.oslo_config_glue [-] profiler.sentinel_service_name = mymaster {{(pid=96543) log_opt_values /opt/stack/data/venv/lib/python3.12/site-packages/oslo_config/cfg.py:3253}}
Jul 13 12:35:54.607204 np0000005114 nova-scheduler[96543]: DEBUG cotyledon.oslo_config_glue [-] profiler.socket_timeout = 0.1 {{(pid=96543) log_opt_values /opt/stack/data/venv/lib/python3.12/site-packages/oslo_config/cfg.py:3253}}
Jul 13 12:35:54.607204 np0000005114 nova-scheduler[96543]: DEBUG cotyledon.oslo_config_glue [-] profiler.trace_requests = False {{(pid=96543) log_opt_values /opt/stack/data/venv/lib/python3.12/site-packages/oslo_config/cfg.py:3253}}
Jul 13 12:35:54.607204 np0000005114 nova-scheduler[96543]: DEBUG cotyledon.oslo_config_glue [-] profiler.trace_sqlalchemy = False {{(pid=96543) log_opt_values /opt/stack/data/venv/lib/python3.12/site-packages/oslo_config/cfg.py:3253}}
Jul 13 12:35:54.607204 np0000005114 nova-scheduler[96543]: DEBUG cotyledon.oslo_config_glue [-] profiler_jaeger.process_tags = {} {{(pid=96543) log_opt_values /opt/stack/data/venv/lib/python3.12/site-packages/oslo_config/cfg.py:3253}}
Jul 13 12:35:54.607204 np0000005114 nova-scheduler[96543]: DEBUG cotyledon.oslo_config_glue [-] profiler_jaeger.service_name_prefix = None {{(pid=96543) log_opt_values /opt/stack/data/venv/lib/python3.12/site-packages/oslo_config/cfg.py:3253}}
Jul 13 12:35:54.607509 np0000005114 nova-scheduler[96543]: DEBUG cotyledon.oslo_config_glue [-] profiler_otlp.service_name_prefix = None {{(pid=96543) log_opt_values /opt/stack/data/venv/lib/python3.12/site-packages/oslo_config/cfg.py:3253}}
Jul 13 12:35:54.607509 np0000005114 nova-scheduler[96543]: DEBUG cotyledon.oslo_config_glue [-] oslo_messaging_rabbit.amqp_auto_delete = False {{(pid=96543) log_opt_values /opt/stack/data/venv/lib/python3.12/site-packages/oslo_config/cfg.py:3253}}
Jul 13 12:35:54.607509 np0000005114 nova-scheduler[96543]: DEBUG cotyledon.oslo_config_glue [-] oslo_messaging_rabbit.amqp_durable_queues = False {{(pid=96543) log_opt_values /opt/stack/data/venv/lib/python3.12/site-packages/oslo_config/cfg.py:3253}}
Jul 13 12:35:54.607509 np0000005114 nova-scheduler[96543]: DEBUG cotyledon.oslo_config_glue [-] oslo_messaging_rabbit.conn_pool_min_size = 2 {{(pid=96543) log_opt_values /opt/stack/data/venv/lib/python3.12/site-packages/oslo_config/cfg.py:3253}}
Jul 13 12:35:54.607509 np0000005114 nova-scheduler[96543]: DEBUG cotyledon.oslo_config_glue [-] oslo_messaging_rabbit.conn_pool_ttl = 1200 {{(pid=96543) log_opt_values /opt/stack/data/venv/lib/python3.12/site-packages/oslo_config/cfg.py:3253}}
Jul 13 12:35:54.607509 np0000005114 nova-scheduler[96543]: DEBUG cotyledon.oslo_config_glue [-] oslo_messaging_rabbit.direct_mandatory_flag = True {{(pid=96543) log_opt_values /opt/stack/data/venv/lib/python3.12/site-packages/oslo_config/cfg.py:3253}}
Jul 13 12:35:54.607509 np0000005114 nova-scheduler[96543]: DEBUG cotyledon.oslo_config_glue [-] oslo_messaging_rabbit.enable_cancel_on_failover = False {{(pid=96543) log_opt_values /opt/stack/data/venv/lib/python3.12/site-packages/oslo_config/cfg.py:3253}}
Jul 13 12:35:54.607509 np0000005114 nova-scheduler[96543]: DEBUG cotyledon.oslo_config_glue [-] oslo_messaging_rabbit.heartbeat_rate = 3 {{(pid=96543) log_opt_values /opt/stack/data/venv/lib/python3.12/site-packages/oslo_config/cfg.py:3253}}
Jul 13 12:35:54.607509 np0000005114 nova-scheduler[96543]: DEBUG cotyledon.oslo_config_glue [-] oslo_messaging_rabbit.heartbeat_timeout_threshold = 60 {{(pid=96543) log_opt_values /opt/stack/data/venv/lib/python3.12/site-packages/oslo_config/cfg.py:3253}}
Jul 13 12:35:54.607816 np0000005114 nova-scheduler[96543]: DEBUG cotyledon.oslo_config_glue [-] oslo_messaging_rabbit.hostname = np0000005114 {{(pid=96543) log_opt_values /opt/stack/data/venv/lib/python3.12/site-packages/oslo_config/cfg.py:3253}}
Jul 13 12:35:54.607816 np0000005114 nova-scheduler[96543]: DEBUG cotyledon.oslo_config_glue [-] oslo_messaging_rabbit.kombu_compression = None {{(pid=96543) log_opt_values /opt/stack/data/venv/lib/python3.12/site-packages/oslo_config/cfg.py:3253}}
Jul 13 12:35:54.607816 np0000005114 nova-scheduler[96543]: DEBUG cotyledon.oslo_config_glue [-] oslo_messaging_rabbit.kombu_failover_strategy = round-robin {{(pid=96543) log_opt_values /opt/stack/data/venv/lib/python3.12/site-packages/oslo_config/cfg.py:3253}}
Jul 13 12:35:54.607816 np0000005114 nova-scheduler[96543]: DEBUG cotyledon.oslo_config_glue [-] oslo_messaging_rabbit.kombu_missing_consumer_retry_timeout = 60 {{(pid=96543) log_opt_values /opt/stack/data/venv/lib/python3.12/site-packages/oslo_config/cfg.py:3253}}
Jul 13 12:35:54.607816 np0000005114 nova-scheduler[96543]: DEBUG cotyledon.oslo_config_glue [-] oslo_messaging_rabbit.kombu_reconnect_delay = 1.0 {{(pid=96543) log_opt_values /opt/stack/data/venv/lib/python3.12/site-packages/oslo_config/cfg.py:3253}}
Jul 13 12:35:54.607816 np0000005114 nova-scheduler[96543]: DEBUG cotyledon.oslo_config_glue [-] oslo_messaging_rabbit.kombu_reconnect_splay = 0.0 {{(pid=96543) log_opt_values /opt/stack/data/venv/lib/python3.12/site-packages/oslo_config/cfg.py:3253}}
Jul 13 12:35:54.607816 np0000005114 nova-scheduler[96543]: DEBUG cotyledon.oslo_config_glue [-] oslo_messaging_rabbit.processname = nova-scheduler {{(pid=96543) log_opt_values /opt/stack/data/venv/lib/python3.12/site-packages/oslo_config/cfg.py:3253}}
Jul 13 12:35:54.607816 np0000005114 nova-scheduler[96543]: DEBUG cotyledon.oslo_config_glue [-] oslo_messaging_rabbit.rabbit_ha_queues = False {{(pid=96543) log_opt_values /opt/stack/data/venv/lib/python3.12/site-packages/oslo_config/cfg.py:3253}}
Jul 13 12:35:54.607816 np0000005114 nova-scheduler[96543]: DEBUG cotyledon.oslo_config_glue [-] oslo_messaging_rabbit.rabbit_interval_max = 30 {{(pid=96543) log_opt_values /opt/stack/data/venv/lib/python3.12/site-packages/oslo_config/cfg.py:3253}}
Jul 13 12:35:54.608137 np0000005114 nova-scheduler[96543]: DEBUG cotyledon.oslo_config_glue [-] oslo_messaging_rabbit.rabbit_login_method = AMQPLAIN {{(pid=96543) log_opt_values /opt/stack/data/venv/lib/python3.12/site-packages/oslo_config/cfg.py:3253}}
Jul 13 12:35:54.608137 np0000005114 nova-scheduler[96543]: DEBUG cotyledon.oslo_config_glue [-] oslo_messaging_rabbit.rabbit_qos_prefetch_count = 0 {{(pid=96543) log_opt_values /opt/stack/data/venv/lib/python3.12/site-packages/oslo_config/cfg.py:3253}}
Jul 13 12:35:54.608137 np0000005114 nova-scheduler[96543]: DEBUG cotyledon.oslo_config_glue [-] oslo_messaging_rabbit.rabbit_quorum_delivery_limit = 0 {{(pid=96543) log_opt_values /opt/stack/data/venv/lib/python3.12/site-packages/oslo_config/cfg.py:3253}}
Jul 13 12:35:54.608137 np0000005114 nova-scheduler[96543]: DEBUG cotyledon.oslo_config_glue [-] oslo_messaging_rabbit.rabbit_quorum_max_memory_bytes = 0 {{(pid=96543) log_opt_values /opt/stack/data/venv/lib/python3.12/site-packages/oslo_config/cfg.py:3253}}
Jul 13 12:35:54.608137 np0000005114 nova-scheduler[96543]: DEBUG cotyledon.oslo_config_glue [-] oslo_messaging_rabbit.rabbit_quorum_max_memory_length = 0 {{(pid=96543) log_opt_values /opt/stack/data/venv/lib/python3.12/site-packages/oslo_config/cfg.py:3253}}
Jul 13 12:35:54.608137 np0000005114 nova-scheduler[96543]: DEBUG cotyledon.oslo_config_glue [-] oslo_messaging_rabbit.rabbit_quorum_queue = False {{(pid=96543) log_opt_values /opt/stack/data/venv/lib/python3.12/site-packages/oslo_config/cfg.py:3253}}
Jul 13 12:35:54.608137 np0000005114 nova-scheduler[96543]: DEBUG cotyledon.oslo_config_glue [-] oslo_messaging_rabbit.rabbit_retry_backoff = 2 {{(pid=96543) log_opt_values /opt/stack/data/venv/lib/python3.12/site-packages/oslo_config/cfg.py:3253}}
Jul 13 12:35:54.608137 np0000005114 nova-scheduler[96543]: DEBUG cotyledon.oslo_config_glue [-] oslo_messaging_rabbit.rabbit_retry_interval = 1 {{(pid=96543) log_opt_values /opt/stack/data/venv/lib/python3.12/site-packages/oslo_config/cfg.py:3253}}
Jul 13 12:35:54.608137 np0000005114 nova-scheduler[96543]: DEBUG cotyledon.oslo_config_glue [-] oslo_messaging_rabbit.rabbit_stream_fanout = False {{(pid=96543) log_opt_values /opt/stack/data/venv/lib/python3.12/site-packages/oslo_config/cfg.py:3253}}
Jul 13 12:35:54.608458 np0000005114 nova-scheduler[96543]: DEBUG cotyledon.oslo_config_glue [-] oslo_messaging_rabbit.rabbit_transient_queues_ttl = 1800 {{(pid=96543) log_opt_values /opt/stack/data/venv/lib/python3.12/site-packages/oslo_config/cfg.py:3253}}
Jul 13 12:35:54.608458 np0000005114 nova-scheduler[96543]: DEBUG cotyledon.oslo_config_glue [-] oslo_messaging_rabbit.rabbit_transient_quorum_queue = False {{(pid=96543) log_opt_values /opt/stack/data/venv/lib/python3.12/site-packages/oslo_config/cfg.py:3253}}
Jul 13 12:35:54.608458 np0000005114 nova-scheduler[96543]: DEBUG cotyledon.oslo_config_glue [-] oslo_messaging_rabbit.rpc_conn_pool_size = 30 {{(pid=96543) log_opt_values /opt/stack/data/venv/lib/python3.12/site-packages/oslo_config/cfg.py:3253}}
Jul 13 12:35:54.608458 np0000005114 nova-scheduler[96543]: DEBUG cotyledon.oslo_config_glue [-] oslo_messaging_rabbit.ssl = False {{(pid=96543) log_opt_values /opt/stack/data/venv/lib/python3.12/site-packages/oslo_config/cfg.py:3253}}
Jul 13 12:35:54.608458 np0000005114 nova-scheduler[96543]: DEBUG cotyledon.oslo_config_glue [-] oslo_messaging_rabbit.ssl_ca_file = {{(pid=96543) log_opt_values /opt/stack/data/venv/lib/python3.12/site-packages/oslo_config/cfg.py:3253}}
Jul 13 12:35:54.608458 np0000005114 nova-scheduler[96543]: DEBUG cotyledon.oslo_config_glue [-] oslo_messaging_rabbit.ssl_cert_file = {{(pid=96543) log_opt_values /opt/stack/data/venv/lib/python3.12/site-packages/oslo_config/cfg.py:3253}}
Jul 13 12:35:54.608458 np0000005114 nova-scheduler[96543]: DEBUG cotyledon.oslo_config_glue [-] oslo_messaging_rabbit.ssl_enforce_fips_mode = False {{(pid=96543) log_opt_values /opt/stack/data/venv/lib/python3.12/site-packages/oslo_config/cfg.py:3253}}
Jul 13 12:35:54.608458 np0000005114 nova-scheduler[96543]: DEBUG cotyledon.oslo_config_glue [-] oslo_messaging_rabbit.ssl_enforce_hostname_verification = True {{(pid=96543) log_opt_values /opt/stack/data/venv/lib/python3.12/site-packages/oslo_config/cfg.py:3253}}
Jul 13 12:35:54.608458 np0000005114 nova-scheduler[96543]: DEBUG cotyledon.oslo_config_glue [-] oslo_messaging_rabbit.ssl_key_file = {{(pid=96543) log_opt_values /opt/stack/data/venv/lib/python3.12/site-packages/oslo_config/cfg.py:3253}}
Jul 13 12:35:54.608760 np0000005114 nova-scheduler[96543]: DEBUG cotyledon.oslo_config_glue [-] oslo_messaging_rabbit.ssl_version = {{(pid=96543) log_opt_values /opt/stack/data/venv/lib/python3.12/site-packages/oslo_config/cfg.py:3253}}
Jul 13 12:35:54.608760 np0000005114 nova-scheduler[96543]: DEBUG cotyledon.oslo_config_glue [-] oslo_messaging_rabbit.use_queue_manager = False {{(pid=96543) log_opt_values /opt/stack/data/venv/lib/python3.12/site-packages/oslo_config/cfg.py:3253}}
Jul 13 12:35:54.608760 np0000005114 nova-scheduler[96543]: DEBUG cotyledon.oslo_config_glue [-] oslo_messaging_notifications.driver = ['messagingv2'] {{(pid=96543) log_opt_values /opt/stack/data/venv/lib/python3.12/site-packages/oslo_config/cfg.py:3253}}
Jul 13 12:35:54.608760 np0000005114 nova-scheduler[96543]: DEBUG cotyledon.oslo_config_glue [-] oslo_messaging_notifications.retry = -1 {{(pid=96543) log_opt_values /opt/stack/data/venv/lib/python3.12/site-packages/oslo_config/cfg.py:3253}}
Jul 13 12:35:54.608760 np0000005114 nova-scheduler[96543]: DEBUG cotyledon.oslo_config_glue [-] oslo_messaging_notifications.topics = ['notifications'] {{(pid=96543) log_opt_values /opt/stack/data/venv/lib/python3.12/site-packages/oslo_config/cfg.py:3253}}
Jul 13 12:35:54.608760 np0000005114 nova-scheduler[96543]: DEBUG cotyledon.oslo_config_glue [-] oslo_messaging_notifications.transport_url = **** {{(pid=96543) log_opt_values /opt/stack/data/venv/lib/python3.12/site-packages/oslo_config/cfg.py:3253}}
Jul 13 12:35:54.608760 np0000005114 nova-scheduler[96543]: DEBUG cotyledon.oslo_config_glue [-] oslo_limit.auth_section = None {{(pid=96543) log_opt_values /opt/stack/data/venv/lib/python3.12/site-packages/oslo_config/cfg.py:3253}}
Jul 13 12:35:54.608760 np0000005114 nova-scheduler[96543]: DEBUG cotyledon.oslo_config_glue [-] oslo_limit.auth_type = None {{(pid=96543) log_opt_values /opt/stack/data/venv/lib/python3.12/site-packages/oslo_config/cfg.py:3253}}
Jul 13 12:35:54.608760 np0000005114 nova-scheduler[96543]: DEBUG cotyledon.oslo_config_glue [-] oslo_limit.cafile = None {{(pid=96543) log_opt_values /opt/stack/data/venv/lib/python3.12/site-packages/oslo_config/cfg.py:3253}}
Jul 13 12:35:54.609108 np0000005114 nova-scheduler[96543]: DEBUG cotyledon.oslo_config_glue [-] oslo_limit.certfile = None {{(pid=96543) log_opt_values /opt/stack/data/venv/lib/python3.12/site-packages/oslo_config/cfg.py:3253}}
Jul 13 12:35:54.609108 np0000005114 nova-scheduler[96543]: DEBUG cotyledon.oslo_config_glue [-] oslo_limit.collect_timing = False {{(pid=96543) log_opt_values /opt/stack/data/venv/lib/python3.12/site-packages/oslo_config/cfg.py:3253}}
Jul 13 12:35:54.609108 np0000005114 nova-scheduler[96543]: DEBUG cotyledon.oslo_config_glue [-] oslo_limit.connect_retries = None {{(pid=96543) log_opt_values /opt/stack/data/venv/lib/python3.12/site-packages/oslo_config/cfg.py:3253}}
Jul 13 12:35:54.609108 np0000005114 nova-scheduler[96543]: DEBUG cotyledon.oslo_config_glue [-] oslo_limit.connect_retry_delay = None {{(pid=96543) log_opt_values /opt/stack/data/venv/lib/python3.12/site-packages/oslo_config/cfg.py:3253}}
Jul 13 12:35:54.609108 np0000005114 nova-scheduler[96543]: DEBUG cotyledon.oslo_config_glue [-] oslo_limit.endpoint_id = None {{(pid=96543) log_opt_values /opt/stack/data/venv/lib/python3.12/site-packages/oslo_config/cfg.py:3253}}
Jul 13 12:35:54.609108 np0000005114 nova-scheduler[96543]: DEBUG cotyledon.oslo_config_glue [-] oslo_limit.endpoint_interface = public {{(pid=96543) log_opt_values /opt/stack/data/venv/lib/python3.12/site-packages/oslo_config/cfg.py:3253}}
Jul 13 12:35:54.609108 np0000005114 nova-scheduler[96543]: DEBUG cotyledon.oslo_config_glue [-] oslo_limit.endpoint_override = None {{(pid=96543) log_opt_values /opt/stack/data/venv/lib/python3.12/site-packages/oslo_config/cfg.py:3253}}
Jul 13 12:35:54.609108 np0000005114 nova-scheduler[96543]: DEBUG cotyledon.oslo_config_glue [-] oslo_limit.endpoint_region_name = None {{(pid=96543) log_opt_values /opt/stack/data/venv/lib/python3.12/site-packages/oslo_config/cfg.py:3253}}
Jul 13 12:35:54.609108 np0000005114 nova-scheduler[96543]: DEBUG cotyledon.oslo_config_glue [-] oslo_limit.endpoint_service_name = None {{(pid=96543) log_opt_values /opt/stack/data/venv/lib/python3.12/site-packages/oslo_config/cfg.py:3253}}
Jul 13 12:35:54.609459 np0000005114 nova-scheduler[96543]: DEBUG cotyledon.oslo_config_glue [-] oslo_limit.endpoint_service_type = None {{(pid=96543) log_opt_values /opt/stack/data/venv/lib/python3.12/site-packages/oslo_config/cfg.py:3253}}
Jul 13 12:35:54.609459 np0000005114 nova-scheduler[96543]: DEBUG cotyledon.oslo_config_glue [-] oslo_limit.insecure = False {{(pid=96543) log_opt_values /opt/stack/data/venv/lib/python3.12/site-packages/oslo_config/cfg.py:3253}}
Jul 13 12:35:54.609459 np0000005114 nova-scheduler[96543]: DEBUG cotyledon.oslo_config_glue [-] oslo_limit.keyfile = None {{(pid=96543) log_opt_values /opt/stack/data/venv/lib/python3.12/site-packages/oslo_config/cfg.py:3253}}
Jul 13 12:35:54.609459 np0000005114 nova-scheduler[96543]: DEBUG cotyledon.oslo_config_glue [-] oslo_limit.max_version = None {{(pid=96543) log_opt_values /opt/stack/data/venv/lib/python3.12/site-packages/oslo_config/cfg.py:3253}}
Jul 13 12:35:54.609459 np0000005114 nova-scheduler[96543]: DEBUG cotyledon.oslo_config_glue [-] oslo_limit.min_version = None {{(pid=96543) log_opt_values /opt/stack/data/venv/lib/python3.12/site-packages/oslo_config/cfg.py:3253}}
Jul 13 12:35:54.609459 np0000005114 nova-scheduler[96543]: DEBUG cotyledon.oslo_config_glue [-] oslo_limit.region_name = None {{(pid=96543) log_opt_values /opt/stack/data/venv/lib/python3.12/site-packages/oslo_config/cfg.py:3253}}
Jul 13 12:35:54.609459 np0000005114 nova-scheduler[96543]: DEBUG cotyledon.oslo_config_glue [-] oslo_limit.retriable_status_codes = None {{(pid=96543) log_opt_values /opt/stack/data/venv/lib/python3.12/site-packages/oslo_config/cfg.py:3253}}
Jul 13 12:35:54.609459 np0000005114 nova-scheduler[96543]: DEBUG cotyledon.oslo_config_glue [-] oslo_limit.service_name = None {{(pid=96543) log_opt_values /opt/stack/data/venv/lib/python3.12/site-packages/oslo_config/cfg.py:3253}}
Jul 13 12:35:54.609459 np0000005114 nova-scheduler[96543]: DEBUG cotyledon.oslo_config_glue [-] oslo_limit.service_type = None {{(pid=96543) log_opt_values /opt/stack/data/venv/lib/python3.12/site-packages/oslo_config/cfg.py:3253}}
Jul 13 12:35:54.609906 np0000005114 nova-scheduler[96543]: DEBUG cotyledon.oslo_config_glue [-] oslo_limit.split_loggers = False {{(pid=96543) log_opt_values /opt/stack/data/venv/lib/python3.12/site-packages/oslo_config/cfg.py:3253}}
Jul 13 12:35:54.609906 np0000005114 nova-scheduler[96543]: DEBUG cotyledon.oslo_config_glue [-] oslo_limit.status_code_retries = None {{(pid=96543) log_opt_values /opt/stack/data/venv/lib/python3.12/site-packages/oslo_config/cfg.py:3253}}
Jul 13 12:35:54.609906 np0000005114 nova-scheduler[96543]: DEBUG cotyledon.oslo_config_glue [-] oslo_limit.status_code_retry_delay = None {{(pid=96543) log_opt_values /opt/stack/data/venv/lib/python3.12/site-packages/oslo_config/cfg.py:3253}}
Jul 13 12:35:54.609906 np0000005114 nova-scheduler[96543]: DEBUG cotyledon.oslo_config_glue [-] oslo_limit.timeout = None {{(pid=96543) log_opt_values /opt/stack/data/venv/lib/python3.12/site-packages/oslo_config/cfg.py:3253}}
Jul 13 12:35:54.609906 np0000005114 nova-scheduler[96543]: DEBUG cotyledon.oslo_config_glue [-] oslo_limit.valid_interfaces = None {{(pid=96543) log_opt_values /opt/stack/data/venv/lib/python3.12/site-packages/oslo_config/cfg.py:3253}}
Jul 13 12:35:54.609906 np0000005114 nova-scheduler[96543]: DEBUG cotyledon.oslo_config_glue [-] oslo_limit.version = None {{(pid=96543) log_opt_values /opt/stack/data/venv/lib/python3.12/site-packages/oslo_config/cfg.py:3253}}
Jul 13 12:35:54.609906 np0000005114 nova-scheduler[96543]: DEBUG cotyledon.oslo_config_glue [-] oslo_reports.file_event_handler = None {{(pid=96543) log_opt_values /opt/stack/data/venv/lib/python3.12/site-packages/oslo_config/cfg.py:3253}}
Jul 13 12:35:54.609906 np0000005114 nova-scheduler[96543]: DEBUG cotyledon.oslo_config_glue [-] oslo_reports.file_event_handler_interval = 1 {{(pid=96543) log_opt_values /opt/stack/data/venv/lib/python3.12/site-packages/oslo_config/cfg.py:3253}}
Jul 13 12:35:54.609906 np0000005114 nova-scheduler[96543]: DEBUG cotyledon.oslo_config_glue [-] oslo_reports.log_dir = None {{(pid=96543) log_opt_values /opt/stack/data/venv/lib/python3.12/site-packages/oslo_config/cfg.py:3253}}
Jul 13 12:35:54.610222 np0000005114 nova-scheduler[96543]: DEBUG cotyledon.oslo_config_glue [-] ******************************************************************************** {{(pid=96543) log_opt_values /opt/stack/data/venv/lib/python3.12/site-packages/oslo_config/cfg.py:3260}}
Jul 13 12:35:54.610222 np0000005114 nova-scheduler[96543]: DEBUG cotyledon._service_worker [-] Run service ServiceWrapper(3) [96543] {{(pid=96543) wait_forever /opt/stack/data/venv/lib/python3.12/site-packages/cotyledon/_service_worker.py:218}}
Jul 13 12:35:54.610222 np0000005114 nova-scheduler[96543]: INFO nova.service [-] Starting scheduler node (version 33.1.0)
Jul 13 12:35:54.610222 np0000005114 nova-scheduler[96543]: INFO dbcounter [None req-19620fc9-0595-4704-8a91-ca559814778c None None] Registered counter for database nova_cell0
Jul 13 12:35:54.610374 np0000005114 nova-scheduler[96537]: DEBUG oslo_db.sqlalchemy.engines [None req-d68e44ee-53ee-4fee-851a-ab297fd171c9 None None] MySQL server mode set to STRICT_TRANS_TABLES,STRICT_ALL_TABLES,NO_ZERO_IN_DATE,NO_ZERO_DATE,ERROR_FOR_DIVISION_BY_ZERO,TRADITIONAL,NO_ENGINE_SUBSTITUTION {{(pid=96537) _check_effective_sql_mode /opt/stack/data/venv/lib/python3.12/site-packages/oslo_db/sqlalchemy/engines.py:325}}
Jul 13 12:35:54.610374 np0000005114 nova-scheduler[96537]: DEBUG dbcounter [-] [96537] Writer thread running {{(pid=96537) stat_writer /opt/stack/data/venv/lib/python3.12/site-packages/dbcounter.py:102}}
Jul 13 12:35:54.610460 np0000005114 nova-scheduler[96539]: DEBUG oslo_db.sqlalchemy.engines [None req-c4eec843-3713-422f-b2f0-0baede811f06 None None] MySQL server mode set to STRICT_TRANS_TABLES,STRICT_ALL_TABLES,NO_ZERO_IN_DATE,NO_ZERO_DATE,ERROR_FOR_DIVISION_BY_ZERO,TRADITIONAL,NO_ENGINE_SUBSTITUTION {{(pid=96539) _check_effective_sql_mode /opt/stack/data/venv/lib/python3.12/site-packages/oslo_db/sqlalchemy/engines.py:325}}
Jul 13 12:35:54.610512 np0000005114 nova-scheduler[96541]: DEBUG oslo_db.sqlalchemy.engines [None req-9dc88afc-639a-47b1-9401-1779cbec75b9 None None] MySQL server mode set to STRICT_TRANS_TABLES,STRICT_ALL_TABLES,NO_ZERO_IN_DATE,NO_ZERO_DATE,ERROR_FOR_DIVISION_BY_ZERO,TRADITIONAL,NO_ENGINE_SUBSTITUTION {{(pid=96541) _check_effective_sql_mode /opt/stack/data/venv/lib/python3.12/site-packages/oslo_db/sqlalchemy/engines.py:325}}
Jul 13 12:35:54.610627 np0000005114 nova-scheduler[96539]: DEBUG dbcounter [-] [96539] Writer thread running {{(pid=96539) stat_writer /opt/stack/data/venv/lib/python3.12/site-packages/dbcounter.py:102}}
Jul 13 12:35:54.613134 np0000005114 nova-scheduler[96543]: DEBUG oslo_db.sqlalchemy.engines [None req-19620fc9-0595-4704-8a91-ca559814778c None None] MySQL server mode set to STRICT_TRANS_TABLES,STRICT_ALL_TABLES,NO_ZERO_IN_DATE,NO_ZERO_DATE,ERROR_FOR_DIVISION_BY_ZERO,TRADITIONAL,NO_ENGINE_SUBSTITUTION {{(pid=96543) _check_effective_sql_mode /opt/stack/data/venv/lib/python3.12/site-packages/oslo_db/sqlalchemy/engines.py:325}}
Jul 13 12:35:54.613621 np0000005114 nova-scheduler[96541]: DEBUG dbcounter [-] [96541] Writer thread running {{(pid=96541) stat_writer /opt/stack/data/venv/lib/python3.12/site-packages/dbcounter.py:102}}
Jul 13 12:35:54.615812 np0000005114 nova-scheduler[96537]: DEBUG nova.service [None req-d68e44ee-53ee-4fee-851a-ab297fd171c9 None None] Creating RPC server for service: nova-scheduler on topic: scheduler {{(pid=96537) start /opt/stack/nova/nova/service.py:196}}
Jul 13 12:35:54.618431 np0000005114 nova-scheduler[96541]: DEBUG nova.service [None req-9dc88afc-639a-47b1-9401-1779cbec75b9 None None] Creating RPC server for service: nova-scheduler on topic: scheduler {{(pid=96541) start /opt/stack/nova/nova/service.py:196}}
Jul 13 12:35:54.628245 np0000005114 nova-scheduler[96543]: DEBUG dbcounter [-] [96543] Writer thread running {{(pid=96543) stat_writer /opt/stack/data/venv/lib/python3.12/site-packages/dbcounter.py:102}}
Jul 13 12:35:54.632449 np0000005114 nova-scheduler[96539]: DEBUG nova.service [None req-c4eec843-3713-422f-b2f0-0baede811f06 None None] Creating RPC server for service: nova-scheduler on topic: scheduler {{(pid=96539) start /opt/stack/nova/nova/service.py:196}}
Jul 13 12:35:54.633120 np0000005114 nova-scheduler[96543]: DEBUG nova.service [None req-19620fc9-0595-4704-8a91-ca559814778c None None] Creating RPC server for service: nova-scheduler on topic: scheduler {{(pid=96543) start /opt/stack/nova/nova/service.py:196}}
Jul 13 12:35:54.654080 np0000005114 nova-scheduler[96541]: DEBUG nova.service [None req-9dc88afc-639a-47b1-9401-1779cbec75b9 None None] Join ServiceGroup membership for this service scheduler {{(pid=96541) start /opt/stack/nova/nova/service.py:222}}
Jul 13 12:35:54.654238 np0000005114 nova-scheduler[96537]: DEBUG nova.service [None req-d68e44ee-53ee-4fee-851a-ab297fd171c9 None None] Join ServiceGroup membership for this service scheduler {{(pid=96537) start /opt/stack/nova/nova/service.py:222}}
Jul 13 12:35:54.654492 np0000005114 nova-scheduler[96537]: DEBUG nova.servicegroup.drivers.db [None req-d68e44ee-53ee-4fee-851a-ab297fd171c9 None None] DB_Driver: join new ServiceGroup member np0000005114 to the scheduler group, service = {{(pid=96537) join /opt/stack/nova/nova/servicegroup/drivers/db.py:44}}
Jul 13 12:35:54.654998 np0000005114 nova-scheduler[96541]: DEBUG nova.servicegroup.drivers.db [None req-9dc88afc-639a-47b1-9401-1779cbec75b9 None None] DB_Driver: join new ServiceGroup member np0000005114 to the scheduler group, service = {{(pid=96541) join /opt/stack/nova/nova/servicegroup/drivers/db.py:44}}
Jul 13 12:35:54.665862 np0000005114 nova-scheduler[96543]: DEBUG nova.service [None req-19620fc9-0595-4704-8a91-ca559814778c None None] Join ServiceGroup membership for this service scheduler {{(pid=96543) start /opt/stack/nova/nova/service.py:222}}
Jul 13 12:35:54.666004 np0000005114 nova-scheduler[96539]: DEBUG nova.service [None req-c4eec843-3713-422f-b2f0-0baede811f06 None None] Join ServiceGroup membership for this service scheduler {{(pid=96539) start /opt/stack/nova/nova/service.py:222}}
Jul 13 12:35:54.666249 np0000005114 nova-scheduler[96539]: DEBUG nova.servicegroup.drivers.db [None req-c4eec843-3713-422f-b2f0-0baede811f06 None None] DB_Driver: join new ServiceGroup member np0000005114 to the scheduler group, service = {{(pid=96539) join /opt/stack/nova/nova/servicegroup/drivers/db.py:44}}
Jul 13 12:35:54.667436 np0000005114 nova-scheduler[96543]: DEBUG nova.servicegroup.drivers.db [None req-19620fc9-0595-4704-8a91-ca559814778c None None] DB_Driver: join new ServiceGroup member np0000005114 to the scheduler group, service = {{(pid=96543) join /opt/stack/nova/nova/servicegroup/drivers/db.py:44}}
Jul 13 12:35:59.676860 np0000005114 nova-scheduler[96537]: DEBUG oslo.service.backend._threading.loopingcall [-] Fixed interval looping call 'nova.servicegroup.drivers.db.DbDriver._report_state' sleeping for 119.98 seconds {{(pid=96537) _run_loop /opt/stack/data/venv/lib/python3.12/site-packages/oslo_service/backend/_threading/loopingcall.py:125}}
Jul 13 12:35:59.678279 np0000005114 nova-scheduler[96541]: DEBUG oslo.service.backend._threading.loopingcall [-] Fixed interval looping call 'nova.servicegroup.drivers.db.DbDriver._report_state' sleeping for 119.98 seconds {{(pid=96541) _run_loop /opt/stack/data/venv/lib/python3.12/site-packages/oslo_service/backend/_threading/loopingcall.py:125}}
Jul 13 12:35:59.682353 np0000005114 nova-scheduler[96539]: DEBUG oslo.service.backend._threading.loopingcall [-] Fixed interval looping call 'nova.servicegroup.drivers.db.DbDriver._report_state' sleeping for 119.99 seconds {{(pid=96539) _run_loop /opt/stack/data/venv/lib/python3.12/site-packages/oslo_service/backend/_threading/loopingcall.py:125}}
Jul 13 12:35:59.686221 np0000005114 nova-scheduler[96543]: DEBUG oslo.service.backend._threading.loopingcall [-] Fixed interval looping call 'nova.servicegroup.drivers.db.DbDriver._report_state' sleeping for 119.98 seconds {{(pid=96543) _run_loop /opt/stack/data/venv/lib/python3.12/site-packages/oslo_service/backend/_threading/loopingcall.py:125}}
Jul 13 12:36:03.091749 np0000005114 nova-scheduler[95345]: DEBUG dbcounter [-] [95345] Writing DB stats nova_api:SELECT=3 {{(pid=95345) stat_writer /opt/stack/data/venv/lib/python3.12/site-packages/dbcounter.py:115}}
Jul 13 12:36:03.270925 np0000005114 nova-scheduler[95345]: DEBUG dbcounter [-] [95345] Writing DB stats nova_cell0:SELECT=1 {{(pid=95345) stat_writer /opt/stack/data/venv/lib/python3.12/site-packages/dbcounter.py:115}}
Jul 13 12:36:03.274760 np0000005114 nova-scheduler[95345]: DEBUG dbcounter [-] [95345] Writing DB stats nova_cell1:SELECT=1 {{(pid=95345) stat_writer /opt/stack/data/venv/lib/python3.12/site-packages/dbcounter.py:115}}
Jul 13 12:36:04.669395 np0000005114 nova-scheduler[96539]: DEBUG oslo.service.backend._threading.loopingcall [None req-46cc7b1d-22d0-4403-8dcc-f4fee0efeafb None None] Dynamic interval looping call 'nova.service.Service.periodic_tasks' sleeping for 60.00 seconds {{(pid=96539) _run_loop /opt/stack/data/venv/lib/python3.12/site-packages/oslo_service/backend/_threading/loopingcall.py:125}}
Jul 13 12:36:09.670345 np0000005114 nova-scheduler[96537]: DEBUG dbcounter [-] [96537] Writing DB stats nova_cell0:SELECT=4,nova_cell0:INSERT=1,nova_cell0:UPDATE=1 {{(pid=96537) stat_writer /opt/stack/data/venv/lib/python3.12/site-packages/dbcounter.py:115}}
Jul 13 12:36:09.670794 np0000005114 nova-scheduler[96541]: DEBUG dbcounter [-] [96541] Writing DB stats nova_cell0:SELECT=3,nova_cell0:UPDATE=1 {{(pid=96541) stat_writer /opt/stack/data/venv/lib/python3.12/site-packages/dbcounter.py:115}}
Jul 13 12:36:09.678688 np0000005114 nova-scheduler[96539]: DEBUG dbcounter [-] [96539] Writing DB stats nova_cell0:SELECT=4,nova_cell0:INSERT=1,nova_cell0:UPDATE=1 {{(pid=96539) stat_writer /opt/stack/data/venv/lib/python3.12/site-packages/dbcounter.py:115}}
Jul 13 12:36:09.680500 np0000005114 nova-scheduler[96543]: DEBUG dbcounter [-] [96543] Writing DB stats nova_cell0:SELECT=3 {{(pid=96543) stat_writer /opt/stack/data/venv/lib/python3.12/site-packages/dbcounter.py:115}}
Jul 13 12:36:22.668880 np0000005114 nova-scheduler[96543]: DEBUG oslo.service.backend._threading.loopingcall [None req-5c4811e0-5f8d-4da7-b11c-c1affd8bd4ab None None] Dynamic interval looping call 'nova.service.Service.periodic_tasks' sleeping for 60.00 seconds {{(pid=96543) _run_loop /opt/stack/data/venv/lib/python3.12/site-packages/oslo_service/backend/_threading/loopingcall.py:125}}
Jul 13 12:36:30.658797 np0000005114 nova-scheduler[96541]: DEBUG oslo.service.backend._threading.loopingcall [None req-b132e9fe-0f1e-4b51-8f2f-cfeca303b2d4 None None] Dynamic interval looping call 'nova.service.Service.periodic_tasks' sleeping for 60.00 seconds {{(pid=96541) _run_loop /opt/stack/data/venv/lib/python3.12/site-packages/oslo_service/backend/_threading/loopingcall.py:125}}
Jul 13 12:36:43.658553 np0000005114 nova-scheduler[96537]: DEBUG oslo.service.backend._threading.loopingcall [None req-9a21ccba-e3de-4e29-9af0-aa0c68596c40 None None] Dynamic interval looping call 'nova.service.Service.periodic_tasks' sleeping for 60.00 seconds {{(pid=96537) _run_loop /opt/stack/data/venv/lib/python3.12/site-packages/oslo_service/backend/_threading/loopingcall.py:125}}
Jul 13 12:37:04.670165 np0000005114 nova-scheduler[96539]: DEBUG oslo.service.backend._threading.loopingcall [None req-46cc7b1d-22d0-4403-8dcc-f4fee0efeafb None None] Dynamic interval looping call 'nova.service.Service.periodic_tasks' sleeping for 60.00 seconds {{(pid=96539) _run_loop /opt/stack/data/venv/lib/python3.12/site-packages/oslo_service/backend/_threading/loopingcall.py:125}}
Jul 13 12:37:22.669363 np0000005114 nova-scheduler[96543]: DEBUG oslo.service.backend._threading.loopingcall [None req-5c4811e0-5f8d-4da7-b11c-c1affd8bd4ab None None] Dynamic interval looping call 'nova.service.Service.periodic_tasks' sleeping for 60.00 seconds {{(pid=96543) _run_loop /opt/stack/data/venv/lib/python3.12/site-packages/oslo_service/backend/_threading/loopingcall.py:125}}
Jul 13 12:37:30.659319 np0000005114 nova-scheduler[96541]: DEBUG oslo.service.backend._threading.loopingcall [None req-b132e9fe-0f1e-4b51-8f2f-cfeca303b2d4 None None] Dynamic interval looping call 'nova.service.Service.periodic_tasks' sleeping for 60.00 seconds {{(pid=96541) _run_loop /opt/stack/data/venv/lib/python3.12/site-packages/oslo_service/backend/_threading/loopingcall.py:125}}
Jul 13 12:37:43.659054 np0000005114 nova-scheduler[96537]: DEBUG oslo.service.backend._threading.loopingcall [None req-9a21ccba-e3de-4e29-9af0-aa0c68596c40 None None] Dynamic interval looping call 'nova.service.Service.periodic_tasks' sleeping for 60.00 seconds {{(pid=96537) _run_loop /opt/stack/data/venv/lib/python3.12/site-packages/oslo_service/backend/_threading/loopingcall.py:125}}
Jul 13 12:37:59.665591 np0000005114 nova-scheduler[96537]: DEBUG oslo.service.backend._threading.loopingcall [-] Fixed interval looping call 'nova.servicegroup.drivers.db.DbDriver._report_state' sleeping for 119.99 seconds {{(pid=96537) _run_loop /opt/stack/data/venv/lib/python3.12/site-packages/oslo_service/backend/_threading/loopingcall.py:125}}
Jul 13 12:37:59.666285 np0000005114 nova-scheduler[96541]: DEBUG oslo.service.backend._threading.loopingcall [-] Fixed interval looping call 'nova.servicegroup.drivers.db.DbDriver._report_state' sleeping for 119.99 seconds {{(pid=96541) _run_loop /opt/stack/data/venv/lib/python3.12/site-packages/oslo_service/backend/_threading/loopingcall.py:125}}
Jul 13 12:37:59.671335 np0000005114 nova-scheduler[96543]: DEBUG oslo.service.backend._threading.loopingcall [-] Fixed interval looping call 'nova.servicegroup.drivers.db.DbDriver._report_state' sleeping for 120.00 seconds {{(pid=96543) _run_loop /opt/stack/data/venv/lib/python3.12/site-packages/oslo_service/backend/_threading/loopingcall.py:125}}
Jul 13 12:37:59.676962 np0000005114 nova-scheduler[96539]: DEBUG oslo.service.backend._threading.loopingcall [-] Fixed interval looping call 'nova.servicegroup.drivers.db.DbDriver._report_state' sleeping for 120.00 seconds {{(pid=96539) _run_loop /opt/stack/data/venv/lib/python3.12/site-packages/oslo_service/backend/_threading/loopingcall.py:125}}
Jul 13 12:38:04.670510 np0000005114 nova-scheduler[96539]: DEBUG oslo.service.backend._threading.loopingcall [None req-46cc7b1d-22d0-4403-8dcc-f4fee0efeafb None None] Dynamic interval looping call 'nova.service.Service.periodic_tasks' sleeping for 60.00 seconds {{(pid=96539) _run_loop /opt/stack/data/venv/lib/python3.12/site-packages/oslo_service/backend/_threading/loopingcall.py:125}}
Jul 13 12:38:09.660970 np0000005114 nova-scheduler[96537]: DEBUG dbcounter [-] [96537] Writing DB stats nova_cell0:SELECT=1,nova_cell0:UPDATE=1 {{(pid=96537) stat_writer /opt/stack/data/venv/lib/python3.12/site-packages/dbcounter.py:115}}
Jul 13 12:38:09.663463 np0000005114 nova-scheduler[96541]: DEBUG dbcounter [-] [96541] Writing DB stats nova_cell0:SELECT=1,nova_cell0:UPDATE=1 {{(pid=96541) stat_writer /opt/stack/data/venv/lib/python3.12/site-packages/dbcounter.py:115}}
Jul 13 12:38:09.669091 np0000005114 nova-scheduler[96543]: DEBUG dbcounter [-] [96543] Writing DB stats nova_cell0:SELECT=1 {{(pid=96543) stat_writer /opt/stack/data/venv/lib/python3.12/site-packages/dbcounter.py:115}}
Jul 13 12:38:09.674612 np0000005114 nova-scheduler[96539]: DEBUG dbcounter [-] [96539] Writing DB stats nova_cell0:SELECT=1 {{(pid=96539) stat_writer /opt/stack/data/venv/lib/python3.12/site-packages/dbcounter.py:115}}
Jul 13 12:38:22.670028 np0000005114 nova-scheduler[96543]: DEBUG oslo.service.backend._threading.loopingcall [None req-5c4811e0-5f8d-4da7-b11c-c1affd8bd4ab None None] Dynamic interval looping call 'nova.service.Service.periodic_tasks' sleeping for 60.00 seconds {{(pid=96543) _run_loop /opt/stack/data/venv/lib/python3.12/site-packages/oslo_service/backend/_threading/loopingcall.py:125}}
Jul 13 12:38:30.660096 np0000005114 nova-scheduler[96541]: DEBUG oslo.service.backend._threading.loopingcall [None req-b132e9fe-0f1e-4b51-8f2f-cfeca303b2d4 None None] Dynamic interval looping call 'nova.service.Service.periodic_tasks' sleeping for 60.00 seconds {{(pid=96541) _run_loop /opt/stack/data/venv/lib/python3.12/site-packages/oslo_service/backend/_threading/loopingcall.py:125}}
Jul 13 12:38:32.177675 np0000005114 nova-scheduler[96541]: DEBUG nova.scheduler.manager [None req-51ad2296-3fc2-449a-bda1-f6dfbabe30d7 tempest-DeleteServersTestJSON-801993605 tempest-DeleteServersTestJSON-801993605-project-member] Starting to schedule for instances: ['d37f59a7-7d29-4a07-aeab-ceaf364227da'] {{(pid=96541) select_destinations /opt/stack/nova/nova/scheduler/manager.py:209}}
Jul 13 12:38:32.179776 np0000005114 nova-scheduler[96541]: DEBUG nova.scheduler.request_filter [None req-51ad2296-3fc2-449a-bda1-f6dfbabe30d7 tempest-DeleteServersTestJSON-801993605 tempest-DeleteServersTestJSON-801993605-project-member] compute_status_filter request filter added forbidden trait COMPUTE_STATUS_DISABLED {{(pid=96541) compute_status_filter /opt/stack/nova/nova/scheduler/request_filter.py:253}}
Jul 13 12:38:32.179776 np0000005114 nova-scheduler[96541]: DEBUG nova.scheduler.request_filter [None req-51ad2296-3fc2-449a-bda1-f6dfbabe30d7 tempest-DeleteServersTestJSON-801993605 tempest-DeleteServersTestJSON-801993605-project-member] Request filter 'compute_status_filter' took 0.0 seconds {{(pid=96541) wrapper /opt/stack/nova/nova/scheduler/request_filter.py:46}}
Jul 13 12:38:32.179776 np0000005114 nova-scheduler[96541]: DEBUG nova.scheduler.request_filter [None req-51ad2296-3fc2-449a-bda1-f6dfbabe30d7 tempest-DeleteServersTestJSON-801993605 tempest-DeleteServersTestJSON-801993605-project-member] Request filter 'accelerators_filter' took 0.0 seconds {{(pid=96541) wrapper /opt/stack/nova/nova/scheduler/request_filter.py:46}}
Jul 13 12:38:32.179776 np0000005114 nova-scheduler[96541]: DEBUG nova.scheduler.request_filter [None req-51ad2296-3fc2-449a-bda1-f6dfbabe30d7 tempest-DeleteServersTestJSON-801993605 tempest-DeleteServersTestJSON-801993605-project-member] Request filter 'packed_virtqueue_filter' took 0.0 seconds {{(pid=96541) wrapper /opt/stack/nova/nova/scheduler/request_filter.py:46}}
Jul 13 12:38:32.179776 np0000005114 nova-scheduler[96541]: DEBUG nova.scheduler.request_filter [None req-51ad2296-3fc2-449a-bda1-f6dfbabe30d7 tempest-DeleteServersTestJSON-801993605 tempest-DeleteServersTestJSON-801993605-project-member] Request filter 'remote_managed_ports_filter' took 0.0 seconds {{(pid=96541) wrapper /opt/stack/nova/nova/scheduler/request_filter.py:46}}
Jul 13 12:38:32.179998 np0000005114 nova-scheduler[96541]: DEBUG nova.scheduler.request_filter [None req-51ad2296-3fc2-449a-bda1-f6dfbabe30d7 tempest-DeleteServersTestJSON-801993605 tempest-DeleteServersTestJSON-801993605-project-member] ephemeral_encryption_filter skipped {{(pid=96541) ephemeral_encryption_filter /opt/stack/nova/nova/scheduler/request_filter.py:426}}
Jul 13 12:38:32.179998 np0000005114 nova-scheduler[96541]: DEBUG nova.scheduler.request_filter [None req-51ad2296-3fc2-449a-bda1-f6dfbabe30d7 tempest-DeleteServersTestJSON-801993605 tempest-DeleteServersTestJSON-801993605-project-member] virtio_sound_filter skipped {{(pid=96541) virtio_sound_filter /opt/stack/nova/nova/scheduler/request_filter.py:460}}
Jul 13 12:38:32.179998 np0000005114 nova-scheduler[96541]: DEBUG nova.scheduler.request_filter [None req-51ad2296-3fc2-449a-bda1-f6dfbabe30d7 tempest-DeleteServersTestJSON-801993605 tempest-DeleteServersTestJSON-801993605-project-member] tpm_secret_security_filter skipped {{(pid=96541) tpm_secret_security_filter /opt/stack/nova/nova/scheduler/request_filter.py:477}}
Jul 13 12:38:33.139763 np0000005114 nova-scheduler[96541]: INFO nova.utils [None req-51ad2296-3fc2-449a-bda1-f6dfbabe30d7 tempest-DeleteServersTestJSON-801993605 tempest-DeleteServersTestJSON-801993605-project-member] The cell worker thread pool ForkProcess-3.cell_worker is initialized
Jul 13 12:38:33.140541 np0000005114 nova-scheduler[96541]: DEBUG oslo_concurrency.lockutils [None req-51ad2296-3fc2-449a-bda1-f6dfbabe30d7 tempest-DeleteServersTestJSON-801993605 tempest-DeleteServersTestJSON-801993605-project-member] Acquiring lock "2723cbe6-c2a2-4d3f-89d9-098bdd8738fa" by "nova.context.set_target_cell..get_or_set_cached_cell_and_set_connections" {{(pid=96541) inner /opt/stack/data/venv/lib/python3.12/site-packages/oslo_concurrency/lockutils.py:511}}
Jul 13 12:38:33.141702 np0000005114 nova-scheduler[96541]: DEBUG oslo_concurrency.lockutils [None req-51ad2296-3fc2-449a-bda1-f6dfbabe30d7 tempest-DeleteServersTestJSON-801993605 tempest-DeleteServersTestJSON-801993605-project-member] Lock "2723cbe6-c2a2-4d3f-89d9-098bdd8738fa" acquired by "nova.context.set_target_cell..get_or_set_cached_cell_and_set_connections" :: waited 0.000s {{(pid=96541) inner /opt/stack/data/venv/lib/python3.12/site-packages/oslo_concurrency/lockutils.py:524}}
Jul 13 12:38:33.143158 np0000005114 nova-scheduler[96541]: DEBUG oslo_concurrency.lockutils [None req-51ad2296-3fc2-449a-bda1-f6dfbabe30d7 tempest-DeleteServersTestJSON-801993605 tempest-DeleteServersTestJSON-801993605-project-member] Lock "2723cbe6-c2a2-4d3f-89d9-098bdd8738fa" "released" by "nova.context.set_target_cell..get_or_set_cached_cell_and_set_connections" :: held 0.002s {{(pid=96541) inner /opt/stack/data/venv/lib/python3.12/site-packages/oslo_concurrency/lockutils.py:543}}
