Jul 13 12:36:01.158253 np0000005114 nova-conductor[98946]: DEBUG cotyledon.oslo_config_glue [-] vnc.server_proxyclient_address = 127.0.0.1 {{(pid=98946) log_opt_values /opt/stack/data/venv/lib/python3.12/site-packages/oslo_config/cfg.py:3253}}
Jul 13 12:36:01.158253 np0000005114 nova-conductor[98946]: DEBUG cotyledon.oslo_config_glue [-] vnc.vencrypt_ca_certs = None {{(pid=98946) log_opt_values /opt/stack/data/venv/lib/python3.12/site-packages/oslo_config/cfg.py:3253}}
Jul 13 12:36:01.158555 np0000005114 nova-conductor[98946]: DEBUG cotyledon.oslo_config_glue [-] vnc.vencrypt_client_cert = None {{(pid=98946) log_opt_values /opt/stack/data/venv/lib/python3.12/site-packages/oslo_config/cfg.py:3253}}
Jul 13 12:36:01.158555 np0000005114 nova-conductor[98946]: DEBUG cotyledon.oslo_config_glue [-] vnc.vencrypt_client_key = None {{(pid=98946) log_opt_values /opt/stack/data/venv/lib/python3.12/site-packages/oslo_config/cfg.py:3253}}
Jul 13 12:36:01.158555 np0000005114 nova-conductor[98946]: DEBUG cotyledon.oslo_config_glue [-] workarounds.disable_compute_service_check_for_ffu = False {{(pid=98946) log_opt_values /opt/stack/data/venv/lib/python3.12/site-packages/oslo_config/cfg.py:3253}}
Jul 13 12:36:01.158555 np0000005114 nova-conductor[98946]: DEBUG cotyledon.oslo_config_glue [-] workarounds.disable_deep_image_inspection = False {{(pid=98946) log_opt_values /opt/stack/data/venv/lib/python3.12/site-packages/oslo_config/cfg.py:3253}}
Jul 13 12:36:01.158555 np0000005114 nova-conductor[98946]: DEBUG cotyledon.oslo_config_glue [-] workarounds.disable_fallback_pcpu_query = False {{(pid=98946) log_opt_values /opt/stack/data/venv/lib/python3.12/site-packages/oslo_config/cfg.py:3253}}
Jul 13 12:36:01.158555 np0000005114 nova-conductor[98946]: DEBUG cotyledon.oslo_config_glue [-] workarounds.disable_group_policy_check_upcall = False {{(pid=98946) log_opt_values /opt/stack/data/venv/lib/python3.12/site-packages/oslo_config/cfg.py:3253}}
Jul 13 12:36:01.158555 np0000005114 nova-conductor[98946]: DEBUG cotyledon.oslo_config_glue [-] workarounds.disable_libvirt_livesnapshot = False {{(pid=98946) log_opt_values /opt/stack/data/venv/lib/python3.12/site-packages/oslo_config/cfg.py:3253}}
Jul 13 12:36:01.158555 np0000005114 nova-conductor[98946]: DEBUG cotyledon.oslo_config_glue [-] workarounds.disable_rootwrap = False {{(pid=98946) log_opt_values /opt/stack/data/venv/lib/python3.12/site-packages/oslo_config/cfg.py:3253}}
Jul 13 12:36:01.158555 np0000005114 nova-conductor[98946]: DEBUG cotyledon.oslo_config_glue [-] workarounds.enable_numa_live_migration = False {{(pid=98946) log_opt_values /opt/stack/data/venv/lib/python3.12/site-packages/oslo_config/cfg.py:3253}}
Jul 13 12:36:01.158909 np0000005114 nova-conductor[98946]: DEBUG cotyledon.oslo_config_glue [-] workarounds.enable_qemu_monitor_announce_self = False {{(pid=98946) log_opt_values /opt/stack/data/venv/lib/python3.12/site-packages/oslo_config/cfg.py:3253}}
Jul 13 12:36:01.158909 np0000005114 nova-conductor[98946]: DEBUG cotyledon.oslo_config_glue [-] workarounds.ensure_libvirt_rbd_instance_dir_cleanup = False {{(pid=98946) log_opt_values /opt/stack/data/venv/lib/python3.12/site-packages/oslo_config/cfg.py:3253}}
Jul 13 12:36:01.158909 np0000005114 nova-conductor[98946]: DEBUG cotyledon.oslo_config_glue [-] workarounds.handle_virt_lifecycle_events = True {{(pid=98946) log_opt_values /opt/stack/data/venv/lib/python3.12/site-packages/oslo_config/cfg.py:3253}}
Jul 13 12:36:01.158909 np0000005114 nova-conductor[98946]: DEBUG cotyledon.oslo_config_glue [-] workarounds.libvirt_disable_apic = False {{(pid=98946) log_opt_values /opt/stack/data/venv/lib/python3.12/site-packages/oslo_config/cfg.py:3253}}
Jul 13 12:36:01.158909 np0000005114 nova-conductor[98946]: DEBUG cotyledon.oslo_config_glue [-] workarounds.never_download_image_if_on_rbd = False {{(pid=98946) log_opt_values /opt/stack/data/venv/lib/python3.12/site-packages/oslo_config/cfg.py:3253}}
Jul 13 12:36:01.158909 np0000005114 nova-conductor[98946]: DEBUG cotyledon.oslo_config_glue [-] workarounds.qemu_monitor_announce_self_count = 3 {{(pid=98946) log_opt_values /opt/stack/data/venv/lib/python3.12/site-packages/oslo_config/cfg.py:3253}}
Jul 13 12:36:01.158909 np0000005114 nova-conductor[98946]: DEBUG cotyledon.oslo_config_glue [-] workarounds.qemu_monitor_announce_self_interval = 1 {{(pid=98946) log_opt_values /opt/stack/data/venv/lib/python3.12/site-packages/oslo_config/cfg.py:3253}}
Jul 13 12:36:01.158909 np0000005114 nova-conductor[98946]: DEBUG cotyledon.oslo_config_glue [-] workarounds.reserve_disk_resource_for_image_cache = False {{(pid=98946) log_opt_values /opt/stack/data/venv/lib/python3.12/site-packages/oslo_config/cfg.py:3253}}
Jul 13 12:36:01.158909 np0000005114 nova-conductor[98946]: DEBUG cotyledon.oslo_config_glue [-] workarounds.skip_cpu_compare_at_startup = False {{(pid=98946) log_opt_values /opt/stack/data/venv/lib/python3.12/site-packages/oslo_config/cfg.py:3253}}
Jul 13 12:36:01.159303 np0000005114 nova-conductor[98946]: DEBUG cotyledon.oslo_config_glue [-] workarounds.skip_cpu_compare_on_dest = False {{(pid=98946) log_opt_values /opt/stack/data/venv/lib/python3.12/site-packages/oslo_config/cfg.py:3253}}
Jul 13 12:36:01.159303 np0000005114 nova-conductor[98946]: DEBUG cotyledon.oslo_config_glue [-] workarounds.skip_hypervisor_version_check_on_lm = False {{(pid=98946) log_opt_values /opt/stack/data/venv/lib/python3.12/site-packages/oslo_config/cfg.py:3253}}
Jul 13 12:36:01.159303 np0000005114 nova-conductor[98946]: DEBUG cotyledon.oslo_config_glue [-] workarounds.skip_reserve_in_use_ironic_nodes = False {{(pid=98946) log_opt_values /opt/stack/data/venv/lib/python3.12/site-packages/oslo_config/cfg.py:3253}}
Jul 13 12:36:01.159303 np0000005114 nova-conductor[98946]: DEBUG cotyledon.oslo_config_glue [-] workarounds.unified_limits_count_pcpu_as_vcpu = False {{(pid=98946) log_opt_values /opt/stack/data/venv/lib/python3.12/site-packages/oslo_config/cfg.py:3253}}
Jul 13 12:36:01.159303 np0000005114 nova-conductor[98946]: DEBUG cotyledon.oslo_config_glue [-] workarounds.wait_for_vif_plugged_event_during_hard_reboot = [] {{(pid=98946) log_opt_values /opt/stack/data/venv/lib/python3.12/site-packages/oslo_config/cfg.py:3253}}
Jul 13 12:36:01.159303 np0000005114 nova-conductor[98946]: DEBUG cotyledon.oslo_config_glue [-] wsgi.api_paste_config = /etc/nova/api-paste.ini {{(pid=98946) log_opt_values /opt/stack/data/venv/lib/python3.12/site-packages/oslo_config/cfg.py:3253}}
Jul 13 12:36:01.159303 np0000005114 nova-conductor[98946]: DEBUG cotyledon.oslo_config_glue [-] wsgi.secure_proxy_ssl_header = None {{(pid=98946) log_opt_values /opt/stack/data/venv/lib/python3.12/site-packages/oslo_config/cfg.py:3253}}
Jul 13 12:36:01.159303 np0000005114 nova-conductor[98946]: DEBUG cotyledon.oslo_config_glue [-] zvm.ca_file = None {{(pid=98946) log_opt_values /opt/stack/data/venv/lib/python3.12/site-packages/oslo_config/cfg.py:3253}}
Jul 13 12:36:01.159303 np0000005114 nova-conductor[98946]: DEBUG cotyledon.oslo_config_glue [-] zvm.cloud_connector_url = None {{(pid=98946) log_opt_values /opt/stack/data/venv/lib/python3.12/site-packages/oslo_config/cfg.py:3253}}
Jul 13 12:36:01.159553 np0000005114 nova-conductor[98946]: DEBUG cotyledon.oslo_config_glue [-] zvm.image_tmp_path = /opt/stack/data/nova/images {{(pid=98946) log_opt_values /opt/stack/data/venv/lib/python3.12/site-packages/oslo_config/cfg.py:3253}}
Jul 13 12:36:01.159553 np0000005114 nova-conductor[98946]: DEBUG cotyledon.oslo_config_glue [-] zvm.reachable_timeout = 300 {{(pid=98946) log_opt_values /opt/stack/data/venv/lib/python3.12/site-packages/oslo_config/cfg.py:3253}}
Jul 13 12:36:01.159553 np0000005114 nova-conductor[98946]: DEBUG cotyledon.oslo_config_glue [-] oslo_versionedobjects.fatal_exception_format_errors = False {{(pid=98946) log_opt_values /opt/stack/data/venv/lib/python3.12/site-packages/oslo_config/cfg.py:3253}}
Jul 13 12:36:01.159553 np0000005114 nova-conductor[98946]: DEBUG cotyledon.oslo_config_glue [-] oslo_middleware.http_basic_auth_user_file = /etc/htpasswd {{(pid=98946) log_opt_values /opt/stack/data/venv/lib/python3.12/site-packages/oslo_config/cfg.py:3253}}
Jul 13 12:36:01.159553 np0000005114 nova-conductor[98946]: DEBUG cotyledon.oslo_config_glue [-] profiler.connection_string = messaging:// {{(pid=98946) log_opt_values /opt/stack/data/venv/lib/python3.12/site-packages/oslo_config/cfg.py:3253}}
Jul 13 12:36:01.159553 np0000005114 nova-conductor[98946]: DEBUG cotyledon.oslo_config_glue [-] profiler.enabled = False {{(pid=98946) log_opt_values /opt/stack/data/venv/lib/python3.12/site-packages/oslo_config/cfg.py:3253}}
Jul 13 12:36:01.159553 np0000005114 nova-conductor[98946]: DEBUG cotyledon.oslo_config_glue [-] profiler.es_doc_type = notification {{(pid=98946) log_opt_values /opt/stack/data/venv/lib/python3.12/site-packages/oslo_config/cfg.py:3253}}
Jul 13 12:36:01.159553 np0000005114 nova-conductor[98946]: DEBUG cotyledon.oslo_config_glue [-] profiler.es_scroll_size = 10000 {{(pid=98946) log_opt_values /opt/stack/data/venv/lib/python3.12/site-packages/oslo_config/cfg.py:3253}}
Jul 13 12:36:01.159553 np0000005114 nova-conductor[98946]: DEBUG cotyledon.oslo_config_glue [-] profiler.es_scroll_time = 2m {{(pid=98946) log_opt_values /opt/stack/data/venv/lib/python3.12/site-packages/oslo_config/cfg.py:3253}}
Jul 13 12:36:01.159884 np0000005114 nova-conductor[98946]: DEBUG cotyledon.oslo_config_glue [-] profiler.filter_error_trace = False {{(pid=98946) log_opt_values /opt/stack/data/venv/lib/python3.12/site-packages/oslo_config/cfg.py:3253}}
Jul 13 12:36:01.159884 np0000005114 nova-conductor[98946]: DEBUG cotyledon.oslo_config_glue [-] profiler.hmac_keys = **** {{(pid=98946) log_opt_values /opt/stack/data/venv/lib/python3.12/site-packages/oslo_config/cfg.py:3253}}
Jul 13 12:36:01.159884 np0000005114 nova-conductor[98946]: DEBUG cotyledon.oslo_config_glue [-] profiler.sentinel_service_name = mymaster {{(pid=98946) log_opt_values /opt/stack/data/venv/lib/python3.12/site-packages/oslo_config/cfg.py:3253}}
Jul 13 12:36:01.159884 np0000005114 nova-conductor[98946]: DEBUG cotyledon.oslo_config_glue [-] profiler.socket_timeout = 0.1 {{(pid=98946) log_opt_values /opt/stack/data/venv/lib/python3.12/site-packages/oslo_config/cfg.py:3253}}
Jul 13 12:36:01.159884 np0000005114 nova-conductor[98946]: DEBUG cotyledon.oslo_config_glue [-] profiler.trace_requests = False {{(pid=98946) log_opt_values /opt/stack/data/venv/lib/python3.12/site-packages/oslo_config/cfg.py:3253}}
Jul 13 12:36:01.159884 np0000005114 nova-conductor[98946]: DEBUG cotyledon.oslo_config_glue [-] profiler.trace_sqlalchemy = False {{(pid=98946) log_opt_values /opt/stack/data/venv/lib/python3.12/site-packages/oslo_config/cfg.py:3253}}
Jul 13 12:36:01.159884 np0000005114 nova-conductor[98946]: DEBUG cotyledon.oslo_config_glue [-] profiler_jaeger.process_tags = {} {{(pid=98946) log_opt_values /opt/stack/data/venv/lib/python3.12/site-packages/oslo_config/cfg.py:3253}}
Jul 13 12:36:01.159884 np0000005114 nova-conductor[98946]: DEBUG cotyledon.oslo_config_glue [-] profiler_jaeger.service_name_prefix = None {{(pid=98946) log_opt_values /opt/stack/data/venv/lib/python3.12/site-packages/oslo_config/cfg.py:3253}}
Jul 13 12:36:01.159884 np0000005114 nova-conductor[98946]: DEBUG cotyledon.oslo_config_glue [-] profiler_otlp.service_name_prefix = None {{(pid=98946) log_opt_values /opt/stack/data/venv/lib/python3.12/site-packages/oslo_config/cfg.py:3253}}
Jul 13 12:36:01.160087 np0000005114 nova-conductor[98946]: DEBUG cotyledon.oslo_config_glue [-] oslo_messaging_rabbit.amqp_auto_delete = False {{(pid=98946) log_opt_values /opt/stack/data/venv/lib/python3.12/site-packages/oslo_config/cfg.py:3253}}
Jul 13 12:36:01.160087 np0000005114 nova-conductor[98946]: DEBUG cotyledon.oslo_config_glue [-] oslo_messaging_rabbit.amqp_durable_queues = False {{(pid=98946) log_opt_values /opt/stack/data/venv/lib/python3.12/site-packages/oslo_config/cfg.py:3253}}
Jul 13 12:36:01.160087 np0000005114 nova-conductor[98946]: DEBUG cotyledon.oslo_config_glue [-] oslo_messaging_rabbit.conn_pool_min_size = 2 {{(pid=98946) log_opt_values /opt/stack/data/venv/lib/python3.12/site-packages/oslo_config/cfg.py:3253}}
Jul 13 12:36:01.160087 np0000005114 nova-conductor[98946]: DEBUG cotyledon.oslo_config_glue [-] oslo_messaging_rabbit.conn_pool_ttl = 1200 {{(pid=98946) log_opt_values /opt/stack/data/venv/lib/python3.12/site-packages/oslo_config/cfg.py:3253}}
Jul 13 12:36:01.160087 np0000005114 nova-conductor[98946]: DEBUG cotyledon.oslo_config_glue [-] oslo_messaging_rabbit.direct_mandatory_flag = True {{(pid=98946) log_opt_values /opt/stack/data/venv/lib/python3.12/site-packages/oslo_config/cfg.py:3253}}
Jul 13 12:36:01.160087 np0000005114 nova-conductor[98946]: DEBUG cotyledon.oslo_config_glue [-] oslo_messaging_rabbit.enable_cancel_on_failover = False {{(pid=98946) log_opt_values /opt/stack/data/venv/lib/python3.12/site-packages/oslo_config/cfg.py:3253}}
Jul 13 12:36:01.160087 np0000005114 nova-conductor[98946]: DEBUG cotyledon.oslo_config_glue [-] oslo_messaging_rabbit.heartbeat_rate = 3 {{(pid=98946) log_opt_values /opt/stack/data/venv/lib/python3.12/site-packages/oslo_config/cfg.py:3253}}
Jul 13 12:36:01.160087 np0000005114 nova-conductor[98946]: DEBUG cotyledon.oslo_config_glue [-] oslo_messaging_rabbit.heartbeat_timeout_threshold = 60 {{(pid=98946) log_opt_values /opt/stack/data/venv/lib/python3.12/site-packages/oslo_config/cfg.py:3253}}
Jul 13 12:36:01.160087 np0000005114 nova-conductor[98946]: DEBUG cotyledon.oslo_config_glue [-] oslo_messaging_rabbit.hostname = np0000005114 {{(pid=98946) log_opt_values /opt/stack/data/venv/lib/python3.12/site-packages/oslo_config/cfg.py:3253}}
Jul 13 12:36:01.160322 np0000005114 nova-conductor[98946]: DEBUG cotyledon.oslo_config_glue [-] oslo_messaging_rabbit.kombu_compression = None {{(pid=98946) log_opt_values /opt/stack/data/venv/lib/python3.12/site-packages/oslo_config/cfg.py:3253}}
Jul 13 12:36:01.160322 np0000005114 nova-conductor[98946]: DEBUG cotyledon.oslo_config_glue [-] oslo_messaging_rabbit.kombu_failover_strategy = round-robin {{(pid=98946) log_opt_values /opt/stack/data/venv/lib/python3.12/site-packages/oslo_config/cfg.py:3253}}
Jul 13 12:36:01.160322 np0000005114 nova-conductor[98946]: DEBUG cotyledon.oslo_config_glue [-] oslo_messaging_rabbit.kombu_missing_consumer_retry_timeout = 60 {{(pid=98946) log_opt_values /opt/stack/data/venv/lib/python3.12/site-packages/oslo_config/cfg.py:3253}}
Jul 13 12:36:01.160322 np0000005114 nova-conductor[98946]: DEBUG cotyledon.oslo_config_glue [-] oslo_messaging_rabbit.kombu_reconnect_delay = 1.0 {{(pid=98946) log_opt_values /opt/stack/data/venv/lib/python3.12/site-packages/oslo_config/cfg.py:3253}}
Jul 13 12:36:01.160322 np0000005114 nova-conductor[98946]: DEBUG cotyledon.oslo_config_glue [-] oslo_messaging_rabbit.kombu_reconnect_splay = 0.0 {{(pid=98946) log_opt_values /opt/stack/data/venv/lib/python3.12/site-packages/oslo_config/cfg.py:3253}}
Jul 13 12:36:01.160322 np0000005114 nova-conductor[98946]: DEBUG cotyledon.oslo_config_glue [-] oslo_messaging_rabbit.processname = nova-conductor {{(pid=98946) log_opt_values /opt/stack/data/venv/lib/python3.12/site-packages/oslo_config/cfg.py:3253}}
Jul 13 12:36:01.160322 np0000005114 nova-conductor[98946]: DEBUG cotyledon.oslo_config_glue [-] oslo_messaging_rabbit.rabbit_ha_queues = False {{(pid=98946) log_opt_values /opt/stack/data/venv/lib/python3.12/site-packages/oslo_config/cfg.py:3253}}
Jul 13 12:36:01.160322 np0000005114 nova-conductor[98946]: DEBUG cotyledon.oslo_config_glue [-] oslo_messaging_rabbit.rabbit_interval_max = 30 {{(pid=98946) log_opt_values /opt/stack/data/venv/lib/python3.12/site-packages/oslo_config/cfg.py:3253}}
Jul 13 12:36:01.160322 np0000005114 nova-conductor[98946]: DEBUG cotyledon.oslo_config_glue [-] oslo_messaging_rabbit.rabbit_login_method = AMQPLAIN {{(pid=98946) log_opt_values /opt/stack/data/venv/lib/python3.12/site-packages/oslo_config/cfg.py:3253}}
Jul 13 12:36:01.160533 np0000005114 nova-conductor[98946]: DEBUG cotyledon.oslo_config_glue [-] oslo_messaging_rabbit.rabbit_qos_prefetch_count = 0 {{(pid=98946) log_opt_values /opt/stack/data/venv/lib/python3.12/site-packages/oslo_config/cfg.py:3253}}
Jul 13 12:36:01.160533 np0000005114 nova-conductor[98946]: DEBUG cotyledon.oslo_config_glue [-] oslo_messaging_rabbit.rabbit_quorum_delivery_limit = 0 {{(pid=98946) log_opt_values /opt/stack/data/venv/lib/python3.12/site-packages/oslo_config/cfg.py:3253}}
Jul 13 12:36:01.160533 np0000005114 nova-conductor[98946]: DEBUG cotyledon.oslo_config_glue [-] oslo_messaging_rabbit.rabbit_quorum_max_memory_bytes = 0 {{(pid=98946) log_opt_values /opt/stack/data/venv/lib/python3.12/site-packages/oslo_config/cfg.py:3253}}
Jul 13 12:36:01.160533 np0000005114 nova-conductor[98946]: DEBUG cotyledon.oslo_config_glue [-] oslo_messaging_rabbit.rabbit_quorum_max_memory_length = 0 {{(pid=98946) log_opt_values /opt/stack/data/venv/lib/python3.12/site-packages/oslo_config/cfg.py:3253}}
Jul 13 12:36:01.160533 np0000005114 nova-conductor[98946]: DEBUG cotyledon.oslo_config_glue [-] oslo_messaging_rabbit.rabbit_quorum_queue = False {{(pid=98946) log_opt_values /opt/stack/data/venv/lib/python3.12/site-packages/oslo_config/cfg.py:3253}}
Jul 13 12:36:01.160533 np0000005114 nova-conductor[98946]: DEBUG cotyledon.oslo_config_glue [-] oslo_messaging_rabbit.rabbit_retry_backoff = 2 {{(pid=98946) log_opt_values /opt/stack/data/venv/lib/python3.12/site-packages/oslo_config/cfg.py:3253}}
Jul 13 12:36:01.160533 np0000005114 nova-conductor[98946]: DEBUG cotyledon.oslo_config_glue [-] oslo_messaging_rabbit.rabbit_retry_interval = 1 {{(pid=98946) log_opt_values /opt/stack/data/venv/lib/python3.12/site-packages/oslo_config/cfg.py:3253}}
Jul 13 12:36:01.160533 np0000005114 nova-conductor[98946]: DEBUG cotyledon.oslo_config_glue [-] oslo_messaging_rabbit.rabbit_stream_fanout = False {{(pid=98946) log_opt_values /opt/stack/data/venv/lib/python3.12/site-packages/oslo_config/cfg.py:3253}}
Jul 13 12:36:01.160715 np0000005114 nova-conductor[98946]: DEBUG cotyledon.oslo_config_glue [-] oslo_messaging_rabbit.rabbit_transient_queues_ttl = 1800 {{(pid=98946) log_opt_values /opt/stack/data/venv/lib/python3.12/site-packages/oslo_config/cfg.py:3253}}
Jul 13 12:36:01.160715 np0000005114 nova-conductor[98946]: DEBUG cotyledon.oslo_config_glue [-] oslo_messaging_rabbit.rabbit_transient_quorum_queue = False {{(pid=98946) log_opt_values /opt/stack/data/venv/lib/python3.12/site-packages/oslo_config/cfg.py:3253}}
Jul 13 12:36:01.160715 np0000005114 nova-conductor[98946]: DEBUG cotyledon.oslo_config_glue [-] oslo_messaging_rabbit.rpc_conn_pool_size = 30 {{(pid=98946) log_opt_values /opt/stack/data/venv/lib/python3.12/site-packages/oslo_config/cfg.py:3253}}
Jul 13 12:36:01.160802 np0000005114 nova-conductor[98920]: DEBUG oslo_db.sqlalchemy.engines [None req-bac00753-9687-4b6c-b8cc-e132f76adf45 None None] MySQL server mode set to STRICT_TRANS_TABLES,STRICT_ALL_TABLES,NO_ZERO_IN_DATE,NO_ZERO_DATE,ERROR_FOR_DIVISION_BY_ZERO,TRADITIONAL,NO_ENGINE_SUBSTITUTION {{(pid=98920) _check_effective_sql_mode /opt/stack/data/venv/lib/python3.12/site-packages/oslo_db/sqlalchemy/engines.py:325}}
Jul 13 12:36:01.160835 np0000005114 nova-conductor[98946]: DEBUG cotyledon.oslo_config_glue [-] oslo_messaging_rabbit.ssl = False {{(pid=98946) log_opt_values /opt/stack/data/venv/lib/python3.12/site-packages/oslo_config/cfg.py:3253}}
Jul 13 12:36:01.160835 np0000005114 nova-conductor[98946]: DEBUG cotyledon.oslo_config_glue [-] oslo_messaging_rabbit.ssl_ca_file = {{(pid=98946) log_opt_values /opt/stack/data/venv/lib/python3.12/site-packages/oslo_config/cfg.py:3253}}
Jul 13 12:36:01.160835 np0000005114 nova-conductor[98946]: DEBUG cotyledon.oslo_config_glue [-] oslo_messaging_rabbit.ssl_cert_file = {{(pid=98946) log_opt_values /opt/stack/data/venv/lib/python3.12/site-packages/oslo_config/cfg.py:3253}}
Jul 13 12:36:01.160835 np0000005114 nova-conductor[98946]: DEBUG cotyledon.oslo_config_glue [-] oslo_messaging_rabbit.ssl_enforce_fips_mode = False {{(pid=98946) log_opt_values /opt/stack/data/venv/lib/python3.12/site-packages/oslo_config/cfg.py:3253}}
Jul 13 12:36:01.160835 np0000005114 nova-conductor[98946]: DEBUG cotyledon.oslo_config_glue [-] oslo_messaging_rabbit.ssl_enforce_hostname_verification = True {{(pid=98946) log_opt_values /opt/stack/data/venv/lib/python3.12/site-packages/oslo_config/cfg.py:3253}}
Jul 13 12:36:01.160835 np0000005114 nova-conductor[98946]: DEBUG cotyledon.oslo_config_glue [-] oslo_messaging_rabbit.ssl_key_file = {{(pid=98946) log_opt_values /opt/stack/data/venv/lib/python3.12/site-packages/oslo_config/cfg.py:3253}}
Jul 13 12:36:01.160835 np0000005114 nova-conductor[98946]: DEBUG cotyledon.oslo_config_glue [-] oslo_messaging_rabbit.ssl_version = {{(pid=98946) log_opt_values /opt/stack/data/venv/lib/python3.12/site-packages/oslo_config/cfg.py:3253}}
Jul 13 12:36:01.160835 np0000005114 nova-conductor[98946]: DEBUG cotyledon.oslo_config_glue [-] oslo_messaging_rabbit.use_queue_manager = False {{(pid=98946) log_opt_values /opt/stack/data/venv/lib/python3.12/site-packages/oslo_config/cfg.py:3253}}
Jul 13 12:36:01.160835 np0000005114 nova-conductor[98946]: DEBUG cotyledon.oslo_config_glue [-] oslo_messaging_notifications.driver = ['messagingv2'] {{(pid=98946) log_opt_values /opt/stack/data/venv/lib/python3.12/site-packages/oslo_config/cfg.py:3253}}
Jul 13 12:36:01.161894 np0000005114 nova-conductor[98946]: DEBUG cotyledon.oslo_config_glue [-] oslo_messaging_notifications.retry = -1 {{(pid=98946) log_opt_values /opt/stack/data/venv/lib/python3.12/site-packages/oslo_config/cfg.py:3253}}
Jul 13 12:36:01.161894 np0000005114 nova-conductor[98946]: DEBUG cotyledon.oslo_config_glue [-] oslo_messaging_notifications.topics = ['notifications'] {{(pid=98946) log_opt_values /opt/stack/data/venv/lib/python3.12/site-packages/oslo_config/cfg.py:3253}}
Jul 13 12:36:01.161894 np0000005114 nova-conductor[98946]: DEBUG cotyledon.oslo_config_glue [-] oslo_messaging_notifications.transport_url = **** {{(pid=98946) log_opt_values /opt/stack/data/venv/lib/python3.12/site-packages/oslo_config/cfg.py:3253}}
Jul 13 12:36:01.161894 np0000005114 nova-conductor[98946]: DEBUG cotyledon.oslo_config_glue [-] oslo_limit.auth_section = None {{(pid=98946) log_opt_values /opt/stack/data/venv/lib/python3.12/site-packages/oslo_config/cfg.py:3253}}
Jul 13 12:36:01.161894 np0000005114 nova-conductor[98946]: DEBUG cotyledon.oslo_config_glue [-] oslo_limit.auth_type = None {{(pid=98946) log_opt_values /opt/stack/data/venv/lib/python3.12/site-packages/oslo_config/cfg.py:3253}}
Jul 13 12:36:01.161894 np0000005114 nova-conductor[98946]: DEBUG cotyledon.oslo_config_glue [-] oslo_limit.cafile = None {{(pid=98946) log_opt_values /opt/stack/data/venv/lib/python3.12/site-packages/oslo_config/cfg.py:3253}}
Jul 13 12:36:01.161894 np0000005114 nova-conductor[98946]: DEBUG cotyledon.oslo_config_glue [-] oslo_limit.certfile = None {{(pid=98946) log_opt_values /opt/stack/data/venv/lib/python3.12/site-packages/oslo_config/cfg.py:3253}}
Jul 13 12:36:01.161894 np0000005114 nova-conductor[98946]: DEBUG cotyledon.oslo_config_glue [-] oslo_limit.collect_timing = False {{(pid=98946) log_opt_values /opt/stack/data/venv/lib/python3.12/site-packages/oslo_config/cfg.py:3253}}
Jul 13 12:36:01.161894 np0000005114 nova-conductor[98946]: DEBUG cotyledon.oslo_config_glue [-] oslo_limit.connect_retries = None {{(pid=98946) log_opt_values /opt/stack/data/venv/lib/python3.12/site-packages/oslo_config/cfg.py:3253}}
Jul 13 12:36:01.162250 np0000005114 nova-conductor[98946]: DEBUG cotyledon.oslo_config_glue [-] oslo_limit.connect_retry_delay = None {{(pid=98946) log_opt_values /opt/stack/data/venv/lib/python3.12/site-packages/oslo_config/cfg.py:3253}}
Jul 13 12:36:01.162250 np0000005114 nova-conductor[98946]: DEBUG cotyledon.oslo_config_glue [-] oslo_limit.endpoint_id = None {{(pid=98946) log_opt_values /opt/stack/data/venv/lib/python3.12/site-packages/oslo_config/cfg.py:3253}}
Jul 13 12:36:01.162250 np0000005114 nova-conductor[98946]: DEBUG cotyledon.oslo_config_glue [-] oslo_limit.endpoint_interface = public {{(pid=98946) log_opt_values /opt/stack/data/venv/lib/python3.12/site-packages/oslo_config/cfg.py:3253}}
Jul 13 12:36:01.162250 np0000005114 nova-conductor[98946]: DEBUG cotyledon.oslo_config_glue [-] oslo_limit.endpoint_override = None {{(pid=98946) log_opt_values /opt/stack/data/venv/lib/python3.12/site-packages/oslo_config/cfg.py:3253}}
Jul 13 12:36:01.162250 np0000005114 nova-conductor[98946]: DEBUG cotyledon.oslo_config_glue [-] oslo_limit.endpoint_region_name = None {{(pid=98946) log_opt_values /opt/stack/data/venv/lib/python3.12/site-packages/oslo_config/cfg.py:3253}}
Jul 13 12:36:01.162250 np0000005114 nova-conductor[98946]: DEBUG cotyledon.oslo_config_glue [-] oslo_limit.endpoint_service_name = None {{(pid=98946) log_opt_values /opt/stack/data/venv/lib/python3.12/site-packages/oslo_config/cfg.py:3253}}
Jul 13 12:36:01.162250 np0000005114 nova-conductor[98946]: DEBUG cotyledon.oslo_config_glue [-] oslo_limit.endpoint_service_type = None {{(pid=98946) log_opt_values /opt/stack/data/venv/lib/python3.12/site-packages/oslo_config/cfg.py:3253}}
Jul 13 12:36:01.162250 np0000005114 nova-conductor[98946]: DEBUG cotyledon.oslo_config_glue [-] oslo_limit.insecure = False {{(pid=98946) log_opt_values /opt/stack/data/venv/lib/python3.12/site-packages/oslo_config/cfg.py:3253}}
Jul 13 12:36:01.162250 np0000005114 nova-conductor[98946]: DEBUG cotyledon.oslo_config_glue [-] oslo_limit.keyfile = None {{(pid=98946) log_opt_values /opt/stack/data/venv/lib/python3.12/site-packages/oslo_config/cfg.py:3253}}
Jul 13 12:36:01.162518 np0000005114 nova-conductor[98946]: DEBUG cotyledon.oslo_config_glue [-] oslo_limit.max_version = None {{(pid=98946) log_opt_values /opt/stack/data/venv/lib/python3.12/site-packages/oslo_config/cfg.py:3253}}
Jul 13 12:36:01.162518 np0000005114 nova-conductor[98946]: DEBUG cotyledon.oslo_config_glue [-] oslo_limit.min_version = None {{(pid=98946) log_opt_values /opt/stack/data/venv/lib/python3.12/site-packages/oslo_config/cfg.py:3253}}
Jul 13 12:36:01.162518 np0000005114 nova-conductor[98946]: DEBUG cotyledon.oslo_config_glue [-] oslo_limit.region_name = None {{(pid=98946) log_opt_values /opt/stack/data/venv/lib/python3.12/site-packages/oslo_config/cfg.py:3253}}
Jul 13 12:36:01.162518 np0000005114 nova-conductor[98946]: DEBUG cotyledon.oslo_config_glue [-] oslo_limit.retriable_status_codes = None {{(pid=98946) log_opt_values /opt/stack/data/venv/lib/python3.12/site-packages/oslo_config/cfg.py:3253}}
Jul 13 12:36:01.162518 np0000005114 nova-conductor[98946]: DEBUG cotyledon.oslo_config_glue [-] oslo_limit.service_name = None {{(pid=98946) log_opt_values /opt/stack/data/venv/lib/python3.12/site-packages/oslo_config/cfg.py:3253}}
Jul 13 12:36:01.162518 np0000005114 nova-conductor[98946]: DEBUG cotyledon.oslo_config_glue [-] oslo_limit.service_type = None {{(pid=98946) log_opt_values /opt/stack/data/venv/lib/python3.12/site-packages/oslo_config/cfg.py:3253}}
Jul 13 12:36:01.162518 np0000005114 nova-conductor[98946]: DEBUG cotyledon.oslo_config_glue [-] oslo_limit.split_loggers = False {{(pid=98946) log_opt_values /opt/stack/data/venv/lib/python3.12/site-packages/oslo_config/cfg.py:3253}}
Jul 13 12:36:01.162518 np0000005114 nova-conductor[98946]: DEBUG cotyledon.oslo_config_glue [-] oslo_limit.status_code_retries = None {{(pid=98946) log_opt_values /opt/stack/data/venv/lib/python3.12/site-packages/oslo_config/cfg.py:3253}}
Jul 13 12:36:01.162518 np0000005114 nova-conductor[98946]: DEBUG cotyledon.oslo_config_glue [-] oslo_limit.status_code_retry_delay = None {{(pid=98946) log_opt_values /opt/stack/data/venv/lib/python3.12/site-packages/oslo_config/cfg.py:3253}}
Jul 13 12:36:01.162745 np0000005114 nova-conductor[98946]: DEBUG cotyledon.oslo_config_glue [-] oslo_limit.timeout = None {{(pid=98946) log_opt_values /opt/stack/data/venv/lib/python3.12/site-packages/oslo_config/cfg.py:3253}}
Jul 13 12:36:01.162745 np0000005114 nova-conductor[98946]: DEBUG cotyledon.oslo_config_glue [-] oslo_limit.valid_interfaces = None {{(pid=98946) log_opt_values /opt/stack/data/venv/lib/python3.12/site-packages/oslo_config/cfg.py:3253}}
Jul 13 12:36:01.162745 np0000005114 nova-conductor[98946]: DEBUG cotyledon.oslo_config_glue [-] oslo_limit.version = None {{(pid=98946) log_opt_values /opt/stack/data/venv/lib/python3.12/site-packages/oslo_config/cfg.py:3253}}
Jul 13 12:36:01.162745 np0000005114 nova-conductor[98946]: DEBUG cotyledon.oslo_config_glue [-] oslo_reports.file_event_handler = None {{(pid=98946) log_opt_values /opt/stack/data/venv/lib/python3.12/site-packages/oslo_config/cfg.py:3253}}
Jul 13 12:36:01.162745 np0000005114 nova-conductor[98946]: DEBUG cotyledon.oslo_config_glue [-] oslo_reports.file_event_handler_interval = 1 {{(pid=98946) log_opt_values /opt/stack/data/venv/lib/python3.12/site-packages/oslo_config/cfg.py:3253}}
Jul 13 12:36:01.162745 np0000005114 nova-conductor[98946]: DEBUG cotyledon.oslo_config_glue [-] oslo_reports.log_dir = None {{(pid=98946) log_opt_values /opt/stack/data/venv/lib/python3.12/site-packages/oslo_config/cfg.py:3253}}
Jul 13 12:36:01.162745 np0000005114 nova-conductor[98946]: DEBUG cotyledon.oslo_config_glue [-] ******************************************************************************** {{(pid=98946) log_opt_values /opt/stack/data/venv/lib/python3.12/site-packages/oslo_config/cfg.py:3260}}
Jul 13 12:36:01.162745 np0000005114 nova-conductor[98946]: DEBUG cotyledon._service_worker [-] Run service ServiceWrapper(3) [98946] {{(pid=98946) wait_forever /opt/stack/data/venv/lib/python3.12/site-packages/cotyledon/_service_worker.py:218}}
Jul 13 12:36:01.162745 np0000005114 nova-conductor[98946]: INFO nova.service [-] Starting conductor node (version 33.1.0)
Jul 13 12:36:01.162745 np0000005114 nova-conductor[98946]: INFO dbcounter [None req-1f2f9deb-48bb-409c-a6ce-552424d20790 None None] Registered counter for database nova_cell0
Jul 13 12:36:01.163027 np0000005114 nova-conductor[98920]: DEBUG dbcounter [-] [98920] Writer thread running {{(pid=98920) stat_writer /opt/stack/data/venv/lib/python3.12/site-packages/dbcounter.py:102}}
Jul 13 12:36:01.163070 np0000005114 nova-conductor[98924]: DEBUG oslo_db.sqlalchemy.engines [None req-c6bf2585-d4ca-4be3-817d-8cfdbc3a0f94 None None] MySQL server mode set to STRICT_TRANS_TABLES,STRICT_ALL_TABLES,NO_ZERO_IN_DATE,NO_ZERO_DATE,ERROR_FOR_DIVISION_BY_ZERO,TRADITIONAL,NO_ENGINE_SUBSTITUTION {{(pid=98924) _check_effective_sql_mode /opt/stack/data/venv/lib/python3.12/site-packages/oslo_db/sqlalchemy/engines.py:325}}
Jul 13 12:36:01.164555 np0000005114 nova-conductor[98924]: DEBUG dbcounter [-] [98924] Writer thread running {{(pid=98924) stat_writer /opt/stack/data/venv/lib/python3.12/site-packages/dbcounter.py:102}}
Jul 13 12:36:01.167495 np0000005114 nova-conductor[98920]: DEBUG nova.service [None req-bac00753-9687-4b6c-b8cc-e132f76adf45 None None] Creating RPC server for service: nova-conductor on topic: conductor {{(pid=98920) start /opt/stack/nova/nova/service.py:196}}
Jul 13 12:36:01.167568 np0000005114 nova-conductor[98937]: DEBUG oslo_db.sqlalchemy.engines [None req-27689b4a-17c8-45a3-986c-c78179824f95 None None] MySQL server mode set to STRICT_TRANS_TABLES,STRICT_ALL_TABLES,NO_ZERO_IN_DATE,NO_ZERO_DATE,ERROR_FOR_DIVISION_BY_ZERO,TRADITIONAL,NO_ENGINE_SUBSTITUTION {{(pid=98937) _check_effective_sql_mode /opt/stack/data/venv/lib/python3.12/site-packages/oslo_db/sqlalchemy/engines.py:325}}
Jul 13 12:36:01.168062 np0000005114 nova-conductor[98924]: DEBUG nova.service [None req-c6bf2585-d4ca-4be3-817d-8cfdbc3a0f94 None None] Creating RPC server for service: nova-conductor on topic: conductor {{(pid=98924) start /opt/stack/nova/nova/service.py:196}}
Jul 13 12:36:01.178252 np0000005114 nova-conductor[98937]: DEBUG dbcounter [-] [98937] Writer thread running {{(pid=98937) stat_writer /opt/stack/data/venv/lib/python3.12/site-packages/dbcounter.py:102}}
Jul 13 12:36:01.182583 np0000005114 nova-conductor[98937]: DEBUG nova.service [None req-27689b4a-17c8-45a3-986c-c78179824f95 None None] Creating RPC server for service: nova-conductor on topic: conductor {{(pid=98937) start /opt/stack/nova/nova/service.py:196}}
Jul 13 12:36:01.197212 np0000005114 nova-conductor[98946]: DEBUG oslo_db.sqlalchemy.engines [None req-1f2f9deb-48bb-409c-a6ce-552424d20790 None None] MySQL server mode set to STRICT_TRANS_TABLES,STRICT_ALL_TABLES,NO_ZERO_IN_DATE,NO_ZERO_DATE,ERROR_FOR_DIVISION_BY_ZERO,TRADITIONAL,NO_ENGINE_SUBSTITUTION {{(pid=98946) _check_effective_sql_mode /opt/stack/data/venv/lib/python3.12/site-packages/oslo_db/sqlalchemy/engines.py:325}}
Jul 13 12:36:01.204255 np0000005114 nova-conductor[98920]: DEBUG nova.service [None req-bac00753-9687-4b6c-b8cc-e132f76adf45 None None] Join ServiceGroup membership for this service conductor {{(pid=98920) start /opt/stack/nova/nova/service.py:222}}
Jul 13 12:36:01.204673 np0000005114 nova-conductor[98920]: DEBUG nova.servicegroup.drivers.db [None req-bac00753-9687-4b6c-b8cc-e132f76adf45 None None] DB_Driver: join new ServiceGroup member np0000005114 to the conductor group, service = {{(pid=98920) join /opt/stack/nova/nova/servicegroup/drivers/db.py:44}}
Jul 13 12:36:01.211070 np0000005114 nova-conductor[98946]: DEBUG dbcounter [-] [98946] Writer thread running {{(pid=98946) stat_writer /opt/stack/data/venv/lib/python3.12/site-packages/dbcounter.py:102}}
Jul 13 12:36:01.215256 np0000005114 nova-conductor[98924]: DEBUG nova.service [None req-c6bf2585-d4ca-4be3-817d-8cfdbc3a0f94 None None] Join ServiceGroup membership for this service conductor {{(pid=98924) start /opt/stack/nova/nova/service.py:222}}
Jul 13 12:36:01.215376 np0000005114 nova-conductor[98946]: DEBUG nova.service [None req-1f2f9deb-48bb-409c-a6ce-552424d20790 None None] Creating RPC server for service: nova-conductor on topic: conductor {{(pid=98946) start /opt/stack/nova/nova/service.py:196}}
Jul 13 12:36:01.215763 np0000005114 nova-conductor[98924]: DEBUG nova.servicegroup.drivers.db [None req-c6bf2585-d4ca-4be3-817d-8cfdbc3a0f94 None None] DB_Driver: join new ServiceGroup member np0000005114 to the conductor group, service = {{(pid=98924) join /opt/stack/nova/nova/servicegroup/drivers/db.py:44}}
Jul 13 12:36:01.215848 np0000005114 nova-conductor[98937]: DEBUG nova.service [None req-27689b4a-17c8-45a3-986c-c78179824f95 None None] Join ServiceGroup membership for this service conductor {{(pid=98937) start /opt/stack/nova/nova/service.py:222}}
Jul 13 12:36:01.216083 np0000005114 nova-conductor[98937]: DEBUG nova.servicegroup.drivers.db [None req-27689b4a-17c8-45a3-986c-c78179824f95 None None] DB_Driver: join new ServiceGroup member np0000005114 to the conductor group, service = {{(pid=98937) join /opt/stack/nova/nova/servicegroup/drivers/db.py:44}}
Jul 13 12:36:01.240557 np0000005114 nova-conductor[98946]: DEBUG nova.service [None req-1f2f9deb-48bb-409c-a6ce-552424d20790 None None] Join ServiceGroup membership for this service conductor {{(pid=98946) start /opt/stack/nova/nova/service.py:222}}
Jul 13 12:36:01.241193 np0000005114 nova-conductor[98946]: DEBUG nova.servicegroup.drivers.db [None req-1f2f9deb-48bb-409c-a6ce-552424d20790 None None] DB_Driver: join new ServiceGroup member np0000005114 to the conductor group, service = {{(pid=98946) join /opt/stack/nova/nova/servicegroup/drivers/db.py:44}}
Jul 13 12:36:06.220519 np0000005114 nova-conductor[98924]: DEBUG oslo.service.backend._threading.loopingcall [None req-de5286cb-6b3c-4dc4-97cb-854a91add9cb None None] Dynamic interval looping call 'nova.service.Service.periodic_tasks' sleeping for 60.00 seconds {{(pid=98924) _run_loop /opt/stack/data/venv/lib/python3.12/site-packages/oslo_service/backend/_threading/loopingcall.py:125}}
Jul 13 12:36:06.225170 np0000005114 nova-conductor[98920]: DEBUG oslo.service.backend._threading.loopingcall [-] Fixed interval looping call 'nova.servicegroup.drivers.db.DbDriver._report_state' sleeping for 119.98 seconds {{(pid=98920) _run_loop /opt/stack/data/venv/lib/python3.12/site-packages/oslo_service/backend/_threading/loopingcall.py:125}}
Jul 13 12:36:06.228602 np0000005114 nova-conductor[98937]: DEBUG oslo.service.backend._threading.loopingcall [-] Fixed interval looping call 'nova.servicegroup.drivers.db.DbDriver._report_state' sleeping for 119.99 seconds {{(pid=98937) _run_loop /opt/stack/data/venv/lib/python3.12/site-packages/oslo_service/backend/_threading/loopingcall.py:125}}
Jul 13 12:36:06.228903 np0000005114 nova-conductor[98924]: DEBUG oslo.service.backend._threading.loopingcall [-] Fixed interval looping call 'nova.servicegroup.drivers.db.DbDriver._report_state' sleeping for 119.99 seconds {{(pid=98924) _run_loop /opt/stack/data/venv/lib/python3.12/site-packages/oslo_service/backend/_threading/loopingcall.py:125}}
Jul 13 12:36:06.254339 np0000005114 nova-conductor[98946]: DEBUG oslo.service.backend._threading.loopingcall [-] Fixed interval looping call 'nova.servicegroup.drivers.db.DbDriver._report_state' sleeping for 119.99 seconds {{(pid=98946) _run_loop /opt/stack/data/venv/lib/python3.12/site-packages/oslo_service/backend/_threading/loopingcall.py:125}}
Jul 13 12:36:09.671183 np0000005114 nova-conductor[97499]: DEBUG dbcounter [-] [97499] Writing DB stats nova_api:SELECT=1 {{(pid=97499) stat_writer /opt/stack/data/venv/lib/python3.12/site-packages/dbcounter.py:115}}
Jul 13 12:36:09.819257 np0000005114 nova-conductor[97499]: DEBUG dbcounter [-] [97499] Writing DB stats nova_cell0:SELECT=1 {{(pid=97499) stat_writer /opt/stack/data/venv/lib/python3.12/site-packages/dbcounter.py:115}}
Jul 13 12:36:09.828010 np0000005114 nova-conductor[97499]: DEBUG dbcounter [-] [97499] Writing DB stats nova_cell1:SELECT=1 {{(pid=97499) stat_writer /opt/stack/data/venv/lib/python3.12/site-packages/dbcounter.py:115}}
Jul 13 12:36:16.209193 np0000005114 nova-conductor[98920]: DEBUG oslo.service.backend._threading.loopingcall [None req-6a543471-8fa4-4b7a-8e32-720f5f1d6ad0 None None] Dynamic interval looping call 'nova.service.Service.periodic_tasks' sleeping for 60.00 seconds {{(pid=98920) _run_loop /opt/stack/data/venv/lib/python3.12/site-packages/oslo_service/backend/_threading/loopingcall.py:125}}
Jul 13 12:36:16.217221 np0000005114 nova-conductor[98920]: DEBUG dbcounter [-] [98920] Writing DB stats nova_cell0:SELECT=4,nova_cell0:INSERT=1,nova_cell0:UPDATE=1 {{(pid=98920) stat_writer /opt/stack/data/venv/lib/python3.12/site-packages/dbcounter.py:115}}
Jul 13 12:36:16.228009 np0000005114 nova-conductor[98937]: DEBUG dbcounter [-] [98937] Writing DB stats nova_cell0:SELECT=3 {{(pid=98937) stat_writer /opt/stack/data/venv/lib/python3.12/site-packages/dbcounter.py:115}}
Jul 13 12:36:16.228350 np0000005114 nova-conductor[98924]: DEBUG dbcounter [-] [98924] Writing DB stats nova_cell0:SELECT=3 {{(pid=98924) stat_writer /opt/stack/data/venv/lib/python3.12/site-packages/dbcounter.py:115}}
Jul 13 12:36:16.250609 np0000005114 nova-conductor[98946]: DEBUG dbcounter [-] [98946] Writing DB stats nova_cell0:SELECT=3 {{(pid=98946) stat_writer /opt/stack/data/venv/lib/python3.12/site-packages/dbcounter.py:115}}
Jul 13 12:36:28.243590 np0000005114 nova-conductor[98946]: DEBUG oslo.service.backend._threading.loopingcall [None req-c17d3c86-304a-4df5-baa7-ea1e5b439ff6 None None] Dynamic interval looping call 'nova.service.Service.periodic_tasks' sleeping for 60.00 seconds {{(pid=98946) _run_loop /opt/stack/data/venv/lib/python3.12/site-packages/oslo_service/backend/_threading/loopingcall.py:125}}
Jul 13 12:36:37.218702 np0000005114 nova-conductor[98937]: DEBUG oslo.service.backend._threading.loopingcall [None req-a67f92a2-1341-4719-a026-01a0c97b73ce None None] Dynamic interval looping call 'nova.service.Service.periodic_tasks' sleeping for 60.00 seconds {{(pid=98937) _run_loop /opt/stack/data/venv/lib/python3.12/site-packages/oslo_service/backend/_threading/loopingcall.py:125}}
Jul 13 12:37:06.220115 np0000005114 nova-conductor[98924]: DEBUG oslo.service.backend._threading.loopingcall [None req-de5286cb-6b3c-4dc4-97cb-854a91add9cb None None] Dynamic interval looping call 'nova.service.Service.periodic_tasks' sleeping for 60.00 seconds {{(pid=98924) _run_loop /opt/stack/data/venv/lib/python3.12/site-packages/oslo_service/backend/_threading/loopingcall.py:125}}
Jul 13 12:37:16.209655 np0000005114 nova-conductor[98920]: DEBUG oslo.service.backend._threading.loopingcall [None req-6a543471-8fa4-4b7a-8e32-720f5f1d6ad0 None None] Dynamic interval looping call 'nova.service.Service.periodic_tasks' sleeping for 60.00 seconds {{(pid=98920) _run_loop /opt/stack/data/venv/lib/python3.12/site-packages/oslo_service/backend/_threading/loopingcall.py:125}}
Jul 13 12:37:28.244159 np0000005114 nova-conductor[98946]: DEBUG oslo.service.backend._threading.loopingcall [None req-c17d3c86-304a-4df5-baa7-ea1e5b439ff6 None None] Dynamic interval looping call 'nova.service.Service.periodic_tasks' sleeping for 60.00 seconds {{(pid=98946) _run_loop /opt/stack/data/venv/lib/python3.12/site-packages/oslo_service/backend/_threading/loopingcall.py:125}}
Jul 13 12:37:37.219377 np0000005114 nova-conductor[98937]: DEBUG oslo.service.backend._threading.loopingcall [None req-a67f92a2-1341-4719-a026-01a0c97b73ce None None] Dynamic interval looping call 'nova.service.Service.periodic_tasks' sleeping for 60.00 seconds {{(pid=98937) _run_loop /opt/stack/data/venv/lib/python3.12/site-packages/oslo_service/backend/_threading/loopingcall.py:125}}
Jul 13 12:38:06.213650 np0000005114 nova-conductor[98920]: DEBUG oslo.service.backend._threading.loopingcall [-] Fixed interval looping call 'nova.servicegroup.drivers.db.DbDriver._report_state' sleeping for 119.99 seconds {{(pid=98920) _run_loop /opt/stack/data/venv/lib/python3.12/site-packages/oslo_service/backend/_threading/loopingcall.py:125}}
Jul 13 12:38:06.220626 np0000005114 nova-conductor[98924]: DEBUG oslo.service.backend._threading.loopingcall [None req-de5286cb-6b3c-4dc4-97cb-854a91add9cb None None] Dynamic interval looping call 'nova.service.Service.periodic_tasks' sleeping for 60.00 seconds {{(pid=98924) _run_loop /opt/stack/data/venv/lib/python3.12/site-packages/oslo_service/backend/_threading/loopingcall.py:125}}
Jul 13 12:38:06.222198 np0000005114 nova-conductor[98937]: DEBUG oslo.service.backend._threading.loopingcall [-] Fixed interval looping call 'nova.servicegroup.drivers.db.DbDriver._report_state' sleeping for 120.00 seconds {{(pid=98937) _run_loop /opt/stack/data/venv/lib/python3.12/site-packages/oslo_service/backend/_threading/loopingcall.py:125}}
Jul 13 12:38:06.224004 np0000005114 nova-conductor[98924]: DEBUG oslo.service.backend._threading.loopingcall [-] Fixed interval looping call 'nova.servicegroup.drivers.db.DbDriver._report_state' sleeping for 120.00 seconds {{(pid=98924) _run_loop /opt/stack/data/venv/lib/python3.12/site-packages/oslo_service/backend/_threading/loopingcall.py:125}}
Jul 13 12:38:06.249056 np0000005114 nova-conductor[98946]: DEBUG oslo.service.backend._threading.loopingcall [-] Fixed interval looping call 'nova.servicegroup.drivers.db.DbDriver._report_state' sleeping for 120.00 seconds {{(pid=98946) _run_loop /opt/stack/data/venv/lib/python3.12/site-packages/oslo_service/backend/_threading/loopingcall.py:125}}
Jul 13 12:38:16.209407 np0000005114 nova-conductor[98920]: DEBUG dbcounter [-] [98920] Writing DB stats nova_cell0:SELECT=1,nova_cell0:UPDATE=1 {{(pid=98920) stat_writer /opt/stack/data/venv/lib/python3.12/site-packages/dbcounter.py:115}}
Jul 13 12:38:16.210360 np0000005114 nova-conductor[98920]: DEBUG oslo.service.backend._threading.loopingcall [None req-6a543471-8fa4-4b7a-8e32-720f5f1d6ad0 None None] Dynamic interval looping call 'nova.service.Service.periodic_tasks' sleeping for 60.00 seconds {{(pid=98920) _run_loop /opt/stack/data/venv/lib/python3.12/site-packages/oslo_service/backend/_threading/loopingcall.py:125}}
Jul 13 12:38:16.220871 np0000005114 nova-conductor[98937]: DEBUG dbcounter [-] [98937] Writing DB stats nova_cell0:SELECT=1 {{(pid=98937) stat_writer /opt/stack/data/venv/lib/python3.12/site-packages/dbcounter.py:115}}
Jul 13 12:38:16.221741 np0000005114 nova-conductor[98924]: DEBUG dbcounter [-] [98924] Writing DB stats nova_cell0:SELECT=1 {{(pid=98924) stat_writer /opt/stack/data/venv/lib/python3.12/site-packages/dbcounter.py:115}}
Jul 13 12:38:16.246701 np0000005114 nova-conductor[98946]: DEBUG dbcounter [-] [98946] Writing DB stats nova_cell0:SELECT=1 {{(pid=98946) stat_writer /opt/stack/data/venv/lib/python3.12/site-packages/dbcounter.py:115}}
Jul 13 12:38:28.246696 np0000005114 nova-conductor[98946]: DEBUG oslo.service.backend._threading.loopingcall [None req-c17d3c86-304a-4df5-baa7-ea1e5b439ff6 None None] Dynamic interval looping call 'nova.service.Service.periodic_tasks' sleeping for 60.00 seconds {{(pid=98946) _run_loop /opt/stack/data/venv/lib/python3.12/site-packages/oslo_service/backend/_threading/loopingcall.py:125}}
Jul 13 12:38:32.077274 np0000005114 nova-conductor[98920]: DEBUG oslo_db.sqlalchemy.engines [None req-51ad2296-3fc2-449a-bda1-f6dfbabe30d7 tempest-DeleteServersTestJSON-801993605 tempest-DeleteServersTestJSON-801993605-project-member] Parent process 97499 forked (98920) with an open database connection, which is being discarded and recreated. {{(pid=98920) checkout /opt/stack/data/venv/lib/python3.12/site-packages/oslo_db/sqlalchemy/engines.py:402}}
Jul 13 12:38:32.139014 np0000005114 nova-conductor[98920]: DEBUG dbcounter [-] [98920] Writer thread running {{(pid=98920) stat_writer /opt/stack/data/venv/lib/python3.12/site-packages/dbcounter.py:102}}
Jul 13 12:38:33.510471 np0000005114 nova-conductor[98920]: DEBUG nova.conductor.manager [None req-51ad2296-3fc2-449a-bda1-f6dfbabe30d7 tempest-DeleteServersTestJSON-801993605 tempest-DeleteServersTestJSON-801993605-project-member] Took 1.37 seconds to select destinations for 1 instance(s). {{(pid=98920) _schedule_instances /opt/stack/nova/nova/conductor/manager.py:968}}
Jul 13 12:38:33.542639 np0000005114 nova-conductor[98920]: DEBUG oslo_concurrency.lockutils [None req-51ad2296-3fc2-449a-bda1-f6dfbabe30d7 tempest-DeleteServersTestJSON-801993605 tempest-DeleteServersTestJSON-801993605-project-member] Acquiring lock "2723cbe6-c2a2-4d3f-89d9-098bdd8738fa" by "nova.context.set_target_cell..get_or_set_cached_cell_and_set_connections" {{(pid=98920) inner /opt/stack/data/venv/lib/python3.12/site-packages/oslo_concurrency/lockutils.py:511}}
Jul 13 12:38:33.542850 np0000005114 nova-conductor[98920]: DEBUG oslo_concurrency.lockutils [None req-51ad2296-3fc2-449a-bda1-f6dfbabe30d7 tempest-DeleteServersTestJSON-801993605 tempest-DeleteServersTestJSON-801993605-project-member] Lock "2723cbe6-c2a2-4d3f-89d9-098bdd8738fa" acquired by "nova.context.set_target_cell..get_or_set_cached_cell_and_set_connections" :: waited 0.000s {{(pid=98920) inner /opt/stack/data/venv/lib/python3.12/site-packages/oslo_concurrency/lockutils.py:524}}
Jul 13 12:38:33.544945 np0000005114 nova-conductor[98920]: DEBUG oslo_concurrency.lockutils [None req-51ad2296-3fc2-449a-bda1-f6dfbabe30d7 tempest-DeleteServersTestJSON-801993605 tempest-DeleteServersTestJSON-801993605-project-member] Lock "2723cbe6-c2a2-4d3f-89d9-098bdd8738fa" "released" by "nova.context.set_target_cell..get_or_set_cached_cell_and_set_connections" :: held 0.002s {{(pid=98920) inner /opt/stack/data/venv/lib/python3.12/site-packages/oslo_concurrency/lockutils.py:543}}
Jul 13 12:38:33.546856 np0000005114 nova-conductor[98920]: INFO dbcounter [None req-51ad2296-3fc2-449a-bda1-f6dfbabe30d7 tempest-DeleteServersTestJSON-801993605 tempest-DeleteServersTestJSON-801993605-project-member] Registered counter for database nova_cell1
Jul 13 12:38:33.595733 np0000005114 nova-conductor[98920]: DEBUG oslo_db.sqlalchemy.engines [None req-51ad2296-3fc2-449a-bda1-f6dfbabe30d7 tempest-DeleteServersTestJSON-801993605 tempest-DeleteServersTestJSON-801993605-project-member] MySQL server mode set to STRICT_TRANS_TABLES,STRICT_ALL_TABLES,NO_ZERO_IN_DATE,NO_ZERO_DATE,ERROR_FOR_DIVISION_BY_ZERO,TRADITIONAL,NO_ENGINE_SUBSTITUTION {{(pid=98920) _check_effective_sql_mode /opt/stack/data/venv/lib/python3.12/site-packages/oslo_db/sqlalchemy/engines.py:325}}
Jul 13 12:38:33.607834 np0000005114 nova-conductor[98920]: DEBUG dbcounter [-] [98920] Writer thread running {{(pid=98920) stat_writer /opt/stack/data/venv/lib/python3.12/site-packages/dbcounter.py:102}}
Jul 13 12:38:33.690258 np0000005114 nova-conductor[98920]: INFO nova.utils [None req-51ad2296-3fc2-449a-bda1-f6dfbabe30d7 tempest-DeleteServersTestJSON-801993605 tempest-DeleteServersTestJSON-801993605-project-member] The cell worker thread pool ForkProcess-1.cell_worker is initialized
Jul 13 12:38:33.690535 np0000005114 nova-conductor[98920]: DEBUG oslo_concurrency.lockutils [None req-51ad2296-3fc2-449a-bda1-f6dfbabe30d7 tempest-DeleteServersTestJSON-801993605 tempest-DeleteServersTestJSON-801993605-project-member] Acquiring lock "00000000-0000-0000-0000-000000000000" by "nova.context.set_target_cell..get_or_set_cached_cell_and_set_connections" {{(pid=98920) inner /opt/stack/data/venv/lib/python3.12/site-packages/oslo_concurrency/lockutils.py:511}}
Jul 13 12:38:33.690663 np0000005114 nova-conductor[98920]: DEBUG oslo_concurrency.lockutils [None req-51ad2296-3fc2-449a-bda1-f6dfbabe30d7 tempest-DeleteServersTestJSON-801993605 tempest-DeleteServersTestJSON-801993605-project-member] Lock "00000000-0000-0000-0000-000000000000" acquired by "nova.context.set_target_cell..get_or_set_cached_cell_and_set_connections" :: waited 0.000s {{(pid=98920) inner /opt/stack/data/venv/lib/python3.12/site-packages/oslo_concurrency/lockutils.py:524}}
