Jun 24 01:25:42.622046 np0000003503 nova-scheduler[93083]: DEBUG cotyledon.oslo_config_glue [-] oslo_limit.auth_section = None {{(pid=93083) log_opt_values /opt/stack/data/venv/lib/python3.12/site-packages/oslo_config/cfg.py:3253}}
Jun 24 01:25:42.622046 np0000003503 nova-scheduler[93083]: DEBUG cotyledon.oslo_config_glue [-] oslo_limit.auth_type = None {{(pid=93083) log_opt_values /opt/stack/data/venv/lib/python3.12/site-packages/oslo_config/cfg.py:3253}}
Jun 24 01:25:42.622046 np0000003503 nova-scheduler[93083]: DEBUG cotyledon.oslo_config_glue [-] oslo_limit.cafile = None {{(pid=93083) log_opt_values /opt/stack/data/venv/lib/python3.12/site-packages/oslo_config/cfg.py:3253}}
Jun 24 01:25:42.622046 np0000003503 nova-scheduler[93083]: DEBUG cotyledon.oslo_config_glue [-] oslo_limit.certfile = None {{(pid=93083) log_opt_values /opt/stack/data/venv/lib/python3.12/site-packages/oslo_config/cfg.py:3253}}
Jun 24 01:25:42.622046 np0000003503 nova-scheduler[93083]: DEBUG cotyledon.oslo_config_glue [-] oslo_limit.collect_timing = False {{(pid=93083) log_opt_values /opt/stack/data/venv/lib/python3.12/site-packages/oslo_config/cfg.py:3253}}
Jun 24 01:25:42.622243 np0000003503 nova-scheduler[93083]: DEBUG cotyledon.oslo_config_glue [-] oslo_limit.connect_retries = None {{(pid=93083) log_opt_values /opt/stack/data/venv/lib/python3.12/site-packages/oslo_config/cfg.py:3253}}
Jun 24 01:25:42.622243 np0000003503 nova-scheduler[93083]: DEBUG cotyledon.oslo_config_glue [-] oslo_limit.connect_retry_delay = None {{(pid=93083) log_opt_values /opt/stack/data/venv/lib/python3.12/site-packages/oslo_config/cfg.py:3253}}
Jun 24 01:25:42.622243 np0000003503 nova-scheduler[93083]: DEBUG cotyledon.oslo_config_glue [-] oslo_limit.endpoint_id = None {{(pid=93083) log_opt_values /opt/stack/data/venv/lib/python3.12/site-packages/oslo_config/cfg.py:3253}}
Jun 24 01:25:42.622243 np0000003503 nova-scheduler[93083]: DEBUG cotyledon.oslo_config_glue [-] oslo_limit.endpoint_interface = public {{(pid=93083) log_opt_values /opt/stack/data/venv/lib/python3.12/site-packages/oslo_config/cfg.py:3253}}
Jun 24 01:25:42.622243 np0000003503 nova-scheduler[93083]: DEBUG cotyledon.oslo_config_glue [-] oslo_limit.endpoint_override = None {{(pid=93083) log_opt_values /opt/stack/data/venv/lib/python3.12/site-packages/oslo_config/cfg.py:3253}}
Jun 24 01:25:42.622243 np0000003503 nova-scheduler[93083]: DEBUG cotyledon.oslo_config_glue [-] oslo_limit.endpoint_region_name = None {{(pid=93083) log_opt_values /opt/stack/data/venv/lib/python3.12/site-packages/oslo_config/cfg.py:3253}}
Jun 24 01:25:42.622243 np0000003503 nova-scheduler[93083]: DEBUG cotyledon.oslo_config_glue [-] oslo_limit.endpoint_service_name = None {{(pid=93083) log_opt_values /opt/stack/data/venv/lib/python3.12/site-packages/oslo_config/cfg.py:3253}}
Jun 24 01:25:42.622243 np0000003503 nova-scheduler[93083]: DEBUG cotyledon.oslo_config_glue [-] oslo_limit.endpoint_service_type = None {{(pid=93083) log_opt_values /opt/stack/data/venv/lib/python3.12/site-packages/oslo_config/cfg.py:3253}}
Jun 24 01:25:42.622243 np0000003503 nova-scheduler[93083]: DEBUG cotyledon.oslo_config_glue [-] oslo_limit.insecure = False {{(pid=93083) log_opt_values /opt/stack/data/venv/lib/python3.12/site-packages/oslo_config/cfg.py:3253}}
Jun 24 01:25:42.622456 np0000003503 nova-scheduler[93083]: DEBUG cotyledon.oslo_config_glue [-] oslo_limit.keyfile = None {{(pid=93083) log_opt_values /opt/stack/data/venv/lib/python3.12/site-packages/oslo_config/cfg.py:3253}}
Jun 24 01:25:42.622456 np0000003503 nova-scheduler[93083]: DEBUG cotyledon.oslo_config_glue [-] oslo_limit.max_version = None {{(pid=93083) log_opt_values /opt/stack/data/venv/lib/python3.12/site-packages/oslo_config/cfg.py:3253}}
Jun 24 01:25:42.622456 np0000003503 nova-scheduler[93083]: DEBUG cotyledon.oslo_config_glue [-] oslo_limit.min_version = None {{(pid=93083) log_opt_values /opt/stack/data/venv/lib/python3.12/site-packages/oslo_config/cfg.py:3253}}
Jun 24 01:25:42.622456 np0000003503 nova-scheduler[93083]: DEBUG cotyledon.oslo_config_glue [-] oslo_limit.region_name = None {{(pid=93083) log_opt_values /opt/stack/data/venv/lib/python3.12/site-packages/oslo_config/cfg.py:3253}}
Jun 24 01:25:42.622456 np0000003503 nova-scheduler[93083]: DEBUG cotyledon.oslo_config_glue [-] oslo_limit.retriable_status_codes = None {{(pid=93083) log_opt_values /opt/stack/data/venv/lib/python3.12/site-packages/oslo_config/cfg.py:3253}}
Jun 24 01:25:42.622456 np0000003503 nova-scheduler[93083]: DEBUG cotyledon.oslo_config_glue [-] oslo_limit.service_name = None {{(pid=93083) log_opt_values /opt/stack/data/venv/lib/python3.12/site-packages/oslo_config/cfg.py:3253}}
Jun 24 01:25:42.622456 np0000003503 nova-scheduler[93083]: DEBUG cotyledon.oslo_config_glue [-] oslo_limit.service_type = None {{(pid=93083) log_opt_values /opt/stack/data/venv/lib/python3.12/site-packages/oslo_config/cfg.py:3253}}
Jun 24 01:25:42.622456 np0000003503 nova-scheduler[93083]: DEBUG cotyledon.oslo_config_glue [-] oslo_limit.split_loggers = False {{(pid=93083) log_opt_values /opt/stack/data/venv/lib/python3.12/site-packages/oslo_config/cfg.py:3253}}
Jun 24 01:25:42.622456 np0000003503 nova-scheduler[93083]: DEBUG cotyledon.oslo_config_glue [-] oslo_limit.status_code_retries = None {{(pid=93083) log_opt_values /opt/stack/data/venv/lib/python3.12/site-packages/oslo_config/cfg.py:3253}}
Jun 24 01:25:42.622642 np0000003503 nova-scheduler[93083]: DEBUG cotyledon.oslo_config_glue [-] oslo_limit.status_code_retry_delay = None {{(pid=93083) log_opt_values /opt/stack/data/venv/lib/python3.12/site-packages/oslo_config/cfg.py:3253}}
Jun 24 01:25:42.622642 np0000003503 nova-scheduler[93083]: DEBUG cotyledon.oslo_config_glue [-] oslo_limit.timeout = None {{(pid=93083) log_opt_values /opt/stack/data/venv/lib/python3.12/site-packages/oslo_config/cfg.py:3253}}
Jun 24 01:25:42.622642 np0000003503 nova-scheduler[93083]: DEBUG cotyledon.oslo_config_glue [-] oslo_limit.valid_interfaces = None {{(pid=93083) log_opt_values /opt/stack/data/venv/lib/python3.12/site-packages/oslo_config/cfg.py:3253}}
Jun 24 01:25:42.622642 np0000003503 nova-scheduler[93083]: DEBUG cotyledon.oslo_config_glue [-] oslo_limit.version = None {{(pid=93083) log_opt_values /opt/stack/data/venv/lib/python3.12/site-packages/oslo_config/cfg.py:3253}}
Jun 24 01:25:42.622642 np0000003503 nova-scheduler[93083]: DEBUG cotyledon.oslo_config_glue [-] oslo_reports.file_event_handler = None {{(pid=93083) log_opt_values /opt/stack/data/venv/lib/python3.12/site-packages/oslo_config/cfg.py:3253}}
Jun 24 01:25:42.622642 np0000003503 nova-scheduler[93083]: DEBUG cotyledon.oslo_config_glue [-] oslo_reports.file_event_handler_interval = 1 {{(pid=93083) log_opt_values /opt/stack/data/venv/lib/python3.12/site-packages/oslo_config/cfg.py:3253}}
Jun 24 01:25:42.622642 np0000003503 nova-scheduler[93083]: DEBUG cotyledon.oslo_config_glue [-] oslo_reports.log_dir = None {{(pid=93083) log_opt_values /opt/stack/data/venv/lib/python3.12/site-packages/oslo_config/cfg.py:3253}}
Jun 24 01:25:42.622642 np0000003503 nova-scheduler[93083]: DEBUG cotyledon.oslo_config_glue [-] ******************************************************************************** {{(pid=93083) log_opt_values /opt/stack/data/venv/lib/python3.12/site-packages/oslo_config/cfg.py:3260}}
Jun 24 01:25:42.622642 np0000003503 nova-scheduler[93083]: DEBUG cotyledon._service_worker [-] Run service ServiceWrapper(1) [93083] {{(pid=93083) wait_forever /opt/stack/data/venv/lib/python3.12/site-packages/cotyledon/_service_worker.py:218}}
Jun 24 01:25:42.622909 np0000003503 nova-scheduler[93083]: INFO nova.service [-] Starting scheduler node (version 33.1.0)
Jun 24 01:25:42.622909 np0000003503 nova-scheduler[93083]: INFO dbcounter [None req-e37e973e-bc30-4347-93e5-828ab9a2c034 None None] Registered counter for database nova_cell0
Jun 24 01:25:42.622960 np0000003503 nova-scheduler[93077]: DEBUG oslo_db.sqlalchemy.engines [None req-b66194e9-9b3f-4d4d-a4c3-8cb991b02681 None None] MySQL server mode set to STRICT_TRANS_TABLES,STRICT_ALL_TABLES,NO_ZERO_IN_DATE,NO_ZERO_DATE,ERROR_FOR_DIVISION_BY_ZERO,TRADITIONAL,NO_ENGINE_SUBSTITUTION {{(pid=93077) _check_effective_sql_mode /opt/stack/data/venv/lib/python3.12/site-packages/oslo_db/sqlalchemy/engines.py:325}}
Jun 24 01:25:42.631501 np0000003503 nova-scheduler[93077]: DEBUG dbcounter [-] [93077] Writer thread running {{(pid=93077) stat_writer /opt/stack/data/venv/lib/python3.12/site-packages/dbcounter.py:102}}
Jun 24 01:25:42.645004 np0000003503 nova-scheduler[93077]: DEBUG nova.service [None req-b66194e9-9b3f-4d4d-a4c3-8cb991b02681 None None] Creating RPC server for service: nova-scheduler on topic: scheduler {{(pid=93077) start /opt/stack/nova/nova/service.py:196}}
Jun 24 01:25:42.648761 np0000003503 nova-scheduler[93083]: DEBUG oslo_db.sqlalchemy.engines [None req-e37e973e-bc30-4347-93e5-828ab9a2c034 None None] MySQL server mode set to STRICT_TRANS_TABLES,STRICT_ALL_TABLES,NO_ZERO_IN_DATE,NO_ZERO_DATE,ERROR_FOR_DIVISION_BY_ZERO,TRADITIONAL,NO_ENGINE_SUBSTITUTION {{(pid=93083) _check_effective_sql_mode /opt/stack/data/venv/lib/python3.12/site-packages/oslo_db/sqlalchemy/engines.py:325}}
Jun 24 01:25:42.658995 np0000003503 nova-scheduler[93083]: DEBUG dbcounter [-] [93083] Writer thread running {{(pid=93083) stat_writer /opt/stack/data/venv/lib/python3.12/site-packages/dbcounter.py:102}}
Jun 24 01:25:42.661882 np0000003503 nova-scheduler[93085]: DEBUG oslo_db.sqlalchemy.engines [None req-9364e971-b5b6-4cbb-8ac2-ad901635e918 None None] MySQL server mode set to STRICT_TRANS_TABLES,STRICT_ALL_TABLES,NO_ZERO_IN_DATE,NO_ZERO_DATE,ERROR_FOR_DIVISION_BY_ZERO,TRADITIONAL,NO_ENGINE_SUBSTITUTION {{(pid=93085) _check_effective_sql_mode /opt/stack/data/venv/lib/python3.12/site-packages/oslo_db/sqlalchemy/engines.py:325}}
Jun 24 01:25:42.662436 np0000003503 nova-scheduler[93083]: DEBUG nova.service [None req-e37e973e-bc30-4347-93e5-828ab9a2c034 None None] Creating RPC server for service: nova-scheduler on topic: scheduler {{(pid=93083) start /opt/stack/nova/nova/service.py:196}}
Jun 24 01:25:42.665017 np0000003503 nova-scheduler[93077]: DEBUG nova.service [None req-b66194e9-9b3f-4d4d-a4c3-8cb991b02681 None None] Join ServiceGroup membership for this service scheduler {{(pid=93077) start /opt/stack/nova/nova/service.py:222}}
Jun 24 01:25:42.665198 np0000003503 nova-scheduler[93077]: DEBUG nova.servicegroup.drivers.db [None req-b66194e9-9b3f-4d4d-a4c3-8cb991b02681 None None] DB_Driver: join new ServiceGroup member np0000003503 to the scheduler group, service = {{(pid=93077) join /opt/stack/nova/nova/servicegroup/drivers/db.py:44}}
Jun 24 01:25:42.676769 np0000003503 nova-scheduler[93085]: DEBUG dbcounter [-] [93085] Writer thread running {{(pid=93085) stat_writer /opt/stack/data/venv/lib/python3.12/site-packages/dbcounter.py:102}}
Jun 24 01:25:42.680777 np0000003503 nova-scheduler[93083]: DEBUG nova.service [None req-e37e973e-bc30-4347-93e5-828ab9a2c034 None None] Join ServiceGroup membership for this service scheduler {{(pid=93083) start /opt/stack/nova/nova/service.py:222}}
Jun 24 01:25:42.680986 np0000003503 nova-scheduler[93083]: DEBUG nova.servicegroup.drivers.db [None req-e37e973e-bc30-4347-93e5-828ab9a2c034 None None] DB_Driver: join new ServiceGroup member np0000003503 to the scheduler group, service = {{(pid=93083) join /opt/stack/nova/nova/servicegroup/drivers/db.py:44}}
Jun 24 01:25:42.681477 np0000003503 nova-scheduler[93085]: DEBUG nova.service [None req-9364e971-b5b6-4cbb-8ac2-ad901635e918 None None] Creating RPC server for service: nova-scheduler on topic: scheduler {{(pid=93085) start /opt/stack/nova/nova/service.py:196}}
Jun 24 01:25:42.702055 np0000003503 nova-scheduler[93085]: DEBUG nova.service [None req-9364e971-b5b6-4cbb-8ac2-ad901635e918 None None] Join ServiceGroup membership for this service scheduler {{(pid=93085) start /opt/stack/nova/nova/service.py:222}}
Jun 24 01:25:42.702220 np0000003503 nova-scheduler[93085]: DEBUG nova.servicegroup.drivers.db [None req-9364e971-b5b6-4cbb-8ac2-ad901635e918 None None] DB_Driver: join new ServiceGroup member np0000003503 to the scheduler group, service = {{(pid=93085) join /opt/stack/nova/nova/servicegroup/drivers/db.py:44}}
Jun 24 01:25:47.686475 np0000003503 nova-scheduler[93077]: DEBUG oslo.service.backend._threading.loopingcall [-] Fixed interval looping call 'nova.servicegroup.drivers.db.DbDriver._report_state' sleeping for 119.98 seconds {{(pid=93077) _run_loop /opt/stack/data/venv/lib/python3.12/site-packages/oslo_service/backend/_threading/loopingcall.py:125}}
Jun 24 01:25:47.692723 np0000003503 nova-scheduler[93083]: DEBUG oslo.service.backend._threading.loopingcall [-] Fixed interval looping call 'nova.servicegroup.drivers.db.DbDriver._report_state' sleeping for 119.99 seconds {{(pid=93083) _run_loop /opt/stack/data/venv/lib/python3.12/site-packages/oslo_service/backend/_threading/loopingcall.py:125}}
Jun 24 01:25:47.712296 np0000003503 nova-scheduler[93085]: DEBUG oslo.service.backend._threading.loopingcall [-] Fixed interval looping call 'nova.servicegroup.drivers.db.DbDriver._report_state' sleeping for 119.99 seconds {{(pid=93085) _run_loop /opt/stack/data/venv/lib/python3.12/site-packages/oslo_service/backend/_threading/loopingcall.py:125}}
Jun 24 01:25:51.261510 np0000003503 nova-scheduler[91873]: DEBUG dbcounter [-] [91873] Writing DB stats nova_api:SELECT=3 {{(pid=91873) stat_writer /opt/stack/data/venv/lib/python3.12/site-packages/dbcounter.py:115}}
Jun 24 01:25:51.381506 np0000003503 nova-scheduler[91873]: DEBUG dbcounter [-] [91873] Writing DB stats nova_cell0:SELECT=1 {{(pid=91873) stat_writer /opt/stack/data/venv/lib/python3.12/site-packages/dbcounter.py:115}}
Jun 24 01:25:51.385680 np0000003503 nova-scheduler[91873]: DEBUG dbcounter [-] [91873] Writing DB stats nova_cell1:SELECT=1 {{(pid=91873) stat_writer /opt/stack/data/venv/lib/python3.12/site-packages/dbcounter.py:115}}
Jun 24 01:25:57.679680 np0000003503 nova-scheduler[93077]: DEBUG dbcounter [-] [93077] Writing DB stats nova_cell0:SELECT=4,nova_cell0:INSERT=1,nova_cell0:UPDATE=1 {{(pid=93077) stat_writer /opt/stack/data/venv/lib/python3.12/site-packages/dbcounter.py:115}}
Jun 24 01:25:57.689385 np0000003503 nova-scheduler[93083]: DEBUG dbcounter [-] [93083] Writing DB stats nova_cell0:SELECT=3 {{(pid=93083) stat_writer /opt/stack/data/venv/lib/python3.12/site-packages/dbcounter.py:115}}
Jun 24 01:25:57.709733 np0000003503 nova-scheduler[93085]: DEBUG dbcounter [-] [93085] Writing DB stats nova_cell0:SELECT=3 {{(pid=93085) stat_writer /opt/stack/data/venv/lib/python3.12/site-packages/dbcounter.py:115}}
Jun 24 01:26:04.704161 np0000003503 nova-scheduler[93085]: DEBUG oslo.service.backend._threading.loopingcall [None req-7dc264d8-e689-4ab4-8028-8ba12e42dfb3 None None] Dynamic interval looping call 'nova.service.Service.periodic_tasks' sleeping for 60.00 seconds {{(pid=93085) _run_loop /opt/stack/data/venv/lib/python3.12/site-packages/oslo_service/backend/_threading/loopingcall.py:125}}
Jun 24 01:26:11.682927 np0000003503 nova-scheduler[93083]: DEBUG oslo.service.backend._threading.loopingcall [None req-d9fbe705-1e7b-4590-acb8-c436eae56561 None None] Dynamic interval looping call 'nova.service.Service.periodic_tasks' sleeping for 60.00 seconds {{(pid=93083) _run_loop /opt/stack/data/venv/lib/python3.12/site-packages/oslo_service/backend/_threading/loopingcall.py:125}}
Jun 24 01:26:29.667153 np0000003503 nova-scheduler[93077]: DEBUG oslo.service.backend._threading.loopingcall [None req-d80e18da-7b94-42a9-a9c6-6f416726d838 None None] Dynamic interval looping call 'nova.service.Service.periodic_tasks' sleeping for 60.00 seconds {{(pid=93077) _run_loop /opt/stack/data/venv/lib/python3.12/site-packages/oslo_service/backend/_threading/loopingcall.py:125}}
Jun 24 01:27:04.704830 np0000003503 nova-scheduler[93085]: DEBUG oslo.service.backend._threading.loopingcall [None req-7dc264d8-e689-4ab4-8028-8ba12e42dfb3 None None] Dynamic interval looping call 'nova.service.Service.periodic_tasks' sleeping for 60.00 seconds {{(pid=93085) _run_loop /opt/stack/data/venv/lib/python3.12/site-packages/oslo_service/backend/_threading/loopingcall.py:125}}
Jun 24 01:27:11.683408 np0000003503 nova-scheduler[93083]: DEBUG oslo.service.backend._threading.loopingcall [None req-d9fbe705-1e7b-4590-acb8-c436eae56561 None None] Dynamic interval looping call 'nova.service.Service.periodic_tasks' sleeping for 60.00 seconds {{(pid=93083) _run_loop /opt/stack/data/venv/lib/python3.12/site-packages/oslo_service/backend/_threading/loopingcall.py:125}}
Jun 24 01:27:29.667598 np0000003503 nova-scheduler[93077]: DEBUG oslo.service.backend._threading.loopingcall [None req-d80e18da-7b94-42a9-a9c6-6f416726d838 None None] Dynamic interval looping call 'nova.service.Service.periodic_tasks' sleeping for 60.00 seconds {{(pid=93077) _run_loop /opt/stack/data/venv/lib/python3.12/site-packages/oslo_service/backend/_threading/loopingcall.py:125}}
Jun 24 01:27:47.681051 np0000003503 nova-scheduler[93077]: DEBUG oslo.service.backend._threading.loopingcall [-] Fixed interval looping call 'nova.servicegroup.drivers.db.DbDriver._report_state' sleeping for 119.99 seconds {{(pid=93077) _run_loop /opt/stack/data/venv/lib/python3.12/site-packages/oslo_service/backend/_threading/loopingcall.py:125}}
Jun 24 01:27:47.685966 np0000003503 nova-scheduler[93083]: DEBUG oslo.service.backend._threading.loopingcall [-] Fixed interval looping call 'nova.servicegroup.drivers.db.DbDriver._report_state' sleeping for 120.00 seconds {{(pid=93083) _run_loop /opt/stack/data/venv/lib/python3.12/site-packages/oslo_service/backend/_threading/loopingcall.py:125}}
Jun 24 01:27:47.706100 np0000003503 nova-scheduler[93085]: DEBUG oslo.service.backend._threading.loopingcall [-] Fixed interval looping call 'nova.servicegroup.drivers.db.DbDriver._report_state' sleeping for 120.00 seconds {{(pid=93085) _run_loop /opt/stack/data/venv/lib/python3.12/site-packages/oslo_service/backend/_threading/loopingcall.py:125}}
Jun 24 01:27:57.669863 np0000003503 nova-scheduler[93077]: DEBUG dbcounter [-] [93077] Writing DB stats nova_cell0:SELECT=1,nova_cell0:UPDATE=1 {{(pid=93077) stat_writer /opt/stack/data/venv/lib/python3.12/site-packages/dbcounter.py:115}}
Jun 24 01:27:57.684832 np0000003503 nova-scheduler[93083]: DEBUG dbcounter [-] [93083] Writing DB stats nova_cell0:SELECT=1 {{(pid=93083) stat_writer /opt/stack/data/venv/lib/python3.12/site-packages/dbcounter.py:115}}
Jun 24 01:27:57.704926 np0000003503 nova-scheduler[93085]: DEBUG dbcounter [-] [93085] Writing DB stats nova_cell0:SELECT=1 {{(pid=93085) stat_writer /opt/stack/data/venv/lib/python3.12/site-packages/dbcounter.py:115}}
Jun 24 01:28:04.706252 np0000003503 nova-scheduler[93085]: DEBUG oslo.service.backend._threading.loopingcall [None req-7dc264d8-e689-4ab4-8028-8ba12e42dfb3 None None] Dynamic interval looping call 'nova.service.Service.periodic_tasks' sleeping for 60.00 seconds {{(pid=93085) _run_loop /opt/stack/data/venv/lib/python3.12/site-packages/oslo_service/backend/_threading/loopingcall.py:125}}
Jun 24 01:28:08.280071 np0000003503 nova-scheduler[93077]: DEBUG nova.scheduler.manager [None req-5e37d1f5-3d47-46df-b2e6-ede5b09c40fc tempest-DeleteServersTestJSON-2021450997 tempest-DeleteServersTestJSON-2021450997-project-member] Starting to schedule for instances: ['a68c1232-462e-408d-9353-9e05cfad9485'] {{(pid=93077) select_destinations /opt/stack/nova/nova/scheduler/manager.py:210}}
Jun 24 01:28:08.281057 np0000003503 nova-scheduler[93077]: DEBUG nova.scheduler.request_filter [None req-5e37d1f5-3d47-46df-b2e6-ede5b09c40fc tempest-DeleteServersTestJSON-2021450997 tempest-DeleteServersTestJSON-2021450997-project-member] compute_status_filter request filter added forbidden trait COMPUTE_STATUS_DISABLED {{(pid=93077) compute_status_filter /opt/stack/nova/nova/scheduler/request_filter.py:253}}
Jun 24 01:28:08.281168 np0000003503 nova-scheduler[93077]: DEBUG nova.scheduler.request_filter [None req-5e37d1f5-3d47-46df-b2e6-ede5b09c40fc tempest-DeleteServersTestJSON-2021450997 tempest-DeleteServersTestJSON-2021450997-project-member] Request filter 'compute_status_filter' took 0.0 seconds {{(pid=93077) wrapper /opt/stack/nova/nova/scheduler/request_filter.py:46}}
Jun 24 01:28:08.281359 np0000003503 nova-scheduler[93077]: DEBUG nova.scheduler.request_filter [None req-5e37d1f5-3d47-46df-b2e6-ede5b09c40fc tempest-DeleteServersTestJSON-2021450997 tempest-DeleteServersTestJSON-2021450997-project-member] Request filter 'accelerators_filter' took 0.0 seconds {{(pid=93077) wrapper /opt/stack/nova/nova/scheduler/request_filter.py:46}}
Jun 24 01:28:08.281551 np0000003503 nova-scheduler[93077]: DEBUG nova.scheduler.request_filter [None req-5e37d1f5-3d47-46df-b2e6-ede5b09c40fc tempest-DeleteServersTestJSON-2021450997 tempest-DeleteServersTestJSON-2021450997-project-member] Request filter 'packed_virtqueue_filter' took 0.0 seconds {{(pid=93077) wrapper /opt/stack/nova/nova/scheduler/request_filter.py:46}}
Jun 24 01:28:08.281806 np0000003503 nova-scheduler[93077]: DEBUG nova.scheduler.request_filter [None req-5e37d1f5-3d47-46df-b2e6-ede5b09c40fc tempest-DeleteServersTestJSON-2021450997 tempest-DeleteServersTestJSON-2021450997-project-member] Request filter 'remote_managed_ports_filter' took 0.0 seconds {{(pid=93077) wrapper /opt/stack/nova/nova/scheduler/request_filter.py:46}}
Jun 24 01:28:08.281952 np0000003503 nova-scheduler[93077]: DEBUG nova.scheduler.request_filter [None req-5e37d1f5-3d47-46df-b2e6-ede5b09c40fc tempest-DeleteServersTestJSON-2021450997 tempest-DeleteServersTestJSON-2021450997-project-member] ephemeral_encryption_filter skipped {{(pid=93077) ephemeral_encryption_filter /opt/stack/nova/nova/scheduler/request_filter.py:426}}
Jun 24 01:28:08.282124 np0000003503 nova-scheduler[93077]: DEBUG nova.scheduler.request_filter [None req-5e37d1f5-3d47-46df-b2e6-ede5b09c40fc tempest-DeleteServersTestJSON-2021450997 tempest-DeleteServersTestJSON-2021450997-project-member] virtio_sound_filter skipped {{(pid=93077) virtio_sound_filter /opt/stack/nova/nova/scheduler/request_filter.py:460}}
Jun 24 01:28:08.282486 np0000003503 nova-scheduler[93077]: DEBUG nova.scheduler.request_filter [None req-5e37d1f5-3d47-46df-b2e6-ede5b09c40fc tempest-DeleteServersTestJSON-2021450997 tempest-DeleteServersTestJSON-2021450997-project-member] tpm_secret_security_filter skipped {{(pid=93077) tpm_secret_security_filter /opt/stack/nova/nova/scheduler/request_filter.py:477}}
Jun 24 01:28:08.714166 np0000003503 nova-scheduler[93077]: INFO nova.utils [None req-5e37d1f5-3d47-46df-b2e6-ede5b09c40fc tempest-DeleteServersTestJSON-2021450997 tempest-DeleteServersTestJSON-2021450997-project-member] The cell worker thread pool ForkProcess-1.cell_worker is initialized
Jun 24 01:28:08.714480 np0000003503 nova-scheduler[93077]: DEBUG oslo_concurrency.lockutils [None req-5e37d1f5-3d47-46df-b2e6-ede5b09c40fc tempest-DeleteServersTestJSON-2021450997 tempest-DeleteServersTestJSON-2021450997-project-member] Acquiring lock "2de47815-2112-4c8b-be07-33d237c744fc" by "nova.context.set_target_cell..get_or_set_cached_cell_and_set_connections" {{(pid=93077) inner /opt/stack/data/venv/lib/python3.12/site-packages/oslo_concurrency/lockutils.py:511}}
Jun 24 01:28:08.714695 np0000003503 nova-scheduler[93077]: DEBUG oslo_concurrency.lockutils [None req-5e37d1f5-3d47-46df-b2e6-ede5b09c40fc tempest-DeleteServersTestJSON-2021450997 tempest-DeleteServersTestJSON-2021450997-project-member] Lock "2de47815-2112-4c8b-be07-33d237c744fc" acquired by "nova.context.set_target_cell..get_or_set_cached_cell_and_set_connections" :: waited 0.000s {{(pid=93077) inner /opt/stack/data/venv/lib/python3.12/site-packages/oslo_concurrency/lockutils.py:524}}
Jun 24 01:28:08.715972 np0000003503 nova-scheduler[93077]: DEBUG oslo_concurrency.lockutils [None req-5e37d1f5-3d47-46df-b2e6-ede5b09c40fc tempest-DeleteServersTestJSON-2021450997 tempest-DeleteServersTestJSON-2021450997-project-member] Lock "2de47815-2112-4c8b-be07-33d237c744fc" "released" by "nova.context.set_target_cell..get_or_set_cached_cell_and_set_connections" :: held 0.001s {{(pid=93077) inner /opt/stack/data/venv/lib/python3.12/site-packages/oslo_concurrency/lockutils.py:543}}
Jun 24 01:28:08.717611 np0000003503 nova-scheduler[93077]: INFO dbcounter [None req-5e37d1f5-3d47-46df-b2e6-ede5b09c40fc tempest-DeleteServersTestJSON-2021450997 tempest-DeleteServersTestJSON-2021450997-project-member] Registered counter for database nova_cell1
Jun 24 01:28:08.755014 np0000003503 nova-scheduler[93077]: DEBUG oslo_db.sqlalchemy.engines [None req-5e37d1f5-3d47-46df-b2e6-ede5b09c40fc tempest-DeleteServersTestJSON-2021450997 tempest-DeleteServersTestJSON-2021450997-project-member] MySQL server mode set to STRICT_TRANS_TABLES,STRICT_ALL_TABLES,NO_ZERO_IN_DATE,NO_ZERO_DATE,ERROR_FOR_DIVISION_BY_ZERO,TRADITIONAL,NO_ENGINE_SUBSTITUTION {{(pid=93077) _check_effective_sql_mode /opt/stack/data/venv/lib/python3.12/site-packages/oslo_db/sqlalchemy/engines.py:325}}
Jun 24 01:28:08.760914 np0000003503 nova-scheduler[93077]: DEBUG dbcounter [-] [93077] Writer thread running {{(pid=93077) stat_writer /opt/stack/data/venv/lib/python3.12/site-packages/dbcounter.py:102}}
Jun 24 01:28:08.775590 np0000003503 nova-scheduler[93077]: DEBUG oslo_db.sqlalchemy.engines [None req-5e37d1f5-3d47-46df-b2e6-ede5b09c40fc tempest-DeleteServersTestJSON-2021450997 tempest-DeleteServersTestJSON-2021450997-project-member] Parent process 91873 forked (93077) with an open database connection, which is being discarded and recreated. {{(pid=93077) checkout /opt/stack/data/venv/lib/python3.12/site-packages/oslo_db/sqlalchemy/engines.py:402}}
Jun 24 01:28:08.810378 np0000003503 nova-scheduler[93077]: DEBUG dbcounter [-] [93077] Writer thread running {{(pid=93077) stat_writer /opt/stack/data/venv/lib/python3.12/site-packages/dbcounter.py:102}}
Jun 24 01:28:08.813135 np0000003503 nova-scheduler[93077]: DEBUG oslo_concurrency.lockutils [None req-5e37d1f5-3d47-46df-b2e6-ede5b09c40fc tempest-DeleteServersTestJSON-2021450997 tempest-DeleteServersTestJSON-2021450997-project-member] Acquiring lock "2de47815-2112-4c8b-be07-33d237c744fc" by "nova.context.set_target_cell..get_or_set_cached_cell_and_set_connections" {{(pid=93077) inner /opt/stack/data/venv/lib/python3.12/site-packages/oslo_concurrency/lockutils.py:511}}
Jun 24 01:28:08.813284 np0000003503 nova-scheduler[93077]: DEBUG oslo_concurrency.lockutils [None req-5e37d1f5-3d47-46df-b2e6-ede5b09c40fc tempest-DeleteServersTestJSON-2021450997 tempest-DeleteServersTestJSON-2021450997-project-member] Lock "2de47815-2112-4c8b-be07-33d237c744fc" acquired by "nova.context.set_target_cell..get_or_set_cached_cell_and_set_connections" :: waited 0.000s {{(pid=93077) inner /opt/stack/data/venv/lib/python3.12/site-packages/oslo_concurrency/lockutils.py:524}}
Jun 24 01:28:08.813492 np0000003503 nova-scheduler[93077]: DEBUG oslo_concurrency.lockutils [None req-5e37d1f5-3d47-46df-b2e6-ede5b09c40fc tempest-DeleteServersTestJSON-2021450997 tempest-DeleteServersTestJSON-2021450997-project-member] Lock "2de47815-2112-4c8b-be07-33d237c744fc" "released" by "nova.context.set_target_cell..get_or_set_cached_cell_and_set_connections" :: held 0.000s {{(pid=93077) inner /opt/stack/data/venv/lib/python3.12/site-packages/oslo_concurrency/lockutils.py:543}}
Jun 24 01:28:08.816680 np0000003503 nova-scheduler[93077]: DEBUG oslo_concurrency.lockutils [None req-5e37d1f5-3d47-46df-b2e6-ede5b09c40fc tempest-DeleteServersTestJSON-2021450997 tempest-DeleteServersTestJSON-2021450997-project-member] Acquiring lock "('np0000003503', 'np0000003503')" by "nova.scheduler.host_manager.HostState.update.._locked_update" {{(pid=93077) inner /opt/stack/data/venv/lib/python3.12/site-packages/oslo_concurrency/lockutils.py:511}}
Jun 24 01:28:08.816742 np0000003503 nova-scheduler[93077]: DEBUG oslo_concurrency.lockutils [None req-5e37d1f5-3d47-46df-b2e6-ede5b09c40fc tempest-DeleteServersTestJSON-2021450997 tempest-DeleteServersTestJSON-2021450997-project-member] Lock "('np0000003503', 'np0000003503')" acquired by "nova.scheduler.host_manager.HostState.update.._locked_update" :: waited 0.000s {{(pid=93077) inner /opt/stack/data/venv/lib/python3.12/site-packages/oslo_concurrency/lockutils.py:524}}
Jun 24 01:28:08.817964 np0000003503 nova-scheduler[93077]: DEBUG nova.scheduler.host_manager [None req-5e37d1f5-3d47-46df-b2e6-ede5b09c40fc tempest-DeleteServersTestJSON-2021450997 tempest-DeleteServersTestJSON-2021450997-project-member] Update host state from compute node: ComputeNode(cpu_allocation_ratio=4.0,cpu_info='{"arch": "x86_64", "model": "EPYC-Milan", "vendor": "AMD", "topology": {"cells": 1, "sockets": 16, "cores": 1, "threads": 1}, "maxphysaddr": {"mode": "emulate", "bits": 40}, "features": ["sse4.1", "arat", "fxsr_opt", "nx", "skip-l1dfl-vmentry", "amd-ssbd", "pschange-mc-no", "pse", "v-vmsave-vmload", "abm", "svme-addr-chk", "stibp", "rdpid", "cmov", "pcid", "ibrs", "erms", "clwb", "pat", "cx8", "npt", "vgif", "amd-psfd", "lm", "lfence-always-serializing", "smap", "mmxext", "rdrand", "sse", "tsc_adjust", "sse4a", "stibp-always-on", "tsc-deadline", "adx", "perfctr_core", "lahf_lm", "rdtscp", "lbrv", "xsaveopt", "3dnowprefetch", "xsaves", "nrip-save", "amd-stibp", "arch-capabilities", "pku", "sse4.2", "pse36", "mce", "sha-ni", "pge", "null-sel-clr-base", "bmi1", "xsave", "ssse3", "x2apic", "gds-no", "no-nested-data-bp", "de", "fma", "sse2", "syscall", "fsgsbase", "apic", "xgetbv1", "vmcb-clean", "spec-ctrl", "popcnt", "mca", "mmx", "pclmuldq", "tsc-scale", "umip", "vme", "xsaveerptr", "topoext", "vaes", "f16c", "vpclmulqdq", "clzero", "fxsr", "tsc", "pni", "cx16", "mtrr", "svm", "mds-no", "ibpb", "ssbd", "pae", "pause-filter", "invpcid", "msr", "rdseed", "bmi2", "misalignsse", "pdpe1gb", "pfthreshold", "sep", "xsavec", "cr8legacy", "wbnoinvd", "clflush", "avx", "cmp_legacy", "clflushopt", "rdctl-no", "hypervisor", "osvw", "avx2", "movbe", "aes", "fsrm", "flushbyasid", "smep", "fpu", "virt-ssbd"]}',created_at=2026-06-24T01:26:08Z,current_workload=0,deleted=False,deleted_at=None,disk_allocation_ratio=1.0,disk_available_least=73,free_disk_gb=95,free_ram_mb=62765,host='np0000003503',host_ip=10.4.3.50,hypervisor_hostname='np0000003503',hypervisor_type='QEMU',hypervisor_version=8002002,id=1,local_gb=95,local_gb_used=0,mapped=1,memory_mb=63277,memory_mb_used=512,metrics='[]',numa_topology='{"nova_object.name": "NUMATopology", "nova_object.namespace": "nova", "nova_object.version": "1.2", "nova_object.data": {"cells": [{"nova_object.name": "NUMACell", "nova_object.namespace": "nova", "nova_object.version": "1.5", "nova_object.data": {"id": 0, "cpuset": [0, 1, 2, 3, 4, 5, 6, 7, 8, 9, 10, 11, 12, 13, 14, 15], "pcpuset": [0, 1, 2, 3, 4, 5, 6, 7, 8, 9, 10, 11, 12, 13, 14, 15], "memory": 63277, "cpu_usage": 0, "memory_usage": 0, "pinned_cpus": [], "siblings": [[6], [12], [2], [15], [5], [11], [8], [14], [4], [1], [7], [10], [0], [13], [3], [9]], "mempages": [{"nova_object.name": "NUMAPagesTopology", "nova_object.namespace": "nova", "nova_object.version": "1.1", "nova_object.data": {"size_kb": 4, "total": 16177929, "used": 0, "reserved": 0}, "nova_object.changes": ["total", "size_kb", "used", "reserved"]}, {"nova_object.name": "NUMAPagesTopology", "nova_object.namespace": "nova", "nova_object.version": "1.1", "nova_object.data": {"size_kb": 2048, "total": 41, "used": 0, "reserved": 0}, "nova_object.changes": ["total", "size_kb", "used", "reserved"]}, {"nova_object.name": "NUMAPagesTopology", "nova_object.namespace": "nova", "nova_object.version": "1.1", "nova_object.data": {"size_kb": 1048576, "total": 0, "used": 0, "reserved": 0}, "nova_object.changes": ["total", "size_kb", "used", "reserved"]}], "network_metadata": {"nova_object.name": "NetworkMetadata", "nova_object.namespace": "nova", "nova_object.version": "1.0", "nova_object.data": {"physnets": [], "tunneled": false}, "nova_object.changes": ["physnets", "tunneled"]}, "socket": null}, "nova_object.changes": ["pinned_cpus", "mempages", "cpu_usage", "cpuset", "network_metadata", "socket", "memory", "id", "memory_usage", "pcpuset", "siblings"]}]}, "nova_object.changes": ["cells"]}',pci_device_pools=PciDevicePoolList,ram_allocation_ratio=1.0,running_vms=0,service_id=3,stats={failed_builds='0',uptime=' 01:27:53 up 13 min, 2 users, load average: 1.63, 1.64, 0.89
Jun 24 01:28:08.817964 np0000003503 nova-scheduler[93077]: '},supported_hv_specs=[HVSpec,HVSpec,HVSpec,HVSpec,HVSpec,HVSpec,HVSpec,HVSpec,HVSpec,HVSpec,HVSpec,HVSpec,HVSpec,HVSpec,HVSpec,HVSpec,HVSpec,HVSpec,HVSpec,HVSpec,HVSpec,HVSpec,HVSpec,HVSpec,HVSpec],updated_at=2026-06-24T01:27:55Z,uuid=3243c0e2-012b-404d-8e9b-dbc578f4f5d5,vcpus=16,vcpus_used=0) {{(pid=93077) _locked_update /opt/stack/nova/nova/scheduler/host_manager.py:168}}
Jun 24 01:28:08.818586 np0000003503 nova-scheduler[93077]: DEBUG nova.scheduler.host_manager [None req-5e37d1f5-3d47-46df-b2e6-ede5b09c40fc tempest-DeleteServersTestJSON-2021450997 tempest-DeleteServersTestJSON-2021450997-project-member] Update host state with aggregates: [] {{(pid=93077) _locked_update /opt/stack/nova/nova/scheduler/host_manager.py:171}}
Jun 24 01:28:08.818846 np0000003503 nova-scheduler[93077]: DEBUG nova.scheduler.host_manager [None req-5e37d1f5-3d47-46df-b2e6-ede5b09c40fc tempest-DeleteServersTestJSON-2021450997 tempest-DeleteServersTestJSON-2021450997-project-member] Update host state with service dict: {'id': 3, 'uuid': '1d4b8cc6-0674-4744-8b02-a587f9446354', 'host': 'np0000003503', 'binary': 'nova-compute', 'topic': 'compute', 'report_count': 1, 'disabled': False, 'disabled_reason': None, 'last_seen_up': datetime.datetime(2026, 6, 24, 1, 26, 17, tzinfo=datetime.timezone.utc), 'forced_down': False, 'version': 72, 'created_at': datetime.datetime(2026, 6, 24, 1, 26, 7, tzinfo=datetime.timezone.utc), 'updated_at': datetime.datetime(2026, 6, 24, 1, 26, 17, tzinfo=datetime.timezone.utc), 'deleted_at': None, 'deleted': False} {{(pid=93077) _locked_update /opt/stack/nova/nova/scheduler/host_manager.py:174}}
Jun 24 01:28:08.818947 np0000003503 nova-scheduler[93077]: DEBUG nova.scheduler.host_manager [None req-5e37d1f5-3d47-46df-b2e6-ede5b09c40fc tempest-DeleteServersTestJSON-2021450997 tempest-DeleteServersTestJSON-2021450997-project-member] Update host state with instances: [] {{(pid=93077) _locked_update /opt/stack/nova/nova/scheduler/host_manager.py:177}}
Jun 24 01:28:08.819050 np0000003503 nova-scheduler[93077]: DEBUG oslo_concurrency.lockutils [None req-5e37d1f5-3d47-46df-b2e6-ede5b09c40fc tempest-DeleteServersTestJSON-2021450997 tempest-DeleteServersTestJSON-2021450997-project-member] Lock "('np0000003503', 'np0000003503')" "released" by "nova.scheduler.host_manager.HostState.update.._locked_update" :: held 0.002s {{(pid=93077) inner /opt/stack/data/venv/lib/python3.12/site-packages/oslo_concurrency/lockutils.py:543}}
Jun 24 01:28:08.819458 np0000003503 nova-scheduler[93077]: DEBUG nova.filters [None req-5e37d1f5-3d47-46df-b2e6-ede5b09c40fc tempest-DeleteServersTestJSON-2021450997 tempest-DeleteServersTestJSON-2021450997-project-member] Starting with 1 host(s) {{(pid=93077) get_filtered_objects /opt/stack/nova/nova/filters.py:70}}
Jun 24 01:28:08.819679 np0000003503 nova-scheduler[93077]: DEBUG nova.filters [None req-5e37d1f5-3d47-46df-b2e6-ede5b09c40fc tempest-DeleteServersTestJSON-2021450997 tempest-DeleteServersTestJSON-2021450997-project-member] Filter ComputeFilter returned 1 host(s) {{(pid=93077) get_filtered_objects /opt/stack/nova/nova/filters.py:102}}
Jun 24 01:28:08.819773 np0000003503 nova-scheduler[93077]: DEBUG nova.filters [None req-5e37d1f5-3d47-46df-b2e6-ede5b09c40fc tempest-DeleteServersTestJSON-2021450997 tempest-DeleteServersTestJSON-2021450997-project-member] Filter ComputeCapabilitiesFilter returned 1 host(s) {{(pid=93077) get_filtered_objects /opt/stack/nova/nova/filters.py:102}}
Jun 24 01:28:08.820071 np0000003503 nova-scheduler[93077]: DEBUG nova.filters [None req-5e37d1f5-3d47-46df-b2e6-ede5b09c40fc tempest-DeleteServersTestJSON-2021450997 tempest-DeleteServersTestJSON-2021450997-project-member] Filter ImagePropertiesFilter returned 1 host(s) {{(pid=93077) get_filtered_objects /opt/stack/nova/nova/filters.py:102}}
Jun 24 01:28:08.820071 np0000003503 nova-scheduler[93077]: DEBUG nova.filters [None req-5e37d1f5-3d47-46df-b2e6-ede5b09c40fc tempest-DeleteServersTestJSON-2021450997 tempest-DeleteServersTestJSON-2021450997-project-member] Filter ServerGroupAntiAffinityFilter returned 1 host(s) {{(pid=93077) get_filtered_objects /opt/stack/nova/nova/filters.py:102}}
Jun 24 01:28:08.820174 np0000003503 nova-scheduler[93077]: DEBUG nova.filters [None req-5e37d1f5-3d47-46df-b2e6-ede5b09c40fc tempest-DeleteServersTestJSON-2021450997 tempest-DeleteServersTestJSON-2021450997-project-member] Filter ServerGroupAffinityFilter returned 1 host(s) {{(pid=93077) get_filtered_objects /opt/stack/nova/nova/filters.py:102}}
Jun 24 01:28:08.820298 np0000003503 nova-scheduler[93077]: DEBUG nova.filters [None req-5e37d1f5-3d47-46df-b2e6-ede5b09c40fc tempest-DeleteServersTestJSON-2021450997 tempest-DeleteServersTestJSON-2021450997-project-member] Filter SameHostFilter returned 1 host(s) {{(pid=93077) get_filtered_objects /opt/stack/nova/nova/filters.py:102}}
Jun 24 01:28:08.820377 np0000003503 nova-scheduler[93077]: DEBUG nova.filters [None req-5e37d1f5-3d47-46df-b2e6-ede5b09c40fc tempest-DeleteServersTestJSON-2021450997 tempest-DeleteServersTestJSON-2021450997-project-member] Filter DifferentHostFilter returned 1 host(s) {{(pid=93077) get_filtered_objects /opt/stack/nova/nova/filters.py:102}}
Jun 24 01:28:08.820627 np0000003503 nova-scheduler[93077]: DEBUG nova.scheduler.manager [None req-5e37d1f5-3d47-46df-b2e6-ede5b09c40fc tempest-DeleteServersTestJSON-2021450997 tempest-DeleteServersTestJSON-2021450997-project-member] Filtered [(np0000003503, np0000003503) ram: 62765MB disk: 74752MB io_ops: 0 instances: 0, allocation_candidates: 1] {{(pid=93077) _get_sorted_hosts /opt/stack/nova/nova/scheduler/manager.py:743}}
Jun 24 01:28:08.820701 np0000003503 nova-scheduler[93077]: DEBUG nova.scheduler.manager [None req-5e37d1f5-3d47-46df-b2e6-ede5b09c40fc tempest-DeleteServersTestJSON-2021450997 tempest-DeleteServersTestJSON-2021450997-project-member] Weighed [WeighedHost [host: (np0000003503, np0000003503) ram: 62765MB disk: 74752MB io_ops: 0 instances: 0, allocation_candidates: 1, weight: 0.0]] {{(pid=93077) _get_sorted_hosts /opt/stack/nova/nova/scheduler/manager.py:765}}
Jun 24 01:28:08.820859 np0000003503 nova-scheduler[93077]: DEBUG nova.scheduler.utils [None req-5e37d1f5-3d47-46df-b2e6-ede5b09c40fc tempest-DeleteServersTestJSON-2021450997 tempest-DeleteServersTestJSON-2021450997-project-member] Attempting to claim resources in the placement API for instance a68c1232-462e-408d-9353-9e05cfad9485 {{(pid=93077) claim_resources /opt/stack/nova/nova/scheduler/utils.py:1345}}
Jun 24 01:28:08.982645 np0000003503 nova-scheduler[93077]: DEBUG nova.scheduler.manager [None req-5e37d1f5-3d47-46df-b2e6-ede5b09c40fc tempest-DeleteServersTestJSON-2021450997 tempest-DeleteServersTestJSON-2021450997-project-member] [instance: a68c1232-462e-408d-9353-9e05cfad9485] Selected host: (np0000003503, np0000003503) ram: 62765MB disk: 74752MB io_ops: 0 instances: 0, allocation_candidates: 1 {{(pid=93077) _consume_selected_host /opt/stack/nova/nova/scheduler/manager.py:625}}
Jun 24 01:28:08.982908 np0000003503 nova-scheduler[93077]: DEBUG oslo_concurrency.lockutils [None req-5e37d1f5-3d47-46df-b2e6-ede5b09c40fc tempest-DeleteServersTestJSON-2021450997 tempest-DeleteServersTestJSON-2021450997-project-member] Acquiring lock "('np0000003503', 'np0000003503')" by "nova.scheduler.host_manager.HostState.consume_from_request.._locked" {{(pid=93077) inner /opt/stack/data/venv/lib/python3.12/site-packages/oslo_concurrency/lockutils.py:511}}
Jun 24 01:28:08.983060 np0000003503 nova-scheduler[93077]: DEBUG oslo_concurrency.lockutils [None req-5e37d1f5-3d47-46df-b2e6-ede5b09c40fc tempest-DeleteServersTestJSON-2021450997 tempest-DeleteServersTestJSON-2021450997-project-member] Lock "('np0000003503', 'np0000003503')" acquired by "nova.scheduler.host_manager.HostState.consume_from_request.._locked" :: waited 0.000s {{(pid=93077) inner /opt/stack/data/venv/lib/python3.12/site-packages/oslo_concurrency/lockutils.py:524}}
Jun 24 01:28:08.983206 np0000003503 nova-scheduler[93077]: DEBUG oslo_concurrency.lockutils [None req-5e37d1f5-3d47-46df-b2e6-ede5b09c40fc tempest-DeleteServersTestJSON-2021450997 tempest-DeleteServersTestJSON-2021450997-project-member] Lock "('np0000003503', 'np0000003503')" "released" by "nova.scheduler.host_manager.HostState.consume_from_request.._locked" :: held 0.000s {{(pid=93077) inner /opt/stack/data/venv/lib/python3.12/site-packages/oslo_concurrency/lockutils.py:543}}
Jun 24 01:28:11.684549 np0000003503 nova-scheduler[93083]: DEBUG oslo.service.backend._threading.loopingcall [None req-d9fbe705-1e7b-4590-acb8-c436eae56561 None None] Dynamic interval looping call 'nova.service.Service.periodic_tasks' sleeping for 60.00 seconds {{(pid=93083) _run_loop /opt/stack/data/venv/lib/python3.12/site-packages/oslo_service/backend/_threading/loopingcall.py:125}}
Jun 24 01:28:13.156131 np0000003503 nova-scheduler[93083]: DEBUG nova.scheduler.manager [None req-b2447ba5-13a9-4ab1-aec1-7d30383b2224 tempest-ServersNegativeTestJSON-1010968027 tempest-ServersNegativeTestJSON-1010968027-project-member] Starting to schedule for instances: ['b1f2cc9f-ab76-44a3-b2da-24fd8709c213'] {{(pid=93083) select_destinations /opt/stack/nova/nova/scheduler/manager.py:210}}
Jun 24 01:28:13.157382 np0000003503 nova-scheduler[93083]: DEBUG nova.scheduler.request_filter [None req-b2447ba5-13a9-4ab1-aec1-7d30383b2224 tempest-ServersNegativeTestJSON-1010968027 tempest-ServersNegativeTestJSON-1010968027-project-member] compute_status_filter request filter added forbidden trait COMPUTE_STATUS_DISABLED {{(pid=93083) compute_status_filter /opt/stack/nova/nova/scheduler/request_filter.py:253}}
Jun 24 01:28:13.157382 np0000003503 nova-scheduler[93083]: DEBUG nova.scheduler.request_filter [None req-b2447ba5-13a9-4ab1-aec1-7d30383b2224 tempest-ServersNegativeTestJSON-1010968027 tempest-ServersNegativeTestJSON-1010968027-project-member] Request filter 'compute_status_filter' took 0.0 seconds {{(pid=93083) wrapper /opt/stack/nova/nova/scheduler/request_filter.py:46}}
Jun 24 01:28:13.157706 np0000003503 nova-scheduler[93083]: DEBUG nova.scheduler.request_filter [None req-b2447ba5-13a9-4ab1-aec1-7d30383b2224 tempest-ServersNegativeTestJSON-1010968027 tempest-ServersNegativeTestJSON-1010968027-project-member] Request filter 'accelerators_filter' took 0.0 seconds {{(pid=93083) wrapper /opt/stack/nova/nova/scheduler/request_filter.py:46}}
Jun 24 01:28:13.157976 np0000003503 nova-scheduler[93083]: DEBUG nova.scheduler.request_filter [None req-b2447ba5-13a9-4ab1-aec1-7d30383b2224 tempest-ServersNegativeTestJSON-1010968027 tempest-ServersNegativeTestJSON-1010968027-project-member] Request filter 'packed_virtqueue_filter' took 0.0 seconds {{(pid=93083) wrapper /opt/stack/nova/nova/scheduler/request_filter.py:46}}
Jun 24 01:28:13.158296 np0000003503 nova-scheduler[93083]: DEBUG nova.scheduler.request_filter [None req-b2447ba5-13a9-4ab1-aec1-7d30383b2224 tempest-ServersNegativeTestJSON-1010968027 tempest-ServersNegativeTestJSON-1010968027-project-member] Request filter 'remote_managed_ports_filter' took 0.0 seconds {{(pid=93083) wrapper /opt/stack/nova/nova/scheduler/request_filter.py:46}}
Jun 24 01:28:13.158596 np0000003503 nova-scheduler[93083]: DEBUG nova.scheduler.request_filter [None req-b2447ba5-13a9-4ab1-aec1-7d30383b2224 tempest-ServersNegativeTestJSON-1010968027 tempest-ServersNegativeTestJSON-1010968027-project-member] ephemeral_encryption_filter skipped {{(pid=93083) ephemeral_encryption_filter /opt/stack/nova/nova/scheduler/request_filter.py:426}}
Jun 24 01:28:13.158880 np0000003503 nova-scheduler[93083]: DEBUG nova.scheduler.request_filter [None req-b2447ba5-13a9-4ab1-aec1-7d30383b2224 tempest-ServersNegativeTestJSON-1010968027 tempest-ServersNegativeTestJSON-1010968027-project-member] virtio_sound_filter skipped {{(pid=93083) virtio_sound_filter /opt/stack/nova/nova/scheduler/request_filter.py:460}}
Jun 24 01:28:13.159242 np0000003503 nova-scheduler[93083]: DEBUG nova.scheduler.request_filter [None req-b2447ba5-13a9-4ab1-aec1-7d30383b2224 tempest-ServersNegativeTestJSON-1010968027 tempest-ServersNegativeTestJSON-1010968027-project-member] tpm_secret_security_filter skipped {{(pid=93083) tpm_secret_security_filter /opt/stack/nova/nova/scheduler/request_filter.py:477}}
Jun 24 01:28:13.254527 np0000003503 nova-scheduler[93083]: INFO nova.utils [None req-b2447ba5-13a9-4ab1-aec1-7d30383b2224 tempest-ServersNegativeTestJSON-1010968027 tempest-ServersNegativeTestJSON-1010968027-project-member] The cell worker thread pool ForkProcess-2.cell_worker is initialized
Jun 24 01:28:13.255350 np0000003503 nova-scheduler[93083]: DEBUG oslo_concurrency.lockutils [None req-b2447ba5-13a9-4ab1-aec1-7d30383b2224 tempest-ServersNegativeTestJSON-1010968027 tempest-ServersNegativeTestJSON-1010968027-project-member] Acquiring lock "2de47815-2112-4c8b-be07-33d237c744fc" by "nova.context.set_target_cell..get_or_set_cached_cell_and_set_connections" {{(pid=93083) inner /opt/stack/data/venv/lib/python3.12/site-packages/oslo_concurrency/lockutils.py:511}}
Jun 24 01:28:13.255575 np0000003503 nova-scheduler[93083]: DEBUG oslo_concurrency.lockutils [None req-b2447ba5-13a9-4ab1-aec1-7d30383b2224 tempest-ServersNegativeTestJSON-1010968027 tempest-ServersNegativeTestJSON-1010968027-project-member] Lock "2de47815-2112-4c8b-be07-33d237c744fc" acquired by "nova.context.set_target_cell..get_or_set_cached_cell_and_set_connections" :: waited 0.001s {{(pid=93083) inner /opt/stack/data/venv/lib/python3.12/site-packages/oslo_concurrency/lockutils.py:524}}
Jun 24 01:28:13.258841 np0000003503 nova-scheduler[93083]: DEBUG oslo_concurrency.lockutils [None req-b2447ba5-13a9-4ab1-aec1-7d30383b2224 tempest-ServersNegativeTestJSON-1010968027 tempest-ServersNegativeTestJSON-1010968027-project-member] Lock "2de47815-2112-4c8b-be07-33d237c744fc" "released" by "nova.context.set_target_cell..get_or_set_cached_cell_and_set_connections" :: held 0.003s {{(pid=93083) inner /opt/stack/data/venv/lib/python3.12/site-packages/oslo_concurrency/lockutils.py:543}}
Jun 24 01:28:13.260572 np0000003503 nova-scheduler[93083]: INFO dbcounter [None req-b2447ba5-13a9-4ab1-aec1-7d30383b2224 tempest-ServersNegativeTestJSON-1010968027 tempest-ServersNegativeTestJSON-1010968027-project-member] Registered counter for database nova_cell1
Jun 24 01:28:13.304555 np0000003503 nova-scheduler[93083]: DEBUG oslo_db.sqlalchemy.engines [None req-b2447ba5-13a9-4ab1-aec1-7d30383b2224 tempest-ServersNegativeTestJSON-1010968027 tempest-ServersNegativeTestJSON-1010968027-project-member] MySQL server mode set to STRICT_TRANS_TABLES,STRICT_ALL_TABLES,NO_ZERO_IN_DATE,NO_ZERO_DATE,ERROR_FOR_DIVISION_BY_ZERO,TRADITIONAL,NO_ENGINE_SUBSTITUTION {{(pid=93083) _check_effective_sql_mode /opt/stack/data/venv/lib/python3.12/site-packages/oslo_db/sqlalchemy/engines.py:325}}
Jun 24 01:28:13.310085 np0000003503 nova-scheduler[93083]: DEBUG dbcounter [-] [93083] Writer thread running {{(pid=93083) stat_writer /opt/stack/data/venv/lib/python3.12/site-packages/dbcounter.py:102}}
Jun 24 01:28:13.378318 np0000003503 nova-scheduler[93083]: DEBUG dbcounter [-] [93083] Writer thread running {{(pid=93083) stat_writer /opt/stack/data/venv/lib/python3.12/site-packages/dbcounter.py:102}}
Jun 24 01:28:13.380973 np0000003503 nova-scheduler[93083]: DEBUG oslo_concurrency.lockutils [None req-b2447ba5-13a9-4ab1-aec1-7d30383b2224 tempest-ServersNegativeTestJSON-1010968027 tempest-ServersNegativeTestJSON-1010968027-project-member] Acquiring lock "2de47815-2112-4c8b-be07-33d237c744fc" by "nova.context.set_target_cell..get_or_set_cached_cell_and_set_connections" {{(pid=93083) inner /opt/stack/data/venv/lib/python3.12/site-packages/oslo_concurrency/lockutils.py:511}}
Jun 24 01:28:13.381464 np0000003503 nova-scheduler[93083]: DEBUG oslo_concurrency.lockutils [None req-b2447ba5-13a9-4ab1-aec1-7d30383b2224 tempest-ServersNegativeTestJSON-1010968027 tempest-ServersNegativeTestJSON-1010968027-project-member] Lock "2de47815-2112-4c8b-be07-33d237c744fc" acquired by "nova.context.set_target_cell..get_or_set_cached_cell_and_set_connections" :: waited 0.000s {{(pid=93083) inner /opt/stack/data/venv/lib/python3.12/site-packages/oslo_concurrency/lockutils.py:524}}
Jun 24 01:28:13.381464 np0000003503 nova-scheduler[93083]: DEBUG oslo_concurrency.lockutils [None req-b2447ba5-13a9-4ab1-aec1-7d30383b2224 tempest-ServersNegativeTestJSON-1010968027 tempest-ServersNegativeTestJSON-1010968027-project-member] Lock "2de47815-2112-4c8b-be07-33d237c744fc" "released" by "nova.context.set_target_cell..get_or_set_cached_cell_and_set_connections" :: held 0.000s {{(pid=93083) inner /opt/stack/data/venv/lib/python3.12/site-packages/oslo_concurrency/lockutils.py:543}}
Jun 24 01:28:13.385785 np0000003503 nova-scheduler[93083]: DEBUG oslo_concurrency.lockutils [None req-b2447ba5-13a9-4ab1-aec1-7d30383b2224 tempest-ServersNegativeTestJSON-1010968027 tempest-ServersNegativeTestJSON-1010968027-project-member] Acquiring lock "('np0000003503', 'np0000003503')" by "nova.scheduler.host_manager.HostState.update.._locked_update" {{(pid=93083) inner /opt/stack/data/venv/lib/python3.12/site-packages/oslo_concurrency/lockutils.py:511}}
Jun 24 01:28:13.385993 np0000003503 nova-scheduler[93083]: DEBUG oslo_concurrency.lockutils [None req-b2447ba5-13a9-4ab1-aec1-7d30383b2224 tempest-ServersNegativeTestJSON-1010968027 tempest-ServersNegativeTestJSON-1010968027-project-member] Lock "('np0000003503', 'np0000003503')" acquired by "nova.scheduler.host_manager.HostState.update.._locked_update" :: waited 0.000s {{(pid=93083) inner /opt/stack/data/venv/lib/python3.12/site-packages/oslo_concurrency/lockutils.py:524}}
