Jun 20 08:52:23.320544 np0000003323 devstack@g-api.service[98905]: [pid: 98905|app: 0|req: 247/466] 127.0.0.1 () {40 vars in 838 bytes} [Sat Jun 20 08:52:23 2026] GET /v2/images/bfeb6453-9668-4c6c-9674-6ea5b7ab95e7 => generated 650 bytes in 15 msecs (HTTP/1.1 200) 4 headers in 157 bytes (1 switches on core 0)
Jun 20 08:52:23.398501 np0000003323 devstack@g-api.service[98904]: DEBUG dbcounter [-] [98904] Writing DB stats glance:SELECT=14,glance:INSERT=1,glance:UPDATE=1 {{(pid=98904) stat_writer /opt/stack/data/venv/lib/python3.12/site-packages/dbcounter.py:115}}
Jun 20 08:52:23.503365 np0000003323 devstack@g-api.service[98904]: DEBUG swiftclient [None req-ec762ccf-b504-4ad0-bf15-84ea1f33f521 tempest-VolumesActionsTest-2045546055 tempest-VolumesActionsTest-2045546055-project-member] REQ: curl -i https://10.4.3.227:8080/v1/AUTH_e7a31ebce26f4c339dae53cf992dff83/glance/bfeb6453-9668-4c6c-9674-6ea5b7ab95e7-00004 -X PUT -H "X-Auth-Token: gAAAAABqNlS9Dn4u..." {{(pid=98904) http_log /opt/stack/data/venv/lib/python3.12/site-packages/swiftclient/client.py:160}}
Jun 20 08:52:23.504864 np0000003323 devstack@g-api.service[98904]: DEBUG swiftclient [None req-ec762ccf-b504-4ad0-bf15-84ea1f33f521 tempest-VolumesActionsTest-2045546055 tempest-VolumesActionsTest-2045546055-project-member] RESP STATUS: 201 Created {{(pid=98904) http_log /opt/stack/data/venv/lib/python3.12/site-packages/swiftclient/client.py:161}}
Jun 20 08:52:23.505052 np0000003323 devstack@g-api.service[98904]: DEBUG swiftclient [None req-ec762ccf-b504-4ad0-bf15-84ea1f33f521 tempest-VolumesActionsTest-2045546055 tempest-VolumesActionsTest-2045546055-project-member] RESP HEADERS: {'Date': 'Sat, 20 Jun 2026 08:52:23 GMT', 'Server': 'Apache/2.4.58 (Ubuntu)', 'Content-Type': 'text/html; charset=UTF-8', 'Content-Length': '0', 'Etag': 'eda9a9889837ac4bc81d6387d92c1bec', 'Last-Modified': 'Sat, 20 Jun 2026 08:52:21 GMT', 'X-Trans-Id': 'tx29885c1a4c7c412883e0a-006a3654c4', 'X-Openstack-Request-Id': 'tx29885c1a4c7c412883e0a-006a3654c4', 'Connection': 'close'} {{(pid=98904) http_log /opt/stack/data/venv/lib/python3.12/site-packages/swiftclient/client.py:162}}
Jun 20 08:52:23.506144 np0000003323 devstack@g-api.service[98904]: DEBUG glance_store._drivers.swift.store [None req-ec762ccf-b504-4ad0-bf15-84ea1f33f521 tempest-VolumesActionsTest-2045546055 tempest-VolumesActionsTest-2045546055-project-member] Wrote chunk bfeb6453-9668-4c6c-9674-6ea5b7ab95e7-00004 (4/?) of length 204800000 to Swift returning MD5 of content: eda9a9889837ac4bc81d6387d92c1bec {{(pid=98904) add /opt/stack/data/venv/lib/python3.12/site-packages/glance_store/_drivers/swift/store.py:1059}}
Jun 20 08:52:24.335827 np0000003323 devstack@g-api.service[98905]: DEBUG glance.api.middleware.version_negotiation [None req-024a3af6-1388-4205-af00-556648c92372 tempest-VolumesActionsTest-2045546055 tempest-VolumesActionsTest-2045546055-project-member] Determining version of request: GET /v2/images/bfeb6453-9668-4c6c-9674-6ea5b7ab95e7 Accept: application/json {{(pid=98905) process_request /opt/stack/glance/glance/api/middleware/version_negotiation.py:44}}
Jun 20 08:52:24.336367 np0000003323 devstack@g-api.service[98905]: DEBUG glance.api.middleware.version_negotiation [None req-024a3af6-1388-4205-af00-556648c92372 tempest-VolumesActionsTest-2045546055 tempest-VolumesActionsTest-2045546055-project-member] Using url versioning {{(pid=98905) process_request /opt/stack/glance/glance/api/middleware/version_negotiation.py:57}}
Jun 20 08:52:24.336367 np0000003323 devstack@g-api.service[98905]: DEBUG glance.api.middleware.version_negotiation [None req-024a3af6-1388-4205-af00-556648c92372 tempest-VolumesActionsTest-2045546055 tempest-VolumesActionsTest-2045546055-project-member] Matched version: v2 {{(pid=98905) process_request /opt/stack/glance/glance/api/middleware/version_negotiation.py:69}}
Jun 20 08:52:24.336459 np0000003323 devstack@g-api.service[98905]: DEBUG glance.api.middleware.version_negotiation [None req-024a3af6-1388-4205-af00-556648c92372 tempest-VolumesActionsTest-2045546055 tempest-VolumesActionsTest-2045546055-project-member] new path /v2/images/bfeb6453-9668-4c6c-9674-6ea5b7ab95e7 {{(pid=98905) process_request /opt/stack/glance/glance/api/middleware/version_negotiation.py:70}}
Jun 20 08:52:24.354868 np0000003323 devstack@g-api.service[98905]: [pid: 98905|app: 0|req: 248/467] 127.0.0.1 () {40 vars in 838 bytes} [Sat Jun 20 08:52:24 2026] GET /v2/images/bfeb6453-9668-4c6c-9674-6ea5b7ab95e7 => generated 650 bytes in 20 msecs (HTTP/1.1 200) 4 headers in 157 bytes (1 switches on core 0)
Jun 20 08:52:25.365328 np0000003323 devstack@g-api.service[98905]: DEBUG glance.api.middleware.version_negotiation [None req-381ef985-d8a9-4f21-a130-583383450701 tempest-VolumesActionsTest-2045546055 tempest-VolumesActionsTest-2045546055-project-member] Determining version of request: GET /v2/images/bfeb6453-9668-4c6c-9674-6ea5b7ab95e7 Accept: application/json {{(pid=98905) process_request /opt/stack/glance/glance/api/middleware/version_negotiation.py:44}}
Jun 20 08:52:25.365328 np0000003323 devstack@g-api.service[98905]: DEBUG glance.api.middleware.version_negotiation [None req-381ef985-d8a9-4f21-a130-583383450701 tempest-VolumesActionsTest-2045546055 tempest-VolumesActionsTest-2045546055-project-member] Using url versioning {{(pid=98905) process_request /opt/stack/glance/glance/api/middleware/version_negotiation.py:57}}
Jun 20 08:52:25.366331 np0000003323 devstack@g-api.service[98905]: DEBUG glance.api.middleware.version_negotiation [None req-381ef985-d8a9-4f21-a130-583383450701 tempest-VolumesActionsTest-2045546055 tempest-VolumesActionsTest-2045546055-project-member] Matched version: v2 {{(pid=98905) process_request /opt/stack/glance/glance/api/middleware/version_negotiation.py:69}}
Jun 20 08:52:25.366331 np0000003323 devstack@g-api.service[98905]: DEBUG glance.api.middleware.version_negotiation [None req-381ef985-d8a9-4f21-a130-583383450701 tempest-VolumesActionsTest-2045546055 tempest-VolumesActionsTest-2045546055-project-member] new path /v2/images/bfeb6453-9668-4c6c-9674-6ea5b7ab95e7 {{(pid=98905) process_request /opt/stack/glance/glance/api/middleware/version_negotiation.py:70}}
Jun 20 08:52:25.383887 np0000003323 devstack@g-api.service[98905]: [pid: 98905|app: 0|req: 249/468] 127.0.0.1 () {40 vars in 838 bytes} [Sat Jun 20 08:52:25 2026] GET /v2/images/bfeb6453-9668-4c6c-9674-6ea5b7ab95e7 => generated 650 bytes in 19 msecs (HTTP/1.1 200) 4 headers in 157 bytes (1 switches on core 0)
Jun 20 08:52:25.702560 np0000003323 devstack@g-api.service[98904]: DEBUG swiftclient [None req-ec762ccf-b504-4ad0-bf15-84ea1f33f521 tempest-VolumesActionsTest-2045546055 tempest-VolumesActionsTest-2045546055-project-member] REQ: curl -i https://10.4.3.227:8080/v1/AUTH_e7a31ebce26f4c339dae53cf992dff83/glance/bfeb6453-9668-4c6c-9674-6ea5b7ab95e7-00005 -X PUT -H "X-Auth-Token: gAAAAABqNlS9Dn4u..." {{(pid=98904) http_log /opt/stack/data/venv/lib/python3.12/site-packages/swiftclient/client.py:160}}
Jun 20 08:52:25.702893 np0000003323 devstack@g-api.service[98904]: DEBUG swiftclient [None req-ec762ccf-b504-4ad0-bf15-84ea1f33f521 tempest-VolumesActionsTest-2045546055 tempest-VolumesActionsTest-2045546055-project-member] RESP STATUS: 201 Created {{(pid=98904) http_log /opt/stack/data/venv/lib/python3.12/site-packages/swiftclient/client.py:161}}
Jun 20 08:52:25.702893 np0000003323 devstack@g-api.service[98904]: DEBUG swiftclient [None req-ec762ccf-b504-4ad0-bf15-84ea1f33f521 tempest-VolumesActionsTest-2045546055 tempest-VolumesActionsTest-2045546055-project-member] RESP HEADERS: {'Date': 'Sat, 20 Jun 2026 08:52:25 GMT', 'Server': 'Apache/2.4.58 (Ubuntu)', 'Content-Type': 'text/html; charset=UTF-8', 'Content-Length': '0', 'Etag': 'eda9a9889837ac4bc81d6387d92c1bec', 'Last-Modified': 'Sat, 20 Jun 2026 08:52:24 GMT', 'X-Trans-Id': 'tx543952986edf43d78b104-006a3654c7', 'X-Openstack-Request-Id': 'tx543952986edf43d78b104-006a3654c7', 'Connection': 'close'} {{(pid=98904) http_log /opt/stack/data/venv/lib/python3.12/site-packages/swiftclient/client.py:162}}
Jun 20 08:52:25.703075 np0000003323 devstack@g-api.service[98904]: DEBUG glance_store._drivers.swift.store [None req-ec762ccf-b504-4ad0-bf15-84ea1f33f521 tempest-VolumesActionsTest-2045546055 tempest-VolumesActionsTest-2045546055-project-member] Wrote chunk bfeb6453-9668-4c6c-9674-6ea5b7ab95e7-00005 (5/?) of length 204800000 to Swift returning MD5 of content: eda9a9889837ac4bc81d6387d92c1bec {{(pid=98904) add /opt/stack/data/venv/lib/python3.12/site-packages/glance_store/_drivers/swift/store.py:1059}}
Jun 20 08:52:26.321348 np0000003323 devstack@g-api.service[98904]: DEBUG swiftclient [None req-ec762ccf-b504-4ad0-bf15-84ea1f33f521 tempest-VolumesActionsTest-2045546055 tempest-VolumesActionsTest-2045546055-project-member] REQ: curl -i https://10.4.3.227:8080/v1/AUTH_e7a31ebce26f4c339dae53cf992dff83/glance/bfeb6453-9668-4c6c-9674-6ea5b7ab95e7-00006 -X PUT -H "X-Auth-Token: gAAAAABqNlS9Dn4u..." {{(pid=98904) http_log /opt/stack/data/venv/lib/python3.12/site-packages/swiftclient/client.py:160}}
Jun 20 08:52:26.332933 np0000003323 devstack@g-api.service[98904]: DEBUG swiftclient [None req-ec762ccf-b504-4ad0-bf15-84ea1f33f521 tempest-VolumesActionsTest-2045546055 tempest-VolumesActionsTest-2045546055-project-member] RESP STATUS: 201 Created {{(pid=98904) http_log /opt/stack/data/venv/lib/python3.12/site-packages/swiftclient/client.py:161}}
Jun 20 08:52:26.332933 np0000003323 devstack@g-api.service[98904]: DEBUG swiftclient [None req-ec762ccf-b504-4ad0-bf15-84ea1f33f521 tempest-VolumesActionsTest-2045546055 tempest-VolumesActionsTest-2045546055-project-member] RESP HEADERS: {'Date': 'Sat, 20 Jun 2026 08:52:26 GMT', 'Server': 'Apache/2.4.58 (Ubuntu)', 'Content-Type': 'text/html; charset=UTF-8', 'Content-Length': '0', 'Etag': '708761f3b8777ec77058e63da08eeeb6', 'Last-Modified': 'Sat, 20 Jun 2026 08:52:26 GMT', 'X-Trans-Id': 'tx20dadf0ad5af48d2a6052-006a3654c9', 'X-Openstack-Request-Id': 'tx20dadf0ad5af48d2a6052-006a3654c9', 'Connection': 'close'} {{(pid=98904) http_log /opt/stack/data/venv/lib/python3.12/site-packages/swiftclient/client.py:162}}
Jun 20 08:52:26.332933 np0000003323 devstack@g-api.service[98904]: DEBUG glance_store._drivers.swift.store [None req-ec762ccf-b504-4ad0-bf15-84ea1f33f521 tempest-VolumesActionsTest-2045546055 tempest-VolumesActionsTest-2045546055-project-member] Wrote chunk bfeb6453-9668-4c6c-9674-6ea5b7ab95e7-00006 (6/?) of length 49741824 to Swift returning MD5 of content: 708761f3b8777ec77058e63da08eeeb6 {{(pid=98904) add /opt/stack/data/venv/lib/python3.12/site-packages/glance_store/_drivers/swift/store.py:1059}}
Jun 20 08:52:26.332933 np0000003323 devstack@g-api.service[98904]: DEBUG glance_store._drivers.swift.store [None req-ec762ccf-b504-4ad0-bf15-84ea1f33f521 tempest-VolumesActionsTest-2045546055 tempest-VolumesActionsTest-2045546055-project-member] Not writing zero-length chunk. {{(pid=98904) add /opt/stack/data/venv/lib/python3.12/site-packages/glance_store/_drivers/swift/store.py:1028}}
Jun 20 08:52:26.365752 np0000003323 devstack@g-api.service[98904]: DEBUG swiftclient [None req-ec762ccf-b504-4ad0-bf15-84ea1f33f521 tempest-VolumesActionsTest-2045546055 tempest-VolumesActionsTest-2045546055-project-member] REQ: curl -i https://10.4.3.227:8080/v1/AUTH_e7a31ebce26f4c339dae53cf992dff83/glance/bfeb6453-9668-4c6c-9674-6ea5b7ab95e7 -X PUT -H "X-Object-Manifest: glance/bfeb6453-9668-4c6c-9674-6ea5b7ab95e7-" -H "X-Auth-Token: gAAAAABqNlS9Dn4u..." -H "Content-Length: 0" {{(pid=98904) http_log /opt/stack/data/venv/lib/python3.12/site-packages/swiftclient/client.py:160}}
Jun 20 08:52:26.365904 np0000003323 devstack@g-api.service[98904]: DEBUG swiftclient [None req-ec762ccf-b504-4ad0-bf15-84ea1f33f521 tempest-VolumesActionsTest-2045546055 tempest-VolumesActionsTest-2045546055-project-member] RESP STATUS: 201 Created {{(pid=98904) http_log /opt/stack/data/venv/lib/python3.12/site-packages/swiftclient/client.py:161}}
Jun 20 08:52:26.366129 np0000003323 devstack@g-api.service[98904]: DEBUG swiftclient [None req-ec762ccf-b504-4ad0-bf15-84ea1f33f521 tempest-VolumesActionsTest-2045546055 tempest-VolumesActionsTest-2045546055-project-member] RESP HEADERS: {'Date': 'Sat, 20 Jun 2026 08:52:26 GMT', 'Server': 'Apache/2.4.58 (Ubuntu)', 'Content-Type': 'text/html; charset=UTF-8', 'Content-Length': '0', 'Etag': 'd41d8cd98f00b204e9800998ecf8427e', 'Last-Modified': 'Sat, 20 Jun 2026 08:52:27 GMT', 'X-Trans-Id': 'tx50365db3a26b4d458a4f5-006a3654ca', 'X-Openstack-Request-Id': 'tx50365db3a26b4d458a4f5-006a3654ca', 'Connection': 'close'} {{(pid=98904) http_log /opt/stack/data/venv/lib/python3.12/site-packages/swiftclient/client.py:162}}
Jun 20 08:52:26.366557 np0000003323 devstack@g-api.service[98904]: INFO glance.location [None req-ec762ccf-b504-4ad0-bf15-84ea1f33f521 tempest-VolumesActionsTest-2045546055 tempest-VolumesActionsTest-2045546055-project-member] Image format matched and virtual size computed: 1073741824
Jun 20 08:52:26.393593 np0000003323 devstack@g-api.service[98905]: DEBUG glance.api.middleware.version_negotiation [None req-d03fed07-f1d0-4383-a7d8-688a285f5a7b tempest-VolumesActionsTest-2045546055 tempest-VolumesActionsTest-2045546055-project-member] Determining version of request: GET /v2/images/bfeb6453-9668-4c6c-9674-6ea5b7ab95e7 Accept: application/json {{(pid=98905) process_request /opt/stack/glance/glance/api/middleware/version_negotiation.py:44}}
Jun 20 08:52:26.394294 np0000003323 devstack@g-api.service[98905]: DEBUG glance.api.middleware.version_negotiation [None req-d03fed07-f1d0-4383-a7d8-688a285f5a7b tempest-VolumesActionsTest-2045546055 tempest-VolumesActionsTest-2045546055-project-member] Using url versioning {{(pid=98905) process_request /opt/stack/glance/glance/api/middleware/version_negotiation.py:57}}
Jun 20 08:52:26.394294 np0000003323 devstack@g-api.service[98905]: DEBUG glance.api.middleware.version_negotiation [None req-d03fed07-f1d0-4383-a7d8-688a285f5a7b tempest-VolumesActionsTest-2045546055 tempest-VolumesActionsTest-2045546055-project-member] Matched version: v2 {{(pid=98905) process_request /opt/stack/glance/glance/api/middleware/version_negotiation.py:69}}
Jun 20 08:52:26.394294 np0000003323 devstack@g-api.service[98905]: DEBUG glance.api.middleware.version_negotiation [None req-d03fed07-f1d0-4383-a7d8-688a285f5a7b tempest-VolumesActionsTest-2045546055 tempest-VolumesActionsTest-2045546055-project-member] new path /v2/images/bfeb6453-9668-4c6c-9674-6ea5b7ab95e7 {{(pid=98905) process_request /opt/stack/glance/glance/api/middleware/version_negotiation.py:70}}
Jun 20 08:52:26.403617 np0000003323 devstack@g-api.service[98904]: DEBUG glance_store.backend [None req-ec762ccf-b504-4ad0-bf15-84ea1f33f521 tempest-VolumesActionsTest-2045546055 tempest-VolumesActionsTest-2045546055-project-member] Attempting to import store swift {{(pid=98904) _load_store /opt/stack/data/venv/lib/python3.12/site-packages/glance_store/backend.py:215}}
Jun 20 08:52:26.404010 np0000003323 devstack@g-api.service[98905]: [pid: 98905|app: 0|req: 250/469] 127.0.0.1 () {40 vars in 838 bytes} [Sat Jun 20 08:52:26 2026] GET /v2/images/bfeb6453-9668-4c6c-9674-6ea5b7ab95e7 => generated 822 bytes in 10 msecs (HTTP/1.1 200) 4 headers in 157 bytes (1 switches on core 0)
Jun 20 08:52:26.406639 np0000003323 devstack@g-api.service[98904]: DEBUG glance_store.capabilities [None req-ec762ccf-b504-4ad0-bf15-84ea1f33f521 tempest-VolumesActionsTest-2045546055 tempest-VolumesActionsTest-2045546055-project-member] Store glance_store._drivers.swift.store.SingleTenantStore doesn't support updating dynamic storage capabilities. Please overwrite 'update_capabilities' method of the store to implement updating logics if needed. {{(pid=98904) update_capabilities /opt/stack/data/venv/lib/python3.12/site-packages/glance_store/capabilities.py:91}}
Jun 20 08:52:26.406639 np0000003323 devstack@g-api.service[98904]: DEBUG glance_store.driver [None req-ec762ccf-b504-4ad0-bf15-84ea1f33f521 tempest-VolumesActionsTest-2045546055 tempest-VolumesActionsTest-2045546055-project-member] Late loading location class glance_store._drivers.swift.store.StoreLocation {{(pid=98904) get_store_location_class /opt/stack/data/venv/lib/python3.12/site-packages/glance_store/driver.py:134}}
Jun 20 08:52:26.406639 np0000003323 devstack@g-api.service[98904]: DEBUG glance_store.location [None req-ec762ccf-b504-4ad0-bf15-84ea1f33f521 tempest-VolumesActionsTest-2045546055 tempest-VolumesActionsTest-2045546055-project-member] Registering scheme swift+https with {'store': , 'location_class': , 'store_entry': 'swift'} {{(pid=98904) register_scheme_map /opt/stack/data/venv/lib/python3.12/site-packages/glance_store/location.py:146}}
Jun 20 08:52:26.406639 np0000003323 devstack@g-api.service[98904]: DEBUG glance_store.location [None req-ec762ccf-b504-4ad0-bf15-84ea1f33f521 tempest-VolumesActionsTest-2045546055 tempest-VolumesActionsTest-2045546055-project-member] Registering scheme swift+https with {'store': , 'location_class': , 'store_entry': 'swift'} {{(pid=98904) register_scheme_map /opt/stack/data/venv/lib/python3.12/site-packages/glance_store/location.py:146}}
Jun 20 08:52:26.406639 np0000003323 devstack@g-api.service[98904]: DEBUG glance_store.location [None req-ec762ccf-b504-4ad0-bf15-84ea1f33f521 tempest-VolumesActionsTest-2045546055 tempest-VolumesActionsTest-2045546055-project-member] Registering scheme swift with {'store': , 'location_class': , 'store_entry': 'swift'} {{(pid=98904) register_scheme_map /opt/stack/data/venv/lib/python3.12/site-packages/glance_store/location.py:146}}
Jun 20 08:52:26.406639 np0000003323 devstack@g-api.service[98904]: DEBUG glance_store.location [None req-ec762ccf-b504-4ad0-bf15-84ea1f33f521 tempest-VolumesActionsTest-2045546055 tempest-VolumesActionsTest-2045546055-project-member] Registering scheme swift+https with {'store': , 'location_class': , 'store_entry': 'swift'} {{(pid=98904) register_scheme_map /opt/stack/data/venv/lib/python3.12/site-packages/glance_store/location.py:146}}
Jun 20 08:52:26.406639 np0000003323 devstack@g-api.service[98904]: DEBUG glance_store.location [None req-ec762ccf-b504-4ad0-bf15-84ea1f33f521 tempest-VolumesActionsTest-2045546055 tempest-VolumesActionsTest-2045546055-project-member] Registering scheme swift with {'store': , 'location_class': , 'store_entry': 'swift'} {{(pid=98904) register_scheme_map /opt/stack/data/venv/lib/python3.12/site-packages/glance_store/location.py:146}}
Jun 20 08:52:26.406639 np0000003323 devstack@g-api.service[98904]: DEBUG glance_store.location [None req-ec762ccf-b504-4ad0-bf15-84ea1f33f521 tempest-VolumesActionsTest-2045546055 tempest-VolumesActionsTest-2045546055-project-member] Registering scheme swift+http with {'store': , 'location_class': , 'store_entry': 'swift'} {{(pid=98904) register_scheme_map /opt/stack/data/venv/lib/python3.12/site-packages/glance_store/location.py:146}}
Jun 20 08:52:26.406639 np0000003323 devstack@g-api.service[98904]: DEBUG glance_store.location [None req-ec762ccf-b504-4ad0-bf15-84ea1f33f521 tempest-VolumesActionsTest-2045546055 tempest-VolumesActionsTest-2045546055-project-member] Registering scheme swift+https with {'store': , 'location_class': , 'store_entry': 'swift'} {{(pid=98904) register_scheme_map /opt/stack/data/venv/lib/python3.12/site-packages/glance_store/location.py:146}}
Jun 20 08:52:26.406639 np0000003323 devstack@g-api.service[98904]: DEBUG glance_store.location [None req-ec762ccf-b504-4ad0-bf15-84ea1f33f521 tempest-VolumesActionsTest-2045546055 tempest-VolumesActionsTest-2045546055-project-member] Registering scheme swift with {'store': , 'location_class': , 'store_entry': 'swift'} {{(pid=98904) register_scheme_map /opt/stack/data/venv/lib/python3.12/site-packages/glance_store/location.py:146}}
Jun 20 08:52:26.406639 np0000003323 devstack@g-api.service[98904]: DEBUG glance_store.location [None req-ec762ccf-b504-4ad0-bf15-84ea1f33f521 tempest-VolumesActionsTest-2045546055 tempest-VolumesActionsTest-2045546055-project-member] Registering scheme swift+http with {'store': , 'location_class': , 'store_entry': 'swift'} {{(pid=98904) register_scheme_map /opt/stack/data/venv/lib/python3.12/site-packages/glance_store/location.py:146}}
Jun 20 08:52:26.407293 np0000003323 devstack@g-api.service[98904]: DEBUG glance_store.location [None req-ec762ccf-b504-4ad0-bf15-84ea1f33f521 tempest-VolumesActionsTest-2045546055 tempest-VolumesActionsTest-2045546055-project-member] Registering scheme swift+config with {'store': , 'location_class': , 'store_entry': 'swift'} {{(pid=98904) register_scheme_map /opt/stack/data/venv/lib/python3.12/site-packages/glance_store/location.py:146}}
Jun 20 08:52:26.407293 np0000003323 devstack@g-api.service[98904]: DEBUG glance_store.backend [None req-ec762ccf-b504-4ad0-bf15-84ea1f33f521 tempest-VolumesActionsTest-2045546055 tempest-VolumesActionsTest-2045546055-project-member] Skipping store.set_acls... not implemented. {{(pid=98904) set_acls /opt/stack/data/venv/lib/python3.12/site-packages/glance_store/backend.py:507}}
Jun 20 08:52:26.407928 np0000003323 devstack@g-api.service[98904]: [pid: 98904|app: 0|req: 220/470] 127.0.0.1 () {46 vars in 1158 bytes} [Sat Jun 20 08:52:12 2026] PUT /v2/images/bfeb6453-9668-4c6c-9674-6ea5b7ab95e7/file => generated 0 bytes in 13922 msecs (HTTP/1.1 204) 4 headers in 171 bytes (1 switches on core 0)
Jun 20 08:52:26.417527 np0000003323 devstack@g-api.service[98905]: DEBUG glance.api.middleware.version_negotiation [None req-2e8de8b4-17e2-47c4-9050-c5877ff6258f tempest-VolumesActionsTest-2045546055 tempest-VolumesActionsTest-2045546055-project-member] Determining version of request: GET /v2/images/bfeb6453-9668-4c6c-9674-6ea5b7ab95e7 Accept: */* {{(pid=98905) process_request /opt/stack/glance/glance/api/middleware/version_negotiation.py:44}}
Jun 20 08:52:26.417527 np0000003323 devstack@g-api.service[98905]: DEBUG glance.api.middleware.version_negotiation [None req-2e8de8b4-17e2-47c4-9050-c5877ff6258f tempest-VolumesActionsTest-2045546055 tempest-VolumesActionsTest-2045546055-project-member] Using url versioning {{(pid=98905) process_request /opt/stack/glance/glance/api/middleware/version_negotiation.py:57}}
Jun 20 08:52:26.417527 np0000003323 devstack@g-api.service[98905]: DEBUG glance.api.middleware.version_negotiation [None req-2e8de8b4-17e2-47c4-9050-c5877ff6258f tempest-VolumesActionsTest-2045546055 tempest-VolumesActionsTest-2045546055-project-member] Matched version: v2 {{(pid=98905) process_request /opt/stack/glance/glance/api/middleware/version_negotiation.py:69}}
Jun 20 08:52:26.417527 np0000003323 devstack@g-api.service[98905]: DEBUG glance.api.middleware.version_negotiation [None req-2e8de8b4-17e2-47c4-9050-c5877ff6258f tempest-VolumesActionsTest-2045546055 tempest-VolumesActionsTest-2045546055-project-member] new path /v2/images/bfeb6453-9668-4c6c-9674-6ea5b7ab95e7 {{(pid=98905) process_request /opt/stack/glance/glance/api/middleware/version_negotiation.py:70}}
Jun 20 08:52:26.431904 np0000003323 devstack@g-api.service[98905]: [pid: 98905|app: 0|req: 251/471] 127.0.0.1 () {44 vars in 1115 bytes} [Sat Jun 20 08:52:26 2026] GET /v2/images/bfeb6453-9668-4c6c-9674-6ea5b7ab95e7 => generated 822 bytes in 15 msecs (HTTP/1.1 200) 4 headers in 157 bytes (1 switches on core 0)
Jun 20 08:52:26.440070 np0000003323 devstack@g-api.service[98904]: DEBUG glance.api.middleware.version_negotiation [None req-ec762ccf-b504-4ad0-bf15-84ea1f33f521 tempest-VolumesActionsTest-2045546055 tempest-VolumesActionsTest-2045546055-project-member] Determining version of request: GET /v2/schemas/image Accept: */* {{(pid=98904) process_request /opt/stack/glance/glance/api/middleware/version_negotiation.py:44}}
Jun 20 08:52:26.440351 np0000003323 devstack@g-api.service[98904]: DEBUG glance.api.middleware.version_negotiation [None req-ec762ccf-b504-4ad0-bf15-84ea1f33f521 tempest-VolumesActionsTest-2045546055 tempest-VolumesActionsTest-2045546055-project-member] Using url versioning {{(pid=98904) process_request /opt/stack/glance/glance/api/middleware/version_negotiation.py:57}}
Jun 20 08:52:26.440476 np0000003323 devstack@g-api.service[98904]: DEBUG glance.api.middleware.version_negotiation [None req-ec762ccf-b504-4ad0-bf15-84ea1f33f521 tempest-VolumesActionsTest-2045546055 tempest-VolumesActionsTest-2045546055-project-member] Matched version: v2 {{(pid=98904) process_request /opt/stack/glance/glance/api/middleware/version_negotiation.py:69}}
Jun 20 08:52:26.440560 np0000003323 devstack@g-api.service[98904]: DEBUG glance.api.middleware.version_negotiation [None req-ec762ccf-b504-4ad0-bf15-84ea1f33f521 tempest-VolumesActionsTest-2045546055 tempest-VolumesActionsTest-2045546055-project-member] new path /v2/schemas/image {{(pid=98904) process_request /opt/stack/glance/glance/api/middleware/version_negotiation.py:70}}
Jun 20 08:52:26.442788 np0000003323 devstack@g-api.service[98904]: [pid: 98904|app: 0|req: 221/472] 127.0.0.1 () {44 vars in 1055 bytes} [Sat Jun 20 08:52:26 2026] GET /v2/schemas/image => generated 6083 bytes in 3 msecs (HTTP/1.1 200) 4 headers in 158 bytes (1 switches on core 0)
Jun 20 08:52:26.453462 np0000003323 devstack@g-api.service[98905]: DEBUG glance.api.middleware.version_negotiation [None req-ec762ccf-b504-4ad0-bf15-84ea1f33f521 tempest-VolumesActionsTest-2045546055 tempest-VolumesActionsTest-2045546055-project-member] Determining version of request: GET /v2/schemas/image Accept: */* {{(pid=98905) process_request /opt/stack/glance/glance/api/middleware/version_negotiation.py:44}}
Jun 20 08:52:26.453597 np0000003323 devstack@g-api.service[98905]: DEBUG glance.api.middleware.version_negotiation [None req-ec762ccf-b504-4ad0-bf15-84ea1f33f521 tempest-VolumesActionsTest-2045546055 tempest-VolumesActionsTest-2045546055-project-member] Using url versioning {{(pid=98905) process_request /opt/stack/glance/glance/api/middleware/version_negotiation.py:57}}
Jun 20 08:52:26.453724 np0000003323 devstack@g-api.service[98905]: DEBUG glance.api.middleware.version_negotiation [None req-ec762ccf-b504-4ad0-bf15-84ea1f33f521 tempest-VolumesActionsTest-2045546055 tempest-VolumesActionsTest-2045546055-project-member] Matched version: v2 {{(pid=98905) process_request /opt/stack/glance/glance/api/middleware/version_negotiation.py:69}}
Jun 20 08:52:26.453816 np0000003323 devstack@g-api.service[98905]: DEBUG glance.api.middleware.version_negotiation [None req-ec762ccf-b504-4ad0-bf15-84ea1f33f521 tempest-VolumesActionsTest-2045546055 tempest-VolumesActionsTest-2045546055-project-member] new path /v2/schemas/image {{(pid=98905) process_request /opt/stack/glance/glance/api/middleware/version_negotiation.py:70}}
Jun 20 08:52:26.457027 np0000003323 devstack@g-api.service[98905]: [pid: 98905|app: 0|req: 252/473] 127.0.0.1 () {44 vars in 1055 bytes} [Sat Jun 20 08:52:26 2026] GET /v2/schemas/image => generated 6083 bytes in 4 msecs (HTTP/1.1 200) 4 headers in 158 bytes (1 switches on core 0)
Jun 20 08:52:27.525382 np0000003323 devstack@g-api.service[98904]: DEBUG glance.api.middleware.version_negotiation [None req-ec762ccf-b504-4ad0-bf15-84ea1f33f521 tempest-VolumesActionsTest-2045546055 tempest-VolumesActionsTest-2045546055-project-member] Determining version of request: GET /v2/images/bfeb6453-9668-4c6c-9674-6ea5b7ab95e7 Accept: application/json {{(pid=98904) process_request /opt/stack/glance/glance/api/middleware/version_negotiation.py:44}}
Jun 20 08:52:27.525918 np0000003323 devstack@g-api.service[98904]: DEBUG glance.api.middleware.version_negotiation [None req-ec762ccf-b504-4ad0-bf15-84ea1f33f521 tempest-VolumesActionsTest-2045546055 tempest-VolumesActionsTest-2045546055-project-member] Using url versioning {{(pid=98904) process_request /opt/stack/glance/glance/api/middleware/version_negotiation.py:57}}
Jun 20 08:52:27.525918 np0000003323 devstack@g-api.service[98904]: DEBUG glance.api.middleware.version_negotiation [None req-ec762ccf-b504-4ad0-bf15-84ea1f33f521 tempest-VolumesActionsTest-2045546055 tempest-VolumesActionsTest-2045546055-project-member] Matched version: v2 {{(pid=98904) process_request /opt/stack/glance/glance/api/middleware/version_negotiation.py:69}}
Jun 20 08:52:27.525918 np0000003323 devstack@g-api.service[98904]: DEBUG glance.api.middleware.version_negotiation [None req-ec762ccf-b504-4ad0-bf15-84ea1f33f521 tempest-VolumesActionsTest-2045546055 tempest-VolumesActionsTest-2045546055-project-member] new path /v2/images/bfeb6453-9668-4c6c-9674-6ea5b7ab95e7 {{(pid=98904) process_request /opt/stack/glance/glance/api/middleware/version_negotiation.py:70}}
Jun 20 08:52:27.536540 np0000003323 devstack@g-api.service[98904]: [pid: 98904|app: 0|req: 222/474] 127.0.0.1 () {40 vars in 838 bytes} [Sat Jun 20 08:52:27 2026] GET /v2/images/bfeb6453-9668-4c6c-9674-6ea5b7ab95e7 => generated 822 bytes in 11 msecs (HTTP/1.1 200) 4 headers in 157 bytes (1 switches on core 0)
Jun 20 08:52:27.596940 np0000003323 devstack@g-api.service[98905]: DEBUG glance.api.middleware.version_negotiation [None req-ec762ccf-b504-4ad0-bf15-84ea1f33f521 tempest-VolumesActionsTest-2045546055 tempest-VolumesActionsTest-2045546055-project-member] Determining version of request: GET /v2/schemas/image Accept: */* {{(pid=98905) process_request /opt/stack/glance/glance/api/middleware/version_negotiation.py:44}}
Jun 20 08:52:27.597525 np0000003323 devstack@g-api.service[98905]: DEBUG glance.api.middleware.version_negotiation [None req-ec762ccf-b504-4ad0-bf15-84ea1f33f521 tempest-VolumesActionsTest-2045546055 tempest-VolumesActionsTest-2045546055-project-member] Using url versioning {{(pid=98905) process_request /opt/stack/glance/glance/api/middleware/version_negotiation.py:57}}
Jun 20 08:52:27.597525 np0000003323 devstack@g-api.service[98905]: DEBUG glance.api.middleware.version_negotiation [None req-ec762ccf-b504-4ad0-bf15-84ea1f33f521 tempest-VolumesActionsTest-2045546055 tempest-VolumesActionsTest-2045546055-project-member] Matched version: v2 {{(pid=98905) process_request /opt/stack/glance/glance/api/middleware/version_negotiation.py:69}}
Jun 20 08:52:27.597525 np0000003323 devstack@g-api.service[98905]: DEBUG glance.api.middleware.version_negotiation [None req-ec762ccf-b504-4ad0-bf15-84ea1f33f521 tempest-VolumesActionsTest-2045546055 tempest-VolumesActionsTest-2045546055-project-member] new path /v2/schemas/image {{(pid=98905) process_request /opt/stack/glance/glance/api/middleware/version_negotiation.py:70}}
Jun 20 08:52:27.600626 np0000003323 devstack@g-api.service[98905]: [pid: 98905|app: 0|req: 253/475] 127.0.0.1 () {44 vars in 1055 bytes} [Sat Jun 20 08:52:27 2026] GET /v2/schemas/image => generated 6083 bytes in 4 msecs (HTTP/1.1 200) 4 headers in 158 bytes (1 switches on core 0)
Jun 20 08:52:27.611899 np0000003323 devstack@g-api.service[98904]: DEBUG glance.api.middleware.version_negotiation [None req-dfb72d5d-5370-408f-9608-95d3920bc200 tempest-VolumesActionsTest-2045546055 tempest-VolumesActionsTest-2045546055-project-member] Determining version of request: POST /v2/images Accept: */* {{(pid=98904) process_request /opt/stack/glance/glance/api/middleware/version_negotiation.py:44}}
Jun 20 08:52:27.612061 np0000003323 devstack@g-api.service[98904]: DEBUG glance.api.middleware.version_negotiation [None req-dfb72d5d-5370-408f-9608-95d3920bc200 tempest-VolumesActionsTest-2045546055 tempest-VolumesActionsTest-2045546055-project-member] Using url versioning {{(pid=98904) process_request /opt/stack/glance/glance/api/middleware/version_negotiation.py:57}}
Jun 20 08:52:27.612180 np0000003323 devstack@g-api.service[98904]: DEBUG glance.api.middleware.version_negotiation [None req-dfb72d5d-5370-408f-9608-95d3920bc200 tempest-VolumesActionsTest-2045546055 tempest-VolumesActionsTest-2045546055-project-member] Matched version: v2 {{(pid=98904) process_request /opt/stack/glance/glance/api/middleware/version_negotiation.py:69}}
Jun 20 08:52:27.612281 np0000003323 devstack@g-api.service[98904]: DEBUG glance.api.middleware.version_negotiation [None req-dfb72d5d-5370-408f-9608-95d3920bc200 tempest-VolumesActionsTest-2045546055 tempest-VolumesActionsTest-2045546055-project-member] new path /v2/images {{(pid=98904) process_request /opt/stack/glance/glance/api/middleware/version_negotiation.py:70}}
Jun 20 08:52:28.096758 np0000003323 devstack@g-api.service[98904]: [pid: 98904|app: 0|req: 223/476] 127.0.0.1 () {46 vars in 1055 bytes} [Sat Jun 20 08:52:27 2026] POST /v2/images => generated 651 bytes in 485 msecs (HTTP/1.1 201) 6 headers in 315 bytes (1 switches on core 0)
Jun 20 08:52:28.114517 np0000003323 devstack@g-api.service[98905]: DEBUG glance.api.middleware.version_negotiation [None req-6e26b486-216b-4182-abfb-390f5bda542f tempest-VolumesActionsTest-2045546055 tempest-VolumesActionsTest-2045546055-project-member] Determining version of request: GET /v2/images/814d07d8-58d9-4198-9767-96b16af10eda Accept: application/json {{(pid=98905) process_request /opt/stack/glance/glance/api/middleware/version_negotiation.py:44}}
Jun 20 08:52:28.114629 np0000003323 devstack@g-api.service[98905]: DEBUG glance.api.middleware.version_negotiation [None req-6e26b486-216b-4182-abfb-390f5bda542f tempest-VolumesActionsTest-2045546055 tempest-VolumesActionsTest-2045546055-project-member] Using url versioning {{(pid=98905) process_request /opt/stack/glance/glance/api/middleware/version_negotiation.py:57}}
Jun 20 08:52:28.114794 np0000003323 devstack@g-api.service[98905]: DEBUG glance.api.middleware.version_negotiation [None req-6e26b486-216b-4182-abfb-390f5bda542f tempest-VolumesActionsTest-2045546055 tempest-VolumesActionsTest-2045546055-project-member] Matched version: v2 {{(pid=98905) process_request /opt/stack/glance/glance/api/middleware/version_negotiation.py:69}}
Jun 20 08:52:28.114972 np0000003323 devstack@g-api.service[98905]: DEBUG glance.api.middleware.version_negotiation [None req-6e26b486-216b-4182-abfb-390f5bda542f tempest-VolumesActionsTest-2045546055 tempest-VolumesActionsTest-2045546055-project-member] new path /v2/images/814d07d8-58d9-4198-9767-96b16af10eda {{(pid=98905) process_request /opt/stack/glance/glance/api/middleware/version_negotiation.py:70}}
Jun 20 08:52:28.125627 np0000003323 devstack@g-api.service[98905]: [pid: 98905|app: 0|req: 254/477] 127.0.0.1 () {40 vars in 838 bytes} [Sat Jun 20 08:52:28 2026] GET /v2/images/814d07d8-58d9-4198-9767-96b16af10eda => generated 651 bytes in 11 msecs (HTTP/1.1 200) 4 headers in 157 bytes (1 switches on core 0)
Jun 20 08:52:29.135315 np0000003323 devstack@g-api.service[98904]: DEBUG glance.api.middleware.version_negotiation [None req-6e26b486-216b-4182-abfb-390f5bda542f tempest-VolumesActionsTest-2045546055 tempest-VolumesActionsTest-2045546055-project-member] Determining version of request: GET /v2/images/814d07d8-58d9-4198-9767-96b16af10eda Accept: application/json {{(pid=98904) process_request /opt/stack/glance/glance/api/middleware/version_negotiation.py:44}}
Jun 20 08:52:29.135804 np0000003323 devstack@g-api.service[98904]: DEBUG glance.api.middleware.version_negotiation [None req-6e26b486-216b-4182-abfb-390f5bda542f tempest-VolumesActionsTest-2045546055 tempest-VolumesActionsTest-2045546055-project-member] Using url versioning {{(pid=98904) process_request /opt/stack/glance/glance/api/middleware/version_negotiation.py:57}}
Jun 20 08:52:29.135804 np0000003323 devstack@g-api.service[98904]: DEBUG glance.api.middleware.version_negotiation [None req-6e26b486-216b-4182-abfb-390f5bda542f tempest-VolumesActionsTest-2045546055 tempest-VolumesActionsTest-2045546055-project-member] Matched version: v2 {{(pid=98904) process_request /opt/stack/glance/glance/api/middleware/version_negotiation.py:69}}
Jun 20 08:52:29.135804 np0000003323 devstack@g-api.service[98904]: DEBUG glance.api.middleware.version_negotiation [None req-6e26b486-216b-4182-abfb-390f5bda542f tempest-VolumesActionsTest-2045546055 tempest-VolumesActionsTest-2045546055-project-member] new path /v2/images/814d07d8-58d9-4198-9767-96b16af10eda {{(pid=98904) process_request /opt/stack/glance/glance/api/middleware/version_negotiation.py:70}}
Jun 20 08:52:29.148307 np0000003323 devstack@g-api.service[98904]: [pid: 98904|app: 0|req: 224/478] 127.0.0.1 () {40 vars in 838 bytes} [Sat Jun 20 08:52:29 2026] GET /v2/images/814d07d8-58d9-4198-9767-96b16af10eda => generated 651 bytes in 13 msecs (HTTP/1.1 200) 4 headers in 157 bytes (1 switches on core 0)
Jun 20 08:52:30.159712 np0000003323 devstack@g-api.service[98905]: DEBUG glance.api.middleware.version_negotiation [None req-6ff1d226-37ce-410e-b5d7-dca792c95ad4 tempest-VolumesActionsTest-2045546055 tempest-VolumesActionsTest-2045546055-project-member] Determining version of request: GET /v2/images/814d07d8-58d9-4198-9767-96b16af10eda Accept: application/json {{(pid=98905) process_request /opt/stack/glance/glance/api/middleware/version_negotiation.py:44}}
Jun 20 08:52:30.160330 np0000003323 devstack@g-api.service[98905]: DEBUG glance.api.middleware.version_negotiation [None req-6ff1d226-37ce-410e-b5d7-dca792c95ad4 tempest-VolumesActionsTest-2045546055 tempest-VolumesActionsTest-2045546055-project-member] Using url versioning {{(pid=98905) process_request /opt/stack/glance/glance/api/middleware/version_negotiation.py:57}}
Jun 20 08:52:30.160330 np0000003323 devstack@g-api.service[98905]: DEBUG glance.api.middleware.version_negotiation [None req-6ff1d226-37ce-410e-b5d7-dca792c95ad4 tempest-VolumesActionsTest-2045546055 tempest-VolumesActionsTest-2045546055-project-member] Matched version: v2 {{(pid=98905) process_request /opt/stack/glance/glance/api/middleware/version_negotiation.py:69}}
Jun 20 08:52:30.160552 np0000003323 devstack@g-api.service[98905]: DEBUG glance.api.middleware.version_negotiation [None req-6ff1d226-37ce-410e-b5d7-dca792c95ad4 tempest-VolumesActionsTest-2045546055 tempest-VolumesActionsTest-2045546055-project-member] new path /v2/images/814d07d8-58d9-4198-9767-96b16af10eda {{(pid=98905) process_request /opt/stack/glance/glance/api/middleware/version_negotiation.py:70}}
Jun 20 08:52:30.184172 np0000003323 devstack@g-api.service[98905]: [pid: 98905|app: 0|req: 255/479] 127.0.0.1 () {40 vars in 838 bytes} [Sat Jun 20 08:52:30 2026] GET /v2/images/814d07d8-58d9-4198-9767-96b16af10eda => generated 651 bytes in 25 msecs (HTTP/1.1 200) 4 headers in 157 bytes (1 switches on core 0)
Jun 20 08:52:31.198169 np0000003323 devstack@g-api.service[98904]: DEBUG glance.api.middleware.version_negotiation [None req-b900d984-06cb-4fe9-9834-765672cb52e3 tempest-VolumesActionsTest-2045546055 tempest-VolumesActionsTest-2045546055-project-member] Determining version of request: GET /v2/images/814d07d8-58d9-4198-9767-96b16af10eda Accept: application/json {{(pid=98904) process_request /opt/stack/glance/glance/api/middleware/version_negotiation.py:44}}
Jun 20 08:52:31.198169 np0000003323 devstack@g-api.service[98904]: DEBUG glance.api.middleware.version_negotiation [None req-b900d984-06cb-4fe9-9834-765672cb52e3 tempest-VolumesActionsTest-2045546055 tempest-VolumesActionsTest-2045546055-project-member] Using url versioning {{(pid=98904) process_request /opt/stack/glance/glance/api/middleware/version_negotiation.py:57}}
Jun 20 08:52:31.198169 np0000003323 devstack@g-api.service[98904]: DEBUG glance.api.middleware.version_negotiation [None req-b900d984-06cb-4fe9-9834-765672cb52e3 tempest-VolumesActionsTest-2045546055 tempest-VolumesActionsTest-2045546055-project-member] Matched version: v2 {{(pid=98904) process_request /opt/stack/glance/glance/api/middleware/version_negotiation.py:69}}
Jun 20 08:52:31.198169 np0000003323 devstack@g-api.service[98904]: DEBUG glance.api.middleware.version_negotiation [None req-b900d984-06cb-4fe9-9834-765672cb52e3 tempest-VolumesActionsTest-2045546055 tempest-VolumesActionsTest-2045546055-project-member] new path /v2/images/814d07d8-58d9-4198-9767-96b16af10eda {{(pid=98904) process_request /opt/stack/glance/glance/api/middleware/version_negotiation.py:70}}
Jun 20 08:52:31.216299 np0000003323 devstack@g-api.service[98904]: [pid: 98904|app: 0|req: 225/480] 127.0.0.1 () {40 vars in 838 bytes} [Sat Jun 20 08:52:31 2026] GET /v2/images/814d07d8-58d9-4198-9767-96b16af10eda => generated 651 bytes in 18 msecs (HTTP/1.1 200) 4 headers in 157 bytes (1 switches on core 0)
Jun 20 08:52:32.229822 np0000003323 devstack@g-api.service[98905]: DEBUG glance.api.middleware.version_negotiation [None req-a475a1cf-a724-4e36-8c7d-e0f1c9db61f9 tempest-VolumesActionsTest-2045546055 tempest-VolumesActionsTest-2045546055-project-member] Determining version of request: GET /v2/images/814d07d8-58d9-4198-9767-96b16af10eda Accept: application/json {{(pid=98905) process_request /opt/stack/glance/glance/api/middleware/version_negotiation.py:44}}
Jun 20 08:52:32.229822 np0000003323 devstack@g-api.service[98905]: DEBUG glance.api.middleware.version_negotiation [None req-a475a1cf-a724-4e36-8c7d-e0f1c9db61f9 tempest-VolumesActionsTest-2045546055 tempest-VolumesActionsTest-2045546055-project-member] Using url versioning {{(pid=98905) process_request /opt/stack/glance/glance/api/middleware/version_negotiation.py:57}}
Jun 20 08:52:32.229822 np0000003323 devstack@g-api.service[98905]: DEBUG glance.api.middleware.version_negotiation [None req-a475a1cf-a724-4e36-8c7d-e0f1c9db61f9 tempest-VolumesActionsTest-2045546055 tempest-VolumesActionsTest-2045546055-project-member] Matched version: v2 {{(pid=98905) process_request /opt/stack/glance/glance/api/middleware/version_negotiation.py:69}}
Jun 20 08:52:32.229822 np0000003323 devstack@g-api.service[98905]: DEBUG glance.api.middleware.version_negotiation [None req-a475a1cf-a724-4e36-8c7d-e0f1c9db61f9 tempest-VolumesActionsTest-2045546055 tempest-VolumesActionsTest-2045546055-project-member] new path /v2/images/814d07d8-58d9-4198-9767-96b16af10eda {{(pid=98905) process_request /opt/stack/glance/glance/api/middleware/version_negotiation.py:70}}
Jun 20 08:52:32.246472 np0000003323 devstack@g-api.service[98905]: [pid: 98905|app: 0|req: 256/481] 127.0.0.1 () {40 vars in 838 bytes} [Sat Jun 20 08:52:32 2026] GET /v2/images/814d07d8-58d9-4198-9767-96b16af10eda => generated 651 bytes in 18 msecs (HTTP/1.1 200) 4 headers in 157 bytes (1 switches on core 0)
Jun 20 08:52:33.208772 np0000003323 devstack@g-api.service[98904]: DEBUG glance.api.middleware.version_negotiation [None req-d6fb318b-4a10-4c6d-b612-091cda9a7818 tempest-VolumesActionsTest-2045546055 tempest-VolumesActionsTest-2045546055-project-member] Determining version of request: PUT /v2/images/814d07d8-58d9-4198-9767-96b16af10eda/file Accept: */* {{(pid=98904) process_request /opt/stack/glance/glance/api/middleware/version_negotiation.py:44}}
Jun 20 08:52:33.209215 np0000003323 devstack@g-api.service[98904]: DEBUG glance.api.middleware.version_negotiation [None req-d6fb318b-4a10-4c6d-b612-091cda9a7818 tempest-VolumesActionsTest-2045546055 tempest-VolumesActionsTest-2045546055-project-member] Using url versioning {{(pid=98904) process_request /opt/stack/glance/glance/api/middleware/version_negotiation.py:57}}
Jun 20 08:52:33.209215 np0000003323 devstack@g-api.service[98904]: DEBUG glance.api.middleware.version_negotiation [None req-d6fb318b-4a10-4c6d-b612-091cda9a7818 tempest-VolumesActionsTest-2045546055 tempest-VolumesActionsTest-2045546055-project-member] Matched version: v2 {{(pid=98904) process_request /opt/stack/glance/glance/api/middleware/version_negotiation.py:69}}
Jun 20 08:52:33.209315 np0000003323 devstack@g-api.service[98904]: DEBUG glance.api.middleware.version_negotiation [None req-d6fb318b-4a10-4c6d-b612-091cda9a7818 tempest-VolumesActionsTest-2045546055 tempest-VolumesActionsTest-2045546055-project-member] new path /v2/images/814d07d8-58d9-4198-9767-96b16af10eda/file {{(pid=98904) process_request /opt/stack/glance/glance/api/middleware/version_negotiation.py:70}}
Jun 20 08:52:33.258832 np0000003323 devstack@g-api.service[98905]: DEBUG glance.api.middleware.version_negotiation [None req-5a8698c8-0cb8-4a20-abfc-368c4d28c1e3 tempest-VolumesActionsTest-2045546055 tempest-VolumesActionsTest-2045546055-project-member] Determining version of request: GET /v2/images/814d07d8-58d9-4198-9767-96b16af10eda Accept: application/json {{(pid=98905) process_request /opt/stack/glance/glance/api/middleware/version_negotiation.py:44}}
Jun 20 08:52:33.259350 np0000003323 devstack@g-api.service[98905]: DEBUG glance.api.middleware.version_negotiation [None req-5a8698c8-0cb8-4a20-abfc-368c4d28c1e3 tempest-VolumesActionsTest-2045546055 tempest-VolumesActionsTest-2045546055-project-member] Using url versioning {{(pid=98905) process_request /opt/stack/glance/glance/api/middleware/version_negotiation.py:57}}
Jun 20 08:52:33.259866 np0000003323 devstack@g-api.service[98905]: DEBUG glance.api.middleware.version_negotiation [None req-5a8698c8-0cb8-4a20-abfc-368c4d28c1e3 tempest-VolumesActionsTest-2045546055 tempest-VolumesActionsTest-2045546055-project-member] Matched version: v2 {{(pid=98905) process_request /opt/stack/glance/glance/api/middleware/version_negotiation.py:69}}
Jun 20 08:52:33.259866 np0000003323 devstack@g-api.service[98905]: DEBUG glance.api.middleware.version_negotiation [None req-5a8698c8-0cb8-4a20-abfc-368c4d28c1e3 tempest-VolumesActionsTest-2045546055 tempest-VolumesActionsTest-2045546055-project-member] new path /v2/images/814d07d8-58d9-4198-9767-96b16af10eda {{(pid=98905) process_request /opt/stack/glance/glance/api/middleware/version_negotiation.py:70}}
Jun 20 08:52:33.274147 np0000003323 devstack@g-api.service[98905]: [pid: 98905|app: 0|req: 257/482] 127.0.0.1 () {40 vars in 838 bytes} [Sat Jun 20 08:52:33 2026] GET /v2/images/814d07d8-58d9-4198-9767-96b16af10eda => generated 651 bytes in 15 msecs (HTTP/1.1 200) 4 headers in 157 bytes (1 switches on core 0)
Jun 20 08:52:33.730426 np0000003323 devstack@g-api.service[98904]: INFO glance.api.v2.image_data [None req-6e26b486-216b-4182-abfb-390f5bda542f tempest-VolumesActionsTest-2045546055 tempest-VolumesActionsTest-2045546055-project-member] Unable to create trust: no such option collect_timing in group [keystone_authtoken] Use the existing user token.
Jun 20 08:52:34.282704 np0000003323 devstack@g-api.service[98904]: DEBUG glance.location [None req-6e26b486-216b-4182-abfb-390f5bda542f tempest-VolumesActionsTest-2045546055 tempest-VolumesActionsTest-2045546055-project-member] Enabling in-flight format inspection for qcow2 {{(pid=98904) set_data /opt/stack/glance/glance/location.py:616}}
Jun 20 08:52:34.283287 np0000003323 devstack@g-api.service[98904]: DEBUG glance_store.backend [None req-6e26b486-216b-4182-abfb-390f5bda542f tempest-VolumesActionsTest-2045546055 tempest-VolumesActionsTest-2045546055-project-member] Attempting to import store swift {{(pid=98904) _load_store /opt/stack/data/venv/lib/python3.12/site-packages/glance_store/backend.py:215}}
Jun 20 08:52:34.284347 np0000003323 devstack@g-api.service[98905]: DEBUG glance.api.middleware.version_negotiation [None req-efcc34ed-9d73-4d0c-abe7-34b93583ea73 tempest-VolumesActionsTest-2045546055 tempest-VolumesActionsTest-2045546055-project-member] Determining version of request: GET /v2/images/814d07d8-58d9-4198-9767-96b16af10eda Accept: application/json {{(pid=98905) process_request /opt/stack/glance/glance/api/middleware/version_negotiation.py:44}}
Jun 20 08:52:34.284697 np0000003323 devstack@g-api.service[98905]: DEBUG glance.api.middleware.version_negotiation [None req-efcc34ed-9d73-4d0c-abe7-34b93583ea73 tempest-VolumesActionsTest-2045546055 tempest-VolumesActionsTest-2045546055-project-member] Using url versioning {{(pid=98905) process_request /opt/stack/glance/glance/api/middleware/version_negotiation.py:57}}
Jun 20 08:52:34.284697 np0000003323 devstack@g-api.service[98905]: DEBUG glance.api.middleware.version_negotiation [None req-efcc34ed-9d73-4d0c-abe7-34b93583ea73 tempest-VolumesActionsTest-2045546055 tempest-VolumesActionsTest-2045546055-project-member] Matched version: v2 {{(pid=98905) process_request /opt/stack/glance/glance/api/middleware/version_negotiation.py:69}}
Jun 20 08:52:34.284768 np0000003323 devstack@g-api.service[98905]: DEBUG glance.api.middleware.version_negotiation [None req-efcc34ed-9d73-4d0c-abe7-34b93583ea73 tempest-VolumesActionsTest-2045546055 tempest-VolumesActionsTest-2045546055-project-member] new path /v2/images/814d07d8-58d9-4198-9767-96b16af10eda {{(pid=98905) process_request /opt/stack/glance/glance/api/middleware/version_negotiation.py:70}}
Jun 20 08:52:34.285537 np0000003323 devstack@g-api.service[98904]: DEBUG glance_store.capabilities [None req-6e26b486-216b-4182-abfb-390f5bda542f tempest-VolumesActionsTest-2045546055 tempest-VolumesActionsTest-2045546055-project-member] Store glance_store._drivers.swift.store.SingleTenantStore doesn't support updating dynamic storage capabilities. Please overwrite 'update_capabilities' method of the store to implement updating logics if needed. {{(pid=98904) update_capabilities /opt/stack/data/venv/lib/python3.12/site-packages/glance_store/capabilities.py:91}}
Jun 20 08:52:34.285665 np0000003323 devstack@g-api.service[98904]: DEBUG glance_store.driver [None req-6e26b486-216b-4182-abfb-390f5bda542f tempest-VolumesActionsTest-2045546055 tempest-VolumesActionsTest-2045546055-project-member] Late loading location class glance_store._drivers.swift.store.StoreLocation {{(pid=98904) get_store_location_class /opt/stack/data/venv/lib/python3.12/site-packages/glance_store/driver.py:134}}
Jun 20 08:52:34.285901 np0000003323 devstack@g-api.service[98904]: DEBUG glance_store.location [None req-6e26b486-216b-4182-abfb-390f5bda542f tempest-VolumesActionsTest-2045546055 tempest-VolumesActionsTest-2045546055-project-member] Registering scheme swift+https with {'store': , 'location_class': , 'store_entry': 'swift'} {{(pid=98904) register_scheme_map /opt/stack/data/venv/lib/python3.12/site-packages/glance_store/location.py:146}}
