Jun 01 11:27:34.493567 np0000001844 devstack@c-api.service[99209]: INFO cinder.api.openstack.wsgi [None req-f1120700-7686-4660-b132-5c753ca8fc37 tempest-VolumesAssistedSnapshotsTest-1825431185 tempest-VolumesAssistedSnapshotsTest-1825431185-project-admin] GET https://10.4.3.231/volume/v3/volumes/817dfe64-6dab-4ccd-ab58-d14730dc1026
Jun 01 11:27:34.494070 np0000001844 devstack@c-api.service[99209]: DEBUG cinder.api.openstack.wsgi [None req-f1120700-7686-4660-b132-5c753ca8fc37 tempest-VolumesAssistedSnapshotsTest-1825431185 tempest-VolumesAssistedSnapshotsTest-1825431185-project-admin] Empty body provided in request {{(pid=99209) get_body /opt/stack/cinder/cinder/api/openstack/wsgi.py:725}}
Jun 01 11:27:34.494502 np0000001844 devstack@c-api.service[99209]: DEBUG cinder.api.openstack.wsgi [None req-f1120700-7686-4660-b132-5c753ca8fc37 tempest-VolumesAssistedSnapshotsTest-1825431185 tempest-VolumesAssistedSnapshotsTest-1825431185-project-admin] Calling method 'show' {{(pid=99209) _process_stack /opt/stack/cinder/cinder/api/openstack/wsgi.py:878}}
Jun 01 11:27:34.496450 np0000001844 devstack@c-api.service[99208]: INFO cinder.api.openstack.wsgi [None req-5b06d10a-bc6d-4a00-aedd-5b0ad8584b9a tempest-VolumeTypesNegativeTest-1024689696 tempest-VolumeTypesNegativeTest-1024689696-project-admin] HTTP exception thrown: Volume Type tempest-VolumeTypesNegativeTest-volume-type-335910291 already exists.
Jun 01 11:27:34.496585 np0000001844 devstack@c-api.service[99208]: INFO cinder.api.openstack.wsgi [None req-5b06d10a-bc6d-4a00-aedd-5b0ad8584b9a tempest-VolumeTypesNegativeTest-1024689696 tempest-VolumeTypesNegativeTest-1024689696-project-admin] https://10.4.3.231/volume/v3/types returned with HTTP 409
Jun 01 11:27:34.498858 np0000001844 devstack@c-api.service[99208]: [pid: 99208|app: 0|req: 85/258] 10.4.3.231 () {68 vars in 1252 bytes} [Mon Jun 1 11:27:34 2026] POST /volume/v3/types => generated 133 bytes in 21 msecs (HTTP/1.1 409) 7 headers in 291 bytes (1 switches on core 0)
Jun 01 11:27:34.510064 np0000001844 devstack@c-api.service[99210]: DEBUG cinder.api.middleware.request_id [None req-49e1aa7d-6f94-486d-936c-1913439b4ce7 None None] RequestId filter calling following filter/app {{(pid=99210) _context_setter /opt/stack/cinder/cinder/api/middleware/request_id.py:62}}
Jun 01 11:27:34.512536 np0000001844 devstack@c-api.service[99210]: INFO cinder.api.openstack.wsgi [None req-49e1aa7d-6f94-486d-936c-1913439b4ce7 tempest-VolumeTypesNegativeTest-1024689696 tempest-VolumeTypesNegativeTest-1024689696-project-admin] DELETE https://10.4.3.231/volume/v3/types/5eb41db2-0837-47e8-ad11-145967193e66
Jun 01 11:27:34.512799 np0000001844 devstack@c-api.service[99210]: DEBUG cinder.api.openstack.wsgi [None req-49e1aa7d-6f94-486d-936c-1913439b4ce7 tempest-VolumeTypesNegativeTest-1024689696 tempest-VolumeTypesNegativeTest-1024689696-project-admin] Empty body provided in request {{(pid=99210) get_body /opt/stack/cinder/cinder/api/openstack/wsgi.py:725}}
Jun 01 11:27:34.513419 np0000001844 devstack@c-api.service[99210]: DEBUG cinder.api.openstack.wsgi [None req-49e1aa7d-6f94-486d-936c-1913439b4ce7 tempest-VolumeTypesNegativeTest-1024689696 tempest-VolumeTypesNegativeTest-1024689696-project-admin] Calling method '_delete' {{(pid=99210) _process_stack /opt/stack/cinder/cinder/api/openstack/wsgi.py:878}}
Jun 01 11:27:34.516829 np0000001844 devstack@c-api.service[99209]: /opt/stack/data/venv/lib/python3.12/site-packages/oslo_context/context.py:102: DeprecationWarning: Policy enforcement is depending on the value of is_admin. This key is deprecated. Please update your policy file to use the standard policy values.
Jun 01 11:27:34.516829 np0000001844 devstack@c-api.service[99209]: warnings.warn(
Jun 01 11:27:34.523477 np0000001844 devstack@c-api.service[99209]: INFO cinder.volume.api [None req-f1120700-7686-4660-b132-5c753ca8fc37 tempest-VolumesAssistedSnapshotsTest-1825431185 tempest-VolumesAssistedSnapshotsTest-1825431185-project-admin] Volume info retrieved successfully.
Jun 01 11:27:34.534109 np0000001844 devstack@c-api.service[99209]: INFO cinder.api.openstack.wsgi [None req-f1120700-7686-4660-b132-5c753ca8fc37 tempest-VolumesAssistedSnapshotsTest-1825431185 tempest-VolumesAssistedSnapshotsTest-1825431185-project-admin] https://10.4.3.231/volume/v3/volumes/817dfe64-6dab-4ccd-ab58-d14730dc1026 returned with HTTP 200
Jun 01 11:27:34.534921 np0000001844 devstack@c-api.service[99209]: [pid: 99209|app: 0|req: 89/259] 10.4.3.231 () {66 vars in 1348 bytes} [Mon Jun 1 11:27:34 2026] GET /volume/v3/volumes/817dfe64-6dab-4ccd-ab58-d14730dc1026 => generated 1023 bytes in 44 msecs (HTTP/1.1 200) 7 headers in 286 bytes (1 switches on core 0)
Jun 01 11:27:34.544306 np0000001844 devstack@c-api.service[99208]: DEBUG cinder.api.middleware.request_id [None req-a35cb198-d78b-4c35-8633-c787560e186f None None] RequestId filter calling following filter/app {{(pid=99208) _context_setter /opt/stack/cinder/cinder/api/middleware/request_id.py:62}}
Jun 01 11:27:34.547097 np0000001844 devstack@c-api.service[99208]: INFO cinder.api.openstack.wsgi [None req-a35cb198-d78b-4c35-8633-c787560e186f tempest-TaggedAttachmentsTest-806370426 tempest-TaggedAttachmentsTest-806370426-project-member] POST https://10.4.3.231/volume/v3/volumes
Jun 01 11:27:34.547863 np0000001844 devstack@c-api.service[99208]: DEBUG cinder.api.openstack.wsgi [None req-a35cb198-d78b-4c35-8633-c787560e186f tempest-TaggedAttachmentsTest-806370426 tempest-TaggedAttachmentsTest-806370426-project-member] Action: 'create', calling method: create, body: {"volume": {"size": 1, "display_name": "tempest-TaggedAttachmentsTest-volume-2076303528"}} {{(pid=99208) _process_stack /opt/stack/cinder/cinder/api/openstack/wsgi.py:876}}
Jun 01 11:27:34.549770 np0000001844 devstack@c-api.service[99208]: DEBUG cinder.api.v3.volumes [None req-a35cb198-d78b-4c35-8633-c787560e186f tempest-TaggedAttachmentsTest-806370426 tempest-TaggedAttachmentsTest-806370426-project-member] Create volume request body: {'volume': {'size': 1, 'display_name': 'tempest-TaggedAttachmentsTest-volume-2076303528'}} {{(pid=99208) create /opt/stack/cinder/cinder/api/v3/volumes.py:368}}
Jun 01 11:27:34.549930 np0000001844 devstack@c-api.service[99208]: INFO cinder.api.v3.volumes [None req-a35cb198-d78b-4c35-8633-c787560e186f tempest-TaggedAttachmentsTest-806370426 tempest-TaggedAttachmentsTest-806370426-project-member] Create volume of 1 GB
Jun 01 11:27:34.556505 np0000001844 devstack@c-api.service[99208]: INFO cinder.volume.api [None req-a35cb198-d78b-4c35-8633-c787560e186f tempest-TaggedAttachmentsTest-806370426 tempest-TaggedAttachmentsTest-806370426-project-member] Availability Zones retrieved successfully.
Jun 01 11:27:34.565580 np0000001844 devstack@c-api.service[99208]: DEBUG cinder.volume.api [None req-a35cb198-d78b-4c35-8633-c787560e186f tempest-TaggedAttachmentsTest-806370426 tempest-TaggedAttachmentsTest-806370426-project-member] Flow 'volume_create_api' (431407e1-204b-40a0-91df-95fde2d092c3) transitioned into state 'RUNNING' from state 'PENDING' {{(pid=99208) _flow_receiver /opt/stack/data/venv/lib/python3.12/site-packages/taskflow/listeners/logging.py:160}}
Jun 01 11:27:34.566809 np0000001844 devstack@c-api.service[99208]: DEBUG cinder.volume.api [None req-a35cb198-d78b-4c35-8633-c787560e186f tempest-TaggedAttachmentsTest-806370426 tempest-TaggedAttachmentsTest-806370426-project-member] Task 'cinder.volume.flows.api.create_volume.ExtractVolumeRequestTask;volume:create' (a7358393-b37f-4261-b721-fb74234832e3) transitioned into state 'RUNNING' from state 'PENDING' {{(pid=99208) _task_receiver /opt/stack/data/venv/lib/python3.12/site-packages/taskflow/listeners/logging.py:242}}
Jun 01 11:27:34.568112 np0000001844 devstack@c-api.service[99208]: DEBUG cinder.volume.flows.api.create_volume [None req-a35cb198-d78b-4c35-8633-c787560e186f tempest-TaggedAttachmentsTest-806370426 tempest-TaggedAttachmentsTest-806370426-project-member] Validating volume size '1' using validate_int {{(pid=99208) _extract_size /opt/stack/cinder/cinder/volume/flows/api/create_volume.py:226}}
Jun 01 11:27:34.575077 np0000001844 devstack@c-api.service[99210]: INFO cinder.api.openstack.wsgi [None req-49e1aa7d-6f94-486d-936c-1913439b4ce7 tempest-VolumeTypesNegativeTest-1024689696 tempest-VolumeTypesNegativeTest-1024689696-project-admin] https://10.4.3.231/volume/v3/types/5eb41db2-0837-47e8-ad11-145967193e66 returned with HTTP 202
Jun 01 11:27:34.575774 np0000001844 devstack@c-api.service[99210]: [pid: 99210|app: 0|req: 86/260] 10.4.3.231 () {66 vars in 1345 bytes} [Mon Jun 1 11:27:34 2026] DELETE /volume/v3/types/5eb41db2-0837-47e8-ad11-145967193e66 => generated 0 bytes in 66 msecs (HTTP/1.1 202) 6 headers in 233 bytes (1 switches on core 0)
Jun 01 11:27:34.589042 np0000001844 devstack@c-api.service[99209]: DEBUG cinder.api.middleware.request_id [None req-c89cdc12-801e-42a1-95a9-e719716d3e74 None None] RequestId filter calling following filter/app {{(pid=99209) _context_setter /opt/stack/cinder/cinder/api/middleware/request_id.py:62}}
Jun 01 11:27:34.591617 np0000001844 devstack@c-api.service[99209]: INFO cinder.api.openstack.wsgi [None req-c89cdc12-801e-42a1-95a9-e719716d3e74 tempest-VolumeTypesNegativeTest-1024689696 tempest-VolumeTypesNegativeTest-1024689696-project-admin] GET https://10.4.3.231/volume/v3/types/5eb41db2-0837-47e8-ad11-145967193e66
Jun 01 11:27:34.591918 np0000001844 devstack@c-api.service[99209]: DEBUG cinder.api.openstack.wsgi [None req-c89cdc12-801e-42a1-95a9-e719716d3e74 tempest-VolumeTypesNegativeTest-1024689696 tempest-VolumeTypesNegativeTest-1024689696-project-admin] Empty body provided in request {{(pid=99209) get_body /opt/stack/cinder/cinder/api/openstack/wsgi.py:725}}
Jun 01 11:27:34.592349 np0000001844 devstack@c-api.service[99209]: DEBUG cinder.api.openstack.wsgi [None req-c89cdc12-801e-42a1-95a9-e719716d3e74 tempest-VolumeTypesNegativeTest-1024689696 tempest-VolumeTypesNegativeTest-1024689696-project-admin] Calling method 'show' {{(pid=99209) _process_stack /opt/stack/cinder/cinder/api/openstack/wsgi.py:878}}
Jun 01 11:27:34.600655 np0000001844 devstack@c-api.service[99209]: INFO cinder.api.openstack.wsgi [None req-c89cdc12-801e-42a1-95a9-e719716d3e74 tempest-VolumeTypesNegativeTest-1024689696 tempest-VolumeTypesNegativeTest-1024689696-project-admin] https://10.4.3.231/volume/v3/types/5eb41db2-0837-47e8-ad11-145967193e66 returned with HTTP 404
Jun 01 11:27:34.601493 np0000001844 devstack@c-api.service[99209]: [pid: 99209|app: 0|req: 90/261] 10.4.3.231 () {66 vars in 1342 bytes} [Mon Jun 1 11:27:34 2026] GET /volume/v3/types/5eb41db2-0837-47e8-ad11-145967193e66 => generated 114 bytes in 14 msecs (HTTP/1.1 404) 7 headers in 292 bytes (1 switches on core 0)
Jun 01 11:27:34.615348 np0000001844 devstack@c-api.service[99210]: DEBUG cinder.api.middleware.request_id [None req-9aacc5d0-a177-48be-b0a9-8bf6b76cd026 None None] RequestId filter calling following filter/app {{(pid=99210) _context_setter /opt/stack/cinder/cinder/api/middleware/request_id.py:62}}
Jun 01 11:27:34.615974 np0000001844 devstack@c-api.service[99210]: INFO cinder.api.openstack.wsgi [None req-9aacc5d0-a177-48be-b0a9-8bf6b76cd026 tempest-VolumeTypesNegativeTest-1024689696 tempest-VolumeTypesNegativeTest-1024689696-project-admin] DELETE https://10.4.3.231/volume/v3/types/9a630ac6-5f86-4446-a75a-9e62164edae1
Jun 01 11:27:34.617044 np0000001844 devstack@c-api.service[99210]: DEBUG cinder.api.openstack.wsgi [None req-9aacc5d0-a177-48be-b0a9-8bf6b76cd026 tempest-VolumeTypesNegativeTest-1024689696 tempest-VolumeTypesNegativeTest-1024689696-project-admin] Empty body provided in request {{(pid=99210) get_body /opt/stack/cinder/cinder/api/openstack/wsgi.py:725}}
Jun 01 11:27:34.617334 np0000001844 devstack@c-api.service[99210]: DEBUG cinder.api.openstack.wsgi [None req-9aacc5d0-a177-48be-b0a9-8bf6b76cd026 tempest-VolumeTypesNegativeTest-1024689696 tempest-VolumeTypesNegativeTest-1024689696-project-admin] Calling method '_delete' {{(pid=99210) _process_stack /opt/stack/cinder/cinder/api/openstack/wsgi.py:878}}
Jun 01 11:27:34.618942 np0000001844 devstack@c-api.service[99208]: DEBUG cinder.volume.api [None req-a35cb198-d78b-4c35-8633-c787560e186f tempest-TaggedAttachmentsTest-806370426 tempest-TaggedAttachmentsTest-806370426-project-member] Task 'cinder.volume.flows.api.create_volume.ExtractVolumeRequestTask;volume:create' (a7358393-b37f-4261-b721-fb74234832e3) transitioned into state 'SUCCESS' from state 'RUNNING' with result '{'size': 1, 'snapshot_id': None, 'source_volid': None, 'volume_type': VolumeType(created_at=2026-06-01T11:23:39Z,deleted=False,deleted_at=None,description=None,extra_specs={volume_backend_name='storpool'},id=b2e3e495-a842-4b7f-9201-d3de96807a4a,is_public=True,name='storpool',projects=[],qos_specs=,qos_specs_id=None,updated_at=None), 'volume_type_id': 'b2e3e495-a842-4b7f-9201-d3de96807a4a', 'encryption_key_id': None, 'qos_specs': None, 'consistencygroup_id': None, 'cgsnapshot_id': None, 'group_id': None, 'replication_status': 'disabled', 'refresh_az': False, 'backup_id': None, 'multiattach': False, 'availability_zones': ['nova']}' {{(pid=99208) _task_receiver /opt/stack/data/venv/lib/python3.12/site-packages/taskflow/listeners/logging.py:218}}
Jun 01 11:27:34.620196 np0000001844 devstack@c-api.service[99208]: DEBUG cinder.volume.api [None req-a35cb198-d78b-4c35-8633-c787560e186f tempest-TaggedAttachmentsTest-806370426 tempest-TaggedAttachmentsTest-806370426-project-member] Task 'cinder.volume.flows.api.create_volume.QuotaReserveTask;volume:create' (60c90ee7-89ee-42e6-af77-37645193b93f) transitioned into state 'RUNNING' from state 'PENDING' {{(pid=99208) _task_receiver /opt/stack/data/venv/lib/python3.12/site-packages/taskflow/listeners/logging.py:242}}
Jun 01 11:27:34.623046 np0000001844 devstack@c-api.service[99210]: INFO cinder.api.openstack.wsgi [None req-9aacc5d0-a177-48be-b0a9-8bf6b76cd026 tempest-VolumeTypesNegativeTest-1024689696 tempest-VolumeTypesNegativeTest-1024689696-project-admin] https://10.4.3.231/volume/v3/types/9a630ac6-5f86-4446-a75a-9e62164edae1 returned with HTTP 404
Jun 01 11:27:34.623715 np0000001844 devstack@c-api.service[99210]: [pid: 99210|app: 0|req: 87/262] 10.4.3.231 () {66 vars in 1345 bytes} [Mon Jun 1 11:27:34 2026] DELETE /volume/v3/types/9a630ac6-5f86-4446-a75a-9e62164edae1 => generated 114 bytes in 10 msecs (HTTP/1.1 404) 7 headers in 292 bytes (1 switches on core 0)
Jun 01 11:27:34.635597 np0000001844 devstack@c-api.service[99209]: DEBUG cinder.api.middleware.request_id [None req-0afb42fc-961e-4775-8ba5-1a3ae4e43db8 None None] RequestId filter calling following filter/app {{(pid=99209) _context_setter /opt/stack/cinder/cinder/api/middleware/request_id.py:62}}
Jun 01 11:27:34.640869 np0000001844 devstack@c-api.service[99209]: INFO cinder.api.openstack.wsgi [None req-0afb42fc-961e-4775-8ba5-1a3ae4e43db8 tempest-VolumeTypesNegativeTest-1024689696 tempest-VolumeTypesNegativeTest-1024689696-project-admin] GET https://10.4.3.231/volume/v3/types/ce233205-b55c-4121-8c08-0c35d45ee29a
Jun 01 11:27:34.640869 np0000001844 devstack@c-api.service[99209]: DEBUG cinder.api.openstack.wsgi [None req-0afb42fc-961e-4775-8ba5-1a3ae4e43db8 tempest-VolumeTypesNegativeTest-1024689696 tempest-VolumeTypesNegativeTest-1024689696-project-admin] Empty body provided in request {{(pid=99209) get_body /opt/stack/cinder/cinder/api/openstack/wsgi.py:725}}
Jun 01 11:27:34.641107 np0000001844 devstack@c-api.service[99209]: DEBUG cinder.api.openstack.wsgi [None req-0afb42fc-961e-4775-8ba5-1a3ae4e43db8 tempest-VolumeTypesNegativeTest-1024689696 tempest-VolumeTypesNegativeTest-1024689696-project-admin] Calling method 'show' {{(pid=99209) _process_stack /opt/stack/cinder/cinder/api/openstack/wsgi.py:878}}
Jun 01 11:27:34.645745 np0000001844 devstack@c-api.service[99209]: INFO cinder.api.openstack.wsgi [None req-0afb42fc-961e-4775-8ba5-1a3ae4e43db8 tempest-VolumeTypesNegativeTest-1024689696 tempest-VolumeTypesNegativeTest-1024689696-project-admin] https://10.4.3.231/volume/v3/types/ce233205-b55c-4121-8c08-0c35d45ee29a returned with HTTP 404
Jun 01 11:27:34.648706 np0000001844 devstack@c-api.service[99209]: [pid: 99209|app: 0|req: 91/263] 10.4.3.231 () {66 vars in 1342 bytes} [Mon Jun 1 11:27:34 2026] GET /volume/v3/types/ce233205-b55c-4121-8c08-0c35d45ee29a => generated 114 bytes in 11 msecs (HTTP/1.1 404) 7 headers in 292 bytes (1 switches on core 0)
Jun 01 11:27:34.668719 np0000001844 devstack@c-api.service[99210]: DEBUG cinder.api.middleware.request_id [None req-3e297237-3fe7-44db-8f56-7e4a4a4041db None None] RequestId filter calling following filter/app {{(pid=99210) _context_setter /opt/stack/cinder/cinder/api/middleware/request_id.py:62}}
Jun 01 11:27:34.669270 np0000001844 devstack@c-api.service[99210]: INFO cinder.api.openstack.wsgi [None req-3e297237-3fe7-44db-8f56-7e4a4a4041db None None] GET https://10.4.3.231/volume//
Jun 01 11:27:34.669433 np0000001844 devstack@c-api.service[99210]: DEBUG cinder.api.openstack.wsgi [None req-3e297237-3fe7-44db-8f56-7e4a4a4041db None None] Empty body provided in request {{(pid=99210) get_body /opt/stack/cinder/cinder/api/openstack/wsgi.py:725}}
Jun 01 11:27:34.669706 np0000001844 devstack@c-api.service[99210]: DEBUG cinder.api.openstack.wsgi [None req-3e297237-3fe7-44db-8f56-7e4a4a4041db None None] Calling method 'all' {{(pid=99210) _process_stack /opt/stack/cinder/cinder/api/openstack/wsgi.py:878}}
Jun 01 11:27:34.671127 np0000001844 devstack@c-api.service[99210]: INFO cinder.api.openstack.wsgi [None req-3e297237-3fe7-44db-8f56-7e4a4a4041db None None] https://10.4.3.231/volume// returned with HTTP 300
Jun 01 11:27:34.672555 np0000001844 devstack@c-api.service[99210]: [pid: 99210|app: 0|req: 88/264] 10.4.3.231 () {66 vars in 1426 bytes} [Mon Jun 1 11:27:34 2026] GET /volume/ => generated 386 bytes in 4 msecs (HTTP/1.1 300) 7 headers in 299 bytes (1 switches on core 0)
Jun 01 11:27:34.686043 np0000001844 devstack@c-api.service[99209]: DEBUG cinder.api.middleware.request_id [req-824aba6b-dc44-4a04-b623-7717e28a18af req-edd4360b-7ff6-4ec9-93f3-3db50c5998ef None None] RequestId filter calling following filter/app {{(pid=99209) _context_setter /opt/stack/cinder/cinder/api/middleware/request_id.py:62}}
Jun 01 11:27:34.690438 np0000001844 devstack@c-api.service[99209]: INFO cinder.api.openstack.wsgi [req-824aba6b-dc44-4a04-b623-7717e28a18af req-edd4360b-7ff6-4ec9-93f3-3db50c5998ef tempest-VolumesAssistedSnapshotsTest-1825431185 tempest-VolumesAssistedSnapshotsTest-1825431185-project-admin] GET https://10.4.3.231/volume/v3/volumes/817dfe64-6dab-4ccd-ab58-d14730dc1026
Jun 01 11:27:34.690672 np0000001844 devstack@c-api.service[99209]: DEBUG cinder.api.openstack.wsgi [req-824aba6b-dc44-4a04-b623-7717e28a18af req-edd4360b-7ff6-4ec9-93f3-3db50c5998ef tempest-VolumesAssistedSnapshotsTest-1825431185 tempest-VolumesAssistedSnapshotsTest-1825431185-project-admin] Empty body provided in request {{(pid=99209) get_body /opt/stack/cinder/cinder/api/openstack/wsgi.py:725}}
Jun 01 11:27:34.690938 np0000001844 devstack@c-api.service[99209]: DEBUG cinder.api.openstack.wsgi [req-824aba6b-dc44-4a04-b623-7717e28a18af req-edd4360b-7ff6-4ec9-93f3-3db50c5998ef tempest-VolumesAssistedSnapshotsTest-1825431185 tempest-VolumesAssistedSnapshotsTest-1825431185-project-admin] Calling method 'show' {{(pid=99209) _process_stack /opt/stack/cinder/cinder/api/openstack/wsgi.py:878}}
Jun 01 11:27:34.705985 np0000001844 devstack@c-api.service[99209]: /opt/stack/data/venv/lib/python3.12/site-packages/oslo_context/context.py:102: DeprecationWarning: Policy enforcement is depending on the value of is_admin. This key is deprecated. Please update your policy file to use the standard policy values.
Jun 01 11:27:34.705985 np0000001844 devstack@c-api.service[99209]: warnings.warn(
Jun 01 11:27:34.712040 np0000001844 devstack@c-api.service[99209]: INFO cinder.volume.api [req-824aba6b-dc44-4a04-b623-7717e28a18af req-edd4360b-7ff6-4ec9-93f3-3db50c5998ef tempest-VolumesAssistedSnapshotsTest-1825431185 tempest-VolumesAssistedSnapshotsTest-1825431185-project-admin] Volume info retrieved successfully.
Jun 01 11:27:34.718116 np0000001844 devstack@c-api.service[99209]: INFO cinder.api.openstack.wsgi [req-824aba6b-dc44-4a04-b623-7717e28a18af req-edd4360b-7ff6-4ec9-93f3-3db50c5998ef tempest-VolumesAssistedSnapshotsTest-1825431185 tempest-VolumesAssistedSnapshotsTest-1825431185-project-admin] https://10.4.3.231/volume/v3/volumes/817dfe64-6dab-4ccd-ab58-d14730dc1026 returned with HTTP 200
Jun 01 11:27:34.719070 np0000001844 devstack@c-api.service[99209]: [pid: 99209|app: 0|req: 92/265] 10.4.3.231 () {70 vars in 1639 bytes} [Mon Jun 1 11:27:34 2026] GET /volume/v3/volumes/817dfe64-6dab-4ccd-ab58-d14730dc1026 => generated 1246 bytes in 33 msecs (HTTP/1.1 200) 7 headers in 287 bytes (1 switches on core 0)
Jun 01 11:27:34.746583 np0000001844 devstack@c-api.service[99208]: DEBUG cinder.quota [None req-a35cb198-d78b-4c35-8633-c787560e186f tempest-TaggedAttachmentsTest-806370426 tempest-TaggedAttachmentsTest-806370426-project-member] Created reservations ['106c5adc-2733-4050-9b4a-51b74647c4b5', '15538cb4-ef6d-4ce0-b527-9903436d1624', 'aa67f565-c66d-4385-a895-5210f112ff9c', '4854f40d-add8-4d6b-acc4-dde04e2c4715'] {{(pid=99208) reserve /opt/stack/cinder/cinder/quota.py:752}}
Jun 01 11:27:34.747984 np0000001844 devstack@c-api.service[99208]: DEBUG cinder.volume.api [None req-a35cb198-d78b-4c35-8633-c787560e186f tempest-TaggedAttachmentsTest-806370426 tempest-TaggedAttachmentsTest-806370426-project-member] Task 'cinder.volume.flows.api.create_volume.QuotaReserveTask;volume:create' (60c90ee7-89ee-42e6-af77-37645193b93f) transitioned into state 'SUCCESS' from state 'RUNNING' with result '{'reservations': ['106c5adc-2733-4050-9b4a-51b74647c4b5', '15538cb4-ef6d-4ce0-b527-9903436d1624', 'aa67f565-c66d-4385-a895-5210f112ff9c', '4854f40d-add8-4d6b-acc4-dde04e2c4715']}' {{(pid=99208) _task_receiver /opt/stack/data/venv/lib/python3.12/site-packages/taskflow/listeners/logging.py:218}}
Jun 01 11:27:34.749342 np0000001844 devstack@c-api.service[99208]: DEBUG cinder.volume.api [None req-a35cb198-d78b-4c35-8633-c787560e186f tempest-TaggedAttachmentsTest-806370426 tempest-TaggedAttachmentsTest-806370426-project-member] Task 'cinder.volume.flows.api.create_volume.EntryCreateTask;volume:create' (74f0facc-3bf3-402b-8088-fc26b88fd5de) transitioned into state 'RUNNING' from state 'PENDING' {{(pid=99208) _task_receiver /opt/stack/data/venv/lib/python3.12/site-packages/taskflow/listeners/logging.py:242}}
Jun 01 11:27:34.777223 np0000001844 devstack@c-api.service[99208]: DEBUG cinder.volume.api [None req-a35cb198-d78b-4c35-8633-c787560e186f tempest-TaggedAttachmentsTest-806370426 tempest-TaggedAttachmentsTest-806370426-project-member] Task 'cinder.volume.flows.api.create_volume.EntryCreateTask;volume:create' (74f0facc-3bf3-402b-8088-fc26b88fd5de) transitioned into state 'SUCCESS' from state 'RUNNING' with result '{'volume_id': '54000eae-f639-47da-8f5c-09058720a386', 'volume_properties': VolumeProperties(attach_status='detached',availability_zone='nova',cgsnapshot_id=None,consistencygroup_id=None,display_description=None,display_name='tempest-TaggedAttachmentsTest-volume-2076303528',encryption_key_id=None,group_id=None,group_type_id=,metadata={},multiattach=False,project_id='e96426a98d854ea39b6c3c01f392713e',qos_specs=None,replication_status=,reservations=['106c5adc-2733-4050-9b4a-51b74647c4b5','15538cb4-ef6d-4ce0-b527-9903436d1624','aa67f565-c66d-4385-a895-5210f112ff9c','4854f40d-add8-4d6b-acc4-dde04e2c4715'],size=1,snapshot_id=None,source_replicaid=,source_volid=None,status='creating',user_id='90bb50e5138b4ca38798e5e114ce1acb',volume_type_id=b2e3e495-a842-4b7f-9201-d3de96807a4a), 'volume': Volume(_name_id=None,admin_metadata=,attach_status='detached',availability_zone='nova',bootable=False,cluster=,cluster_name=None,consistencygroup=,consistencygroup_id=None,created_at=2026-06-01T11:27:34Z,deleted=False,deleted_at=None,display_description=None,display_name='tempest-TaggedAttachmentsTest-volume-2076303528',ec2_id=None,encryption_key_id=None,glance_metadata=,group=,group_id=None,host=None,id=54000eae-f639-47da-8f5c-09058720a386,launched_at=None,metadata={},migration_status=None,multiattach=False,previous_status=None,project_id='e96426a98d854ea39b6c3c01f392713e',provider_auth=None,provider_geometry=None,provider_id=None,provider_location=None,replication_driver_data=None,replication_extended_status=None,replication_status=None,scheduled_at=None,service_uuid=None,shared_targets=True,size=1,snapshot_id=None,snapshots=,source_volid=None,status='creating',terminated_at=None,updated_at=None,use_quota=True,user_id='90bb50e5138b4ca38798e5e114ce1acb',volume_attachment=VolumeAttachmentList,volume_type=VolumeType(b2e3e495-a842-4b7f-9201-d3de96807a4a),volume_type_id=b2e3e495-a842-4b7f-9201-d3de96807a4a)}' {{(pid=99208) _task_receiver /opt/stack/data/venv/lib/python3.12/site-packages/taskflow/listeners/logging.py:218}}
Jun 01 11:27:34.778247 np0000001844 devstack@c-api.service[99208]: DEBUG cinder.volume.api [None req-a35cb198-d78b-4c35-8633-c787560e186f tempest-TaggedAttachmentsTest-806370426 tempest-TaggedAttachmentsTest-806370426-project-member] Task 'cinder.volume.flows.api.create_volume.QuotaCommitTask;volume:create' (8a05b3e8-317b-43ea-b5b3-0efff4f64edf) transitioned into state 'RUNNING' from state 'PENDING' {{(pid=99208) _task_receiver /opt/stack/data/venv/lib/python3.12/site-packages/taskflow/listeners/logging.py:242}}
Jun 01 11:27:34.837850 np0000001844 devstack@c-api.service[99208]: DEBUG cinder.volume.api [None req-a35cb198-d78b-4c35-8633-c787560e186f tempest-TaggedAttachmentsTest-806370426 tempest-TaggedAttachmentsTest-806370426-project-member] Task 'cinder.volume.flows.api.create_volume.QuotaCommitTask;volume:create' (8a05b3e8-317b-43ea-b5b3-0efff4f64edf) transitioned into state 'SUCCESS' from state 'RUNNING' with result '{'volume_properties': VolumeProperties(attach_status='detached',availability_zone='nova',cgsnapshot_id=None,consistencygroup_id=None,display_description=None,display_name='tempest-TaggedAttachmentsTest-volume-2076303528',encryption_key_id=None,group_id=None,group_type_id=,metadata={},multiattach=False,project_id='e96426a98d854ea39b6c3c01f392713e',qos_specs=None,replication_status=,reservations=['106c5adc-2733-4050-9b4a-51b74647c4b5','15538cb4-ef6d-4ce0-b527-9903436d1624','aa67f565-c66d-4385-a895-5210f112ff9c','4854f40d-add8-4d6b-acc4-dde04e2c4715'],size=1,snapshot_id=None,source_replicaid=,source_volid=None,status='creating',user_id='90bb50e5138b4ca38798e5e114ce1acb',volume_type_id=b2e3e495-a842-4b7f-9201-d3de96807a4a)}' {{(pid=99208) _task_receiver /opt/stack/data/venv/lib/python3.12/site-packages/taskflow/listeners/logging.py:218}}
Jun 01 11:27:34.838037 np0000001844 devstack@c-api.service[99210]: DEBUG cinder.api.middleware.request_id [req-824aba6b-dc44-4a04-b623-7717e28a18af req-bb51709d-5135-4719-96ef-96a86a15a057 None None] RequestId filter calling following filter/app {{(pid=99210) _context_setter /opt/stack/cinder/cinder/api/middleware/request_id.py:62}}
Jun 01 11:27:34.839300 np0000001844 devstack@c-api.service[99208]: DEBUG cinder.volume.api [None req-a35cb198-d78b-4c35-8633-c787560e186f tempest-TaggedAttachmentsTest-806370426 tempest-TaggedAttachmentsTest-806370426-project-member] Task 'cinder.volume.flows.api.create_volume.VolumeCastTask;volume:create' (f44a16d7-2d1a-4c98-97f6-e0a8349c46d5) transitioned into state 'RUNNING' from state 'PENDING' {{(pid=99208) _task_receiver /opt/stack/data/venv/lib/python3.12/site-packages/taskflow/listeners/logging.py:242}}
Jun 01 11:27:34.842708 np0000001844 devstack@c-api.service[99210]: INFO cinder.api.openstack.wsgi [req-824aba6b-dc44-4a04-b623-7717e28a18af req-bb51709d-5135-4719-96ef-96a86a15a057 tempest-VolumesAssistedSnapshotsTest-1825431185 tempest-VolumesAssistedSnapshotsTest-1825431185-project-admin] PUT https://10.4.3.231/volume/v3/attachments/5c1d6a12-844b-4723-ad80-4a507c425213
Jun 01 11:27:34.843972 np0000001844 devstack@c-api.service[99210]: DEBUG cinder.api.openstack.wsgi [req-824aba6b-dc44-4a04-b623-7717e28a18af req-bb51709d-5135-4719-96ef-96a86a15a057 tempest-VolumesAssistedSnapshotsTest-1825431185 tempest-VolumesAssistedSnapshotsTest-1825431185-project-admin] Action: 'update', calling method: version_select, body: {"attachment": {"connector": {"platform": "x86_64", "os_type": "linux", "ip": "10.4.3.231", "host": "np0000001844", "multipath": true, "enforce_multipath": true, "initiator": "iqn.2016-04.com.open-iscsi:d91214f15c32", "do_local_attach": false, "uuid": "8515de1c-ba7e-467b-adde-6d9f8a8dbc1f", "system uuid": "0fa15fe1-dd37-4a0d-9456-6ec2403c3076", "nvme_native_multipath": false, "mountpoint": "/dev/vdb"}}} {{(pid=99210) _process_stack /opt/stack/cinder/cinder/api/openstack/wsgi.py:876}}
Jun 01 11:27:34.858007 np0000001844 devstack@c-api.service[99210]: DEBUG cinder.coordination [req-824aba6b-dc44-4a04-b623-7717e28a18af req-bb51709d-5135-4719-96ef-96a86a15a057 tempest-VolumesAssistedSnapshotsTest-1825431185 tempest-VolumesAssistedSnapshotsTest-1825431185-project-admin] Acquiring lock "cinder-attachment_update-817dfe64-6dab-4ccd-ab58-d14730dc1026-np0000001844" by "attachment_update" {{(pid=99210) __acquire /opt/stack/cinder/cinder/coordination.py:138}}
Jun 01 11:27:34.858136 np0000001844 devstack@c-api.service[99208]: DEBUG cinder.volume.api [None req-a35cb198-d78b-4c35-8633-c787560e186f tempest-TaggedAttachmentsTest-806370426 tempest-TaggedAttachmentsTest-806370426-project-member] Task 'cinder.volume.flows.api.create_volume.VolumeCastTask;volume:create' (f44a16d7-2d1a-4c98-97f6-e0a8349c46d5) transitioned into state 'SUCCESS' from state 'RUNNING' with result 'None' {{(pid=99208) _task_receiver /opt/stack/data/venv/lib/python3.12/site-packages/taskflow/listeners/logging.py:218}}
Jun 01 11:27:34.860247 np0000001844 devstack@c-api.service[99208]: DEBUG cinder.volume.api [None req-a35cb198-d78b-4c35-8633-c787560e186f tempest-TaggedAttachmentsTest-806370426 tempest-TaggedAttachmentsTest-806370426-project-member] Flow 'volume_create_api' (431407e1-204b-40a0-91df-95fde2d092c3) transitioned into state 'SUCCESS' from state 'RUNNING' {{(pid=99208) _flow_receiver /opt/stack/data/venv/lib/python3.12/site-packages/taskflow/listeners/logging.py:160}}
Jun 01 11:27:34.860760 np0000001844 devstack@c-api.service[99208]: INFO cinder.volume.api [None req-a35cb198-d78b-4c35-8633-c787560e186f tempest-TaggedAttachmentsTest-806370426 tempest-TaggedAttachmentsTest-806370426-project-member] Create volume request issued successfully.
Jun 01 11:27:34.863664 np0000001844 devstack@c-api.service[99208]: INFO cinder.api.openstack.wsgi [None req-a35cb198-d78b-4c35-8633-c787560e186f tempest-TaggedAttachmentsTest-806370426 tempest-TaggedAttachmentsTest-806370426-project-member] https://10.4.3.231/volume/v3/volumes returned with HTTP 202
Jun 01 11:27:34.863890 np0000001844 devstack@c-api.service[99210]: DEBUG cinder.coordination [req-824aba6b-dc44-4a04-b623-7717e28a18af req-bb51709d-5135-4719-96ef-96a86a15a057 tempest-VolumesAssistedSnapshotsTest-1825431185 tempest-VolumesAssistedSnapshotsTest-1825431185-project-admin] Lock "cinder-attachment_update-817dfe64-6dab-4ccd-ab58-d14730dc1026-np0000001844" acquired by "attachment_update" :: waited 0.007s {{(pid=99210) __acquire /opt/stack/cinder/cinder/coordination.py:141}}
Jun 01 11:27:34.864249 np0000001844 devstack@c-api.service[99208]: [pid: 99208|app: 0|req: 86/266] 10.4.3.231 () {68 vars in 1258 bytes} [Mon Jun 1 11:27:34 2026] POST /volume/v3/volumes => generated 752 bytes in 320 msecs (HTTP/1.1 202) 7 headers in 291 bytes (2 switches on core 0)
Jun 01 11:27:34.866641 np0000001844 devstack@c-api.service[99210]: /opt/stack/data/venv/lib/python3.12/site-packages/oslo_context/context.py:102: DeprecationWarning: Policy enforcement is depending on the value of is_admin. This key is deprecated. Please update your policy file to use the standard policy values.
Jun 01 11:27:34.866641 np0000001844 devstack@c-api.service[99210]: warnings.warn(
Jun 01 11:27:34.884526 np0000001844 devstack@c-api.service[99209]: DEBUG cinder.api.middleware.request_id [None req-cfa410f5-6249-4823-813e-b77ace1aec08 None None] RequestId filter calling following filter/app {{(pid=99209) _context_setter /opt/stack/cinder/cinder/api/middleware/request_id.py:62}}
Jun 01 11:27:34.886880 np0000001844 devstack@c-api.service[99209]: INFO cinder.api.openstack.wsgi [None req-cfa410f5-6249-4823-813e-b77ace1aec08 tempest-TaggedAttachmentsTest-806370426 tempest-TaggedAttachmentsTest-806370426-project-member] GET https://10.4.3.231/volume/v3/volumes/54000eae-f639-47da-8f5c-09058720a386
Jun 01 11:27:34.887609 np0000001844 devstack@c-api.service[99209]: DEBUG cinder.api.openstack.wsgi [None req-cfa410f5-6249-4823-813e-b77ace1aec08 tempest-TaggedAttachmentsTest-806370426 tempest-TaggedAttachmentsTest-806370426-project-member] Empty body provided in request {{(pid=99209) get_body /opt/stack/cinder/cinder/api/openstack/wsgi.py:725}}
Jun 01 11:27:34.888011 np0000001844 devstack@c-api.service[99209]: DEBUG cinder.api.openstack.wsgi [None req-cfa410f5-6249-4823-813e-b77ace1aec08 tempest-TaggedAttachmentsTest-806370426 tempest-TaggedAttachmentsTest-806370426-project-member] Calling method 'show' {{(pid=99209) _process_stack /opt/stack/cinder/cinder/api/openstack/wsgi.py:878}}
Jun 01 11:27:34.900355 np0000001844 devstack@c-api.service[99209]: /opt/stack/data/venv/lib/python3.12/site-packages/oslo_context/context.py:102: DeprecationWarning: Policy enforcement is depending on the value of is_admin. This key is deprecated. Please update your policy file to use the standard policy values.
Jun 01 11:27:34.900355 np0000001844 devstack@c-api.service[99209]: warnings.warn(
Jun 01 11:27:34.914409 np0000001844 devstack@c-api.service[99209]: INFO cinder.volume.api [None req-cfa410f5-6249-4823-813e-b77ace1aec08 tempest-TaggedAttachmentsTest-806370426 tempest-TaggedAttachmentsTest-806370426-project-member] Volume info retrieved successfully.
Jun 01 11:27:34.925401 np0000001844 devstack@c-api.service[99209]: INFO cinder.api.openstack.wsgi [None req-cfa410f5-6249-4823-813e-b77ace1aec08 tempest-TaggedAttachmentsTest-806370426 tempest-TaggedAttachmentsTest-806370426-project-member] https://10.4.3.231/volume/v3/volumes/54000eae-f639-47da-8f5c-09058720a386 returned with HTTP 200
Jun 01 11:27:34.926101 np0000001844 devstack@c-api.service[99209]: [pid: 99209|app: 0|req: 93/267] 10.4.3.231 () {66 vars in 1348 bytes} [Mon Jun 1 11:27:34 2026] GET /volume/v3/volumes/54000eae-f639-47da-8f5c-09058720a386 => generated 820 bytes in 43 msecs (HTTP/1.1 200) 7 headers in 285 bytes (1 switches on core 0)
Jun 01 11:27:35.374110 np0000001844 devstack@c-api.service[99208]: DEBUG cinder.api.middleware.request_id [None req-0f491f88-c86c-48b0-b799-0c35f58656ee None None] RequestId filter calling following filter/app {{(pid=99208) _context_setter /opt/stack/cinder/cinder/api/middleware/request_id.py:62}}
Jun 01 11:27:35.377895 np0000001844 devstack@c-api.service[99208]: INFO cinder.api.openstack.wsgi [None req-0f491f88-c86c-48b0-b799-0c35f58656ee tempest-AttachSCSIVolumeTestJSON-683068095 tempest-AttachSCSIVolumeTestJSON-683068095-project-member] GET https://10.4.3.231/volume/v3/volumes/ee575cc2-ffcc-4a30-a2c9-2fc0fc8c4b0f
Jun 01 11:27:35.378227 np0000001844 devstack@c-api.service[99208]: DEBUG cinder.api.openstack.wsgi [None req-0f491f88-c86c-48b0-b799-0c35f58656ee tempest-AttachSCSIVolumeTestJSON-683068095 tempest-AttachSCSIVolumeTestJSON-683068095-project-member] Empty body provided in request {{(pid=99208) get_body /opt/stack/cinder/cinder/api/openstack/wsgi.py:725}}
Jun 01 11:27:35.378514 np0000001844 devstack@c-api.service[99208]: DEBUG cinder.api.openstack.wsgi [None req-0f491f88-c86c-48b0-b799-0c35f58656ee tempest-AttachSCSIVolumeTestJSON-683068095 tempest-AttachSCSIVolumeTestJSON-683068095-project-member] Calling method 'show' {{(pid=99208) _process_stack /opt/stack/cinder/cinder/api/openstack/wsgi.py:878}}
Jun 01 11:27:35.396082 np0000001844 devstack@c-api.service[99210]: DEBUG cinder.coordination [req-824aba6b-dc44-4a04-b623-7717e28a18af req-bb51709d-5135-4719-96ef-96a86a15a057 tempest-VolumesAssistedSnapshotsTest-1825431185 tempest-VolumesAssistedSnapshotsTest-1825431185-project-admin] Lock "cinder-attachment_update-817dfe64-6dab-4ccd-ab58-d14730dc1026-np0000001844" released by "attachment_update" :: held 0.532s {{(pid=99210) __release /opt/stack/cinder/cinder/coordination.py:152}}
Jun 01 11:27:35.396509 np0000001844 devstack@c-api.service[99210]: INFO cinder.api.openstack.wsgi [req-824aba6b-dc44-4a04-b623-7717e28a18af req-bb51709d-5135-4719-96ef-96a86a15a057 tempest-VolumesAssistedSnapshotsTest-1825431185 tempest-VolumesAssistedSnapshotsTest-1825431185-project-admin] https://10.4.3.231/volume/v3/attachments/5c1d6a12-844b-4723-ad80-4a507c425213 returned with HTTP 200
Jun 01 11:27:35.397070 np0000001844 devstack@c-api.service[99210]: [pid: 99210|app: 0|req: 89/268] 10.4.3.231 () {74 vars in 1704 bytes} [Mon Jun 1 11:27:34 2026] PUT /volume/v3/attachments/5c1d6a12-844b-4723-ad80-4a507c425213 => generated 969 bytes in 560 msecs (HTTP/1.1 200) 7 headers in 286 bytes (1 switches on core 0)
Jun 01 11:27:35.405364 np0000001844 devstack@c-api.service[99208]: /opt/stack/data/venv/lib/python3.12/site-packages/oslo_context/context.py:102: DeprecationWarning: Policy enforcement is depending on the value of is_admin. This key is deprecated. Please update your policy file to use the standard policy values.
Jun 01 11:27:35.405364 np0000001844 devstack@c-api.service[99208]: warnings.warn(
Jun 01 11:27:35.414164 np0000001844 devstack@c-api.service[99208]: INFO cinder.volume.api [None req-0f491f88-c86c-48b0-b799-0c35f58656ee tempest-AttachSCSIVolumeTestJSON-683068095 tempest-AttachSCSIVolumeTestJSON-683068095-project-member] Volume info retrieved successfully.
Jun 01 11:27:35.420712 np0000001844 devstack@c-api.service[99208]: INFO cinder.api.openstack.wsgi [None req-0f491f88-c86c-48b0-b799-0c35f58656ee tempest-AttachSCSIVolumeTestJSON-683068095 tempest-AttachSCSIVolumeTestJSON-683068095-project-member] https://10.4.3.231/volume/v3/volumes/ee575cc2-ffcc-4a30-a2c9-2fc0fc8c4b0f returned with HTTP 200
Jun 01 11:27:35.421584 np0000001844 devstack@c-api.service[99208]: [pid: 99208|app: 0|req: 87/269] 10.4.3.231 () {66 vars in 1348 bytes} [Mon Jun 1 11:27:35 2026] GET /volume/v3/volumes/ee575cc2-ffcc-4a30-a2c9-2fc0fc8c4b0f => generated 848 bytes in 48 msecs (HTTP/1.1 200) 7 headers in 285 bytes (1 switches on core 0)
Jun 01 11:27:35.555758 np0000001844 devstack@c-api.service[99209]: DEBUG cinder.api.middleware.request_id [None req-ccad746d-4ea6-4eab-b901-848d5336996a None None] RequestId filter calling following filter/app {{(pid=99209) _context_setter /opt/stack/cinder/cinder/api/middleware/request_id.py:62}}
Jun 01 11:27:35.561277 np0000001844 devstack@c-api.service[99209]: INFO cinder.api.openstack.wsgi [None req-ccad746d-4ea6-4eab-b901-848d5336996a tempest-VolumesAssistedSnapshotsTest-1825431185 tempest-VolumesAssistedSnapshotsTest-1825431185-project-admin] GET https://10.4.3.231/volume/v3/volumes/817dfe64-6dab-4ccd-ab58-d14730dc1026
Jun 01 11:27:35.561599 np0000001844 devstack@c-api.service[99209]: DEBUG cinder.api.openstack.wsgi [None req-ccad746d-4ea6-4eab-b901-848d5336996a tempest-VolumesAssistedSnapshotsTest-1825431185 tempest-VolumesAssistedSnapshotsTest-1825431185-project-admin] Empty body provided in request {{(pid=99209) get_body /opt/stack/cinder/cinder/api/openstack/wsgi.py:725}}
Jun 01 11:27:35.562432 np0000001844 devstack@c-api.service[99209]: DEBUG cinder.api.openstack.wsgi [None req-ccad746d-4ea6-4eab-b901-848d5336996a tempest-VolumesAssistedSnapshotsTest-1825431185 tempest-VolumesAssistedSnapshotsTest-1825431185-project-admin] Calling method 'show' {{(pid=99209) _process_stack /opt/stack/cinder/cinder/api/openstack/wsgi.py:878}}
Jun 01 11:27:35.600644 np0000001844 devstack@c-api.service[99209]: /opt/stack/data/venv/lib/python3.12/site-packages/oslo_context/context.py:102: DeprecationWarning: Policy enforcement is depending on the value of is_admin. This key is deprecated. Please update your policy file to use the standard policy values.
Jun 01 11:27:35.600644 np0000001844 devstack@c-api.service[99209]: warnings.warn(
Jun 01 11:27:35.608499 np0000001844 devstack@c-api.service[99209]: INFO cinder.volume.api [None req-ccad746d-4ea6-4eab-b901-848d5336996a tempest-VolumesAssistedSnapshotsTest-1825431185 tempest-VolumesAssistedSnapshotsTest-1825431185-project-admin] Volume info retrieved successfully.
Jun 01 11:27:35.621451 np0000001844 devstack@c-api.service[99209]: INFO cinder.api.openstack.wsgi [None req-ccad746d-4ea6-4eab-b901-848d5336996a tempest-VolumesAssistedSnapshotsTest-1825431185 tempest-VolumesAssistedSnapshotsTest-1825431185-project-admin] https://10.4.3.231/volume/v3/volumes/817dfe64-6dab-4ccd-ab58-d14730dc1026 returned with HTTP 200
Jun 01 11:27:35.621850 np0000001844 devstack@c-api.service[99209]: [pid: 99209|app: 0|req: 94/270] 10.4.3.231 () {66 vars in 1348 bytes} [Mon Jun 1 11:27:35 2026] GET /volume/v3/volumes/817dfe64-6dab-4ccd-ab58-d14730dc1026 => generated 1024 bytes in 68 msecs (HTTP/1.1 200) 7 headers in 286 bytes (1 switches on core 0)
Jun 01 11:27:35.950790 np0000001844 devstack@c-api.service[99210]: DEBUG cinder.api.middleware.request_id [None req-ae16944c-389f-4212-8f1f-a7a6ce52e28d None None] RequestId filter calling following filter/app {{(pid=99210) _context_setter /opt/stack/cinder/cinder/api/middleware/request_id.py:62}}
Jun 01 11:27:35.952684 np0000001844 devstack@c-api.service[99210]: INFO cinder.api.openstack.wsgi [None req-ae16944c-389f-4212-8f1f-a7a6ce52e28d tempest-TaggedAttachmentsTest-806370426 tempest-TaggedAttachmentsTest-806370426-project-member] GET https://10.4.3.231/volume/v3/volumes/54000eae-f639-47da-8f5c-09058720a386
Jun 01 11:27:35.952960 np0000001844 devstack@c-api.service[99210]: DEBUG cinder.api.openstack.wsgi [None req-ae16944c-389f-4212-8f1f-a7a6ce52e28d tempest-TaggedAttachmentsTest-806370426 tempest-TaggedAttachmentsTest-806370426-project-member] Empty body provided in request {{(pid=99210) get_body /opt/stack/cinder/cinder/api/openstack/wsgi.py:725}}
Jun 01 11:27:35.953469 np0000001844 devstack@c-api.service[99210]: DEBUG cinder.api.openstack.wsgi [None req-ae16944c-389f-4212-8f1f-a7a6ce52e28d tempest-TaggedAttachmentsTest-806370426 tempest-TaggedAttachmentsTest-806370426-project-member] Calling method 'show' {{(pid=99210) _process_stack /opt/stack/cinder/cinder/api/openstack/wsgi.py:878}}
Jun 01 11:27:35.970220 np0000001844 devstack@c-api.service[99210]: /opt/stack/data/venv/lib/python3.12/site-packages/oslo_context/context.py:102: DeprecationWarning: Policy enforcement is depending on the value of is_admin. This key is deprecated. Please update your policy file to use the standard policy values.
Jun 01 11:27:35.970220 np0000001844 devstack@c-api.service[99210]: warnings.warn(
Jun 01 11:27:35.987524 np0000001844 devstack@c-api.service[99210]: INFO cinder.volume.api [None req-ae16944c-389f-4212-8f1f-a7a6ce52e28d tempest-TaggedAttachmentsTest-806370426 tempest-TaggedAttachmentsTest-806370426-project-member] Volume info retrieved successfully.
Jun 01 11:27:36.002616 np0000001844 devstack@c-api.service[99210]: INFO cinder.api.openstack.wsgi [None req-ae16944c-389f-4212-8f1f-a7a6ce52e28d tempest-TaggedAttachmentsTest-806370426 tempest-TaggedAttachmentsTest-806370426-project-member] https://10.4.3.231/volume/v3/volumes/54000eae-f639-47da-8f5c-09058720a386 returned with HTTP 200
Jun 01 11:27:36.003641 np0000001844 devstack@c-api.service[99210]: [pid: 99210|app: 0|req: 90/271] 10.4.3.231 () {66 vars in 1348 bytes} [Mon Jun 1 11:27:35 2026] GET /volume/v3/volumes/54000eae-f639-47da-8f5c-09058720a386 => generated 845 bytes in 54 msecs (HTTP/1.1 200) 7 headers in 285 bytes (1 switches on core 0)
Jun 01 11:27:36.445539 np0000001844 devstack@c-api.service[99208]: DEBUG cinder.api.middleware.request_id [None req-b16d52c8-7cb9-4235-b802-939a1b3187da None None] RequestId filter calling following filter/app {{(pid=99208) _context_setter /opt/stack/cinder/cinder/api/middleware/request_id.py:62}}
Jun 01 11:27:36.448993 np0000001844 devstack@c-api.service[99208]: INFO cinder.api.openstack.wsgi [None req-b16d52c8-7cb9-4235-b802-939a1b3187da tempest-AttachSCSIVolumeTestJSON-683068095 tempest-AttachSCSIVolumeTestJSON-683068095-project-member] GET https://10.4.3.231/volume/v3/volumes/ee575cc2-ffcc-4a30-a2c9-2fc0fc8c4b0f
Jun 01 11:27:36.449246 np0000001844 devstack@c-api.service[99208]: DEBUG cinder.api.openstack.wsgi [None req-b16d52c8-7cb9-4235-b802-939a1b3187da tempest-AttachSCSIVolumeTestJSON-683068095 tempest-AttachSCSIVolumeTestJSON-683068095-project-member] Empty body provided in request {{(pid=99208) get_body /opt/stack/cinder/cinder/api/openstack/wsgi.py:725}}
Jun 01 11:27:36.450398 np0000001844 devstack@c-api.service[99208]: DEBUG cinder.api.openstack.wsgi [None req-b16d52c8-7cb9-4235-b802-939a1b3187da tempest-AttachSCSIVolumeTestJSON-683068095 tempest-AttachSCSIVolumeTestJSON-683068095-project-member] Calling method 'show' {{(pid=99208) _process_stack /opt/stack/cinder/cinder/api/openstack/wsgi.py:878}}
Jun 01 11:27:36.471514 np0000001844 devstack@c-api.service[99208]: /opt/stack/data/venv/lib/python3.12/site-packages/oslo_context/context.py:102: DeprecationWarning: Policy enforcement is depending on the value of is_admin. This key is deprecated. Please update your policy file to use the standard policy values.
Jun 01 11:27:36.471514 np0000001844 devstack@c-api.service[99208]: warnings.warn(
Jun 01 11:27:36.480172 np0000001844 devstack@c-api.service[99208]: INFO cinder.volume.api [None req-b16d52c8-7cb9-4235-b802-939a1b3187da tempest-AttachSCSIVolumeTestJSON-683068095 tempest-AttachSCSIVolumeTestJSON-683068095-project-member] Volume info retrieved successfully.
Jun 01 11:27:36.493661 np0000001844 devstack@c-api.service[99208]: INFO cinder.api.openstack.wsgi [None req-b16d52c8-7cb9-4235-b802-939a1b3187da tempest-AttachSCSIVolumeTestJSON-683068095 tempest-AttachSCSIVolumeTestJSON-683068095-project-member] https://10.4.3.231/volume/v3/volumes/ee575cc2-ffcc-4a30-a2c9-2fc0fc8c4b0f returned with HTTP 200
Jun 01 11:27:36.494317 np0000001844 devstack@c-api.service[99208]: [pid: 99208|app: 0|req: 88/272] 10.4.3.231 () {66 vars in 1348 bytes} [Mon Jun 1 11:27:36 2026] GET /volume/v3/volumes/ee575cc2-ffcc-4a30-a2c9-2fc0fc8c4b0f => generated 848 bytes in 50 msecs (HTTP/1.1 200) 7 headers in 285 bytes (1 switches on core 0)
Jun 01 11:27:36.644136 np0000001844 devstack@c-api.service[99209]: DEBUG cinder.api.middleware.request_id [None req-c325a50f-78ad-4a21-87ef-94b053555441 None None] RequestId filter calling following filter/app {{(pid=99209) _context_setter /opt/stack/cinder/cinder/api/middleware/request_id.py:62}}
Jun 01 11:27:36.646556 np0000001844 devstack@c-api.service[99209]: INFO cinder.api.openstack.wsgi [None req-c325a50f-78ad-4a21-87ef-94b053555441 tempest-VolumesAssistedSnapshotsTest-1825431185 tempest-VolumesAssistedSnapshotsTest-1825431185-project-admin] GET https://10.4.3.231/volume/v3/volumes/817dfe64-6dab-4ccd-ab58-d14730dc1026
Jun 01 11:27:36.646556 np0000001844 devstack@c-api.service[99209]: DEBUG cinder.api.openstack.wsgi [None req-c325a50f-78ad-4a21-87ef-94b053555441 tempest-VolumesAssistedSnapshotsTest-1825431185 tempest-VolumesAssistedSnapshotsTest-1825431185-project-admin] Empty body provided in request {{(pid=99209) get_body /opt/stack/cinder/cinder/api/openstack/wsgi.py:725}}
Jun 01 11:27:36.646722 np0000001844 devstack@c-api.service[99209]: DEBUG cinder.api.openstack.wsgi [None req-c325a50f-78ad-4a21-87ef-94b053555441 tempest-VolumesAssistedSnapshotsTest-1825431185 tempest-VolumesAssistedSnapshotsTest-1825431185-project-admin] Calling method 'show' {{(pid=99209) _process_stack /opt/stack/cinder/cinder/api/openstack/wsgi.py:878}}
Jun 01 11:27:36.660618 np0000001844 devstack@c-api.service[99209]: /opt/stack/data/venv/lib/python3.12/site-packages/oslo_context/context.py:102: DeprecationWarning: Policy enforcement is depending on the value of is_admin. This key is deprecated. Please update your policy file to use the standard policy values.
Jun 01 11:27:36.660618 np0000001844 devstack@c-api.service[99209]: warnings.warn(
Jun 01 11:27:36.665019 np0000001844 devstack@c-api.service[99209]: INFO cinder.volume.api [None req-c325a50f-78ad-4a21-87ef-94b053555441 tempest-VolumesAssistedSnapshotsTest-1825431185 tempest-VolumesAssistedSnapshotsTest-1825431185-project-admin] Volume info retrieved successfully.
Jun 01 11:27:36.671898 np0000001844 devstack@c-api.service[99209]: INFO cinder.api.openstack.wsgi [None req-c325a50f-78ad-4a21-87ef-94b053555441 tempest-VolumesAssistedSnapshotsTest-1825431185 tempest-VolumesAssistedSnapshotsTest-1825431185-project-admin] https://10.4.3.231/volume/v3/volumes/817dfe64-6dab-4ccd-ab58-d14730dc1026 returned with HTTP 200
Jun 01 11:27:36.671898 np0000001844 devstack@c-api.service[99209]: [pid: 99209|app: 0|req: 95/273] 10.4.3.231 () {66 vars in 1348 bytes} [Mon Jun 1 11:27:36 2026] GET /volume/v3/volumes/817dfe64-6dab-4ccd-ab58-d14730dc1026 => generated 1024 bytes in 29 msecs (HTTP/1.1 200) 7 headers in 286 bytes (1 switches on core 0)
Jun 01 11:27:37.525848 np0000001844 devstack@c-api.service[99210]: DEBUG cinder.api.middleware.request_id [None req-47d039fe-9c77-4f82-b97b-777bf4c649b6 None None] RequestId filter calling following filter/app {{(pid=99210) _context_setter /opt/stack/cinder/cinder/api/middleware/request_id.py:62}}
Jun 01 11:27:37.530077 np0000001844 devstack@c-api.service[99210]: INFO cinder.api.openstack.wsgi [None req-47d039fe-9c77-4f82-b97b-777bf4c649b6 tempest-AttachSCSIVolumeTestJSON-683068095 tempest-AttachSCSIVolumeTestJSON-683068095-project-member] GET https://10.4.3.231/volume/v3/volumes/ee575cc2-ffcc-4a30-a2c9-2fc0fc8c4b0f
