Jun 01 11:27:44.121428 np0000001844 devstack@c-api.service[99210]: INFO cinder.api.openstack.wsgi [None req-fa62e347-5852-48d9-9b79-0c229f69cc30 tempest-VolumesTransfersV357Test-798883216 tempest-VolumesTransfersV357Test-798883216-project-member] https://10.4.3.231/volume/v3/volumes/1bf51ddd-7804-4b6e-8b33-c61e09e71aba returned with HTTP 404
Jun 01 11:27:44.121900 np0000001844 devstack@c-api.service[99210]: [pid: 99210|app: 0|req: 111/326] 10.4.3.231 () {68 vars in 1392 bytes} [Mon Jun 1 11:27:44 2026] DELETE /volume/v3/volumes/1bf51ddd-7804-4b6e-8b33-c61e09e71aba => generated 109 bytes in 10 msecs (HTTP/1.1 404) 7 headers in 293 bytes (1 switches on core 0)
Jun 01 11:27:44.132380 np0000001844 devstack@c-api.service[99209]: DEBUG cinder.api.middleware.request_id [None req-30309470-4766-4ac4-af97-cf42da190bb8 None None] RequestId filter calling following filter/app {{(pid=99209) _context_setter /opt/stack/cinder/cinder/api/middleware/request_id.py:62}}
Jun 01 11:27:44.132575 np0000001844 devstack@c-api.service[99208]: /opt/stack/data/venv/lib/python3.12/site-packages/oslo_context/context.py:102: DeprecationWarning: Policy enforcement is depending on the value of is_admin. This key is deprecated. Please update your policy file to use the standard policy values.
Jun 01 11:27:44.132575 np0000001844 devstack@c-api.service[99208]: warnings.warn(
Jun 01 11:27:44.134909 np0000001844 devstack@c-api.service[99209]: INFO cinder.api.openstack.wsgi [None req-30309470-4766-4ac4-af97-cf42da190bb8 tempest-VolumesTransfersV357Test-798883216 tempest-VolumesTransfersV357Test-798883216-project-member] POST https://10.4.3.231/volume/v3/volumes
Jun 01 11:27:44.135434 np0000001844 devstack@c-api.service[99209]: DEBUG cinder.api.openstack.wsgi [None req-30309470-4766-4ac4-af97-cf42da190bb8 tempest-VolumesTransfersV357Test-798883216 tempest-VolumesTransfersV357Test-798883216-project-member] Action: 'create', calling method: create, body: {"volume": {"size": 1, "name": "tempest-VolumesTransfersV357Test-Volume-658491034"}} {{(pid=99209) _process_stack /opt/stack/cinder/cinder/api/openstack/wsgi.py:876}}
Jun 01 11:27:44.137270 np0000001844 devstack@c-api.service[99208]: INFO cinder.volume.api [None req-0ac4f599-5f7a-4977-a7fe-c8803acded8b tempest-VolumesAssistedSnapshotsTest-1825431185 tempest-VolumesAssistedSnapshotsTest-1825431185-project-admin] Volume info retrieved successfully.
Jun 01 11:27:44.137464 np0000001844 devstack@c-api.service[99209]: DEBUG cinder.api.v3.volumes [None req-30309470-4766-4ac4-af97-cf42da190bb8 tempest-VolumesTransfersV357Test-798883216 tempest-VolumesTransfersV357Test-798883216-project-member] Create volume request body: {'volume': {'size': 1, 'name': 'tempest-VolumesTransfersV357Test-Volume-658491034'}} {{(pid=99209) create /opt/stack/cinder/cinder/api/v3/volumes.py:368}}
Jun 01 11:27:44.137663 np0000001844 devstack@c-api.service[99209]: INFO cinder.api.v3.volumes [None req-30309470-4766-4ac4-af97-cf42da190bb8 tempest-VolumesTransfersV357Test-798883216 tempest-VolumesTransfersV357Test-798883216-project-member] Create volume of 1 GB
Jun 01 11:27:44.143055 np0000001844 devstack@c-api.service[99208]: INFO cinder.api.openstack.wsgi [None req-0ac4f599-5f7a-4977-a7fe-c8803acded8b tempest-VolumesAssistedSnapshotsTest-1825431185 tempest-VolumesAssistedSnapshotsTest-1825431185-project-admin] https://10.4.3.231/volume/v3/volumes/817dfe64-6dab-4ccd-ab58-d14730dc1026 returned with HTTP 200
Jun 01 11:27:44.143480 np0000001844 devstack@c-api.service[99209]: INFO cinder.volume.api [None req-30309470-4766-4ac4-af97-cf42da190bb8 tempest-VolumesTransfersV357Test-798883216 tempest-VolumesTransfersV357Test-798883216-project-member] Availability Zones retrieved successfully.
Jun 01 11:27:44.143652 np0000001844 devstack@c-api.service[99208]: [pid: 99208|app: 0|req: 108/327] 10.4.3.231 () {66 vars in 1348 bytes} [Mon Jun 1 11:27:44 2026] GET /volume/v3/volumes/817dfe64-6dab-4ccd-ab58-d14730dc1026 => generated 1326 bytes in 37 msecs (HTTP/1.1 200) 7 headers in 286 bytes (1 switches on core 0)
Jun 01 11:27:44.152293 np0000001844 devstack@c-api.service[99209]: DEBUG cinder.volume.api [None req-30309470-4766-4ac4-af97-cf42da190bb8 tempest-VolumesTransfersV357Test-798883216 tempest-VolumesTransfersV357Test-798883216-project-member] Flow 'volume_create_api' (bf44e098-2004-4302-97ad-ce81dc601312) transitioned into state 'RUNNING' from state 'PENDING' {{(pid=99209) _flow_receiver /opt/stack/data/venv/lib/python3.12/site-packages/taskflow/listeners/logging.py:160}}
Jun 01 11:27:44.153629 np0000001844 devstack@c-api.service[99209]: DEBUG cinder.volume.api [None req-30309470-4766-4ac4-af97-cf42da190bb8 tempest-VolumesTransfersV357Test-798883216 tempest-VolumesTransfersV357Test-798883216-project-member] Task 'cinder.volume.flows.api.create_volume.ExtractVolumeRequestTask;volume:create' (1dac6100-ac9f-47bd-bee8-a9c373512cd1) transitioned into state 'RUNNING' from state 'PENDING' {{(pid=99209) _task_receiver /opt/stack/data/venv/lib/python3.12/site-packages/taskflow/listeners/logging.py:242}}
Jun 01 11:27:44.155151 np0000001844 devstack@c-api.service[99209]: DEBUG cinder.volume.flows.api.create_volume [None req-30309470-4766-4ac4-af97-cf42da190bb8 tempest-VolumesTransfersV357Test-798883216 tempest-VolumesTransfersV357Test-798883216-project-member] Validating volume size '1' using validate_int {{(pid=99209) _extract_size /opt/stack/cinder/cinder/volume/flows/api/create_volume.py:226}}
Jun 01 11:27:44.190340 np0000001844 devstack@c-api.service[99209]: DEBUG cinder.volume.api [None req-30309470-4766-4ac4-af97-cf42da190bb8 tempest-VolumesTransfersV357Test-798883216 tempest-VolumesTransfersV357Test-798883216-project-member] Task 'cinder.volume.flows.api.create_volume.ExtractVolumeRequestTask;volume:create' (1dac6100-ac9f-47bd-bee8-a9c373512cd1) transitioned into state 'SUCCESS' from state 'RUNNING' with result '{'size': 1, 'snapshot_id': None, 'source_volid': None, 'volume_type': VolumeType(created_at=2026-06-01T11:23:39Z,deleted=False,deleted_at=None,description=None,extra_specs={volume_backend_name='storpool'},id=b2e3e495-a842-4b7f-9201-d3de96807a4a,is_public=True,name='storpool',projects=[],qos_specs=,qos_specs_id=None,updated_at=None), 'volume_type_id': 'b2e3e495-a842-4b7f-9201-d3de96807a4a', 'encryption_key_id': None, 'qos_specs': None, 'consistencygroup_id': None, 'cgsnapshot_id': None, 'group_id': None, 'replication_status': 'disabled', 'refresh_az': False, 'backup_id': None, 'multiattach': False, 'availability_zones': ['nova']}' {{(pid=99209) _task_receiver /opt/stack/data/venv/lib/python3.12/site-packages/taskflow/listeners/logging.py:218}}
Jun 01 11:27:44.191704 np0000001844 devstack@c-api.service[99209]: DEBUG cinder.volume.api [None req-30309470-4766-4ac4-af97-cf42da190bb8 tempest-VolumesTransfersV357Test-798883216 tempest-VolumesTransfersV357Test-798883216-project-member] Task 'cinder.volume.flows.api.create_volume.QuotaReserveTask;volume:create' (424a14a8-a084-4c64-a26d-fe97363c19bd) transitioned into state 'RUNNING' from state 'PENDING' {{(pid=99209) _task_receiver /opt/stack/data/venv/lib/python3.12/site-packages/taskflow/listeners/logging.py:242}}
Jun 01 11:27:44.240520 np0000001844 devstack@c-api.service[99209]: DEBUG cinder.quota [None req-30309470-4766-4ac4-af97-cf42da190bb8 tempest-VolumesTransfersV357Test-798883216 tempest-VolumesTransfersV357Test-798883216-project-member] Created reservations ['a2791775-cb77-4c0d-8951-6cb5aa178d35', 'd80f755a-9804-46c9-a97c-8ed2defdef66', '3778337a-8e3c-460d-a3ad-e1276fe5289e', '8026d299-566c-4e70-bc78-10e49565ba22'] {{(pid=99209) reserve /opt/stack/cinder/cinder/quota.py:752}}
Jun 01 11:27:44.241588 np0000001844 devstack@c-api.service[99209]: DEBUG cinder.volume.api [None req-30309470-4766-4ac4-af97-cf42da190bb8 tempest-VolumesTransfersV357Test-798883216 tempest-VolumesTransfersV357Test-798883216-project-member] Task 'cinder.volume.flows.api.create_volume.QuotaReserveTask;volume:create' (424a14a8-a084-4c64-a26d-fe97363c19bd) transitioned into state 'SUCCESS' from state 'RUNNING' with result '{'reservations': ['a2791775-cb77-4c0d-8951-6cb5aa178d35', 'd80f755a-9804-46c9-a97c-8ed2defdef66', '3778337a-8e3c-460d-a3ad-e1276fe5289e', '8026d299-566c-4e70-bc78-10e49565ba22']}' {{(pid=99209) _task_receiver /opt/stack/data/venv/lib/python3.12/site-packages/taskflow/listeners/logging.py:218}}
Jun 01 11:27:44.242504 np0000001844 devstack@c-api.service[99209]: DEBUG cinder.volume.api [None req-30309470-4766-4ac4-af97-cf42da190bb8 tempest-VolumesTransfersV357Test-798883216 tempest-VolumesTransfersV357Test-798883216-project-member] Task 'cinder.volume.flows.api.create_volume.EntryCreateTask;volume:create' (f11977e9-7220-4a5b-ae8c-7d293f7a73dd) transitioned into state 'RUNNING' from state 'PENDING' {{(pid=99209) _task_receiver /opt/stack/data/venv/lib/python3.12/site-packages/taskflow/listeners/logging.py:242}}
Jun 01 11:27:44.265795 np0000001844 devstack@c-api.service[99209]: DEBUG cinder.volume.api [None req-30309470-4766-4ac4-af97-cf42da190bb8 tempest-VolumesTransfersV357Test-798883216 tempest-VolumesTransfersV357Test-798883216-project-member] Task 'cinder.volume.flows.api.create_volume.EntryCreateTask;volume:create' (f11977e9-7220-4a5b-ae8c-7d293f7a73dd) transitioned into state 'SUCCESS' from state 'RUNNING' with result '{'volume_id': '929451d5-2bd2-4112-9853-31fd934559ad', 'volume_properties': VolumeProperties(attach_status='detached',availability_zone='nova',cgsnapshot_id=None,consistencygroup_id=None,display_description=None,display_name='tempest-VolumesTransfersV357Test-Volume-658491034',encryption_key_id=None,group_id=None,group_type_id=,metadata={},multiattach=False,project_id='751e431e7bf34bffb47df9c128e2e81e',qos_specs=None,replication_status=,reservations=['a2791775-cb77-4c0d-8951-6cb5aa178d35','d80f755a-9804-46c9-a97c-8ed2defdef66','3778337a-8e3c-460d-a3ad-e1276fe5289e','8026d299-566c-4e70-bc78-10e49565ba22'],size=1,snapshot_id=None,source_replicaid=,source_volid=None,status='creating',user_id='3d713f154db746c9990ff015ed8deed2',volume_type_id=b2e3e495-a842-4b7f-9201-d3de96807a4a), 'volume': Volume(_name_id=None,admin_metadata=,attach_status='detached',availability_zone='nova',bootable=False,cluster=,cluster_name=None,consistencygroup=,consistencygroup_id=None,created_at=2026-06-01T11:27:44Z,deleted=False,deleted_at=None,display_description=None,display_name='tempest-VolumesTransfersV357Test-Volume-658491034',ec2_id=None,encryption_key_id=None,glance_metadata=,group=,group_id=None,host=None,id=929451d5-2bd2-4112-9853-31fd934559ad,launched_at=None,metadata={},migration_status=None,multiattach=False,previous_status=None,project_id='751e431e7bf34bffb47df9c128e2e81e',provider_auth=None,provider_geometry=None,provider_id=None,provider_location=None,replication_driver_data=None,replication_extended_status=None,replication_status=None,scheduled_at=None,service_uuid=None,shared_targets=True,size=1,snapshot_id=None,snapshots=,source_volid=None,status='creating',terminated_at=None,updated_at=None,use_quota=True,user_id='3d713f154db746c9990ff015ed8deed2',volume_attachment=VolumeAttachmentList,volume_type=VolumeType(b2e3e495-a842-4b7f-9201-d3de96807a4a),volume_type_id=b2e3e495-a842-4b7f-9201-d3de96807a4a)}' {{(pid=99209) _task_receiver /opt/stack/data/venv/lib/python3.12/site-packages/taskflow/listeners/logging.py:218}}
Jun 01 11:27:44.266741 np0000001844 devstack@c-api.service[99209]: DEBUG cinder.volume.api [None req-30309470-4766-4ac4-af97-cf42da190bb8 tempest-VolumesTransfersV357Test-798883216 tempest-VolumesTransfersV357Test-798883216-project-member] Task 'cinder.volume.flows.api.create_volume.QuotaCommitTask;volume:create' (52743e67-31dc-47e1-8b8b-22196f7b89db) transitioned into state 'RUNNING' from state 'PENDING' {{(pid=99209) _task_receiver /opt/stack/data/venv/lib/python3.12/site-packages/taskflow/listeners/logging.py:242}}
Jun 01 11:27:44.293151 np0000001844 devstack@c-api.service[99209]: DEBUG cinder.volume.api [None req-30309470-4766-4ac4-af97-cf42da190bb8 tempest-VolumesTransfersV357Test-798883216 tempest-VolumesTransfersV357Test-798883216-project-member] Task 'cinder.volume.flows.api.create_volume.QuotaCommitTask;volume:create' (52743e67-31dc-47e1-8b8b-22196f7b89db) transitioned into state 'SUCCESS' from state 'RUNNING' with result '{'volume_properties': VolumeProperties(attach_status='detached',availability_zone='nova',cgsnapshot_id=None,consistencygroup_id=None,display_description=None,display_name='tempest-VolumesTransfersV357Test-Volume-658491034',encryption_key_id=None,group_id=None,group_type_id=,metadata={},multiattach=False,project_id='751e431e7bf34bffb47df9c128e2e81e',qos_specs=None,replication_status=,reservations=['a2791775-cb77-4c0d-8951-6cb5aa178d35','d80f755a-9804-46c9-a97c-8ed2defdef66','3778337a-8e3c-460d-a3ad-e1276fe5289e','8026d299-566c-4e70-bc78-10e49565ba22'],size=1,snapshot_id=None,source_replicaid=,source_volid=None,status='creating',user_id='3d713f154db746c9990ff015ed8deed2',volume_type_id=b2e3e495-a842-4b7f-9201-d3de96807a4a)}' {{(pid=99209) _task_receiver /opt/stack/data/venv/lib/python3.12/site-packages/taskflow/listeners/logging.py:218}}
Jun 01 11:27:44.293990 np0000001844 devstack@c-api.service[99209]: DEBUG cinder.volume.api [None req-30309470-4766-4ac4-af97-cf42da190bb8 tempest-VolumesTransfersV357Test-798883216 tempest-VolumesTransfersV357Test-798883216-project-member] Task 'cinder.volume.flows.api.create_volume.VolumeCastTask;volume:create' (52283f9a-1df4-409e-be26-0cadf9e0f4c1) transitioned into state 'RUNNING' from state 'PENDING' {{(pid=99209) _task_receiver /opt/stack/data/venv/lib/python3.12/site-packages/taskflow/listeners/logging.py:242}}
Jun 01 11:27:44.309667 np0000001844 devstack@c-api.service[99209]: DEBUG cinder.volume.api [None req-30309470-4766-4ac4-af97-cf42da190bb8 tempest-VolumesTransfersV357Test-798883216 tempest-VolumesTransfersV357Test-798883216-project-member] Task 'cinder.volume.flows.api.create_volume.VolumeCastTask;volume:create' (52283f9a-1df4-409e-be26-0cadf9e0f4c1) transitioned into state 'SUCCESS' from state 'RUNNING' with result 'None' {{(pid=99209) _task_receiver /opt/stack/data/venv/lib/python3.12/site-packages/taskflow/listeners/logging.py:218}}
Jun 01 11:27:44.310776 np0000001844 devstack@c-api.service[99209]: DEBUG cinder.volume.api [None req-30309470-4766-4ac4-af97-cf42da190bb8 tempest-VolumesTransfersV357Test-798883216 tempest-VolumesTransfersV357Test-798883216-project-member] Flow 'volume_create_api' (bf44e098-2004-4302-97ad-ce81dc601312) transitioned into state 'SUCCESS' from state 'RUNNING' {{(pid=99209) _flow_receiver /opt/stack/data/venv/lib/python3.12/site-packages/taskflow/listeners/logging.py:160}}
Jun 01 11:27:44.311217 np0000001844 devstack@c-api.service[99209]: INFO cinder.volume.api [None req-30309470-4766-4ac4-af97-cf42da190bb8 tempest-VolumesTransfersV357Test-798883216 tempest-VolumesTransfersV357Test-798883216-project-member] Create volume request issued successfully.
Jun 01 11:27:44.312719 np0000001844 devstack@c-api.service[99209]: INFO cinder.api.openstack.wsgi [None req-30309470-4766-4ac4-af97-cf42da190bb8 tempest-VolumesTransfersV357Test-798883216 tempest-VolumesTransfersV357Test-798883216-project-member] https://10.4.3.231/volume/v3/volumes returned with HTTP 202
Jun 01 11:27:44.312719 np0000001844 devstack@c-api.service[99209]: [pid: 99209|app: 0|req: 109/328] 10.4.3.231 () {70 vars in 1299 bytes} [Mon Jun 1 11:27:44 2026] POST /volume/v3/volumes => generated 818 bytes in 181 msecs (HTTP/1.1 202) 7 headers in 292 bytes (1 switches on core 0)
Jun 01 11:27:44.330986 np0000001844 devstack@c-api.service[99210]: DEBUG cinder.api.middleware.request_id [None req-2f4638cc-46c4-4d60-b526-3dec3132a546 None None] RequestId filter calling following filter/app {{(pid=99210) _context_setter /opt/stack/cinder/cinder/api/middleware/request_id.py:62}}
Jun 01 11:27:44.333419 np0000001844 devstack@c-api.service[99210]: INFO cinder.api.openstack.wsgi [None req-2f4638cc-46c4-4d60-b526-3dec3132a546 tempest-VolumesTransfersV357Test-798883216 tempest-VolumesTransfersV357Test-798883216-project-member] GET https://10.4.3.231/volume/v3/volumes/929451d5-2bd2-4112-9853-31fd934559ad
Jun 01 11:27:44.336182 np0000001844 devstack@c-api.service[99210]: DEBUG cinder.api.openstack.wsgi [None req-2f4638cc-46c4-4d60-b526-3dec3132a546 tempest-VolumesTransfersV357Test-798883216 tempest-VolumesTransfersV357Test-798883216-project-member] Empty body provided in request {{(pid=99210) get_body /opt/stack/cinder/cinder/api/openstack/wsgi.py:725}}
Jun 01 11:27:44.336182 np0000001844 devstack@c-api.service[99210]: DEBUG cinder.api.openstack.wsgi [None req-2f4638cc-46c4-4d60-b526-3dec3132a546 tempest-VolumesTransfersV357Test-798883216 tempest-VolumesTransfersV357Test-798883216-project-member] Calling method 'show' {{(pid=99210) _process_stack /opt/stack/cinder/cinder/api/openstack/wsgi.py:878}}
Jun 01 11:27:44.343381 np0000001844 devstack@c-api.service[99208]: DEBUG cinder.api.middleware.request_id [None req-17896fc2-02e6-40b8-a5bf-8321f81253e3 None None] RequestId filter calling following filter/app {{(pid=99208) _context_setter /opt/stack/cinder/cinder/api/middleware/request_id.py:62}}
Jun 01 11:27:44.343505 np0000001844 devstack@c-api.service[99210]: /opt/stack/data/venv/lib/python3.12/site-packages/oslo_context/context.py:102: DeprecationWarning: Policy enforcement is depending on the value of is_admin. This key is deprecated. Please update your policy file to use the standard policy values.
Jun 01 11:27:44.343505 np0000001844 devstack@c-api.service[99210]: warnings.warn(
Jun 01 11:27:44.345775 np0000001844 devstack@c-api.service[99208]: INFO cinder.api.openstack.wsgi [None req-17896fc2-02e6-40b8-a5bf-8321f81253e3 tempest-AttachSCSIVolumeTestJSON-683068095 tempest-AttachSCSIVolumeTestJSON-683068095-project-reader] GET https://10.4.3.231/volume/v3/volumes/ee575cc2-ffcc-4a30-a2c9-2fc0fc8c4b0f
Jun 01 11:27:44.346028 np0000001844 devstack@c-api.service[99208]: DEBUG cinder.api.openstack.wsgi [None req-17896fc2-02e6-40b8-a5bf-8321f81253e3 tempest-AttachSCSIVolumeTestJSON-683068095 tempest-AttachSCSIVolumeTestJSON-683068095-project-reader] Empty body provided in request {{(pid=99208) get_body /opt/stack/cinder/cinder/api/openstack/wsgi.py:725}}
Jun 01 11:27:44.346281 np0000001844 devstack@c-api.service[99208]: DEBUG cinder.api.openstack.wsgi [None req-17896fc2-02e6-40b8-a5bf-8321f81253e3 tempest-AttachSCSIVolumeTestJSON-683068095 tempest-AttachSCSIVolumeTestJSON-683068095-project-reader] Calling method 'show' {{(pid=99208) _process_stack /opt/stack/cinder/cinder/api/openstack/wsgi.py:878}}
Jun 01 11:27:44.349277 np0000001844 devstack@c-api.service[99210]: INFO cinder.volume.api [None req-2f4638cc-46c4-4d60-b526-3dec3132a546 tempest-VolumesTransfersV357Test-798883216 tempest-VolumesTransfersV357Test-798883216-project-member] Volume info retrieved successfully.
Jun 01 11:27:44.355404 np0000001844 devstack@c-api.service[99210]: INFO cinder.api.openstack.wsgi [None req-2f4638cc-46c4-4d60-b526-3dec3132a546 tempest-VolumesTransfersV357Test-798883216 tempest-VolumesTransfersV357Test-798883216-project-member] https://10.4.3.231/volume/v3/volumes/929451d5-2bd2-4112-9853-31fd934559ad returned with HTTP 200
Jun 01 11:27:44.355935 np0000001844 devstack@c-api.service[99210]: [pid: 99210|app: 0|req: 112/329] 10.4.3.231 () {68 vars in 1389 bytes} [Mon Jun 1 11:27:44 2026] GET /volume/v3/volumes/929451d5-2bd2-4112-9853-31fd934559ad => generated 886 bytes in 26 msecs (HTTP/1.1 200) 7 headers in 286 bytes (1 switches on core 0)
Jun 01 11:27:44.368102 np0000001844 devstack@c-api.service[99209]: DEBUG cinder.api.middleware.request_id [None req-0011e2ae-ad14-4236-88e8-729fd9a835c2 None None] RequestId filter calling following filter/app {{(pid=99209) _context_setter /opt/stack/cinder/cinder/api/middleware/request_id.py:62}}
Jun 01 11:27:44.368221 np0000001844 devstack@c-api.service[99208]: /opt/stack/data/venv/lib/python3.12/site-packages/oslo_context/context.py:102: DeprecationWarning: Policy enforcement is depending on the value of is_admin. This key is deprecated. Please update your policy file to use the standard policy values.
Jun 01 11:27:44.368221 np0000001844 devstack@c-api.service[99208]: warnings.warn(
Jun 01 11:27:44.369024 np0000001844 devstack@c-api.service[99209]: INFO cinder.api.openstack.wsgi [None req-0011e2ae-ad14-4236-88e8-729fd9a835c2 tempest-TestMultiAttachVolumeSwap-1660653725 tempest-TestMultiAttachVolumeSwap-1660653725-project-member] GET https://10.4.3.231/volume/v3/volumes/c1f55ecb-3a81-44db-9d4b-5af5f2f4f217
Jun 01 11:27:44.369305 np0000001844 devstack@c-api.service[99209]: DEBUG cinder.api.openstack.wsgi [None req-0011e2ae-ad14-4236-88e8-729fd9a835c2 tempest-TestMultiAttachVolumeSwap-1660653725 tempest-TestMultiAttachVolumeSwap-1660653725-project-member] Empty body provided in request {{(pid=99209) get_body /opt/stack/cinder/cinder/api/openstack/wsgi.py:725}}
Jun 01 11:27:44.369584 np0000001844 devstack@c-api.service[99209]: DEBUG cinder.api.openstack.wsgi [None req-0011e2ae-ad14-4236-88e8-729fd9a835c2 tempest-TestMultiAttachVolumeSwap-1660653725 tempest-TestMultiAttachVolumeSwap-1660653725-project-member] Calling method 'show' {{(pid=99209) _process_stack /opt/stack/cinder/cinder/api/openstack/wsgi.py:878}}
Jun 01 11:27:44.373964 np0000001844 devstack@c-api.service[99208]: INFO cinder.volume.api [None req-17896fc2-02e6-40b8-a5bf-8321f81253e3 tempest-AttachSCSIVolumeTestJSON-683068095 tempest-AttachSCSIVolumeTestJSON-683068095-project-reader] Volume info retrieved successfully.
Jun 01 11:27:44.384560 np0000001844 devstack@c-api.service[99209]: /opt/stack/data/venv/lib/python3.12/site-packages/oslo_context/context.py:102: DeprecationWarning: Policy enforcement is depending on the value of is_admin. This key is deprecated. Please update your policy file to use the standard policy values.
Jun 01 11:27:44.384560 np0000001844 devstack@c-api.service[99209]: warnings.warn(
Jun 01 11:27:44.384713 np0000001844 devstack@c-api.service[99208]: INFO cinder.api.openstack.wsgi [None req-17896fc2-02e6-40b8-a5bf-8321f81253e3 tempest-AttachSCSIVolumeTestJSON-683068095 tempest-AttachSCSIVolumeTestJSON-683068095-project-reader] https://10.4.3.231/volume/v3/volumes/ee575cc2-ffcc-4a30-a2c9-2fc0fc8c4b0f returned with HTTP 200
Jun 01 11:27:44.385354 np0000001844 devstack@c-api.service[99208]: [pid: 99208|app: 0|req: 109/330] 10.4.3.231 () {66 vars in 1348 bytes} [Mon Jun 1 11:27:44 2026] GET /volume/v3/volumes/ee575cc2-ffcc-4a30-a2c9-2fc0fc8c4b0f => generated 1143 bytes in 42 msecs (HTTP/1.1 200) 7 headers in 286 bytes (1 switches on core 0)
Jun 01 11:27:44.391483 np0000001844 devstack@c-api.service[99209]: INFO cinder.volume.api [None req-0011e2ae-ad14-4236-88e8-729fd9a835c2 tempest-TestMultiAttachVolumeSwap-1660653725 tempest-TestMultiAttachVolumeSwap-1660653725-project-member] Volume info retrieved successfully.
Jun 01 11:27:44.397028 np0000001844 devstack@c-api.service[99209]: INFO cinder.api.openstack.wsgi [None req-0011e2ae-ad14-4236-88e8-729fd9a835c2 tempest-TestMultiAttachVolumeSwap-1660653725 tempest-TestMultiAttachVolumeSwap-1660653725-project-member] https://10.4.3.231/volume/v3/volumes/c1f55ecb-3a81-44db-9d4b-5af5f2f4f217 returned with HTTP 200
Jun 01 11:27:44.397671 np0000001844 devstack@c-api.service[99209]: [pid: 99209|app: 0|req: 110/331] 10.4.3.231 () {66 vars in 1348 bytes} [Mon Jun 1 11:27:44 2026] GET /volume/v3/volumes/c1f55ecb-3a81-44db-9d4b-5af5f2f4f217 => generated 869 bytes in 32 msecs (HTTP/1.1 200) 7 headers in 285 bytes (1 switches on core 0)
Jun 01 11:27:44.658655 np0000001844 devstack@c-api.service[99210]: DEBUG cinder.api.middleware.request_id [None req-8921a1ed-b232-40bc-a823-ce55df70f91c None None] RequestId filter calling following filter/app {{(pid=99210) _context_setter /opt/stack/cinder/cinder/api/middleware/request_id.py:62}}
Jun 01 11:27:44.664786 np0000001844 devstack@c-api.service[99210]: INFO cinder.api.openstack.wsgi [None req-8921a1ed-b232-40bc-a823-ce55df70f91c tempest-VolumesAssistedSnapshotsTest-1825431185 tempest-VolumesAssistedSnapshotsTest-1825431185-project-admin] GET https://10.4.3.231/volume/v3/volumes/817dfe64-6dab-4ccd-ab58-d14730dc1026
Jun 01 11:27:44.664786 np0000001844 devstack@c-api.service[99210]: DEBUG cinder.api.openstack.wsgi [None req-8921a1ed-b232-40bc-a823-ce55df70f91c tempest-VolumesAssistedSnapshotsTest-1825431185 tempest-VolumesAssistedSnapshotsTest-1825431185-project-admin] Empty body provided in request {{(pid=99210) get_body /opt/stack/cinder/cinder/api/openstack/wsgi.py:725}}
Jun 01 11:27:44.664786 np0000001844 devstack@c-api.service[99210]: DEBUG cinder.api.openstack.wsgi [None req-8921a1ed-b232-40bc-a823-ce55df70f91c tempest-VolumesAssistedSnapshotsTest-1825431185 tempest-VolumesAssistedSnapshotsTest-1825431185-project-admin] Calling method 'show' {{(pid=99210) _process_stack /opt/stack/cinder/cinder/api/openstack/wsgi.py:878}}
Jun 01 11:27:44.667592 np0000001844 devstack@c-api.service[99208]: DEBUG cinder.api.middleware.request_id [req-f930504c-450e-4e19-9aef-96c4ebaa272b req-0212d55a-d38b-4628-b05e-2a011e3325d9 None None] RequestId filter calling following filter/app {{(pid=99208) _context_setter /opt/stack/cinder/cinder/api/middleware/request_id.py:62}}
Jun 01 11:27:44.676355 np0000001844 devstack@c-api.service[99208]: INFO cinder.api.openstack.wsgi [req-f930504c-450e-4e19-9aef-96c4ebaa272b req-0212d55a-d38b-4628-b05e-2a011e3325d9 tempest-VolumesAssistedSnapshotsTest-1012780548 tempest-VolumesAssistedSnapshotsTest-1012780548-project] POST https://10.4.3.231/volume/v3/snapshots/None/action
Jun 01 11:27:44.676775 np0000001844 devstack@c-api.service[99208]: DEBUG cinder.api.openstack.wsgi [req-f930504c-450e-4e19-9aef-96c4ebaa272b req-0212d55a-d38b-4628-b05e-2a011e3325d9 tempest-VolumesAssistedSnapshotsTest-1012780548 tempest-VolumesAssistedSnapshotsTest-1012780548-project] Action body: b'{"os-update_snapshot_status": {"status": "error_deleting", "progress": "90%"}}' {{(pid=99208) get_method /opt/stack/cinder/cinder/api/openstack/wsgi.py:993}}
Jun 01 11:27:44.676999 np0000001844 devstack@c-api.service[99208]: DEBUG cinder.api.openstack.wsgi [req-f930504c-450e-4e19-9aef-96c4ebaa272b req-0212d55a-d38b-4628-b05e-2a011e3325d9 tempest-VolumesAssistedSnapshotsTest-1012780548 tempest-VolumesAssistedSnapshotsTest-1012780548-project] Action: 'action', calling method: _update_snapshot_status, body: {"os-update_snapshot_status": {"status": "error_deleting", "progress": "90%"}} {{(pid=99208) _process_stack /opt/stack/cinder/cinder/api/openstack/wsgi.py:876}}
Jun 01 11:27:44.681657 np0000001844 devstack@c-api.service[99208]: DEBUG cinder.api.contrib.snapshot_actions [req-f930504c-450e-4e19-9aef-96c4ebaa272b req-0212d55a-d38b-4628-b05e-2a011e3325d9 tempest-VolumesAssistedSnapshotsTest-1012780548 tempest-VolumesAssistedSnapshotsTest-1012780548-project] body: {'os-update_snapshot_status': {'status': 'error_deleting', 'progress': '90%'}} {{(pid=99208) _update_snapshot_status /opt/stack/cinder/cinder/api/contrib/snapshot_actions.py:46}}
Jun 01 11:27:44.684076 np0000001844 devstack@c-api.service[99210]: /opt/stack/data/venv/lib/python3.12/site-packages/oslo_context/context.py:102: DeprecationWarning: Policy enforcement is depending on the value of is_admin. This key is deprecated. Please update your policy file to use the standard policy values.
Jun 01 11:27:44.684076 np0000001844 devstack@c-api.service[99210]: warnings.warn(
Jun 01 11:27:44.689492 np0000001844 devstack@c-api.service[99210]: INFO cinder.volume.api [None req-8921a1ed-b232-40bc-a823-ce55df70f91c tempest-VolumesAssistedSnapshotsTest-1825431185 tempest-VolumesAssistedSnapshotsTest-1825431185-project-admin] Volume info retrieved successfully.
Jun 01 11:27:44.696825 np0000001844 devstack@c-api.service[99210]: INFO cinder.api.openstack.wsgi [None req-8921a1ed-b232-40bc-a823-ce55df70f91c tempest-VolumesAssistedSnapshotsTest-1825431185 tempest-VolumesAssistedSnapshotsTest-1825431185-project-admin] https://10.4.3.231/volume/v3/volumes/817dfe64-6dab-4ccd-ab58-d14730dc1026 returned with HTTP 200
Jun 01 11:27:44.697157 np0000001844 devstack@c-api.service[99210]: [pid: 99210|app: 0|req: 113/332] 10.4.3.231 () {66 vars in 1348 bytes} [Mon Jun 1 11:27:44 2026] GET /volume/v3/volumes/817dfe64-6dab-4ccd-ab58-d14730dc1026 => generated 1326 bytes in 39 msecs (HTTP/1.1 200) 7 headers in 286 bytes (1 switches on core 0)
Jun 01 11:27:44.703732 np0000001844 devstack@c-api.service[99208]: INFO cinder.api.openstack.wsgi [req-f930504c-450e-4e19-9aef-96c4ebaa272b req-0212d55a-d38b-4628-b05e-2a011e3325d9 tempest-VolumesAssistedSnapshotsTest-1012780548 tempest-VolumesAssistedSnapshotsTest-1012780548-project] https://10.4.3.231/volume/v3/snapshots/None/action returned with HTTP 404
Jun 01 11:27:44.704725 np0000001844 devstack@c-api.service[99208]: [pid: 99208|app: 0|req: 110/333] 10.4.3.231 () {72 vars in 1582 bytes} [Mon Jun 1 11:27:44 2026] POST /volume/v3/snapshots/None/action => generated 79 bytes in 38 msecs (HTTP/1.1 404) 7 headers in 291 bytes (1 switches on core 0)
Jun 01 11:27:44.800350 np0000001844 devstack@c-api.service[99209]: DEBUG cinder.api.middleware.request_id [req-aa9a4ff2-d4ae-4178-917e-f4142da62efb req-6facc6f2-9b4b-45f3-a7b6-56c2f4f25d24 None None] RequestId filter calling following filter/app {{(pid=99209) _context_setter /opt/stack/cinder/cinder/api/middleware/request_id.py:62}}
Jun 01 11:27:44.804197 np0000001844 devstack@c-api.service[99209]: INFO cinder.api.openstack.wsgi [req-aa9a4ff2-d4ae-4178-917e-f4142da62efb req-6facc6f2-9b4b-45f3-a7b6-56c2f4f25d24 tempest-VolumesAssistedSnapshotsTest-1825431185 tempest-VolumesAssistedSnapshotsTest-1825431185-project-admin] GET https://10.4.3.231/volume/v3/volumes/817dfe64-6dab-4ccd-ab58-d14730dc1026
Jun 01 11:27:44.804418 np0000001844 devstack@c-api.service[99209]: DEBUG cinder.api.openstack.wsgi [req-aa9a4ff2-d4ae-4178-917e-f4142da62efb req-6facc6f2-9b4b-45f3-a7b6-56c2f4f25d24 tempest-VolumesAssistedSnapshotsTest-1825431185 tempest-VolumesAssistedSnapshotsTest-1825431185-project-admin] Empty body provided in request {{(pid=99209) get_body /opt/stack/cinder/cinder/api/openstack/wsgi.py:725}}
Jun 01 11:27:44.804733 np0000001844 devstack@c-api.service[99209]: DEBUG cinder.api.openstack.wsgi [req-aa9a4ff2-d4ae-4178-917e-f4142da62efb req-6facc6f2-9b4b-45f3-a7b6-56c2f4f25d24 tempest-VolumesAssistedSnapshotsTest-1825431185 tempest-VolumesAssistedSnapshotsTest-1825431185-project-admin] Calling method 'show' {{(pid=99209) _process_stack /opt/stack/cinder/cinder/api/openstack/wsgi.py:878}}
Jun 01 11:27:44.821695 np0000001844 devstack@c-api.service[99209]: /opt/stack/data/venv/lib/python3.12/site-packages/oslo_context/context.py:102: DeprecationWarning: Policy enforcement is depending on the value of is_admin. This key is deprecated. Please update your policy file to use the standard policy values.
Jun 01 11:27:44.821695 np0000001844 devstack@c-api.service[99209]: warnings.warn(
Jun 01 11:27:44.830889 np0000001844 devstack@c-api.service[99209]: INFO cinder.volume.api [req-aa9a4ff2-d4ae-4178-917e-f4142da62efb req-6facc6f2-9b4b-45f3-a7b6-56c2f4f25d24 tempest-VolumesAssistedSnapshotsTest-1825431185 tempest-VolumesAssistedSnapshotsTest-1825431185-project-admin] Volume info retrieved successfully.
Jun 01 11:27:44.837717 np0000001844 devstack@c-api.service[99209]: INFO cinder.api.openstack.wsgi [req-aa9a4ff2-d4ae-4178-917e-f4142da62efb req-6facc6f2-9b4b-45f3-a7b6-56c2f4f25d24 tempest-VolumesAssistedSnapshotsTest-1825431185 tempest-VolumesAssistedSnapshotsTest-1825431185-project-admin] https://10.4.3.231/volume/v3/volumes/817dfe64-6dab-4ccd-ab58-d14730dc1026 returned with HTTP 200
Jun 01 11:27:44.838299 np0000001844 devstack@c-api.service[99209]: [pid: 99209|app: 0|req: 111/334] 10.4.3.231 () {68 vars in 1598 bytes} [Mon Jun 1 11:27:44 2026] GET /volume/v3/volumes/817dfe64-6dab-4ccd-ab58-d14730dc1026 => generated 1326 bytes in 39 msecs (HTTP/1.1 200) 7 headers in 286 bytes (1 switches on core 0)
Jun 01 11:27:44.895045 np0000001844 devstack@c-api.service[99210]: DEBUG cinder.api.middleware.request_id [req-aa9a4ff2-d4ae-4178-917e-f4142da62efb req-ce7dcfcf-630c-4ed5-b70b-7b323758b26c None None] RequestId filter calling following filter/app {{(pid=99210) _context_setter /opt/stack/cinder/cinder/api/middleware/request_id.py:62}}
Jun 01 11:27:44.898496 np0000001844 devstack@c-api.service[99210]: INFO cinder.api.openstack.wsgi [req-aa9a4ff2-d4ae-4178-917e-f4142da62efb req-ce7dcfcf-630c-4ed5-b70b-7b323758b26c tempest-VolumesAssistedSnapshotsTest-1825431185 tempest-VolumesAssistedSnapshotsTest-1825431185-project-admin] POST https://10.4.3.231/volume/v3/volumes/817dfe64-6dab-4ccd-ab58-d14730dc1026/action
Jun 01 11:27:44.898496 np0000001844 devstack@c-api.service[99210]: DEBUG cinder.api.openstack.wsgi [req-aa9a4ff2-d4ae-4178-917e-f4142da62efb req-ce7dcfcf-630c-4ed5-b70b-7b323758b26c tempest-VolumesAssistedSnapshotsTest-1825431185 tempest-VolumesAssistedSnapshotsTest-1825431185-project-admin] Action body: b'{"os-begin_detaching": null}' {{(pid=99210) get_method /opt/stack/cinder/cinder/api/openstack/wsgi.py:993}}
Jun 01 11:27:44.898496 np0000001844 devstack@c-api.service[99210]: DEBUG cinder.api.openstack.wsgi [req-aa9a4ff2-d4ae-4178-917e-f4142da62efb req-ce7dcfcf-630c-4ed5-b70b-7b323758b26c tempest-VolumesAssistedSnapshotsTest-1825431185 tempest-VolumesAssistedSnapshotsTest-1825431185-project-admin] Action: 'action', calling method: _begin_detaching, body: {"os-begin_detaching": null} {{(pid=99210) _process_stack /opt/stack/cinder/cinder/api/openstack/wsgi.py:876}}
Jun 01 11:27:44.912050 np0000001844 devstack@c-api.service[99210]: /opt/stack/data/venv/lib/python3.12/site-packages/oslo_context/context.py:102: DeprecationWarning: Policy enforcement is depending on the value of is_admin. This key is deprecated. Please update your policy file to use the standard policy values.
Jun 01 11:27:44.912050 np0000001844 devstack@c-api.service[99210]: warnings.warn(
Jun 01 11:27:44.912530 np0000001844 devstack@c-api.service[99210]: INFO cinder.volume.api [req-aa9a4ff2-d4ae-4178-917e-f4142da62efb req-ce7dcfcf-630c-4ed5-b70b-7b323758b26c tempest-VolumesAssistedSnapshotsTest-1825431185 tempest-VolumesAssistedSnapshotsTest-1825431185-project-admin] Volume info retrieved successfully.
Jun 01 11:27:44.921456 np0000001844 devstack@c-api.service[99210]: INFO cinder.volume.api [req-aa9a4ff2-d4ae-4178-917e-f4142da62efb req-ce7dcfcf-630c-4ed5-b70b-7b323758b26c tempest-VolumesAssistedSnapshotsTest-1825431185 tempest-VolumesAssistedSnapshotsTest-1825431185-project-admin] Begin detaching volume completed successfully.
Jun 01 11:27:44.921456 np0000001844 devstack@c-api.service[99210]: INFO cinder.api.openstack.wsgi [req-aa9a4ff2-d4ae-4178-917e-f4142da62efb req-ce7dcfcf-630c-4ed5-b70b-7b323758b26c tempest-VolumesAssistedSnapshotsTest-1825431185 tempest-VolumesAssistedSnapshotsTest-1825431185-project-admin] https://10.4.3.231/volume/v3/volumes/817dfe64-6dab-4ccd-ab58-d14730dc1026/action returned with HTTP 202
Jun 01 11:27:44.922548 np0000001844 devstack@c-api.service[99210]: [pid: 99210|app: 0|req: 114/335] 10.4.3.231 () {72 vars in 1672 bytes} [Mon Jun 1 11:27:44 2026] POST /volume/v3/volumes/817dfe64-6dab-4ccd-ab58-d14730dc1026/action => generated 0 bytes in 30 msecs (HTTP/1.1 202) 7 headers in 289 bytes (1 switches on core 0)
Jun 01 11:27:45.124746 np0000001844 devstack@c-api.service[99208]: DEBUG cinder.api.middleware.request_id [req-8bbf5ea9-0a2f-4f00-bcff-cdf60cd57a41 req-08c2b791-1a4c-403a-a0e2-e73463cc5266 None None] RequestId filter calling following filter/app {{(pid=99208) _context_setter /opt/stack/cinder/cinder/api/middleware/request_id.py:62}}
Jun 01 11:27:45.132828 np0000001844 devstack@c-api.service[99208]: INFO cinder.api.openstack.wsgi [req-8bbf5ea9-0a2f-4f00-bcff-cdf60cd57a41 req-08c2b791-1a4c-403a-a0e2-e73463cc5266 tempest-VolumesAssistedSnapshotsTest-1012780548 tempest-VolumesAssistedSnapshotsTest-1012780548-project] POST https://10.4.3.231/volume/v3/snapshots/4281385a-0007-4ffa-aa79-e20e9712968b/action
Jun 01 11:27:45.133423 np0000001844 devstack@c-api.service[99208]: DEBUG cinder.api.openstack.wsgi [req-8bbf5ea9-0a2f-4f00-bcff-cdf60cd57a41 req-08c2b791-1a4c-403a-a0e2-e73463cc5266 tempest-VolumesAssistedSnapshotsTest-1012780548 tempest-VolumesAssistedSnapshotsTest-1012780548-project] Action body: b'{"os-update_snapshot_status": {"status": "error", "progress": "90%"}}' {{(pid=99208) get_method /opt/stack/cinder/cinder/api/openstack/wsgi.py:993}}
Jun 01 11:27:45.133650 np0000001844 devstack@c-api.service[99208]: DEBUG cinder.api.openstack.wsgi [req-8bbf5ea9-0a2f-4f00-bcff-cdf60cd57a41 req-08c2b791-1a4c-403a-a0e2-e73463cc5266 tempest-VolumesAssistedSnapshotsTest-1012780548 tempest-VolumesAssistedSnapshotsTest-1012780548-project] Action: 'action', calling method: _update_snapshot_status, body: {"os-update_snapshot_status": {"status": "error", "progress": "90%"}} {{(pid=99208) _process_stack /opt/stack/cinder/cinder/api/openstack/wsgi.py:876}}
Jun 01 11:27:45.136466 np0000001844 devstack@c-api.service[99208]: DEBUG cinder.api.contrib.snapshot_actions [req-8bbf5ea9-0a2f-4f00-bcff-cdf60cd57a41 req-08c2b791-1a4c-403a-a0e2-e73463cc5266 tempest-VolumesAssistedSnapshotsTest-1012780548 tempest-VolumesAssistedSnapshotsTest-1012780548-project] body: {'os-update_snapshot_status': {'status': 'error', 'progress': '90%'}} {{(pid=99208) _update_snapshot_status /opt/stack/cinder/cinder/api/contrib/snapshot_actions.py:46}}
Jun 01 11:27:45.143561 np0000001844 devstack@c-api.service[99208]: INFO cinder.api.openstack.wsgi [req-8bbf5ea9-0a2f-4f00-bcff-cdf60cd57a41 req-08c2b791-1a4c-403a-a0e2-e73463cc5266 tempest-VolumesAssistedSnapshotsTest-1012780548 tempest-VolumesAssistedSnapshotsTest-1012780548-project] https://10.4.3.231/volume/v3/snapshots/4281385a-0007-4ffa-aa79-e20e9712968b/action returned with HTTP 404
Jun 01 11:27:45.144321 np0000001844 devstack@c-api.service[99208]: [pid: 99208|app: 0|req: 111/336] 10.4.3.231 () {72 vars in 1678 bytes} [Mon Jun 1 11:27:45 2026] POST /volume/v3/snapshots/4281385a-0007-4ffa-aa79-e20e9712968b/action => generated 111 bytes in 20 msecs (HTTP/1.1 404) 7 headers in 292 bytes (1 switches on core 0)
Jun 01 11:27:45.379137 np0000001844 devstack@c-api.service[99209]: DEBUG cinder.api.middleware.request_id [None req-405cbbf9-fa5e-461a-b211-a4be52d60785 None None] RequestId filter calling following filter/app {{(pid=99209) _context_setter /opt/stack/cinder/cinder/api/middleware/request_id.py:62}}
Jun 01 11:27:45.384547 np0000001844 devstack@c-api.service[99209]: INFO cinder.api.openstack.wsgi [None req-405cbbf9-fa5e-461a-b211-a4be52d60785 tempest-VolumesTransfersV357Test-798883216 tempest-VolumesTransfersV357Test-798883216-project-member] GET https://10.4.3.231/volume/v3/volumes/929451d5-2bd2-4112-9853-31fd934559ad
Jun 01 11:27:45.384547 np0000001844 devstack@c-api.service[99209]: DEBUG cinder.api.openstack.wsgi [None req-405cbbf9-fa5e-461a-b211-a4be52d60785 tempest-VolumesTransfersV357Test-798883216 tempest-VolumesTransfersV357Test-798883216-project-member] Empty body provided in request {{(pid=99209) get_body /opt/stack/cinder/cinder/api/openstack/wsgi.py:725}}
Jun 01 11:27:45.384547 np0000001844 devstack@c-api.service[99209]: DEBUG cinder.api.openstack.wsgi [None req-405cbbf9-fa5e-461a-b211-a4be52d60785 tempest-VolumesTransfersV357Test-798883216 tempest-VolumesTransfersV357Test-798883216-project-member] Calling method 'show' {{(pid=99209) _process_stack /opt/stack/cinder/cinder/api/openstack/wsgi.py:878}}
Jun 01 11:27:45.396473 np0000001844 devstack@c-api.service[99209]: /opt/stack/data/venv/lib/python3.12/site-packages/oslo_context/context.py:102: DeprecationWarning: Policy enforcement is depending on the value of is_admin. This key is deprecated. Please update your policy file to use the standard policy values.
Jun 01 11:27:45.396473 np0000001844 devstack@c-api.service[99209]: warnings.warn(
Jun 01 11:27:45.403673 np0000001844 devstack@c-api.service[99210]: DEBUG cinder.api.middleware.request_id [None req-ee845b08-c79a-43da-82f7-a00f7e783849 None None] RequestId filter calling following filter/app {{(pid=99210) _context_setter /opt/stack/cinder/cinder/api/middleware/request_id.py:62}}
Jun 01 11:27:45.407030 np0000001844 devstack@c-api.service[99209]: INFO cinder.volume.api [None req-405cbbf9-fa5e-461a-b211-a4be52d60785 tempest-VolumesTransfersV357Test-798883216 tempest-VolumesTransfersV357Test-798883216-project-member] Volume info retrieved successfully.
Jun 01 11:27:45.407183 np0000001844 devstack@c-api.service[99210]: INFO cinder.api.openstack.wsgi [None req-ee845b08-c79a-43da-82f7-a00f7e783849 tempest-AttachSCSIVolumeTestJSON-683068095 tempest-AttachSCSIVolumeTestJSON-683068095-project-reader] GET https://10.4.3.231/volume/v3/volumes/ee575cc2-ffcc-4a30-a2c9-2fc0fc8c4b0f
Jun 01 11:27:45.408723 np0000001844 devstack@c-api.service[99210]: DEBUG cinder.api.openstack.wsgi [None req-ee845b08-c79a-43da-82f7-a00f7e783849 tempest-AttachSCSIVolumeTestJSON-683068095 tempest-AttachSCSIVolumeTestJSON-683068095-project-reader] Empty body provided in request {{(pid=99210) get_body /opt/stack/cinder/cinder/api/openstack/wsgi.py:725}}
Jun 01 11:27:45.408723 np0000001844 devstack@c-api.service[99210]: DEBUG cinder.api.openstack.wsgi [None req-ee845b08-c79a-43da-82f7-a00f7e783849 tempest-AttachSCSIVolumeTestJSON-683068095 tempest-AttachSCSIVolumeTestJSON-683068095-project-reader] Calling method 'show' {{(pid=99210) _process_stack /opt/stack/cinder/cinder/api/openstack/wsgi.py:878}}
Jun 01 11:27:45.416761 np0000001844 devstack@c-api.service[99208]: DEBUG cinder.api.middleware.request_id [None req-7714c4a8-b870-4509-bbdc-3cca68c3e17b None None] RequestId filter calling following filter/app {{(pid=99208) _context_setter /opt/stack/cinder/cinder/api/middleware/request_id.py:62}}
Jun 01 11:27:45.419371 np0000001844 devstack@c-api.service[99208]: INFO cinder.api.openstack.wsgi [None req-7714c4a8-b870-4509-bbdc-3cca68c3e17b tempest-TestMultiAttachVolumeSwap-1660653725 tempest-TestMultiAttachVolumeSwap-1660653725-project-member] GET https://10.4.3.231/volume/v3/volumes/c1f55ecb-3a81-44db-9d4b-5af5f2f4f217
Jun 01 11:27:45.419371 np0000001844 devstack@c-api.service[99208]: DEBUG cinder.api.openstack.wsgi [None req-7714c4a8-b870-4509-bbdc-3cca68c3e17b tempest-TestMultiAttachVolumeSwap-1660653725 tempest-TestMultiAttachVolumeSwap-1660653725-project-member] Empty body provided in request {{(pid=99208) get_body /opt/stack/cinder/cinder/api/openstack/wsgi.py:725}}
Jun 01 11:27:45.419727 np0000001844 devstack@c-api.service[99208]: DEBUG cinder.api.openstack.wsgi [None req-7714c4a8-b870-4509-bbdc-3cca68c3e17b tempest-TestMultiAttachVolumeSwap-1660653725 tempest-TestMultiAttachVolumeSwap-1660653725-project-member] Calling method 'show' {{(pid=99208) _process_stack /opt/stack/cinder/cinder/api/openstack/wsgi.py:878}}
Jun 01 11:27:45.423498 np0000001844 devstack@c-api.service[99209]: INFO cinder.api.openstack.wsgi [None req-405cbbf9-fa5e-461a-b211-a4be52d60785 tempest-VolumesTransfersV357Test-798883216 tempest-VolumesTransfersV357Test-798883216-project-member] https://10.4.3.231/volume/v3/volumes/929451d5-2bd2-4112-9853-31fd934559ad returned with HTTP 200
Jun 01 11:27:45.424170 np0000001844 devstack@c-api.service[99209]: [pid: 99209|app: 0|req: 112/337] 10.4.3.231 () {68 vars in 1389 bytes} [Mon Jun 1 11:27:45 2026] GET /volume/v3/volumes/929451d5-2bd2-4112-9853-31fd934559ad => generated 945 bytes in 46 msecs (HTTP/1.1 200) 7 headers in 286 bytes (1 switches on core 0)
Jun 01 11:27:45.424868 np0000001844 devstack@c-api.service[99210]: /opt/stack/data/venv/lib/python3.12/site-packages/oslo_context/context.py:102: DeprecationWarning: Policy enforcement is depending on the value of is_admin. This key is deprecated. Please update your policy file to use the standard policy values.
Jun 01 11:27:45.424868 np0000001844 devstack@c-api.service[99210]: warnings.warn(
Jun 01 11:27:45.432078 np0000001844 devstack@c-api.service[99210]: INFO cinder.volume.api [None req-ee845b08-c79a-43da-82f7-a00f7e783849 tempest-AttachSCSIVolumeTestJSON-683068095 tempest-AttachSCSIVolumeTestJSON-683068095-project-reader] Volume info retrieved successfully.
Jun 01 11:27:45.439698 np0000001844 devstack@c-api.service[99210]: INFO cinder.api.openstack.wsgi [None req-ee845b08-c79a-43da-82f7-a00f7e783849 tempest-AttachSCSIVolumeTestJSON-683068095 tempest-AttachSCSIVolumeTestJSON-683068095-project-reader] https://10.4.3.231/volume/v3/volumes/ee575cc2-ffcc-4a30-a2c9-2fc0fc8c4b0f returned with HTTP 200
Jun 01 11:27:45.439698 np0000001844 devstack@c-api.service[99210]: [pid: 99210|app: 0|req: 115/338] 10.4.3.231 () {66 vars in 1348 bytes} [Mon Jun 1 11:27:45 2026] GET /volume/v3/volumes/ee575cc2-ffcc-4a30-a2c9-2fc0fc8c4b0f => generated 1143 bytes in 36 msecs (HTTP/1.1 200) 7 headers in 286 bytes (1 switches on core 0)
Jun 01 11:27:45.446431 np0000001844 devstack@c-api.service[99208]: /opt/stack/data/venv/lib/python3.12/site-packages/oslo_context/context.py:102: DeprecationWarning: Policy enforcement is depending on the value of is_admin. This key is deprecated. Please update your policy file to use the standard policy values.
Jun 01 11:27:45.446431 np0000001844 devstack@c-api.service[99208]: warnings.warn(
Jun 01 11:27:45.457170 np0000001844 devstack@c-api.service[99208]: INFO cinder.volume.api [None req-7714c4a8-b870-4509-bbdc-3cca68c3e17b tempest-TestMultiAttachVolumeSwap-1660653725 tempest-TestMultiAttachVolumeSwap-1660653725-project-member] Volume info retrieved successfully.
Jun 01 11:27:45.457355 np0000001844 devstack@c-api.service[99209]: DEBUG cinder.api.middleware.request_id [None req-73e9d4ea-52d3-468a-bc0f-bd6f583e7c0e None None] RequestId filter calling following filter/app {{(pid=99209) _context_setter /opt/stack/cinder/cinder/api/middleware/request_id.py:62}}
Jun 01 11:27:45.459944 np0000001844 devstack@c-api.service[99209]: INFO cinder.api.openstack.wsgi [None req-73e9d4ea-52d3-468a-bc0f-bd6f583e7c0e tempest-VolumesTransfersV357Test-798883216 tempest-VolumesTransfersV357Test-798883216-project-member] POST https://10.4.3.231/volume/v3/volume-transfers
Jun 01 11:27:45.460492 np0000001844 devstack@c-api.service[99209]: DEBUG cinder.api.openstack.wsgi [None req-73e9d4ea-52d3-468a-bc0f-bd6f583e7c0e tempest-VolumesTransfersV357Test-798883216 tempest-VolumesTransfersV357Test-798883216-project-member] Action: 'create', calling method: create, body: {"transfer": {"volume_id": "929451d5-2bd2-4112-9853-31fd934559ad"}} {{(pid=99209) _process_stack /opt/stack/cinder/cinder/api/openstack/wsgi.py:876}}
Jun 01 11:27:45.463681 np0000001844 devstack@c-api.service[99209]: DEBUG cinder.api.v3.volume_transfer [None req-73e9d4ea-52d3-468a-bc0f-bd6f583e7c0e tempest-VolumesTransfersV357Test-798883216 tempest-VolumesTransfersV357Test-798883216-project-member] Creating new volume transfer {'transfer': {'volume_id': '929451d5-2bd2-4112-9853-31fd934559ad'}} {{(pid=99209) create /opt/stack/cinder/cinder/api/v3/volume_transfer.py:85}}
Jun 01 11:27:45.463964 np0000001844 devstack@c-api.service[99209]: INFO cinder.api.v3.volume_transfer [None req-73e9d4ea-52d3-468a-bc0f-bd6f583e7c0e tempest-VolumesTransfersV357Test-798883216 tempest-VolumesTransfersV357Test-798883216-project-member] Creating transfer of volume 929451d5-2bd2-4112-9853-31fd934559ad
Jun 01 11:27:45.464044 np0000001844 devstack@c-api.service[99209]: INFO cinder.transfer.api [None req-73e9d4ea-52d3-468a-bc0f-bd6f583e7c0e tempest-VolumesTransfersV357Test-798883216 tempest-VolumesTransfersV357Test-798883216-project-member] Generating transfer record for volume 929451d5-2bd2-4112-9853-31fd934559ad
Jun 01 11:27:45.477819 np0000001844 devstack@c-api.service[99208]: INFO cinder.api.openstack.wsgi [None req-7714c4a8-b870-4509-bbdc-3cca68c3e17b tempest-TestMultiAttachVolumeSwap-1660653725 tempest-TestMultiAttachVolumeSwap-1660653725-project-member] https://10.4.3.231/volume/v3/volumes/c1f55ecb-3a81-44db-9d4b-5af5f2f4f217 returned with HTTP 200
Jun 01 11:27:45.481867 np0000001844 devstack@c-api.service[99208]: [pid: 99208|app: 0|req: 112/339] 10.4.3.231 () {66 vars in 1348 bytes} [Mon Jun 1 11:27:45 2026] GET /volume/v3/volumes/c1f55ecb-3a81-44db-9d4b-5af5f2f4f217 => generated 869 bytes in 63 msecs (HTTP/1.1 200) 7 headers in 285 bytes (1 switches on core 0)
Jun 01 11:27:45.482017 np0000001844 devstack@c-api.service[99209]: /opt/stack/data/venv/lib/python3.12/site-packages/oslo_context/context.py:102: DeprecationWarning: Policy enforcement is depending on the value of is_admin. This key is deprecated. Please update your policy file to use the standard policy values.
Jun 01 11:27:45.482017 np0000001844 devstack@c-api.service[99209]: warnings.warn(
Jun 01 11:27:45.527250 np0000001844 devstack@c-api.service[99209]: INFO cinder.api.openstack.wsgi [None req-73e9d4ea-52d3-468a-bc0f-bd6f583e7c0e tempest-VolumesTransfersV357Test-798883216 tempest-VolumesTransfersV357Test-798883216-project-member] https://10.4.3.231/volume/v3/volume-transfers returned with HTTP 202
Jun 01 11:27:45.527929 np0000001844 devstack@c-api.service[99209]: [pid: 99209|app: 0|req: 113/340] 10.4.3.231 () {70 vars in 1326 bytes} [Mon Jun 1 11:27:45 2026] POST /volume/v3/volume-transfers => generated 572 bytes in 72 msecs (HTTP/1.1 202) 7 headers in 292 bytes (1 switches on core 0)
Jun 01 11:27:45.547121 np0000001844 devstack@c-api.service[99210]: DEBUG cinder.api.middleware.request_id [None req-b0e7d8a6-df7c-4dd0-8fb1-f5f64375b63d None None] RequestId filter calling following filter/app {{(pid=99210) _context_setter /opt/stack/cinder/cinder/api/middleware/request_id.py:62}}
Jun 01 11:27:45.549956 np0000001844 devstack@c-api.service[99210]: INFO cinder.api.openstack.wsgi [None req-b0e7d8a6-df7c-4dd0-8fb1-f5f64375b63d tempest-VolumesTransfersV357Test-798883216 tempest-VolumesTransfersV357Test-798883216-project-member] GET https://10.4.3.231/volume/v3/volumes/929451d5-2bd2-4112-9853-31fd934559ad
