Jun 01 11:23:43.045798 np0000001844 devstack@g-api.service[102025]: DEBUG glance_store.location [-] Registering scheme swift+config with {'store': , 'location_class': , 'store_entry': 'swift'} {{(pid=102025) register_scheme_map /opt/stack/data/venv/lib/python3.12/site-packages/glance_store/location.py:146}}
Jun 01 11:23:43.045878 np0000001844 devstack@g-api.service[102025]: DEBUG glance_store.backend [-] Attempting to import store file {{(pid=102025) _load_store /opt/stack/data/venv/lib/python3.12/site-packages/glance_store/backend.py:215}}
Jun 01 11:23:43.046602 np0000001844 devstack@g-api.service[102025]: DEBUG glance_store.capabilities [-] Store glance_store._drivers.filesystem.Store doesn't support updating dynamic storage capabilities. Please overwrite 'update_capabilities' method of the store to implement updating logics if needed. {{(pid=102025) update_capabilities /opt/stack/data/venv/lib/python3.12/site-packages/glance_store/capabilities.py:91}}
Jun 01 11:23:43.046679 np0000001844 devstack@g-api.service[102025]: DEBUG glance_store.backend [-] Registering store file with schemes ('file', 'filesystem') {{(pid=102025) create_stores /opt/stack/data/venv/lib/python3.12/site-packages/glance_store/backend.py:261}}
Jun 01 11:23:43.046750 np0000001844 devstack@g-api.service[102025]: DEBUG glance_store.driver [-] Late loading location class glance_store._drivers.filesystem.StoreLocation {{(pid=102025) get_store_location_class /opt/stack/data/venv/lib/python3.12/site-packages/glance_store/driver.py:134}}
Jun 01 11:23:43.046838 np0000001844 devstack@g-api.service[102025]: DEBUG glance_store.location [-] Registering scheme file with {'store': , 'location_class': , 'store_entry': 'file'} {{(pid=102025) register_scheme_map /opt/stack/data/venv/lib/python3.12/site-packages/glance_store/location.py:146}}
Jun 01 11:23:43.046901 np0000001844 devstack@g-api.service[102025]: DEBUG glance_store.location [-] Registering scheme filesystem with {'store': , 'location_class': , 'store_entry': 'file'} {{(pid=102025) register_scheme_map /opt/stack/data/venv/lib/python3.12/site-packages/glance_store/location.py:146}}
Jun 01 11:23:43.047000 np0000001844 devstack@g-api.service[102025]: DEBUG glance_store.backend [-] Attempting to import store http {{(pid=102025) _load_store /opt/stack/data/venv/lib/python3.12/site-packages/glance_store/backend.py:215}}
Jun 01 11:23:43.047206 np0000001844 devstack@g-api.service[102025]: DEBUG glance_store.capabilities [-] Store glance_store._drivers.http.Store doesn't support updating dynamic storage capabilities. Please overwrite 'update_capabilities' method of the store to implement updating logics if needed. {{(pid=102025) update_capabilities /opt/stack/data/venv/lib/python3.12/site-packages/glance_store/capabilities.py:91}}
Jun 01 11:23:43.047277 np0000001844 devstack@g-api.service[102025]: DEBUG glance_store.backend [-] Registering store http with schemes ('http', 'https') {{(pid=102025) create_stores /opt/stack/data/venv/lib/python3.12/site-packages/glance_store/backend.py:261}}
Jun 01 11:23:43.047344 np0000001844 devstack@g-api.service[102025]: DEBUG glance_store.driver [-] Late loading location class glance_store._drivers.http.StoreLocation {{(pid=102025) get_store_location_class /opt/stack/data/venv/lib/python3.12/site-packages/glance_store/driver.py:134}}
Jun 01 11:23:43.047401 np0000001844 devstack@g-api.service[102025]: DEBUG glance_store.location [-] Registering scheme http with {'store': , 'location_class': , 'store_entry': 'http'} {{(pid=102025) register_scheme_map /opt/stack/data/venv/lib/python3.12/site-packages/glance_store/location.py:146}}
Jun 01 11:23:43.047456 np0000001844 devstack@g-api.service[102025]: DEBUG glance_store.location [-] Registering scheme https with {'store': , 'location_class': , 'store_entry': 'http'} {{(pid=102025) register_scheme_map /opt/stack/data/venv/lib/python3.12/site-packages/glance_store/location.py:146}}
Jun 01 11:23:43.047551 np0000001844 devstack@g-api.service[102025]: DEBUG glance_store.backend [-] Attempting to import store swift {{(pid=102025) _load_store /opt/stack/data/venv/lib/python3.12/site-packages/glance_store/backend.py:215}}
Jun 01 11:23:43.048620 np0000001844 devstack@g-api.service[102025]: DEBUG glance_store.capabilities [-] Store glance_store._drivers.swift.store.SingleTenantStore doesn't support updating dynamic storage capabilities. Please overwrite 'update_capabilities' method of the store to implement updating logics if needed. {{(pid=102025) update_capabilities /opt/stack/data/venv/lib/python3.12/site-packages/glance_store/capabilities.py:91}}
Jun 01 11:23:43.048698 np0000001844 devstack@g-api.service[102025]: DEBUG glance_store.driver [-] Late loading location class glance_store._drivers.swift.store.StoreLocation {{(pid=102025) get_store_location_class /opt/stack/data/venv/lib/python3.12/site-packages/glance_store/driver.py:134}}
Jun 01 11:23:43.048742 np0000001844 devstack@g-api.service[102025]: DEBUG glance_store.location [-] Registering scheme swift+https with {'store': , 'location_class': , 'store_entry': 'swift'} {{(pid=102025) register_scheme_map /opt/stack/data/venv/lib/python3.12/site-packages/glance_store/location.py:146}}
Jun 01 11:23:43.048787 np0000001844 devstack@g-api.service[102025]: DEBUG glance_store.location [-] Registering scheme swift+https with {'store': , 'location_class': , 'store_entry': 'swift'} {{(pid=102025) register_scheme_map /opt/stack/data/venv/lib/python3.12/site-packages/glance_store/location.py:146}}
Jun 01 11:23:43.048829 np0000001844 devstack@g-api.service[102025]: DEBUG glance_store.location [-] Registering scheme swift with {'store': , 'location_class': , 'store_entry': 'swift'} {{(pid=102025) register_scheme_map /opt/stack/data/venv/lib/python3.12/site-packages/glance_store/location.py:146}}
Jun 01 11:23:43.048875 np0000001844 devstack@g-api.service[102025]: DEBUG glance_store.location [-] Registering scheme swift+https with {'store': , 'location_class': , 'store_entry': 'swift'} {{(pid=102025) register_scheme_map /opt/stack/data/venv/lib/python3.12/site-packages/glance_store/location.py:146}}
Jun 01 11:23:43.048922 np0000001844 devstack@g-api.service[102025]: DEBUG glance_store.location [-] Registering scheme swift with {'store': , 'location_class': , 'store_entry': 'swift'} {{(pid=102025) register_scheme_map /opt/stack/data/venv/lib/python3.12/site-packages/glance_store/location.py:146}}
Jun 01 11:23:43.048964 np0000001844 devstack@g-api.service[102025]: DEBUG glance_store.location [-] Registering scheme swift+http with {'store': , 'location_class': , 'store_entry': 'swift'} {{(pid=102025) register_scheme_map /opt/stack/data/venv/lib/python3.12/site-packages/glance_store/location.py:146}}
Jun 01 11:23:43.049049 np0000001844 devstack@g-api.service[102025]: DEBUG glance_store.location [-] Registering scheme swift+https with {'store': , 'location_class': , 'store_entry': 'swift'} {{(pid=102025) register_scheme_map /opt/stack/data/venv/lib/python3.12/site-packages/glance_store/location.py:146}}
Jun 01 11:23:43.049129 np0000001844 devstack@g-api.service[102025]: DEBUG glance_store.location [-] Registering scheme swift with {'store': , 'location_class': , 'store_entry': 'swift'} {{(pid=102025) register_scheme_map /opt/stack/data/venv/lib/python3.12/site-packages/glance_store/location.py:146}}
Jun 01 11:23:43.049218 np0000001844 devstack@g-api.service[102025]: DEBUG glance_store.location [-] Registering scheme swift+http with {'store': , 'location_class': , 'store_entry': 'swift'} {{(pid=102025) register_scheme_map /opt/stack/data/venv/lib/python3.12/site-packages/glance_store/location.py:146}}
Jun 01 11:23:43.049329 np0000001844 devstack@g-api.service[102025]: DEBUG glance_store.location [-] Registering scheme swift+config with {'store': , 'location_class': , 'store_entry': 'swift'} {{(pid=102025) register_scheme_map /opt/stack/data/venv/lib/python3.12/site-packages/glance_store/location.py:146}}
Jun 01 11:23:43.049663 np0000001844 devstack@g-api.service[102025]: DEBUG glance.sqlite_migration [-] SQLite caching database not located, skipping migration {{(pid=102025) get_db_path /opt/stack/glance/glance/sqlite_migration.py:68}}
Jun 01 11:23:43.049897 np0000001844 devstack@g-api.service[102025]: WARNING glance.common.wsgi_app [-] Import methods are enabled but staging directory /tmp/staging/ does not exist; Imports will fail!
Jun 01 11:23:43.248334 np0000001844 devstack@g-api.service[102023]: DEBUG glance.common.config [None req-f9a422ad-2b8c-4eb8-93d1-f171cc38a11d None None] Loading glance-api-keystone+cachemanagement from /etc/glance/glance-api-paste.ini {{(pid=102023) load_paste_app /opt/stack/glance/glance/common/config.py:758}}
Jun 01 11:23:43.269055 np0000001844 devstack@g-api.service[102024]: DEBUG glance.common.config [None req-f1cc87fe-de09-4f61-9fdb-06b3e6984fc6 None None] Loading glance-api-keystone+cachemanagement from /etc/glance/glance-api-paste.ini {{(pid=102024) load_paste_app /opt/stack/glance/glance/common/config.py:758}}
Jun 01 11:23:43.297873 np0000001844 devstack@g-api.service[102025]: DEBUG glance.common.config [None req-9edd5fcc-f66b-4582-acd3-2d036b9ed345 None None] Loading glance-api-keystone+cachemanagement from /etc/glance/glance-api-paste.ini {{(pid=102025) load_paste_app /opt/stack/glance/glance/common/config.py:758}}
Jun 01 11:23:43.819166 np0000001844 devstack@g-api.service[102025]: INFO glance.image_cache [None req-9edd5fcc-f66b-4582-acd3-2d036b9ed345 None None] Image cache loaded driver 'centralized_db'.
Jun 01 11:23:43.821818 np0000001844 devstack@g-api.service[102023]: INFO glance.image_cache [None req-f9a422ad-2b8c-4eb8-93d1-f171cc38a11d None None] Image cache loaded driver 'centralized_db'.
Jun 01 11:23:43.830704 np0000001844 devstack@g-api.service[102024]: INFO glance.image_cache [None req-f1cc87fe-de09-4f61-9fdb-06b3e6984fc6 None None] Image cache loaded driver 'centralized_db'.
Jun 01 11:23:43.862292 np0000001844 devstack@g-api.service[102025]: INFO dbcounter [None req-9edd5fcc-f66b-4582-acd3-2d036b9ed345 None None] Registered counter for database glance
Jun 01 11:23:43.870343 np0000001844 devstack@g-api.service[102023]: INFO dbcounter [None req-f9a422ad-2b8c-4eb8-93d1-f171cc38a11d None None] Registered counter for database glance
Jun 01 11:23:43.875874 np0000001844 devstack@g-api.service[102024]: INFO dbcounter [None req-f1cc87fe-de09-4f61-9fdb-06b3e6984fc6 None None] Registered counter for database glance
Jun 01 11:23:43.906730 np0000001844 devstack@g-api.service[102025]: DEBUG oslo_db.sqlalchemy.engines [None req-9edd5fcc-f66b-4582-acd3-2d036b9ed345 None None] MySQL server mode set to STRICT_TRANS_TABLES,STRICT_ALL_TABLES,NO_ZERO_IN_DATE,NO_ZERO_DATE,ERROR_FOR_DIVISION_BY_ZERO,TRADITIONAL,NO_ENGINE_SUBSTITUTION {{(pid=102025) _check_effective_sql_mode /opt/stack/data/venv/lib/python3.12/site-packages/oslo_db/sqlalchemy/engines.py:325}}
Jun 01 11:23:43.914356 np0000001844 devstack@g-api.service[102023]: DEBUG oslo_db.sqlalchemy.engines [None req-f9a422ad-2b8c-4eb8-93d1-f171cc38a11d None None] MySQL server mode set to STRICT_TRANS_TABLES,STRICT_ALL_TABLES,NO_ZERO_IN_DATE,NO_ZERO_DATE,ERROR_FOR_DIVISION_BY_ZERO,TRADITIONAL,NO_ENGINE_SUBSTITUTION {{(pid=102023) _check_effective_sql_mode /opt/stack/data/venv/lib/python3.12/site-packages/oslo_db/sqlalchemy/engines.py:325}}
Jun 01 11:23:43.924757 np0000001844 devstack@g-api.service[102024]: DEBUG oslo_db.sqlalchemy.engines [None req-f1cc87fe-de09-4f61-9fdb-06b3e6984fc6 None None] MySQL server mode set to STRICT_TRANS_TABLES,STRICT_ALL_TABLES,NO_ZERO_IN_DATE,NO_ZERO_DATE,ERROR_FOR_DIVISION_BY_ZERO,TRADITIONAL,NO_ENGINE_SUBSTITUTION {{(pid=102024) _check_effective_sql_mode /opt/stack/data/venv/lib/python3.12/site-packages/oslo_db/sqlalchemy/engines.py:325}}
Jun 01 11:23:43.926527 np0000001844 devstack@g-api.service[102025]: DEBUG dbcounter [-] [102025] Writer thread running {{(pid=102025) stat_writer /opt/stack/data/venv/lib/python3.12/site-packages/dbcounter.py:102}}
Jun 01 11:23:43.935781 np0000001844 devstack@g-api.service[102025]: INFO glance.image_cache [None req-9edd5fcc-f66b-4582-acd3-2d036b9ed345 None None] Image cache loaded driver 'centralized_db'.
Jun 01 11:23:43.941456 np0000001844 devstack@g-api.service[102023]: DEBUG dbcounter [-] [102023] Writer thread running {{(pid=102023) stat_writer /opt/stack/data/venv/lib/python3.12/site-packages/dbcounter.py:102}}
Jun 01 11:23:43.942811 np0000001844 devstack@g-api.service[102025]: DEBUG glance.image_cache.drivers.centralized_db [None req-9edd5fcc-f66b-4582-acd3-2d036b9ed345 None None] Node reference is already recorded, ignoring it {{(pid=102025) configure /opt/stack/glance/glance/image_cache/drivers/centralized_db.py:71}}
Jun 01 11:23:43.944350 np0000001844 devstack@g-api.service[102023]: DEBUG glance.image_cache.drivers.centralized_db [None req-f9a422ad-2b8c-4eb8-93d1-f171cc38a11d None None] Node reference is already recorded, ignoring it {{(pid=102023) configure /opt/stack/glance/glance/image_cache/drivers/centralized_db.py:71}}
Jun 01 11:23:43.947028 np0000001844 devstack@g-api.service[102025]: DEBUG glance.api.v2.cached_images [None req-9edd5fcc-f66b-4582-acd3-2d036b9ed345 None None] Started cache worker thread {{(pid=102025) __init__ /opt/stack/glance/glance/api/v2/cached_images.py:69}}
Jun 01 11:23:43.947606 np0000001844 devstack@g-api.service[102025]: INFO glance.image_cache [None req-9edd5fcc-f66b-4582-acd3-2d036b9ed345 None None] Image cache loaded driver 'centralized_db'.
Jun 01 11:23:43.952595 np0000001844 devstack@g-api.service[102023]: INFO glance.image_cache [None req-f9a422ad-2b8c-4eb8-93d1-f171cc38a11d None None] Image cache loaded driver 'centralized_db'.
Jun 01 11:23:43.952931 np0000001844 devstack@g-api.service[102024]: DEBUG dbcounter [-] [102024] Writer thread running {{(pid=102024) stat_writer /opt/stack/data/venv/lib/python3.12/site-packages/dbcounter.py:102}}
Jun 01 11:23:43.953670 np0000001844 devstack@g-api.service[102025]: DEBUG glance.image_cache.drivers.centralized_db [None req-9edd5fcc-f66b-4582-acd3-2d036b9ed345 None None] Node reference is already recorded, ignoring it {{(pid=102025) configure /opt/stack/glance/glance/image_cache/drivers/centralized_db.py:71}}
Jun 01 11:23:43.955849 np0000001844 devstack@g-api.service[102024]: DEBUG glance.image_cache.drivers.centralized_db [None req-f1cc87fe-de09-4f61-9fdb-06b3e6984fc6 None None] Node reference is already recorded, ignoring it {{(pid=102024) configure /opt/stack/glance/glance/image_cache/drivers/centralized_db.py:71}}
Jun 01 11:23:43.957653 np0000001844 devstack@g-api.service[102025]: INFO glance.api.middleware.cache_manage [None req-9edd5fcc-f66b-4582-acd3-2d036b9ed345 None None] Initialized image cache management middleware
Jun 01 11:23:43.957773 np0000001844 devstack@g-api.service[102025]: INFO glance.image_cache [None req-9edd5fcc-f66b-4582-acd3-2d036b9ed345 None None] Image cache loaded driver 'centralized_db'.
Jun 01 11:23:43.960649 np0000001844 devstack@g-api.service[102023]: DEBUG glance.image_cache.drivers.centralized_db [None req-f9a422ad-2b8c-4eb8-93d1-f171cc38a11d None None] Node reference is already recorded, ignoring it {{(pid=102023) configure /opt/stack/glance/glance/image_cache/drivers/centralized_db.py:71}}
Jun 01 11:23:43.962679 np0000001844 devstack@g-api.service[102024]: INFO glance.image_cache [None req-f1cc87fe-de09-4f61-9fdb-06b3e6984fc6 None None] Image cache loaded driver 'centralized_db'.
Jun 01 11:23:43.963503 np0000001844 devstack@g-api.service[102025]: DEBUG glance.image_cache.drivers.centralized_db [None req-9edd5fcc-f66b-4582-acd3-2d036b9ed345 None None] Node reference is already recorded, ignoring it {{(pid=102025) configure /opt/stack/glance/glance/image_cache/drivers/centralized_db.py:71}}
Jun 01 11:23:43.965216 np0000001844 devstack@g-api.service[102023]: DEBUG glance.api.v2.cached_images [None req-f9a422ad-2b8c-4eb8-93d1-f171cc38a11d None None] Started cache worker thread {{(pid=102023) __init__ /opt/stack/glance/glance/api/v2/cached_images.py:69}}
Jun 01 11:23:43.965772 np0000001844 devstack@g-api.service[102023]: INFO glance.image_cache [None req-f9a422ad-2b8c-4eb8-93d1-f171cc38a11d None None] Image cache loaded driver 'centralized_db'.
Jun 01 11:23:43.966686 np0000001844 devstack@g-api.service[102025]: INFO glance.api.middleware.cache [None req-9edd5fcc-f66b-4582-acd3-2d036b9ed345 None None] Initialized image cache middleware
Jun 01 11:23:43.968696 np0000001844 devstack@g-api.service[102024]: DEBUG glance.image_cache.drivers.centralized_db [None req-f1cc87fe-de09-4f61-9fdb-06b3e6984fc6 None None] Node reference is already recorded, ignoring it {{(pid=102024) configure /opt/stack/glance/glance/image_cache/drivers/centralized_db.py:71}}
Jun 01 11:23:43.972326 np0000001844 devstack@g-api.service[102023]: DEBUG glance.image_cache.drivers.centralized_db [None req-f9a422ad-2b8c-4eb8-93d1-f171cc38a11d None None] Node reference is already recorded, ignoring it {{(pid=102023) configure /opt/stack/glance/glance/image_cache/drivers/centralized_db.py:71}}
Jun 01 11:23:43.973332 np0000001844 devstack@g-api.service[102024]: DEBUG glance.api.v2.cached_images [None req-f1cc87fe-de09-4f61-9fdb-06b3e6984fc6 None None] Started cache worker thread {{(pid=102024) __init__ /opt/stack/glance/glance/api/v2/cached_images.py:69}}
Jun 01 11:23:43.973932 np0000001844 devstack@g-api.service[102024]: INFO glance.image_cache [None req-f1cc87fe-de09-4f61-9fdb-06b3e6984fc6 None None] Image cache loaded driver 'centralized_db'.
Jun 01 11:23:43.976689 np0000001844 devstack@g-api.service[102023]: INFO glance.api.middleware.cache_manage [None req-f9a422ad-2b8c-4eb8-93d1-f171cc38a11d None None] Initialized image cache management middleware
Jun 01 11:23:43.976828 np0000001844 devstack@g-api.service[102023]: INFO glance.image_cache [None req-f9a422ad-2b8c-4eb8-93d1-f171cc38a11d None None] Image cache loaded driver 'centralized_db'.
Jun 01 11:23:43.980985 np0000001844 devstack@g-api.service[102024]: DEBUG glance.image_cache.drivers.centralized_db [None req-f1cc87fe-de09-4f61-9fdb-06b3e6984fc6 None None] Node reference is already recorded, ignoring it {{(pid=102024) configure /opt/stack/glance/glance/image_cache/drivers/centralized_db.py:71}}
Jun 01 11:23:43.983472 np0000001844 devstack@g-api.service[102023]: DEBUG glance.image_cache.drivers.centralized_db [None req-f9a422ad-2b8c-4eb8-93d1-f171cc38a11d None None] Node reference is already recorded, ignoring it {{(pid=102023) configure /opt/stack/glance/glance/image_cache/drivers/centralized_db.py:71}}
Jun 01 11:23:43.985640 np0000001844 devstack@g-api.service[102024]: INFO glance.api.middleware.cache_manage [None req-f1cc87fe-de09-4f61-9fdb-06b3e6984fc6 None None] Initialized image cache management middleware
Jun 01 11:23:43.985795 np0000001844 devstack@g-api.service[102024]: INFO glance.image_cache [None req-f1cc87fe-de09-4f61-9fdb-06b3e6984fc6 None None] Image cache loaded driver 'centralized_db'.
Jun 01 11:23:43.986967 np0000001844 devstack@g-api.service[102023]: INFO glance.api.middleware.cache [None req-f9a422ad-2b8c-4eb8-93d1-f171cc38a11d None None] Initialized image cache middleware
Jun 01 11:23:43.991793 np0000001844 devstack@g-api.service[102024]: DEBUG glance.image_cache.drivers.centralized_db [None req-f1cc87fe-de09-4f61-9fdb-06b3e6984fc6 None None] Node reference is already recorded, ignoring it {{(pid=102024) configure /opt/stack/glance/glance/image_cache/drivers/centralized_db.py:71}}
Jun 01 11:23:43.995375 np0000001844 devstack@g-api.service[102024]: INFO glance.api.middleware.cache [None req-f1cc87fe-de09-4f61-9fdb-06b3e6984fc6 None None] Initialized image cache middleware
Jun 01 11:23:44.006802 np0000001844 devstack@g-api.service[102024]: DEBUG glance.common.config [None req-f1cc87fe-de09-4f61-9fdb-06b3e6984fc6 None None] ******************************************************************************** {{(pid=102024) log_opt_values /opt/stack/data/venv/lib/python3.12/site-packages/oslo_config/cfg.py:3229}}
Jun 01 11:23:44.006932 np0000001844 devstack@g-api.service[102024]: DEBUG glance.common.config [None req-f1cc87fe-de09-4f61-9fdb-06b3e6984fc6 None None] Configuration options gathered from: {{(pid=102024) log_opt_values /opt/stack/data/venv/lib/python3.12/site-packages/oslo_config/cfg.py:3230}}
Jun 01 11:23:44.007205 np0000001844 devstack@g-api.service[102024]: DEBUG glance.common.config [None req-f1cc87fe-de09-4f61-9fdb-06b3e6984fc6 None None] command line args: [] {{(pid=102024) log_opt_values /opt/stack/data/venv/lib/python3.12/site-packages/oslo_config/cfg.py:3231}}
Jun 01 11:23:44.007351 np0000001844 devstack@g-api.service[102024]: DEBUG glance.common.config [None req-f1cc87fe-de09-4f61-9fdb-06b3e6984fc6 None None] config files: ['/etc/glance/glance-image-import.conf', '/etc/glance/glance-api.conf'] {{(pid=102024) log_opt_values /opt/stack/data/venv/lib/python3.12/site-packages/oslo_config/cfg.py:3232}}
Jun 01 11:23:44.007420 np0000001844 devstack@g-api.service[102024]: DEBUG glance.common.config [None req-f1cc87fe-de09-4f61-9fdb-06b3e6984fc6 None None] ================================================================================ {{(pid=102024) log_opt_values /opt/stack/data/venv/lib/python3.12/site-packages/oslo_config/cfg.py:3237}}
Jun 01 11:23:44.007543 np0000001844 devstack@g-api.service[102024]: DEBUG glance.common.config [None req-f1cc87fe-de09-4f61-9fdb-06b3e6984fc6 None None] allow_anonymous_access = False {{(pid=102024) log_opt_values /opt/stack/data/venv/lib/python3.12/site-packages/oslo_config/cfg.py:3245}}
Jun 01 11:23:44.007651 np0000001844 devstack@g-api.service[102024]: DEBUG glance.common.config [None req-f1cc87fe-de09-4f61-9fdb-06b3e6984fc6 None None] api_limit_max = 1000 {{(pid=102024) log_opt_values /opt/stack/data/venv/lib/python3.12/site-packages/oslo_config/cfg.py:3245}}
Jun 01 11:23:44.007748 np0000001844 devstack@g-api.service[102024]: DEBUG glance.common.config [None req-f1cc87fe-de09-4f61-9fdb-06b3e6984fc6 None None] backlog = 4096 {{(pid=102024) log_opt_values /opt/stack/data/venv/lib/python3.12/site-packages/oslo_config/cfg.py:3245}}
Jun 01 11:23:44.007872 np0000001844 devstack@g-api.service[102024]: DEBUG glance.common.config [None req-f1cc87fe-de09-4f61-9fdb-06b3e6984fc6 None None] bind_host = 0.0.0.0 {{(pid=102024) log_opt_values /opt/stack/data/venv/lib/python3.12/site-packages/oslo_config/cfg.py:3245}}
Jun 01 11:23:44.008045 np0000001844 devstack@g-api.service[102024]: DEBUG glance.common.config [None req-f1cc87fe-de09-4f61-9fdb-06b3e6984fc6 None None] bind_port = 19292 {{(pid=102024) log_opt_values /opt/stack/data/venv/lib/python3.12/site-packages/oslo_config/cfg.py:3245}}
Jun 01 11:23:44.008178 np0000001844 devstack@g-api.service[102024]: DEBUG glance.common.config [None req-f1cc87fe-de09-4f61-9fdb-06b3e6984fc6 None None] client_socket_timeout = 900 {{(pid=102024) log_opt_values /opt/stack/data/venv/lib/python3.12/site-packages/oslo_config/cfg.py:3245}}
Jun 01 11:23:44.008298 np0000001844 devstack@g-api.service[102024]: DEBUG glance.common.config [None req-f1cc87fe-de09-4f61-9fdb-06b3e6984fc6 None None] config_dir = [] {{(pid=102024) log_opt_values /opt/stack/data/venv/lib/python3.12/site-packages/oslo_config/cfg.py:3245}}
Jun 01 11:23:44.008402 np0000001844 devstack@g-api.service[102024]: DEBUG glance.common.config [None req-f1cc87fe-de09-4f61-9fdb-06b3e6984fc6 None None] config_file = ['/etc/glance/glance-image-import.conf', '/etc/glance/glance-api.conf'] {{(pid=102024) log_opt_values /opt/stack/data/venv/lib/python3.12/site-packages/oslo_config/cfg.py:3245}}
Jun 01 11:23:44.008500 np0000001844 devstack@g-api.service[102024]: DEBUG glance.common.config [None req-f1cc87fe-de09-4f61-9fdb-06b3e6984fc6 None None] config_source = [] {{(pid=102024) log_opt_values /opt/stack/data/venv/lib/python3.12/site-packages/oslo_config/cfg.py:3245}}
Jun 01 11:23:44.008599 np0000001844 devstack@g-api.service[102024]: DEBUG glance.common.config [None req-f1cc87fe-de09-4f61-9fdb-06b3e6984fc6 None None] control_exchange = glance {{(pid=102024) log_opt_values /opt/stack/data/venv/lib/python3.12/site-packages/oslo_config/cfg.py:3245}}
Jun 01 11:23:44.008672 np0000001844 devstack@g-api.service[102024]: DEBUG glance.common.config [None req-f1cc87fe-de09-4f61-9fdb-06b3e6984fc6 None None] debug = True {{(pid=102024) log_opt_values /opt/stack/data/venv/lib/python3.12/site-packages/oslo_config/cfg.py:3245}}
Jun 01 11:23:44.008847 np0000001844 devstack@g-api.service[102024]: DEBUG glance.common.config [None req-f1cc87fe-de09-4f61-9fdb-06b3e6984fc6 None None] default_log_levels = ['amqp=WARN', 'boto=WARN', 'sqlalchemy=WARN', 'suds=INFO', 'oslo.messaging=INFO', 'oslo_messaging=INFO', 'iso8601=WARN', 'requests.packages.urllib3.connectionpool=WARN', 'urllib3.connectionpool=WARN', 'websocket=WARN', 'requests.packages.urllib3.util.retry=WARN', 'urllib3.util.retry=WARN', 'keystonemiddleware=WARN', 'routes.middleware=WARN', 'stevedore=WARN', 'taskflow=WARN', 'keystoneauth=WARN', 'oslo.cache=INFO', 'oslo_policy=INFO', 'dogpile.core.dogpile=INFO'] {{(pid=102024) log_opt_values /opt/stack/data/venv/lib/python3.12/site-packages/oslo_config/cfg.py:3245}}
Jun 01 11:23:44.008939 np0000001844 devstack@g-api.service[102024]: DEBUG glance.common.config [None req-f1cc87fe-de09-4f61-9fdb-06b3e6984fc6 None None] default_publisher_id = image.localhost {{(pid=102024) log_opt_values /opt/stack/data/venv/lib/python3.12/site-packages/oslo_config/cfg.py:3245}}
Jun 01 11:23:44.009047 np0000001844 devstack@g-api.service[102024]: DEBUG glance.common.config [None req-f1cc87fe-de09-4f61-9fdb-06b3e6984fc6 None None] delayed_delete = False {{(pid=102024) log_opt_values /opt/stack/data/venv/lib/python3.12/site-packages/oslo_config/cfg.py:3245}}
Jun 01 11:23:44.009141 np0000001844 devstack@g-api.service[102024]: DEBUG glance.common.config [None req-f1cc87fe-de09-4f61-9fdb-06b3e6984fc6 None None] digest_algorithm = sha256 {{(pid=102024) log_opt_values /opt/stack/data/venv/lib/python3.12/site-packages/oslo_config/cfg.py:3245}}
Jun 01 11:23:44.009238 np0000001844 devstack@g-api.service[102024]: DEBUG glance.common.config [None req-f1cc87fe-de09-4f61-9fdb-06b3e6984fc6 None None] disabled_notifications = [] {{(pid=102024) log_opt_values /opt/stack/data/venv/lib/python3.12/site-packages/oslo_config/cfg.py:3245}}
Jun 01 11:23:44.009334 np0000001844 devstack@g-api.service[102024]: DEBUG glance.common.config [None req-f1cc87fe-de09-4f61-9fdb-06b3e6984fc6 None None] do_secure_hash = True {{(pid=102024) log_opt_values /opt/stack/data/venv/lib/python3.12/site-packages/oslo_config/cfg.py:3245}}
Jun 01 11:23:44.009421 np0000001844 devstack@g-api.service[102024]: DEBUG glance.common.config [None req-f1cc87fe-de09-4f61-9fdb-06b3e6984fc6 None None] enabled_backends = None {{(pid=102024) log_opt_values /opt/stack/data/venv/lib/python3.12/site-packages/oslo_config/cfg.py:3245}}
Jun 01 11:23:44.009525 np0000001844 devstack@g-api.service[102024]: DEBUG glance.common.config [None req-f1cc87fe-de09-4f61-9fdb-06b3e6984fc6 None None] enabled_import_methods = ['glance-direct', 'web-download', 'copy-image'] {{(pid=102024) log_opt_values /opt/stack/data/venv/lib/python3.12/site-packages/oslo_config/cfg.py:3245}}
Jun 01 11:23:44.009616 np0000001844 devstack@g-api.service[102024]: DEBUG glance.common.config [None req-f1cc87fe-de09-4f61-9fdb-06b3e6984fc6 None None] fatal_deprecations = False {{(pid=102024) log_opt_values /opt/stack/data/venv/lib/python3.12/site-packages/oslo_config/cfg.py:3245}}
Jun 01 11:23:44.009707 np0000001844 devstack@g-api.service[102024]: DEBUG glance.common.config [None req-f1cc87fe-de09-4f61-9fdb-06b3e6984fc6 None None] hashing_algorithm = sha512 {{(pid=102024) log_opt_values /opt/stack/data/venv/lib/python3.12/site-packages/oslo_config/cfg.py:3245}}
Jun 01 11:23:44.009792 np0000001844 devstack@g-api.service[102024]: DEBUG glance.common.config [None req-f1cc87fe-de09-4f61-9fdb-06b3e6984fc6 None None] http_keepalive = True {{(pid=102024) log_opt_values /opt/stack/data/venv/lib/python3.12/site-packages/oslo_config/cfg.py:3245}}
Jun 01 11:23:44.009877 np0000001844 devstack@g-api.service[102024]: DEBUG glance.common.config [None req-f1cc87fe-de09-4f61-9fdb-06b3e6984fc6 None None] http_retries = 3 {{(pid=102024) log_opt_values /opt/stack/data/venv/lib/python3.12/site-packages/oslo_config/cfg.py:3245}}
Jun 01 11:23:44.009971 np0000001844 devstack@g-api.service[102024]: DEBUG glance.common.config [None req-f1cc87fe-de09-4f61-9fdb-06b3e6984fc6 None None] image_cache_dir = /opt/stack/data/glance/cache/ {{(pid=102024) log_opt_values /opt/stack/data/venv/lib/python3.12/site-packages/oslo_config/cfg.py:3245}}
Jun 01 11:23:44.010076 np0000001844 devstack@g-api.service[102024]: DEBUG glance.common.config [None req-f1cc87fe-de09-4f61-9fdb-06b3e6984fc6 None None] image_cache_driver = centralized_db {{(pid=102024) log_opt_values /opt/stack/data/venv/lib/python3.12/site-packages/oslo_config/cfg.py:3245}}
Jun 01 11:23:44.010164 np0000001844 devstack@g-api.service[102024]: DEBUG glance.common.config [None req-f1cc87fe-de09-4f61-9fdb-06b3e6984fc6 None None] image_cache_max_size = 10737418240 {{(pid=102024) log_opt_values /opt/stack/data/venv/lib/python3.12/site-packages/oslo_config/cfg.py:3245}}
Jun 01 11:23:44.010275 np0000001844 devstack@g-api.service[102024]: DEBUG glance.common.config [None req-f1cc87fe-de09-4f61-9fdb-06b3e6984fc6 None None] image_cache_sqlite_db = cache.db {{(pid=102024) log_opt_values /opt/stack/data/venv/lib/python3.12/site-packages/oslo_config/cfg.py:3245}}
Jun 01 11:23:44.010398 np0000001844 devstack@g-api.service[102024]: DEBUG glance.common.config [None req-f1cc87fe-de09-4f61-9fdb-06b3e6984fc6 None None] image_cache_stall_time = 86400 {{(pid=102024) log_opt_values /opt/stack/data/venv/lib/python3.12/site-packages/oslo_config/cfg.py:3245}}
Jun 01 11:23:44.010490 np0000001844 devstack@g-api.service[102024]: DEBUG glance.common.config [None req-f1cc87fe-de09-4f61-9fdb-06b3e6984fc6 None None] image_location_quota = 10 {{(pid=102024) log_opt_values /opt/stack/data/venv/lib/python3.12/site-packages/oslo_config/cfg.py:3245}}
Jun 01 11:23:44.010578 np0000001844 devstack@g-api.service[102024]: DEBUG glance.common.config [None req-f1cc87fe-de09-4f61-9fdb-06b3e6984fc6 None None] image_member_quota = 128 {{(pid=102024) log_opt_values /opt/stack/data/venv/lib/python3.12/site-packages/oslo_config/cfg.py:3245}}
Jun 01 11:23:44.010664 np0000001844 devstack@g-api.service[102024]: DEBUG glance.common.config [None req-f1cc87fe-de09-4f61-9fdb-06b3e6984fc6 None None] image_property_quota = 128 {{(pid=102024) log_opt_values /opt/stack/data/venv/lib/python3.12/site-packages/oslo_config/cfg.py:3245}}
Jun 01 11:23:44.010780 np0000001844 devstack@g-api.service[102024]: DEBUG glance.common.config [None req-f1cc87fe-de09-4f61-9fdb-06b3e6984fc6 None None] image_size_cap = 1099511627776 {{(pid=102024) log_opt_values /opt/stack/data/venv/lib/python3.12/site-packages/oslo_config/cfg.py:3245}}
Jun 01 11:23:44.010868 np0000001844 devstack@g-api.service[102024]: DEBUG glance.common.config [None req-f1cc87fe-de09-4f61-9fdb-06b3e6984fc6 None None] image_tag_quota = 128 {{(pid=102024) log_opt_values /opt/stack/data/venv/lib/python3.12/site-packages/oslo_config/cfg.py:3245}}
Jun 01 11:23:44.010959 np0000001844 devstack@g-api.service[102024]: DEBUG glance.common.config [None req-f1cc87fe-de09-4f61-9fdb-06b3e6984fc6 None None] instance_format = [instance: %(uuid)s] {{(pid=102024) log_opt_values /opt/stack/data/venv/lib/python3.12/site-packages/oslo_config/cfg.py:3245}}
Jun 01 11:23:44.011063 np0000001844 devstack@g-api.service[102024]: DEBUG glance.common.config [None req-f1cc87fe-de09-4f61-9fdb-06b3e6984fc6 None None] instance_uuid_format = [instance: %(uuid)s] {{(pid=102024) log_opt_values /opt/stack/data/venv/lib/python3.12/site-packages/oslo_config/cfg.py:3245}}
Jun 01 11:23:44.011150 np0000001844 devstack@g-api.service[102024]: DEBUG glance.common.config [None req-f1cc87fe-de09-4f61-9fdb-06b3e6984fc6 None None] limit_param_default = 25 {{(pid=102024) log_opt_values /opt/stack/data/venv/lib/python3.12/site-packages/oslo_config/cfg.py:3245}}
Jun 01 11:23:44.011260 np0000001844 devstack@g-api.service[102024]: DEBUG glance.common.config [None req-f1cc87fe-de09-4f61-9fdb-06b3e6984fc6 None None] log_color = False {{(pid=102024) log_opt_values /opt/stack/data/venv/lib/python3.12/site-packages/oslo_config/cfg.py:3245}}
Jun 01 11:23:44.011356 np0000001844 devstack@g-api.service[102024]: DEBUG glance.common.config [None req-f1cc87fe-de09-4f61-9fdb-06b3e6984fc6 None None] log_config_append = None {{(pid=102024) log_opt_values /opt/stack/data/venv/lib/python3.12/site-packages/oslo_config/cfg.py:3245}}
Jun 01 11:23:44.011453 np0000001844 devstack@g-api.service[102024]: DEBUG glance.common.config [None req-f1cc87fe-de09-4f61-9fdb-06b3e6984fc6 None None] log_date_format = %Y-%m-%d %H:%M:%S {{(pid=102024) log_opt_values /opt/stack/data/venv/lib/python3.12/site-packages/oslo_config/cfg.py:3245}}
Jun 01 11:23:44.011541 np0000001844 devstack@g-api.service[102024]: DEBUG glance.common.config [None req-f1cc87fe-de09-4f61-9fdb-06b3e6984fc6 None None] log_dir = None {{(pid=102024) log_opt_values /opt/stack/data/venv/lib/python3.12/site-packages/oslo_config/cfg.py:3245}}
Jun 01 11:23:44.011627 np0000001844 devstack@g-api.service[102024]: DEBUG glance.common.config [None req-f1cc87fe-de09-4f61-9fdb-06b3e6984fc6 None None] log_file = None {{(pid=102024) log_opt_values /opt/stack/data/venv/lib/python3.12/site-packages/oslo_config/cfg.py:3245}}
Jun 01 11:23:44.011714 np0000001844 devstack@g-api.service[102024]: DEBUG glance.common.config [None req-f1cc87fe-de09-4f61-9fdb-06b3e6984fc6 None None] log_rotate_interval = 1 {{(pid=102024) log_opt_values /opt/stack/data/venv/lib/python3.12/site-packages/oslo_config/cfg.py:3245}}
Jun 01 11:23:44.011807 np0000001844 devstack@g-api.service[102024]: DEBUG glance.common.config [None req-f1cc87fe-de09-4f61-9fdb-06b3e6984fc6 None None] log_rotate_interval_type = days {{(pid=102024) log_opt_values /opt/stack/data/venv/lib/python3.12/site-packages/oslo_config/cfg.py:3245}}
Jun 01 11:23:44.011901 np0000001844 devstack@g-api.service[102024]: DEBUG glance.common.config [None req-f1cc87fe-de09-4f61-9fdb-06b3e6984fc6 None None] log_rotation_type = none {{(pid=102024) log_opt_values /opt/stack/data/venv/lib/python3.12/site-packages/oslo_config/cfg.py:3245}}
Jun 01 11:23:44.011970 np0000001844 devstack@g-api.service[102024]: DEBUG glance.common.config [None req-f1cc87fe-de09-4f61-9fdb-06b3e6984fc6 None None] logging_context_format_string = %(color)s%(levelname)s %(name)s [%(global_request_id)s %(request_id)s %(project_name)s %(user_name)s%(color)s] %(instance)s%(color)s%(message)s {{(pid=102024) log_opt_values /opt/stack/data/venv/lib/python3.12/site-packages/oslo_config/cfg.py:3245}}
Jun 01 11:23:44.012044 np0000001844 devstack@g-api.service[102024]: DEBUG glance.common.config [None req-f1cc87fe-de09-4f61-9fdb-06b3e6984fc6 None None] logging_debug_format_suffix = {{(pid=%(process)d) %(funcName)s %(pathname)s:%(lineno)d}} {{(pid=102024) log_opt_values /opt/stack/data/venv/lib/python3.12/site-packages/oslo_config/cfg.py:3245}}
Jun 01 11:23:44.012137 np0000001844 devstack@g-api.service[102024]: DEBUG glance.common.config [None req-f1cc87fe-de09-4f61-9fdb-06b3e6984fc6 None None] logging_default_format_string = %(color)s%(levelname)s %(name)s [-%(color)s] %(instance)s%(color)s%(message)s {{(pid=102024) log_opt_values /opt/stack/data/venv/lib/python3.12/site-packages/oslo_config/cfg.py:3245}}
Jun 01 11:23:44.012238 np0000001844 devstack@g-api.service[102024]: DEBUG glance.common.config [None req-f1cc87fe-de09-4f61-9fdb-06b3e6984fc6 None None] logging_exception_prefix = ERROR %(name)s %(instance)s {{(pid=102024) log_opt_values /opt/stack/data/venv/lib/python3.12/site-packages/oslo_config/cfg.py:3245}}
Jun 01 11:23:44.012323 np0000001844 devstack@g-api.service[102024]: DEBUG glance.common.config [None req-f1cc87fe-de09-4f61-9fdb-06b3e6984fc6 None None] logging_user_identity_format = %(user)s %(project)s %(domain)s %(system_scope)s %(user_domain)s %(project_domain)s {{(pid=102024) log_opt_values /opt/stack/data/venv/lib/python3.12/site-packages/oslo_config/cfg.py:3245}}
Jun 01 11:23:44.012435 np0000001844 devstack@g-api.service[102024]: DEBUG glance.common.config [None req-f1cc87fe-de09-4f61-9fdb-06b3e6984fc6 None None] max_header_line = 16384 {{(pid=102024) log_opt_values /opt/stack/data/venv/lib/python3.12/site-packages/oslo_config/cfg.py:3245}}
Jun 01 11:23:44.012525 np0000001844 devstack@g-api.service[102024]: DEBUG glance.common.config [None req-f1cc87fe-de09-4f61-9fdb-06b3e6984fc6 None None] max_logfile_count = 30 {{(pid=102024) log_opt_values /opt/stack/data/venv/lib/python3.12/site-packages/oslo_config/cfg.py:3245}}
Jun 01 11:23:44.012616 np0000001844 devstack@g-api.service[102024]: DEBUG glance.common.config [None req-f1cc87fe-de09-4f61-9fdb-06b3e6984fc6 None None] max_logfile_size_mb = 200 {{(pid=102024) log_opt_values /opt/stack/data/venv/lib/python3.12/site-packages/oslo_config/cfg.py:3245}}
Jun 01 11:23:44.012705 np0000001844 devstack@g-api.service[102024]: DEBUG glance.common.config [None req-f1cc87fe-de09-4f61-9fdb-06b3e6984fc6 None None] max_request_id_length = 64 {{(pid=102024) log_opt_values /opt/stack/data/venv/lib/python3.12/site-packages/oslo_config/cfg.py:3245}}
Jun 01 11:23:44.012805 np0000001844 devstack@g-api.service[102024]: DEBUG glance.common.config [None req-f1cc87fe-de09-4f61-9fdb-06b3e6984fc6 None None] metadata_encryption_key = **** {{(pid=102024) log_opt_values /opt/stack/data/venv/lib/python3.12/site-packages/oslo_config/cfg.py:3245}}
Jun 01 11:23:44.012898 np0000001844 devstack@g-api.service[102024]: DEBUG glance.common.config [None req-f1cc87fe-de09-4f61-9fdb-06b3e6984fc6 None None] node_staging_uri = file:///tmp/staging/ {{(pid=102024) log_opt_values /opt/stack/data/venv/lib/python3.12/site-packages/oslo_config/cfg.py:3245}}
Jun 01 11:23:44.012991 np0000001844 devstack@g-api.service[102024]: DEBUG glance.common.config [None req-f1cc87fe-de09-4f61-9fdb-06b3e6984fc6 None None] property_protection_file = None {{(pid=102024) log_opt_values /opt/stack/data/venv/lib/python3.12/site-packages/oslo_config/cfg.py:3245}}
Jun 01 11:23:44.013091 np0000001844 devstack@g-api.service[102024]: DEBUG glance.common.config [None req-f1cc87fe-de09-4f61-9fdb-06b3e6984fc6 None None] property_protection_rule_format = roles {{(pid=102024) log_opt_values /opt/stack/data/venv/lib/python3.12/site-packages/oslo_config/cfg.py:3245}}
Jun 01 11:23:44.013205 np0000001844 devstack@g-api.service[102024]: DEBUG glance.common.config [None req-f1cc87fe-de09-4f61-9fdb-06b3e6984fc6 None None] public_endpoint = https://10.4.3.231/image {{(pid=102024) log_opt_values /opt/stack/data/venv/lib/python3.12/site-packages/oslo_config/cfg.py:3245}}
Jun 01 11:23:44.013326 np0000001844 devstack@g-api.service[102024]: DEBUG glance.common.config [None req-f1cc87fe-de09-4f61-9fdb-06b3e6984fc6 None None] publish_errors = False {{(pid=102024) log_opt_values /opt/stack/data/venv/lib/python3.12/site-packages/oslo_config/cfg.py:3245}}
Jun 01 11:23:44.013440 np0000001844 devstack@g-api.service[102024]: DEBUG glance.common.config [None req-f1cc87fe-de09-4f61-9fdb-06b3e6984fc6 None None] pydev_worker_debug_host = None {{(pid=102024) log_opt_values /opt/stack/data/venv/lib/python3.12/site-packages/oslo_config/cfg.py:3245}}
Jun 01 11:23:44.013495 np0000001844 devstack@g-api.service[102024]: DEBUG glance.common.config [None req-f1cc87fe-de09-4f61-9fdb-06b3e6984fc6 None None] pydev_worker_debug_port = 5678 {{(pid=102024) log_opt_values /opt/stack/data/venv/lib/python3.12/site-packages/oslo_config/cfg.py:3245}}
Jun 01 11:23:44.013578 np0000001844 devstack@g-api.service[102024]: DEBUG glance.common.config [None req-f1cc87fe-de09-4f61-9fdb-06b3e6984fc6 None None] rate_limit_burst = 0 {{(pid=102024) log_opt_values /opt/stack/data/venv/lib/python3.12/site-packages/oslo_config/cfg.py:3245}}
Jun 01 11:23:44.013668 np0000001844 devstack@g-api.service[102024]: DEBUG glance.common.config [None req-f1cc87fe-de09-4f61-9fdb-06b3e6984fc6 None None] rate_limit_except_level = CRITICAL {{(pid=102024) log_opt_values /opt/stack/data/venv/lib/python3.12/site-packages/oslo_config/cfg.py:3245}}
Jun 01 11:23:44.013754 np0000001844 devstack@g-api.service[102024]: DEBUG glance.common.config [None req-f1cc87fe-de09-4f61-9fdb-06b3e6984fc6 None None] rate_limit_interval = 0 {{(pid=102024) log_opt_values /opt/stack/data/venv/lib/python3.12/site-packages/oslo_config/cfg.py:3245}}
Jun 01 11:23:44.013836 np0000001844 devstack@g-api.service[102024]: DEBUG glance.common.config [None req-f1cc87fe-de09-4f61-9fdb-06b3e6984fc6 None None] scrub_pool_size = 1 {{(pid=102024) log_opt_values /opt/stack/data/venv/lib/python3.12/site-packages/oslo_config/cfg.py:3245}}
Jun 01 11:23:44.013919 np0000001844 devstack@g-api.service[102024]: DEBUG glance.common.config [None req-f1cc87fe-de09-4f61-9fdb-06b3e6984fc6 None None] scrub_time = 0 {{(pid=102024) log_opt_values /opt/stack/data/venv/lib/python3.12/site-packages/oslo_config/cfg.py:3245}}
Jun 01 11:23:44.014012 np0000001844 devstack@g-api.service[102024]: DEBUG glance.common.config [None req-f1cc87fe-de09-4f61-9fdb-06b3e6984fc6 None None] shell_completion = None {{(pid=102024) log_opt_values /opt/stack/data/venv/lib/python3.12/site-packages/oslo_config/cfg.py:3245}}
Jun 01 11:23:44.014108 np0000001844 devstack@g-api.service[102024]: DEBUG glance.common.config [None req-f1cc87fe-de09-4f61-9fdb-06b3e6984fc6 None None] show_image_direct_url = False {{(pid=102024) log_opt_values /opt/stack/data/venv/lib/python3.12/site-packages/oslo_config/cfg.py:3245}}
Jun 01 11:23:44.014364 np0000001844 devstack@g-api.service[102024]: WARNING oslo_config.cfg [None req-f1cc87fe-de09-4f61-9fdb-06b3e6984fc6 None None] Deprecated: Option "show_multiple_locations" from group "DEFAULT" is deprecated for removal (Use of this option, deprecated since Newton, is a security risk and will be removed once we figure out a way to satisfy those use cases that currently require it. An earlier announcement that the same functionality can be achieved with greater granularity by using policies is incorrect. You cannot work around this option via policy configuration at the present time, though that is the direction we believe the fix will take. Please keep an eye on the Glance release notes to stay up to date on progress in addressing this issue.). Its value may be silently ignored in the future.
Jun 01 11:23:44.014477 np0000001844 devstack@g-api.service[102024]: DEBUG glance.common.config [None req-f1cc87fe-de09-4f61-9fdb-06b3e6984fc6 None None] show_multiple_locations = False {{(pid=102024) log_opt_values /opt/stack/data/venv/lib/python3.12/site-packages/oslo_config/cfg.py:3245}}
Jun 01 11:23:44.014576 np0000001844 devstack@g-api.service[102024]: DEBUG glance.common.config [None req-f1cc87fe-de09-4f61-9fdb-06b3e6984fc6 None None] syslog_log_facility = LOG_USER {{(pid=102024) log_opt_values /opt/stack/data/venv/lib/python3.12/site-packages/oslo_config/cfg.py:3245}}
Jun 01 11:23:44.014665 np0000001844 devstack@g-api.service[102024]: DEBUG glance.common.config [None req-f1cc87fe-de09-4f61-9fdb-06b3e6984fc6 None None] tcp_keepidle = 600 {{(pid=102024) log_opt_values /opt/stack/data/venv/lib/python3.12/site-packages/oslo_config/cfg.py:3245}}
Jun 01 11:23:44.014760 np0000001844 devstack@g-api.service[102024]: DEBUG glance.common.config [None req-f1cc87fe-de09-4f61-9fdb-06b3e6984fc6 None None] transport_url = **** {{(pid=102024) log_opt_values /opt/stack/data/venv/lib/python3.12/site-packages/oslo_config/cfg.py:3245}}
Jun 01 11:23:44.014847 np0000001844 devstack@g-api.service[102024]: DEBUG glance.common.config [None req-f1cc87fe-de09-4f61-9fdb-06b3e6984fc6 None None] use_journal = False {{(pid=102024) log_opt_values /opt/stack/data/venv/lib/python3.12/site-packages/oslo_config/cfg.py:3245}}
Jun 01 11:23:44.014931 np0000001844 devstack@g-api.service[102024]: DEBUG glance.common.config [None req-f1cc87fe-de09-4f61-9fdb-06b3e6984fc6 None None] use_json = False {{(pid=102024) log_opt_values /opt/stack/data/venv/lib/python3.12/site-packages/oslo_config/cfg.py:3245}}
Jun 01 11:23:44.015036 np0000001844 devstack@g-api.service[102024]: DEBUG glance.common.config [None req-f1cc87fe-de09-4f61-9fdb-06b3e6984fc6 None None] use_keystone_limits = True {{(pid=102024) log_opt_values /opt/stack/data/venv/lib/python3.12/site-packages/oslo_config/cfg.py:3245}}
Jun 01 11:23:44.015122 np0000001844 devstack@g-api.service[102024]: DEBUG glance.common.config [None req-f1cc87fe-de09-4f61-9fdb-06b3e6984fc6 None None] use_stderr = False {{(pid=102024) log_opt_values /opt/stack/data/venv/lib/python3.12/site-packages/oslo_config/cfg.py:3245}}
Jun 01 11:23:44.015214 np0000001844 devstack@g-api.service[102024]: DEBUG glance.common.config [None req-f1cc87fe-de09-4f61-9fdb-06b3e6984fc6 None None] use_syslog = False {{(pid=102024) log_opt_values /opt/stack/data/venv/lib/python3.12/site-packages/oslo_config/cfg.py:3245}}
Jun 01 11:23:44.015324 np0000001844 devstack@g-api.service[102024]: DEBUG glance.common.config [None req-f1cc87fe-de09-4f61-9fdb-06b3e6984fc6 None None] user_storage_quota = 0 {{(pid=102024) log_opt_values /opt/stack/data/venv/lib/python3.12/site-packages/oslo_config/cfg.py:3245}}
Jun 01 11:23:44.015415 np0000001844 devstack@g-api.service[102024]: DEBUG glance.common.config [None req-f1cc87fe-de09-4f61-9fdb-06b3e6984fc6 None None] worker_self_reference_url = http://127.0.0.1:60999 {{(pid=102024) log_opt_values /opt/stack/data/venv/lib/python3.12/site-packages/oslo_config/cfg.py:3245}}
Jun 01 11:23:44.015500 np0000001844 devstack@g-api.service[102024]: DEBUG glance.common.config [None req-f1cc87fe-de09-4f61-9fdb-06b3e6984fc6 None None] workers = None {{(pid=102024) log_opt_values /opt/stack/data/venv/lib/python3.12/site-packages/oslo_config/cfg.py:3245}}
Jun 01 11:23:44.015608 np0000001844 devstack@g-api.service[102024]: DEBUG glance.common.config [None req-f1cc87fe-de09-4f61-9fdb-06b3e6984fc6 None None] oslo_concurrency.disable_process_locking = False {{(pid=102024) log_opt_values /opt/stack/data/venv/lib/python3.12/site-packages/oslo_config/cfg.py:3256}}
Jun 01 11:23:44.015708 np0000001844 devstack@g-api.service[102024]: DEBUG glance.common.config [None req-f1cc87fe-de09-4f61-9fdb-06b3e6984fc6 None None] oslo_concurrency.lock_path = /opt/stack/data/glance/locks {{(pid=102024) log_opt_values /opt/stack/data/venv/lib/python3.12/site-packages/oslo_config/cfg.py:3256}}
Jun 01 11:23:44.015807 np0000001844 devstack@g-api.service[102024]: DEBUG glance.common.config [None req-f1cc87fe-de09-4f61-9fdb-06b3e6984fc6 None None] oslo_middleware.enable_proxy_headers_parsing = False {{(pid=102024) log_opt_values /opt/stack/data/venv/lib/python3.12/site-packages/oslo_config/cfg.py:3256}}
Jun 01 11:23:44.015902 np0000001844 devstack@g-api.service[102024]: DEBUG glance.common.config [None req-f1cc87fe-de09-4f61-9fdb-06b3e6984fc6 None None] oslo_middleware.http_basic_auth_user_file = /etc/htpasswd {{(pid=102024) log_opt_values /opt/stack/data/venv/lib/python3.12/site-packages/oslo_config/cfg.py:3256}}
Jun 01 11:23:44.016001 np0000001844 devstack@g-api.service[102024]: DEBUG glance.common.config [None req-f1cc87fe-de09-4f61-9fdb-06b3e6984fc6 None None] paste_deploy.config_file = None {{(pid=102024) log_opt_values /opt/stack/data/venv/lib/python3.12/site-packages/oslo_config/cfg.py:3256}}
Jun 01 11:23:44.016100 np0000001844 devstack@g-api.service[102024]: DEBUG glance.common.config [None req-f1cc87fe-de09-4f61-9fdb-06b3e6984fc6 None None] paste_deploy.flavor = keystone+cachemanagement {{(pid=102024) log_opt_values /opt/stack/data/venv/lib/python3.12/site-packages/oslo_config/cfg.py:3256}}
Jun 01 11:23:44.016241 np0000001844 devstack@g-api.service[102024]: DEBUG glance.common.config [None req-f1cc87fe-de09-4f61-9fdb-06b3e6984fc6 None None] image_format.container_formats = ['ami', 'ari', 'aki', 'bare', 'ovf', 'ova', 'docker', 'compressed'] {{(pid=102024) log_opt_values /opt/stack/data/venv/lib/python3.12/site-packages/oslo_config/cfg.py:3256}}
Jun 01 11:23:44.016409 np0000001844 devstack@g-api.service[102024]: DEBUG glance.common.config [None req-f1cc87fe-de09-4f61-9fdb-06b3e6984fc6 None None] image_format.disk_formats = ['ami', 'ari', 'aki', 'vhd', 'vhdx', 'vmdk', 'raw', 'qcow2', 'vdi', 'iso', 'ploop'] {{(pid=102024) log_opt_values /opt/stack/data/venv/lib/python3.12/site-packages/oslo_config/cfg.py:3256}}
Jun 01 11:23:44.016509 np0000001844 devstack@g-api.service[102024]: DEBUG glance.common.config [None req-f1cc87fe-de09-4f61-9fdb-06b3e6984fc6 None None] image_format.gpt_safety_checks_nonfatal = [] {{(pid=102024) log_opt_values /opt/stack/data/venv/lib/python3.12/site-packages/oslo_config/cfg.py:3256}}
Jun 01 11:23:44.016606 np0000001844 devstack@g-api.service[102024]: DEBUG glance.common.config [None req-f1cc87fe-de09-4f61-9fdb-06b3e6984fc6 None None] image_format.require_image_format_match = True {{(pid=102024) log_opt_values /opt/stack/data/venv/lib/python3.12/site-packages/oslo_config/cfg.py:3256}}
Jun 01 11:23:44.016710 np0000001844 devstack@g-api.service[102024]: DEBUG glance.common.config [None req-f1cc87fe-de09-4f61-9fdb-06b3e6984fc6 None None] image_format.vmdk_allowed_types = ['streamOptimized', 'monolithicSparse'] {{(pid=102024) log_opt_values /opt/stack/data/venv/lib/python3.12/site-packages/oslo_config/cfg.py:3256}}
Jun 01 11:23:44.016810 np0000001844 devstack@g-api.service[102024]: DEBUG glance.common.config [None req-f1cc87fe-de09-4f61-9fdb-06b3e6984fc6 None None] task.task_executor = taskflow {{(pid=102024) log_opt_values /opt/stack/data/venv/lib/python3.12/site-packages/oslo_config/cfg.py:3256}}
