Jun 01 11:29:18.763568 np0000001844 devstack@g-api.service[102023]: DEBUG glance.api.middleware.version_negotiation [None req-f00c4f68-fd86-4090-b207-a00978933a8f tempest-VolumesActionsTest-51639872 tempest-VolumesActionsTest-51639872-project-member] Matched version: v2 {{(pid=102023) process_request /opt/stack/glance/glance/api/middleware/version_negotiation.py:69}}
Jun 01 11:29:18.763568 np0000001844 devstack@g-api.service[102023]: DEBUG glance.api.middleware.version_negotiation [None req-f00c4f68-fd86-4090-b207-a00978933a8f tempest-VolumesActionsTest-51639872 tempest-VolumesActionsTest-51639872-project-member] new path /v2/images/84567431-ef91-45f8-ac60-6cbc16d7150a {{(pid=102023) process_request /opt/stack/glance/glance/api/middleware/version_negotiation.py:70}}
Jun 01 11:29:18.782583 np0000001844 devstack@g-api.service[102023]: [pid: 102023|app: 0|req: 77/229] 127.0.0.1 () {44 vars in 1115 bytes} [Mon Jun 1 11:29:18 2026] GET /v2/images/84567431-ef91-45f8-ac60-6cbc16d7150a => generated 1692 bytes in 19 msecs (HTTP/1.1 200) 4 headers in 158 bytes (1 switches on core 0)
Jun 01 11:29:18.849151 np0000001844 devstack@g-api.service[102025]: DEBUG glance.api.middleware.version_negotiation [None req-78ced92f-1ed4-4c7f-8f16-3bfd7d8af180 tempest-ServerBootFromVolumeStableRescueTest-184271908 tempest-ServerBootFromVolumeStableRescueTest-184271908-project-member] Determining version of request: GET /v2/schemas/image Accept: */* {{(pid=102025) process_request /opt/stack/glance/glance/api/middleware/version_negotiation.py:44}}
Jun 01 11:29:18.849151 np0000001844 devstack@g-api.service[102025]: DEBUG glance.api.middleware.version_negotiation [None req-78ced92f-1ed4-4c7f-8f16-3bfd7d8af180 tempest-ServerBootFromVolumeStableRescueTest-184271908 tempest-ServerBootFromVolumeStableRescueTest-184271908-project-member] Using url versioning {{(pid=102025) process_request /opt/stack/glance/glance/api/middleware/version_negotiation.py:57}}
Jun 01 11:29:18.849151 np0000001844 devstack@g-api.service[102025]: DEBUG glance.api.middleware.version_negotiation [None req-78ced92f-1ed4-4c7f-8f16-3bfd7d8af180 tempest-ServerBootFromVolumeStableRescueTest-184271908 tempest-ServerBootFromVolumeStableRescueTest-184271908-project-member] Matched version: v2 {{(pid=102025) process_request /opt/stack/glance/glance/api/middleware/version_negotiation.py:69}}
Jun 01 11:29:18.849151 np0000001844 devstack@g-api.service[102025]: DEBUG glance.api.middleware.version_negotiation [None req-78ced92f-1ed4-4c7f-8f16-3bfd7d8af180 tempest-ServerBootFromVolumeStableRescueTest-184271908 tempest-ServerBootFromVolumeStableRescueTest-184271908-project-member] new path /v2/schemas/image {{(pid=102025) process_request /opt/stack/glance/glance/api/middleware/version_negotiation.py:70}}
Jun 01 11:29:18.851363 np0000001844 devstack@g-api.service[102025]: [pid: 102025|app: 0|req: 78/230] 127.0.0.1 () {44 vars in 1055 bytes} [Mon Jun 1 11:29:18 2026] GET /v2/schemas/image => generated 6083 bytes in 3 msecs (HTTP/1.1 200) 4 headers in 158 bytes (1 switches on core 0)
Jun 01 11:29:18.867476 np0000001844 devstack@g-api.service[102024]: DEBUG swiftclient [None req-4ae4bc4f-df9d-45d0-85dc-5c2f67bded5c tempest-VolumesActionsTest-51639872 tempest-VolumesActionsTest-51639872-project-member] REQ: curl -i https://10.4.3.231:8080/v1/AUTH_910d6b39d68b42ec8991f25d42b753cc/glance/c3a8d6fd-a4dc-4f4a-a7b4-89a722e98922-00001 -X PUT -H "X-Auth-Token: gAAAAABqHW0MO5-_..." {{(pid=102024) http_log /opt/stack/data/venv/lib/python3.12/site-packages/swiftclient/client.py:160}}
Jun 01 11:29:18.868379 np0000001844 devstack@g-api.service[102024]: DEBUG swiftclient [None req-4ae4bc4f-df9d-45d0-85dc-5c2f67bded5c tempest-VolumesActionsTest-51639872 tempest-VolumesActionsTest-51639872-project-member] RESP STATUS: 201 Created {{(pid=102024) http_log /opt/stack/data/venv/lib/python3.12/site-packages/swiftclient/client.py:161}}
Jun 01 11:29:18.868909 np0000001844 devstack@g-api.service[102024]: DEBUG swiftclient [None req-4ae4bc4f-df9d-45d0-85dc-5c2f67bded5c tempest-VolumesActionsTest-51639872 tempest-VolumesActionsTest-51639872-project-member] RESP HEADERS: {'Date': 'Mon, 01 Jun 2026 11:29:18 GMT', 'Server': 'Apache/2.4.58 (Ubuntu)', 'Content-Type': 'text/html; charset=UTF-8', 'Content-Length': '0', 'Etag': 'eda9a9889837ac4bc81d6387d92c1bec', 'Last-Modified': 'Mon, 01 Jun 2026 11:29:17 GMT', 'X-Trans-Id': 'tx47cc197acd6a47a185888-006a1d6d0c', 'X-Openstack-Request-Id': 'tx47cc197acd6a47a185888-006a1d6d0c', 'Connection': 'close'} {{(pid=102024) http_log /opt/stack/data/venv/lib/python3.12/site-packages/swiftclient/client.py:162}}
Jun 01 11:29:18.868909 np0000001844 devstack@g-api.service[102024]: DEBUG glance_store._drivers.swift.store [None req-4ae4bc4f-df9d-45d0-85dc-5c2f67bded5c tempest-VolumesActionsTest-51639872 tempest-VolumesActionsTest-51639872-project-member] Wrote chunk c3a8d6fd-a4dc-4f4a-a7b4-89a722e98922-00001 (1/?) of length 204800000 to Swift returning MD5 of content: eda9a9889837ac4bc81d6387d92c1bec {{(pid=102024) add /opt/stack/data/venv/lib/python3.12/site-packages/glance_store/_drivers/swift/store.py:1059}}
Jun 01 11:29:19.594422 np0000001844 devstack@g-api.service[102023]: DEBUG glance.api.middleware.version_negotiation [None req-78ced92f-1ed4-4c7f-8f16-3bfd7d8af180 tempest-ServerBootFromVolumeStableRescueTest-184271908 tempest-ServerBootFromVolumeStableRescueTest-184271908-project-member] Determining version of request: GET /v2/images/c3a8d6fd-a4dc-4f4a-a7b4-89a722e98922 Accept: application/json {{(pid=102023) process_request /opt/stack/glance/glance/api/middleware/version_negotiation.py:44}}
Jun 01 11:29:19.594422 np0000001844 devstack@g-api.service[102023]: DEBUG glance.api.middleware.version_negotiation [None req-78ced92f-1ed4-4c7f-8f16-3bfd7d8af180 tempest-ServerBootFromVolumeStableRescueTest-184271908 tempest-ServerBootFromVolumeStableRescueTest-184271908-project-member] Using url versioning {{(pid=102023) process_request /opt/stack/glance/glance/api/middleware/version_negotiation.py:57}}
Jun 01 11:29:19.594422 np0000001844 devstack@g-api.service[102023]: DEBUG glance.api.middleware.version_negotiation [None req-78ced92f-1ed4-4c7f-8f16-3bfd7d8af180 tempest-ServerBootFromVolumeStableRescueTest-184271908 tempest-ServerBootFromVolumeStableRescueTest-184271908-project-member] Matched version: v2 {{(pid=102023) process_request /opt/stack/glance/glance/api/middleware/version_negotiation.py:69}}
Jun 01 11:29:19.594422 np0000001844 devstack@g-api.service[102023]: DEBUG glance.api.middleware.version_negotiation [None req-78ced92f-1ed4-4c7f-8f16-3bfd7d8af180 tempest-ServerBootFromVolumeStableRescueTest-184271908 tempest-ServerBootFromVolumeStableRescueTest-184271908-project-member] new path /v2/images/c3a8d6fd-a4dc-4f4a-a7b4-89a722e98922 {{(pid=102023) process_request /opt/stack/glance/glance/api/middleware/version_negotiation.py:70}}
Jun 01 11:29:19.618016 np0000001844 devstack@g-api.service[102023]: [pid: 102023|app: 0|req: 78/231] 127.0.0.1 () {40 vars in 838 bytes} [Mon Jun 1 11:29:19 2026] GET /v2/images/c3a8d6fd-a4dc-4f4a-a7b4-89a722e98922 => generated 650 bytes in 24 msecs (HTTP/1.1 200) 4 headers in 157 bytes (1 switches on core 0)
Jun 01 11:29:20.637190 np0000001844 devstack@g-api.service[102025]: DEBUG glance.api.middleware.version_negotiation [None req-78ced92f-1ed4-4c7f-8f16-3bfd7d8af180 tempest-ServerBootFromVolumeStableRescueTest-184271908 tempest-ServerBootFromVolumeStableRescueTest-184271908-project-member] Determining version of request: GET /v2/images/c3a8d6fd-a4dc-4f4a-a7b4-89a722e98922 Accept: application/json {{(pid=102025) process_request /opt/stack/glance/glance/api/middleware/version_negotiation.py:44}}
Jun 01 11:29:20.637190 np0000001844 devstack@g-api.service[102025]: DEBUG glance.api.middleware.version_negotiation [None req-78ced92f-1ed4-4c7f-8f16-3bfd7d8af180 tempest-ServerBootFromVolumeStableRescueTest-184271908 tempest-ServerBootFromVolumeStableRescueTest-184271908-project-member] Using url versioning {{(pid=102025) process_request /opt/stack/glance/glance/api/middleware/version_negotiation.py:57}}
Jun 01 11:29:20.637190 np0000001844 devstack@g-api.service[102025]: DEBUG glance.api.middleware.version_negotiation [None req-78ced92f-1ed4-4c7f-8f16-3bfd7d8af180 tempest-ServerBootFromVolumeStableRescueTest-184271908 tempest-ServerBootFromVolumeStableRescueTest-184271908-project-member] Matched version: v2 {{(pid=102025) process_request /opt/stack/glance/glance/api/middleware/version_negotiation.py:69}}
Jun 01 11:29:20.637190 np0000001844 devstack@g-api.service[102025]: DEBUG glance.api.middleware.version_negotiation [None req-78ced92f-1ed4-4c7f-8f16-3bfd7d8af180 tempest-ServerBootFromVolumeStableRescueTest-184271908 tempest-ServerBootFromVolumeStableRescueTest-184271908-project-member] new path /v2/images/c3a8d6fd-a4dc-4f4a-a7b4-89a722e98922 {{(pid=102025) process_request /opt/stack/glance/glance/api/middleware/version_negotiation.py:70}}
Jun 01 11:29:20.655893 np0000001844 devstack@g-api.service[102025]: [pid: 102025|app: 0|req: 79/232] 127.0.0.1 () {40 vars in 838 bytes} [Mon Jun 1 11:29:20 2026] GET /v2/images/c3a8d6fd-a4dc-4f4a-a7b4-89a722e98922 => generated 650 bytes in 19 msecs (HTTP/1.1 200) 4 headers in 157 bytes (1 switches on core 0)
Jun 01 11:29:21.570297 np0000001844 devstack@g-api.service[102024]: DEBUG swiftclient [None req-4ae4bc4f-df9d-45d0-85dc-5c2f67bded5c tempest-VolumesActionsTest-51639872 tempest-VolumesActionsTest-51639872-project-member] REQ: curl -i https://10.4.3.231:8080/v1/AUTH_910d6b39d68b42ec8991f25d42b753cc/glance/c3a8d6fd-a4dc-4f4a-a7b4-89a722e98922-00002 -X PUT -H "X-Auth-Token: gAAAAABqHW0MO5-_..." {{(pid=102024) http_log /opt/stack/data/venv/lib/python3.12/site-packages/swiftclient/client.py:160}}
Jun 01 11:29:21.571240 np0000001844 devstack@g-api.service[102024]: DEBUG swiftclient [None req-4ae4bc4f-df9d-45d0-85dc-5c2f67bded5c tempest-VolumesActionsTest-51639872 tempest-VolumesActionsTest-51639872-project-member] RESP STATUS: 201 Created {{(pid=102024) http_log /opt/stack/data/venv/lib/python3.12/site-packages/swiftclient/client.py:161}}
Jun 01 11:29:21.571240 np0000001844 devstack@g-api.service[102024]: DEBUG swiftclient [None req-4ae4bc4f-df9d-45d0-85dc-5c2f67bded5c tempest-VolumesActionsTest-51639872 tempest-VolumesActionsTest-51639872-project-member] RESP HEADERS: {'Date': 'Mon, 01 Jun 2026 11:29:21 GMT', 'Server': 'Apache/2.4.58 (Ubuntu)', 'Content-Type': 'text/html; charset=UTF-8', 'Content-Length': '0', 'Etag': 'eda9a9889837ac4bc81d6387d92c1bec', 'Last-Modified': 'Mon, 01 Jun 2026 11:29:19 GMT', 'X-Trans-Id': 'tx3aba7395c875483788d78-006a1d6d0e', 'X-Openstack-Request-Id': 'tx3aba7395c875483788d78-006a1d6d0e', 'Connection': 'close'} {{(pid=102024) http_log /opt/stack/data/venv/lib/python3.12/site-packages/swiftclient/client.py:162}}
Jun 01 11:29:21.571240 np0000001844 devstack@g-api.service[102024]: DEBUG glance_store._drivers.swift.store [None req-4ae4bc4f-df9d-45d0-85dc-5c2f67bded5c tempest-VolumesActionsTest-51639872 tempest-VolumesActionsTest-51639872-project-member] Wrote chunk c3a8d6fd-a4dc-4f4a-a7b4-89a722e98922-00002 (2/?) of length 204800000 to Swift returning MD5 of content: eda9a9889837ac4bc81d6387d92c1bec {{(pid=102024) add /opt/stack/data/venv/lib/python3.12/site-packages/glance_store/_drivers/swift/store.py:1059}}
Jun 01 11:29:21.669495 np0000001844 devstack@g-api.service[102023]: DEBUG glance.api.middleware.version_negotiation [None req-2271416b-5d72-4ab4-a0ad-2b76fe92728c tempest-VolumesActionsTest-51639872 tempest-VolumesActionsTest-51639872-project-member] Determining version of request: GET /v2/images/c3a8d6fd-a4dc-4f4a-a7b4-89a722e98922 Accept: application/json {{(pid=102023) process_request /opt/stack/glance/glance/api/middleware/version_negotiation.py:44}}
Jun 01 11:29:21.670911 np0000001844 devstack@g-api.service[102023]: DEBUG glance.api.middleware.version_negotiation [None req-2271416b-5d72-4ab4-a0ad-2b76fe92728c tempest-VolumesActionsTest-51639872 tempest-VolumesActionsTest-51639872-project-member] Using url versioning {{(pid=102023) process_request /opt/stack/glance/glance/api/middleware/version_negotiation.py:57}}
Jun 01 11:29:21.670911 np0000001844 devstack@g-api.service[102023]: DEBUG glance.api.middleware.version_negotiation [None req-2271416b-5d72-4ab4-a0ad-2b76fe92728c tempest-VolumesActionsTest-51639872 tempest-VolumesActionsTest-51639872-project-member] Matched version: v2 {{(pid=102023) process_request /opt/stack/glance/glance/api/middleware/version_negotiation.py:69}}
Jun 01 11:29:21.670911 np0000001844 devstack@g-api.service[102023]: DEBUG glance.api.middleware.version_negotiation [None req-2271416b-5d72-4ab4-a0ad-2b76fe92728c tempest-VolumesActionsTest-51639872 tempest-VolumesActionsTest-51639872-project-member] new path /v2/images/c3a8d6fd-a4dc-4f4a-a7b4-89a722e98922 {{(pid=102023) process_request /opt/stack/glance/glance/api/middleware/version_negotiation.py:70}}
Jun 01 11:29:21.686381 np0000001844 devstack@g-api.service[102023]: [pid: 102023|app: 0|req: 79/233] 127.0.0.1 () {40 vars in 838 bytes} [Mon Jun 1 11:29:21 2026] GET /v2/images/c3a8d6fd-a4dc-4f4a-a7b4-89a722e98922 => generated 650 bytes in 17 msecs (HTTP/1.1 200) 4 headers in 157 bytes (1 switches on core 0)
Jun 01 11:29:22.694904 np0000001844 devstack@g-api.service[102025]: DEBUG glance.api.middleware.version_negotiation [None req-e1c9339c-34c4-482c-aa11-306d75bba4ba tempest-VolumesActionsTest-51639872 tempest-VolumesActionsTest-51639872-project-member] Determining version of request: GET /v2/images/c3a8d6fd-a4dc-4f4a-a7b4-89a722e98922 Accept: application/json {{(pid=102025) process_request /opt/stack/glance/glance/api/middleware/version_negotiation.py:44}}
Jun 01 11:29:22.695617 np0000001844 devstack@g-api.service[102025]: DEBUG glance.api.middleware.version_negotiation [None req-e1c9339c-34c4-482c-aa11-306d75bba4ba tempest-VolumesActionsTest-51639872 tempest-VolumesActionsTest-51639872-project-member] Using url versioning {{(pid=102025) process_request /opt/stack/glance/glance/api/middleware/version_negotiation.py:57}}
Jun 01 11:29:22.695617 np0000001844 devstack@g-api.service[102025]: DEBUG glance.api.middleware.version_negotiation [None req-e1c9339c-34c4-482c-aa11-306d75bba4ba tempest-VolumesActionsTest-51639872 tempest-VolumesActionsTest-51639872-project-member] Matched version: v2 {{(pid=102025) process_request /opt/stack/glance/glance/api/middleware/version_negotiation.py:69}}
Jun 01 11:29:22.695617 np0000001844 devstack@g-api.service[102025]: DEBUG glance.api.middleware.version_negotiation [None req-e1c9339c-34c4-482c-aa11-306d75bba4ba tempest-VolumesActionsTest-51639872 tempest-VolumesActionsTest-51639872-project-member] new path /v2/images/c3a8d6fd-a4dc-4f4a-a7b4-89a722e98922 {{(pid=102025) process_request /opt/stack/glance/glance/api/middleware/version_negotiation.py:70}}
Jun 01 11:29:22.711844 np0000001844 devstack@g-api.service[102025]: [pid: 102025|app: 0|req: 80/234] 127.0.0.1 () {40 vars in 838 bytes} [Mon Jun 1 11:29:22 2026] GET /v2/images/c3a8d6fd-a4dc-4f4a-a7b4-89a722e98922 => generated 650 bytes in 17 msecs (HTTP/1.1 200) 4 headers in 157 bytes (1 switches on core 0)
Jun 01 11:29:23.723292 np0000001844 devstack@g-api.service[102023]: DEBUG glance.api.middleware.version_negotiation [None req-a802e1f5-284a-491a-baac-d6f50f21a977 tempest-VolumesActionsTest-51639872 tempest-VolumesActionsTest-51639872-project-member] Determining version of request: GET /v2/images/c3a8d6fd-a4dc-4f4a-a7b4-89a722e98922 Accept: application/json {{(pid=102023) process_request /opt/stack/glance/glance/api/middleware/version_negotiation.py:44}}
Jun 01 11:29:23.723292 np0000001844 devstack@g-api.service[102023]: DEBUG glance.api.middleware.version_negotiation [None req-a802e1f5-284a-491a-baac-d6f50f21a977 tempest-VolumesActionsTest-51639872 tempest-VolumesActionsTest-51639872-project-member] Using url versioning {{(pid=102023) process_request /opt/stack/glance/glance/api/middleware/version_negotiation.py:57}}
Jun 01 11:29:23.723816 np0000001844 devstack@g-api.service[102023]: DEBUG glance.api.middleware.version_negotiation [None req-a802e1f5-284a-491a-baac-d6f50f21a977 tempest-VolumesActionsTest-51639872 tempest-VolumesActionsTest-51639872-project-member] Matched version: v2 {{(pid=102023) process_request /opt/stack/glance/glance/api/middleware/version_negotiation.py:69}}
Jun 01 11:29:23.723816 np0000001844 devstack@g-api.service[102023]: DEBUG glance.api.middleware.version_negotiation [None req-a802e1f5-284a-491a-baac-d6f50f21a977 tempest-VolumesActionsTest-51639872 tempest-VolumesActionsTest-51639872-project-member] new path /v2/images/c3a8d6fd-a4dc-4f4a-a7b4-89a722e98922 {{(pid=102023) process_request /opt/stack/glance/glance/api/middleware/version_negotiation.py:70}}
Jun 01 11:29:23.745066 np0000001844 devstack@g-api.service[102023]: [pid: 102023|app: 0|req: 80/235] 127.0.0.1 () {40 vars in 838 bytes} [Mon Jun 1 11:29:23 2026] GET /v2/images/c3a8d6fd-a4dc-4f4a-a7b4-89a722e98922 => generated 650 bytes in 22 msecs (HTTP/1.1 200) 4 headers in 157 bytes (1 switches on core 0)
Jun 01 11:29:23.989931 np0000001844 devstack@g-api.service[102024]: DEBUG swiftclient [None req-4ae4bc4f-df9d-45d0-85dc-5c2f67bded5c tempest-VolumesActionsTest-51639872 tempest-VolumesActionsTest-51639872-project-member] REQ: curl -i https://10.4.3.231:8080/v1/AUTH_910d6b39d68b42ec8991f25d42b753cc/glance/c3a8d6fd-a4dc-4f4a-a7b4-89a722e98922-00003 -X PUT -H "X-Auth-Token: gAAAAABqHW0MO5-_..." {{(pid=102024) http_log /opt/stack/data/venv/lib/python3.12/site-packages/swiftclient/client.py:160}}
Jun 01 11:29:23.989931 np0000001844 devstack@g-api.service[102024]: DEBUG swiftclient [None req-4ae4bc4f-df9d-45d0-85dc-5c2f67bded5c tempest-VolumesActionsTest-51639872 tempest-VolumesActionsTest-51639872-project-member] RESP STATUS: 201 Created {{(pid=102024) http_log /opt/stack/data/venv/lib/python3.12/site-packages/swiftclient/client.py:161}}
Jun 01 11:29:23.989931 np0000001844 devstack@g-api.service[102024]: DEBUG swiftclient [None req-4ae4bc4f-df9d-45d0-85dc-5c2f67bded5c tempest-VolumesActionsTest-51639872 tempest-VolumesActionsTest-51639872-project-member] RESP HEADERS: {'Date': 'Mon, 01 Jun 2026 11:29:23 GMT', 'Server': 'Apache/2.4.58 (Ubuntu)', 'Content-Type': 'text/html; charset=UTF-8', 'Content-Length': '0', 'Etag': 'eda9a9889837ac4bc81d6387d92c1bec', 'Last-Modified': 'Mon, 01 Jun 2026 11:29:22 GMT', 'X-Trans-Id': 'txe78a24da0bb447c6a07e9-006a1d6d11', 'X-Openstack-Request-Id': 'txe78a24da0bb447c6a07e9-006a1d6d11', 'Connection': 'close'} {{(pid=102024) http_log /opt/stack/data/venv/lib/python3.12/site-packages/swiftclient/client.py:162}}
Jun 01 11:29:23.989931 np0000001844 devstack@g-api.service[102024]: DEBUG glance_store._drivers.swift.store [None req-4ae4bc4f-df9d-45d0-85dc-5c2f67bded5c tempest-VolumesActionsTest-51639872 tempest-VolumesActionsTest-51639872-project-member] Wrote chunk c3a8d6fd-a4dc-4f4a-a7b4-89a722e98922-00003 (3/?) of length 204800000 to Swift returning MD5 of content: eda9a9889837ac4bc81d6387d92c1bec {{(pid=102024) add /opt/stack/data/venv/lib/python3.12/site-packages/glance_store/_drivers/swift/store.py:1059}}
Jun 01 11:29:24.755319 np0000001844 devstack@g-api.service[102025]: DEBUG glance.api.middleware.version_negotiation [None req-cbc09a37-e59d-4bfd-bd87-62e176c55539 tempest-VolumesActionsTest-51639872 tempest-VolumesActionsTest-51639872-project-member] Determining version of request: GET /v2/images/c3a8d6fd-a4dc-4f4a-a7b4-89a722e98922 Accept: application/json {{(pid=102025) process_request /opt/stack/glance/glance/api/middleware/version_negotiation.py:44}}
Jun 01 11:29:24.755785 np0000001844 devstack@g-api.service[102025]: DEBUG glance.api.middleware.version_negotiation [None req-cbc09a37-e59d-4bfd-bd87-62e176c55539 tempest-VolumesActionsTest-51639872 tempest-VolumesActionsTest-51639872-project-member] Using url versioning {{(pid=102025) process_request /opt/stack/glance/glance/api/middleware/version_negotiation.py:57}}
Jun 01 11:29:24.755911 np0000001844 devstack@g-api.service[102025]: DEBUG glance.api.middleware.version_negotiation [None req-cbc09a37-e59d-4bfd-bd87-62e176c55539 tempest-VolumesActionsTest-51639872 tempest-VolumesActionsTest-51639872-project-member] Matched version: v2 {{(pid=102025) process_request /opt/stack/glance/glance/api/middleware/version_negotiation.py:69}}
Jun 01 11:29:24.756016 np0000001844 devstack@g-api.service[102025]: DEBUG glance.api.middleware.version_negotiation [None req-cbc09a37-e59d-4bfd-bd87-62e176c55539 tempest-VolumesActionsTest-51639872 tempest-VolumesActionsTest-51639872-project-member] new path /v2/images/c3a8d6fd-a4dc-4f4a-a7b4-89a722e98922 {{(pid=102025) process_request /opt/stack/glance/glance/api/middleware/version_negotiation.py:70}}
Jun 01 11:29:24.777560 np0000001844 devstack@g-api.service[102025]: [pid: 102025|app: 0|req: 81/236] 127.0.0.1 () {40 vars in 838 bytes} [Mon Jun 1 11:29:24 2026] GET /v2/images/c3a8d6fd-a4dc-4f4a-a7b4-89a722e98922 => generated 650 bytes in 22 msecs (HTTP/1.1 200) 4 headers in 157 bytes (1 switches on core 0)
Jun 01 11:29:25.794972 np0000001844 devstack@g-api.service[102023]: DEBUG glance.api.middleware.version_negotiation [None req-8a991028-5088-4537-a833-2b296a6f3661 tempest-VolumesActionsTest-51639872 tempest-VolumesActionsTest-51639872-project-member] Determining version of request: GET /v2/images/c3a8d6fd-a4dc-4f4a-a7b4-89a722e98922 Accept: application/json {{(pid=102023) process_request /opt/stack/glance/glance/api/middleware/version_negotiation.py:44}}
Jun 01 11:29:25.795868 np0000001844 devstack@g-api.service[102023]: DEBUG glance.api.middleware.version_negotiation [None req-8a991028-5088-4537-a833-2b296a6f3661 tempest-VolumesActionsTest-51639872 tempest-VolumesActionsTest-51639872-project-member] Using url versioning {{(pid=102023) process_request /opt/stack/glance/glance/api/middleware/version_negotiation.py:57}}
Jun 01 11:29:25.795868 np0000001844 devstack@g-api.service[102023]: DEBUG glance.api.middleware.version_negotiation [None req-8a991028-5088-4537-a833-2b296a6f3661 tempest-VolumesActionsTest-51639872 tempest-VolumesActionsTest-51639872-project-member] Matched version: v2 {{(pid=102023) process_request /opt/stack/glance/glance/api/middleware/version_negotiation.py:69}}
Jun 01 11:29:25.795868 np0000001844 devstack@g-api.service[102023]: DEBUG glance.api.middleware.version_negotiation [None req-8a991028-5088-4537-a833-2b296a6f3661 tempest-VolumesActionsTest-51639872 tempest-VolumesActionsTest-51639872-project-member] new path /v2/images/c3a8d6fd-a4dc-4f4a-a7b4-89a722e98922 {{(pid=102023) process_request /opt/stack/glance/glance/api/middleware/version_negotiation.py:70}}
Jun 01 11:29:25.810669 np0000001844 devstack@g-api.service[102023]: [pid: 102023|app: 0|req: 81/237] 127.0.0.1 () {40 vars in 838 bytes} [Mon Jun 1 11:29:25 2026] GET /v2/images/c3a8d6fd-a4dc-4f4a-a7b4-89a722e98922 => generated 650 bytes in 16 msecs (HTTP/1.1 200) 4 headers in 157 bytes (1 switches on core 0)
Jun 01 11:29:26.125801 np0000001844 devstack@g-api.service[102024]: DEBUG dbcounter [-] [102024] Writing DB stats glance:SELECT=18,glance:UPDATE=1 {{(pid=102024) stat_writer /opt/stack/data/venv/lib/python3.12/site-packages/dbcounter.py:115}}
Jun 01 11:29:26.568812 np0000001844 devstack@g-api.service[102024]: DEBUG swiftclient [None req-4ae4bc4f-df9d-45d0-85dc-5c2f67bded5c tempest-VolumesActionsTest-51639872 tempest-VolumesActionsTest-51639872-project-member] REQ: curl -i https://10.4.3.231:8080/v1/AUTH_910d6b39d68b42ec8991f25d42b753cc/glance/c3a8d6fd-a4dc-4f4a-a7b4-89a722e98922-00004 -X PUT -H "X-Auth-Token: gAAAAABqHW0MO5-_..." {{(pid=102024) http_log /opt/stack/data/venv/lib/python3.12/site-packages/swiftclient/client.py:160}}
Jun 01 11:29:26.568935 np0000001844 devstack@g-api.service[102024]: DEBUG swiftclient [None req-4ae4bc4f-df9d-45d0-85dc-5c2f67bded5c tempest-VolumesActionsTest-51639872 tempest-VolumesActionsTest-51639872-project-member] RESP STATUS: 201 Created {{(pid=102024) http_log /opt/stack/data/venv/lib/python3.12/site-packages/swiftclient/client.py:161}}
Jun 01 11:29:26.569336 np0000001844 devstack@g-api.service[102024]: DEBUG swiftclient [None req-4ae4bc4f-df9d-45d0-85dc-5c2f67bded5c tempest-VolumesActionsTest-51639872 tempest-VolumesActionsTest-51639872-project-member] RESP HEADERS: {'Date': 'Mon, 01 Jun 2026 11:29:26 GMT', 'Server': 'Apache/2.4.58 (Ubuntu)', 'Content-Type': 'text/html; charset=UTF-8', 'Content-Length': '0', 'Etag': 'eda9a9889837ac4bc81d6387d92c1bec', 'Last-Modified': 'Mon, 01 Jun 2026 11:29:24 GMT', 'X-Trans-Id': 'tx27e339eea4fc42a588b50-006a1d6d13', 'X-Openstack-Request-Id': 'tx27e339eea4fc42a588b50-006a1d6d13', 'Connection': 'close'} {{(pid=102024) http_log /opt/stack/data/venv/lib/python3.12/site-packages/swiftclient/client.py:162}}
Jun 01 11:29:26.569465 np0000001844 devstack@g-api.service[102024]: DEBUG glance_store._drivers.swift.store [None req-4ae4bc4f-df9d-45d0-85dc-5c2f67bded5c tempest-VolumesActionsTest-51639872 tempest-VolumesActionsTest-51639872-project-member] Wrote chunk c3a8d6fd-a4dc-4f4a-a7b4-89a722e98922-00004 (4/?) of length 204800000 to Swift returning MD5 of content: eda9a9889837ac4bc81d6387d92c1bec {{(pid=102024) add /opt/stack/data/venv/lib/python3.12/site-packages/glance_store/_drivers/swift/store.py:1059}}
Jun 01 11:29:26.822853 np0000001844 devstack@g-api.service[102025]: DEBUG glance.api.middleware.version_negotiation [None req-599d7dce-59d0-421e-905f-968daa9299e8 tempest-VolumesActionsTest-51639872 tempest-VolumesActionsTest-51639872-project-member] Determining version of request: GET /v2/images/c3a8d6fd-a4dc-4f4a-a7b4-89a722e98922 Accept: application/json {{(pid=102025) process_request /opt/stack/glance/glance/api/middleware/version_negotiation.py:44}}
Jun 01 11:29:26.823748 np0000001844 devstack@g-api.service[102025]: DEBUG glance.api.middleware.version_negotiation [None req-599d7dce-59d0-421e-905f-968daa9299e8 tempest-VolumesActionsTest-51639872 tempest-VolumesActionsTest-51639872-project-member] Using url versioning {{(pid=102025) process_request /opt/stack/glance/glance/api/middleware/version_negotiation.py:57}}
Jun 01 11:29:26.824138 np0000001844 devstack@g-api.service[102025]: DEBUG glance.api.middleware.version_negotiation [None req-599d7dce-59d0-421e-905f-968daa9299e8 tempest-VolumesActionsTest-51639872 tempest-VolumesActionsTest-51639872-project-member] Matched version: v2 {{(pid=102025) process_request /opt/stack/glance/glance/api/middleware/version_negotiation.py:69}}
Jun 01 11:29:26.824138 np0000001844 devstack@g-api.service[102025]: DEBUG glance.api.middleware.version_negotiation [None req-599d7dce-59d0-421e-905f-968daa9299e8 tempest-VolumesActionsTest-51639872 tempest-VolumesActionsTest-51639872-project-member] new path /v2/images/c3a8d6fd-a4dc-4f4a-a7b4-89a722e98922 {{(pid=102025) process_request /opt/stack/glance/glance/api/middleware/version_negotiation.py:70}}
Jun 01 11:29:26.840041 np0000001844 devstack@g-api.service[102025]: [pid: 102025|app: 0|req: 82/238] 127.0.0.1 () {40 vars in 838 bytes} [Mon Jun 1 11:29:26 2026] GET /v2/images/c3a8d6fd-a4dc-4f4a-a7b4-89a722e98922 => generated 650 bytes in 17 msecs (HTTP/1.1 200) 4 headers in 157 bytes (1 switches on core 0)
Jun 01 11:29:27.857961 np0000001844 devstack@g-api.service[102023]: DEBUG glance.api.middleware.version_negotiation [None req-cb695b18-0ee9-455e-84a0-e3b661a33501 tempest-VolumesActionsTest-51639872 tempest-VolumesActionsTest-51639872-project-member] Determining version of request: GET /v2/images/c3a8d6fd-a4dc-4f4a-a7b4-89a722e98922 Accept: application/json {{(pid=102023) process_request /opt/stack/glance/glance/api/middleware/version_negotiation.py:44}}
Jun 01 11:29:27.857961 np0000001844 devstack@g-api.service[102023]: DEBUG glance.api.middleware.version_negotiation [None req-cb695b18-0ee9-455e-84a0-e3b661a33501 tempest-VolumesActionsTest-51639872 tempest-VolumesActionsTest-51639872-project-member] Using url versioning {{(pid=102023) process_request /opt/stack/glance/glance/api/middleware/version_negotiation.py:57}}
Jun 01 11:29:27.857961 np0000001844 devstack@g-api.service[102023]: DEBUG glance.api.middleware.version_negotiation [None req-cb695b18-0ee9-455e-84a0-e3b661a33501 tempest-VolumesActionsTest-51639872 tempest-VolumesActionsTest-51639872-project-member] Matched version: v2 {{(pid=102023) process_request /opt/stack/glance/glance/api/middleware/version_negotiation.py:69}}
Jun 01 11:29:27.858586 np0000001844 devstack@g-api.service[102023]: DEBUG glance.api.middleware.version_negotiation [None req-cb695b18-0ee9-455e-84a0-e3b661a33501 tempest-VolumesActionsTest-51639872 tempest-VolumesActionsTest-51639872-project-member] new path /v2/images/c3a8d6fd-a4dc-4f4a-a7b4-89a722e98922 {{(pid=102023) process_request /opt/stack/glance/glance/api/middleware/version_negotiation.py:70}}
Jun 01 11:29:27.877325 np0000001844 devstack@g-api.service[102023]: [pid: 102023|app: 0|req: 82/239] 127.0.0.1 () {40 vars in 838 bytes} [Mon Jun 1 11:29:27 2026] GET /v2/images/c3a8d6fd-a4dc-4f4a-a7b4-89a722e98922 => generated 650 bytes in 19 msecs (HTTP/1.1 200) 4 headers in 157 bytes (1 switches on core 0)
Jun 01 11:29:28.892997 np0000001844 devstack@g-api.service[102025]: DEBUG glance.api.middleware.version_negotiation [None req-a9ad8acf-c272-409d-bc2b-1815c472e05b tempest-VolumesActionsTest-51639872 tempest-VolumesActionsTest-51639872-project-member] Determining version of request: GET /v2/images/c3a8d6fd-a4dc-4f4a-a7b4-89a722e98922 Accept: application/json {{(pid=102025) process_request /opt/stack/glance/glance/api/middleware/version_negotiation.py:44}}
Jun 01 11:29:28.892997 np0000001844 devstack@g-api.service[102025]: DEBUG glance.api.middleware.version_negotiation [None req-a9ad8acf-c272-409d-bc2b-1815c472e05b tempest-VolumesActionsTest-51639872 tempest-VolumesActionsTest-51639872-project-member] Using url versioning {{(pid=102025) process_request /opt/stack/glance/glance/api/middleware/version_negotiation.py:57}}
Jun 01 11:29:28.892997 np0000001844 devstack@g-api.service[102025]: DEBUG glance.api.middleware.version_negotiation [None req-a9ad8acf-c272-409d-bc2b-1815c472e05b tempest-VolumesActionsTest-51639872 tempest-VolumesActionsTest-51639872-project-member] Matched version: v2 {{(pid=102025) process_request /opt/stack/glance/glance/api/middleware/version_negotiation.py:69}}
Jun 01 11:29:28.897318 np0000001844 devstack@g-api.service[102025]: DEBUG glance.api.middleware.version_negotiation [None req-a9ad8acf-c272-409d-bc2b-1815c472e05b tempest-VolumesActionsTest-51639872 tempest-VolumesActionsTest-51639872-project-member] new path /v2/images/c3a8d6fd-a4dc-4f4a-a7b4-89a722e98922 {{(pid=102025) process_request /opt/stack/glance/glance/api/middleware/version_negotiation.py:70}}
Jun 01 11:29:28.924775 np0000001844 devstack@g-api.service[102025]: [pid: 102025|app: 0|req: 83/240] 127.0.0.1 () {40 vars in 838 bytes} [Mon Jun 1 11:29:28 2026] GET /v2/images/c3a8d6fd-a4dc-4f4a-a7b4-89a722e98922 => generated 650 bytes in 33 msecs (HTTP/1.1 200) 4 headers in 157 bytes (1 switches on core 0)
Jun 01 11:29:29.129770 np0000001844 devstack@g-api.service[102024]: DEBUG swiftclient [None req-4ae4bc4f-df9d-45d0-85dc-5c2f67bded5c tempest-VolumesActionsTest-51639872 tempest-VolumesActionsTest-51639872-project-member] REQ: curl -i https://10.4.3.231:8080/v1/AUTH_910d6b39d68b42ec8991f25d42b753cc/glance/c3a8d6fd-a4dc-4f4a-a7b4-89a722e98922-00005 -X PUT -H "X-Auth-Token: gAAAAABqHW0MO5-_..." {{(pid=102024) http_log /opt/stack/data/venv/lib/python3.12/site-packages/swiftclient/client.py:160}}
Jun 01 11:29:29.129770 np0000001844 devstack@g-api.service[102024]: DEBUG swiftclient [None req-4ae4bc4f-df9d-45d0-85dc-5c2f67bded5c tempest-VolumesActionsTest-51639872 tempest-VolumesActionsTest-51639872-project-member] RESP STATUS: 201 Created {{(pid=102024) http_log /opt/stack/data/venv/lib/python3.12/site-packages/swiftclient/client.py:161}}
Jun 01 11:29:29.130132 np0000001844 devstack@g-api.service[102024]: DEBUG swiftclient [None req-4ae4bc4f-df9d-45d0-85dc-5c2f67bded5c tempest-VolumesActionsTest-51639872 tempest-VolumesActionsTest-51639872-project-member] RESP HEADERS: {'Date': 'Mon, 01 Jun 2026 11:29:29 GMT', 'Server': 'Apache/2.4.58 (Ubuntu)', 'Content-Type': 'text/html; charset=UTF-8', 'Content-Length': '0', 'Etag': 'eda9a9889837ac4bc81d6387d92c1bec', 'Last-Modified': 'Mon, 01 Jun 2026 11:29:27 GMT', 'X-Trans-Id': 'tx4c254929125044108313d-006a1d6d16', 'X-Openstack-Request-Id': 'tx4c254929125044108313d-006a1d6d16', 'Connection': 'close'} {{(pid=102024) http_log /opt/stack/data/venv/lib/python3.12/site-packages/swiftclient/client.py:162}}
Jun 01 11:29:29.130132 np0000001844 devstack@g-api.service[102024]: DEBUG glance_store._drivers.swift.store [None req-4ae4bc4f-df9d-45d0-85dc-5c2f67bded5c tempest-VolumesActionsTest-51639872 tempest-VolumesActionsTest-51639872-project-member] Wrote chunk c3a8d6fd-a4dc-4f4a-a7b4-89a722e98922-00005 (5/?) of length 204800000 to Swift returning MD5 of content: eda9a9889837ac4bc81d6387d92c1bec {{(pid=102024) add /opt/stack/data/venv/lib/python3.12/site-packages/glance_store/_drivers/swift/store.py:1059}}
Jun 01 11:29:29.790597 np0000001844 devstack@g-api.service[102024]: DEBUG swiftclient [None req-4ae4bc4f-df9d-45d0-85dc-5c2f67bded5c tempest-VolumesActionsTest-51639872 tempest-VolumesActionsTest-51639872-project-member] REQ: curl -i https://10.4.3.231:8080/v1/AUTH_910d6b39d68b42ec8991f25d42b753cc/glance/c3a8d6fd-a4dc-4f4a-a7b4-89a722e98922-00006 -X PUT -H "X-Auth-Token: gAAAAABqHW0MO5-_..." {{(pid=102024) http_log /opt/stack/data/venv/lib/python3.12/site-packages/swiftclient/client.py:160}}
Jun 01 11:29:29.790772 np0000001844 devstack@g-api.service[102024]: DEBUG swiftclient [None req-4ae4bc4f-df9d-45d0-85dc-5c2f67bded5c tempest-VolumesActionsTest-51639872 tempest-VolumesActionsTest-51639872-project-member] RESP STATUS: 201 Created {{(pid=102024) http_log /opt/stack/data/venv/lib/python3.12/site-packages/swiftclient/client.py:161}}
Jun 01 11:29:29.790967 np0000001844 devstack@g-api.service[102024]: DEBUG swiftclient [None req-4ae4bc4f-df9d-45d0-85dc-5c2f67bded5c tempest-VolumesActionsTest-51639872 tempest-VolumesActionsTest-51639872-project-member] RESP HEADERS: {'Date': 'Mon, 01 Jun 2026 11:29:29 GMT', 'Server': 'Apache/2.4.58 (Ubuntu)', 'Content-Type': 'text/html; charset=UTF-8', 'Content-Length': '0', 'Etag': '708761f3b8777ec77058e63da08eeeb6', 'Last-Modified': 'Mon, 01 Jun 2026 11:29:30 GMT', 'X-Trans-Id': 'tx931c1319680c4e61a8cb5-006a1d6d19', 'X-Openstack-Request-Id': 'tx931c1319680c4e61a8cb5-006a1d6d19', 'Connection': 'close'} {{(pid=102024) http_log /opt/stack/data/venv/lib/python3.12/site-packages/swiftclient/client.py:162}}
Jun 01 11:29:29.791372 np0000001844 devstack@g-api.service[102024]: DEBUG glance_store._drivers.swift.store [None req-4ae4bc4f-df9d-45d0-85dc-5c2f67bded5c tempest-VolumesActionsTest-51639872 tempest-VolumesActionsTest-51639872-project-member] Wrote chunk c3a8d6fd-a4dc-4f4a-a7b4-89a722e98922-00006 (6/?) of length 49741824 to Swift returning MD5 of content: 708761f3b8777ec77058e63da08eeeb6 {{(pid=102024) add /opt/stack/data/venv/lib/python3.12/site-packages/glance_store/_drivers/swift/store.py:1059}}
Jun 01 11:29:29.791372 np0000001844 devstack@g-api.service[102024]: DEBUG glance_store._drivers.swift.store [None req-4ae4bc4f-df9d-45d0-85dc-5c2f67bded5c tempest-VolumesActionsTest-51639872 tempest-VolumesActionsTest-51639872-project-member] Not writing zero-length chunk. {{(pid=102024) add /opt/stack/data/venv/lib/python3.12/site-packages/glance_store/_drivers/swift/store.py:1028}}
Jun 01 11:29:29.837486 np0000001844 devstack@g-api.service[102024]: DEBUG swiftclient [None req-4ae4bc4f-df9d-45d0-85dc-5c2f67bded5c tempest-VolumesActionsTest-51639872 tempest-VolumesActionsTest-51639872-project-member] REQ: curl -i https://10.4.3.231:8080/v1/AUTH_910d6b39d68b42ec8991f25d42b753cc/glance/c3a8d6fd-a4dc-4f4a-a7b4-89a722e98922 -X PUT -H "X-Object-Manifest: glance/c3a8d6fd-a4dc-4f4a-a7b4-89a722e98922-" -H "X-Auth-Token: gAAAAABqHW0MO5-_..." -H "Content-Length: 0" {{(pid=102024) http_log /opt/stack/data/venv/lib/python3.12/site-packages/swiftclient/client.py:160}}
Jun 01 11:29:29.837486 np0000001844 devstack@g-api.service[102024]: DEBUG swiftclient [None req-4ae4bc4f-df9d-45d0-85dc-5c2f67bded5c tempest-VolumesActionsTest-51639872 tempest-VolumesActionsTest-51639872-project-member] RESP STATUS: 201 Created {{(pid=102024) http_log /opt/stack/data/venv/lib/python3.12/site-packages/swiftclient/client.py:161}}
Jun 01 11:29:29.837784 np0000001844 devstack@g-api.service[102024]: DEBUG swiftclient [None req-4ae4bc4f-df9d-45d0-85dc-5c2f67bded5c tempest-VolumesActionsTest-51639872 tempest-VolumesActionsTest-51639872-project-member] RESP HEADERS: {'Date': 'Mon, 01 Jun 2026 11:29:29 GMT', 'Server': 'Apache/2.4.58 (Ubuntu)', 'Content-Type': 'text/html; charset=UTF-8', 'Content-Length': '0', 'Etag': 'd41d8cd98f00b204e9800998ecf8427e', 'Last-Modified': 'Mon, 01 Jun 2026 11:29:30 GMT', 'X-Trans-Id': 'tx734466fb42af4d66996ef-006a1d6d19', 'X-Openstack-Request-Id': 'tx734466fb42af4d66996ef-006a1d6d19', 'Connection': 'close'} {{(pid=102024) http_log /opt/stack/data/venv/lib/python3.12/site-packages/swiftclient/client.py:162}}
Jun 01 11:29:29.838141 np0000001844 devstack@g-api.service[102024]: INFO glance.location [None req-4ae4bc4f-df9d-45d0-85dc-5c2f67bded5c tempest-VolumesActionsTest-51639872 tempest-VolumesActionsTest-51639872-project-member] Image format matched and virtual size computed: 1073741824
Jun 01 11:29:29.877403 np0000001844 devstack@g-api.service[102024]: DEBUG glance_store.backend [None req-4ae4bc4f-df9d-45d0-85dc-5c2f67bded5c tempest-VolumesActionsTest-51639872 tempest-VolumesActionsTest-51639872-project-member] Attempting to import store swift {{(pid=102024) _load_store /opt/stack/data/venv/lib/python3.12/site-packages/glance_store/backend.py:215}}
Jun 01 11:29:29.879202 np0000001844 devstack@g-api.service[102024]: DEBUG glance_store.capabilities [None req-4ae4bc4f-df9d-45d0-85dc-5c2f67bded5c tempest-VolumesActionsTest-51639872 tempest-VolumesActionsTest-51639872-project-member] Store glance_store._drivers.swift.store.SingleTenantStore doesn't support updating dynamic storage capabilities. Please overwrite 'update_capabilities' method of the store to implement updating logics if needed. {{(pid=102024) update_capabilities /opt/stack/data/venv/lib/python3.12/site-packages/glance_store/capabilities.py:91}}
Jun 01 11:29:29.879348 np0000001844 devstack@g-api.service[102024]: DEBUG glance_store.driver [None req-4ae4bc4f-df9d-45d0-85dc-5c2f67bded5c tempest-VolumesActionsTest-51639872 tempest-VolumesActionsTest-51639872-project-member] Late loading location class glance_store._drivers.swift.store.StoreLocation {{(pid=102024) get_store_location_class /opt/stack/data/venv/lib/python3.12/site-packages/glance_store/driver.py:134}}
Jun 01 11:29:29.879481 np0000001844 devstack@g-api.service[102024]: DEBUG glance_store.location [None req-4ae4bc4f-df9d-45d0-85dc-5c2f67bded5c tempest-VolumesActionsTest-51639872 tempest-VolumesActionsTest-51639872-project-member] Registering scheme swift+https with {'store': , 'location_class': , 'store_entry': 'swift'} {{(pid=102024) register_scheme_map /opt/stack/data/venv/lib/python3.12/site-packages/glance_store/location.py:146}}
Jun 01 11:29:29.879597 np0000001844 devstack@g-api.service[102024]: DEBUG glance_store.location [None req-4ae4bc4f-df9d-45d0-85dc-5c2f67bded5c tempest-VolumesActionsTest-51639872 tempest-VolumesActionsTest-51639872-project-member] Registering scheme swift+https with {'store': , 'location_class': , 'store_entry': 'swift'} {{(pid=102024) register_scheme_map /opt/stack/data/venv/lib/python3.12/site-packages/glance_store/location.py:146}}
Jun 01 11:29:29.879772 np0000001844 devstack@g-api.service[102024]: DEBUG glance_store.location [None req-4ae4bc4f-df9d-45d0-85dc-5c2f67bded5c tempest-VolumesActionsTest-51639872 tempest-VolumesActionsTest-51639872-project-member] Registering scheme swift with {'store': , 'location_class': , 'store_entry': 'swift'} {{(pid=102024) register_scheme_map /opt/stack/data/venv/lib/python3.12/site-packages/glance_store/location.py:146}}
Jun 01 11:29:29.879958 np0000001844 devstack@g-api.service[102024]: DEBUG glance_store.location [None req-4ae4bc4f-df9d-45d0-85dc-5c2f67bded5c tempest-VolumesActionsTest-51639872 tempest-VolumesActionsTest-51639872-project-member] Registering scheme swift+https with {'store': , 'location_class': , 'store_entry': 'swift'} {{(pid=102024) register_scheme_map /opt/stack/data/venv/lib/python3.12/site-packages/glance_store/location.py:146}}
Jun 01 11:29:29.880760 np0000001844 devstack@g-api.service[102024]: DEBUG glance_store.location [None req-4ae4bc4f-df9d-45d0-85dc-5c2f67bded5c tempest-VolumesActionsTest-51639872 tempest-VolumesActionsTest-51639872-project-member] Registering scheme swift with {'store': , 'location_class': , 'store_entry': 'swift'} {{(pid=102024) register_scheme_map /opt/stack/data/venv/lib/python3.12/site-packages/glance_store/location.py:146}}
Jun 01 11:29:29.880760 np0000001844 devstack@g-api.service[102024]: DEBUG glance_store.location [None req-4ae4bc4f-df9d-45d0-85dc-5c2f67bded5c tempest-VolumesActionsTest-51639872 tempest-VolumesActionsTest-51639872-project-member] Registering scheme swift+http with {'store': , 'location_class': , 'store_entry': 'swift'} {{(pid=102024) register_scheme_map /opt/stack/data/venv/lib/python3.12/site-packages/glance_store/location.py:146}}
Jun 01 11:29:29.880760 np0000001844 devstack@g-api.service[102024]: DEBUG glance_store.location [None req-4ae4bc4f-df9d-45d0-85dc-5c2f67bded5c tempest-VolumesActionsTest-51639872 tempest-VolumesActionsTest-51639872-project-member] Registering scheme swift+https with {'store': , 'location_class': , 'store_entry': 'swift'} {{(pid=102024) register_scheme_map /opt/stack/data/venv/lib/python3.12/site-packages/glance_store/location.py:146}}
Jun 01 11:29:29.880760 np0000001844 devstack@g-api.service[102024]: DEBUG glance_store.location [None req-4ae4bc4f-df9d-45d0-85dc-5c2f67bded5c tempest-VolumesActionsTest-51639872 tempest-VolumesActionsTest-51639872-project-member] Registering scheme swift with {'store': , 'location_class': , 'store_entry': 'swift'} {{(pid=102024) register_scheme_map /opt/stack/data/venv/lib/python3.12/site-packages/glance_store/location.py:146}}
Jun 01 11:29:29.880760 np0000001844 devstack@g-api.service[102024]: DEBUG glance_store.location [None req-4ae4bc4f-df9d-45d0-85dc-5c2f67bded5c tempest-VolumesActionsTest-51639872 tempest-VolumesActionsTest-51639872-project-member] Registering scheme swift+http with {'store': , 'location_class': , 'store_entry': 'swift'} {{(pid=102024) register_scheme_map /opt/stack/data/venv/lib/python3.12/site-packages/glance_store/location.py:146}}
Jun 01 11:29:29.880760 np0000001844 devstack@g-api.service[102024]: DEBUG glance_store.location [None req-4ae4bc4f-df9d-45d0-85dc-5c2f67bded5c tempest-VolumesActionsTest-51639872 tempest-VolumesActionsTest-51639872-project-member] Registering scheme swift+config with {'store': , 'location_class': , 'store_entry': 'swift'} {{(pid=102024) register_scheme_map /opt/stack/data/venv/lib/python3.12/site-packages/glance_store/location.py:146}}
Jun 01 11:29:29.880760 np0000001844 devstack@g-api.service[102024]: DEBUG glance_store.backend [None req-4ae4bc4f-df9d-45d0-85dc-5c2f67bded5c tempest-VolumesActionsTest-51639872 tempest-VolumesActionsTest-51639872-project-member] Skipping store.set_acls... not implemented. {{(pid=102024) set_acls /opt/stack/data/venv/lib/python3.12/site-packages/glance_store/backend.py:507}}
Jun 01 11:29:29.883983 np0000001844 devstack@g-api.service[102024]: [pid: 102024|app: 0|req: 76/241] 127.0.0.1 () {46 vars in 1158 bytes} [Mon Jun 1 11:29:14 2026] PUT /v2/images/c3a8d6fd-a4dc-4f4a-a7b4-89a722e98922/file => generated 0 bytes in 14903 msecs (HTTP/1.1 204) 4 headers in 171 bytes (1 switches on core 0)
Jun 01 11:29:29.894440 np0000001844 devstack@g-api.service[102023]: DEBUG glance.api.middleware.version_negotiation [None req-27ca2e48-306b-44f2-9be4-efdf75d1922d tempest-VolumesActionsTest-51639872 tempest-VolumesActionsTest-51639872-project-member] Determining version of request: GET /v2/images/c3a8d6fd-a4dc-4f4a-a7b4-89a722e98922 Accept: */* {{(pid=102023) process_request /opt/stack/glance/glance/api/middleware/version_negotiation.py:44}}
Jun 01 11:29:29.894943 np0000001844 devstack@g-api.service[102023]: DEBUG glance.api.middleware.version_negotiation [None req-27ca2e48-306b-44f2-9be4-efdf75d1922d tempest-VolumesActionsTest-51639872 tempest-VolumesActionsTest-51639872-project-member] Using url versioning {{(pid=102023) process_request /opt/stack/glance/glance/api/middleware/version_negotiation.py:57}}
Jun 01 11:29:29.894943 np0000001844 devstack@g-api.service[102023]: DEBUG glance.api.middleware.version_negotiation [None req-27ca2e48-306b-44f2-9be4-efdf75d1922d tempest-VolumesActionsTest-51639872 tempest-VolumesActionsTest-51639872-project-member] Matched version: v2 {{(pid=102023) process_request /opt/stack/glance/glance/api/middleware/version_negotiation.py:69}}
Jun 01 11:29:29.895189 np0000001844 devstack@g-api.service[102023]: DEBUG glance.api.middleware.version_negotiation [None req-27ca2e48-306b-44f2-9be4-efdf75d1922d tempest-VolumesActionsTest-51639872 tempest-VolumesActionsTest-51639872-project-member] new path /v2/images/c3a8d6fd-a4dc-4f4a-a7b4-89a722e98922 {{(pid=102023) process_request /opt/stack/glance/glance/api/middleware/version_negotiation.py:70}}
Jun 01 11:29:29.908114 np0000001844 devstack@g-api.service[102023]: [pid: 102023|app: 0|req: 83/242] 127.0.0.1 () {44 vars in 1115 bytes} [Mon Jun 1 11:29:29 2026] GET /v2/images/c3a8d6fd-a4dc-4f4a-a7b4-89a722e98922 => generated 822 bytes in 14 msecs (HTTP/1.1 200) 4 headers in 157 bytes (1 switches on core 0)
Jun 01 11:29:29.917795 np0000001844 devstack@g-api.service[102025]: DEBUG glance.api.middleware.version_negotiation [None req-735c06e0-164b-47ca-99a4-96c3b0064c78 tempest-VolumesActionsTest-51639872 tempest-VolumesActionsTest-51639872-project-member] Determining version of request: GET /v2/schemas/image Accept: */* {{(pid=102025) process_request /opt/stack/glance/glance/api/middleware/version_negotiation.py:44}}
Jun 01 11:29:29.917795 np0000001844 devstack@g-api.service[102025]: DEBUG glance.api.middleware.version_negotiation [None req-735c06e0-164b-47ca-99a4-96c3b0064c78 tempest-VolumesActionsTest-51639872 tempest-VolumesActionsTest-51639872-project-member] Using url versioning {{(pid=102025) process_request /opt/stack/glance/glance/api/middleware/version_negotiation.py:57}}
Jun 01 11:29:29.918281 np0000001844 devstack@g-api.service[102025]: DEBUG glance.api.middleware.version_negotiation [None req-735c06e0-164b-47ca-99a4-96c3b0064c78 tempest-VolumesActionsTest-51639872 tempest-VolumesActionsTest-51639872-project-member] Matched version: v2 {{(pid=102025) process_request /opt/stack/glance/glance/api/middleware/version_negotiation.py:69}}
Jun 01 11:29:29.918281 np0000001844 devstack@g-api.service[102025]: DEBUG glance.api.middleware.version_negotiation [None req-735c06e0-164b-47ca-99a4-96c3b0064c78 tempest-VolumesActionsTest-51639872 tempest-VolumesActionsTest-51639872-project-member] new path /v2/schemas/image {{(pid=102025) process_request /opt/stack/glance/glance/api/middleware/version_negotiation.py:70}}
Jun 01 11:29:29.922599 np0000001844 devstack@g-api.service[102025]: [pid: 102025|app: 0|req: 84/243] 127.0.0.1 () {44 vars in 1055 bytes} [Mon Jun 1 11:29:29 2026] GET /v2/schemas/image => generated 6083 bytes in 5 msecs (HTTP/1.1 200) 4 headers in 158 bytes (1 switches on core 0)
Jun 01 11:29:29.930972 np0000001844 devstack@g-api.service[102024]: DEBUG glance.api.middleware.version_negotiation [None req-4ae4bc4f-df9d-45d0-85dc-5c2f67bded5c tempest-VolumesActionsTest-51639872 tempest-VolumesActionsTest-51639872-project-member] Determining version of request: GET /v2/schemas/image Accept: */* {{(pid=102024) process_request /opt/stack/glance/glance/api/middleware/version_negotiation.py:44}}
Jun 01 11:29:29.931119 np0000001844 devstack@g-api.service[102024]: DEBUG glance.api.middleware.version_negotiation [None req-4ae4bc4f-df9d-45d0-85dc-5c2f67bded5c tempest-VolumesActionsTest-51639872 tempest-VolumesActionsTest-51639872-project-member] Using url versioning {{(pid=102024) process_request /opt/stack/glance/glance/api/middleware/version_negotiation.py:57}}
Jun 01 11:29:29.931283 np0000001844 devstack@g-api.service[102024]: DEBUG glance.api.middleware.version_negotiation [None req-4ae4bc4f-df9d-45d0-85dc-5c2f67bded5c tempest-VolumesActionsTest-51639872 tempest-VolumesActionsTest-51639872-project-member] Matched version: v2 {{(pid=102024) process_request /opt/stack/glance/glance/api/middleware/version_negotiation.py:69}}
Jun 01 11:29:29.931376 np0000001844 devstack@g-api.service[102024]: DEBUG glance.api.middleware.version_negotiation [None req-4ae4bc4f-df9d-45d0-85dc-5c2f67bded5c tempest-VolumesActionsTest-51639872 tempest-VolumesActionsTest-51639872-project-member] new path /v2/schemas/image {{(pid=102024) process_request /opt/stack/glance/glance/api/middleware/version_negotiation.py:70}}
Jun 01 11:29:29.934853 np0000001844 devstack@g-api.service[102024]: [pid: 102024|app: 0|req: 77/244] 127.0.0.1 () {44 vars in 1055 bytes} [Mon Jun 1 11:29:29 2026] GET /v2/schemas/image => generated 6083 bytes in 4 msecs (HTTP/1.1 200) 4 headers in 158 bytes (1 switches on core 0)
Jun 01 11:29:29.935025 np0000001844 devstack@g-api.service[102023]: DEBUG glance.api.middleware.version_negotiation [None req-4ae4bc4f-df9d-45d0-85dc-5c2f67bded5c tempest-VolumesActionsTest-51639872 tempest-VolumesActionsTest-51639872-project-member] Determining version of request: GET /v2/images/c3a8d6fd-a4dc-4f4a-a7b4-89a722e98922 Accept: application/json {{(pid=102023) process_request /opt/stack/glance/glance/api/middleware/version_negotiation.py:44}}
