Jun 01 11:23:26.063108 np0000001844 devstack@neutron-api.service[89994]: DEBUG neutron.plugins.ml2.drivers.ovn.mech_driver.ovsdb.maintenance [-] Touching Hash Ring node "00bdee676c395e889a5646cc8b78ed13" from periodic health check thread {{(pid=89994) touch_hash_ring_node /opt/stack/neutron/neutron/plugins/ml2/drivers/ovn/mech_driver/ovsdb/maintenance.py:1466}}
Jun 01 11:23:35.163042 np0000001844 devstack@neutron-api.service[89995]: DEBUG dbcounter [-] [89995] Writing DB stats neutron:SELECT=3307,neutron:INSERT=730,neutron:DELETE=12,neutron:UPDATE=136 {{(pid=89995) stat_writer /opt/stack/data/venv/lib/python3.12/site-packages/dbcounter.py:115}}
Jun 01 11:23:36.044087 np0000001844 devstack@neutron-api.service[89993]: DEBUG dbcounter [-] [89993] Writing DB stats neutron:SELECT=618,neutron:INSERT=18,neutron:DELETE=6,neutron:UPDATE=35 {{(pid=89993) stat_writer /opt/stack/data/venv/lib/python3.12/site-packages/dbcounter.py:115}}
Jun 01 11:23:36.068330 np0000001844 devstack@neutron-api.service[89994]: DEBUG dbcounter [-] [89994] Writing DB stats neutron:SELECT=2363,neutron:INSERT=56,neutron:DELETE=10,neutron:UPDATE=59 {{(pid=89994) stat_writer /opt/stack/data/venv/lib/python3.12/site-packages/dbcounter.py:115}}
Jun 01 11:23:40.156108 np0000001844 devstack@neutron-api.service[89995]: DEBUG futurist.periodics [-] Submitting periodic callback 'neutron.plugins.ml2.drivers.ovn.mech_driver.ovsdb.maintenance.HashRingHealthCheckPeriodics.touch_hash_ring_node' {{(pid=89995) _process_scheduled /opt/stack/data/venv/lib/python3.12/site-packages/futurist/periodics.py:784}}
Jun 01 11:23:40.156504 np0000001844 devstack@neutron-api.service[89995]: DEBUG neutron.plugins.ml2.drivers.ovn.mech_driver.ovsdb.maintenance [-] Touching Hash Ring node "1529707b56bb5c52aabe38b7c1540005" from periodic health check thread {{(pid=89995) touch_hash_ring_node /opt/stack/neutron/neutron/plugins/ml2/drivers/ovn/mech_driver/ovsdb/maintenance.py:1466}}
Jun 01 11:23:41.033612 np0000001844 devstack@neutron-api.service[89993]: DEBUG futurist.periodics [-] Submitting periodic callback 'neutron.plugins.ml2.drivers.ovn.mech_driver.ovsdb.maintenance.HashRingHealthCheckPeriodics.touch_hash_ring_node' {{(pid=89993) _process_scheduled /opt/stack/data/venv/lib/python3.12/site-packages/futurist/periodics.py:784}}
Jun 01 11:23:41.033936 np0000001844 devstack@neutron-api.service[89993]: DEBUG neutron.plugins.ml2.drivers.ovn.mech_driver.ovsdb.maintenance [-] Touching Hash Ring node "706c1cb9b105525683fff5aeeea3e2e9" from periodic health check thread {{(pid=89993) touch_hash_ring_node /opt/stack/neutron/neutron/plugins/ml2/drivers/ovn/mech_driver/ovsdb/maintenance.py:1466}}
Jun 01 11:23:41.063310 np0000001844 devstack@neutron-api.service[89994]: DEBUG futurist.periodics [-] Submitting periodic callback 'neutron.plugins.ml2.drivers.ovn.mech_driver.ovsdb.maintenance.HashRingHealthCheckPeriodics.touch_hash_ring_node' {{(pid=89994) _process_scheduled /opt/stack/data/venv/lib/python3.12/site-packages/futurist/periodics.py:784}}
Jun 01 11:23:41.063536 np0000001844 devstack@neutron-api.service[89994]: DEBUG neutron.plugins.ml2.drivers.ovn.mech_driver.ovsdb.maintenance [-] Touching Hash Ring node "00bdee676c395e889a5646cc8b78ed13" from periodic health check thread {{(pid=89994) touch_hash_ring_node /opt/stack/neutron/neutron/plugins/ml2/drivers/ovn/mech_driver/ovsdb/maintenance.py:1466}}
Jun 01 11:23:50.169225 np0000001844 devstack@neutron-api.service[89995]: DEBUG dbcounter [-] [89995] Writing DB stats neutron:UPDATE=1,neutron:SELECT=1 {{(pid=89995) stat_writer /opt/stack/data/venv/lib/python3.12/site-packages/dbcounter.py:115}}
Jun 01 11:23:51.039747 np0000001844 devstack@neutron-api.service[89993]: DEBUG dbcounter [-] [89993] Writing DB stats neutron:UPDATE=1,neutron:SELECT=1 {{(pid=89993) stat_writer /opt/stack/data/venv/lib/python3.12/site-packages/dbcounter.py:115}}
Jun 01 11:23:51.069350 np0000001844 devstack@neutron-api.service[89994]: DEBUG dbcounter [-] [89994] Writing DB stats neutron:UPDATE=1,neutron:SELECT=1 {{(pid=89994) stat_writer /opt/stack/data/venv/lib/python3.12/site-packages/dbcounter.py:115}}
Jun 01 11:23:55.156691 np0000001844 devstack@neutron-api.service[89995]: DEBUG futurist.periodics [-] Submitting periodic callback 'neutron.plugins.ml2.drivers.ovn.mech_driver.ovsdb.maintenance.HashRingHealthCheckPeriodics.touch_hash_ring_node' {{(pid=89995) _process_scheduled /opt/stack/data/venv/lib/python3.12/site-packages/futurist/periodics.py:784}}
Jun 01 11:23:55.157001 np0000001844 devstack@neutron-api.service[89995]: DEBUG neutron.plugins.ml2.drivers.ovn.mech_driver.ovsdb.maintenance [-] Touching Hash Ring node "1529707b56bb5c52aabe38b7c1540005" from periodic health check thread {{(pid=89995) touch_hash_ring_node /opt/stack/neutron/neutron/plugins/ml2/drivers/ovn/mech_driver/ovsdb/maintenance.py:1466}}
Jun 01 11:23:56.034110 np0000001844 devstack@neutron-api.service[89993]: DEBUG futurist.periodics [-] Submitting periodic callback 'neutron.plugins.ml2.drivers.ovn.mech_driver.ovsdb.maintenance.HashRingHealthCheckPeriodics.touch_hash_ring_node' {{(pid=89993) _process_scheduled /opt/stack/data/venv/lib/python3.12/site-packages/futurist/periodics.py:784}}
Jun 01 11:23:56.034498 np0000001844 devstack@neutron-api.service[89993]: DEBUG neutron.plugins.ml2.drivers.ovn.mech_driver.ovsdb.maintenance [-] Touching Hash Ring node "706c1cb9b105525683fff5aeeea3e2e9" from periodic health check thread {{(pid=89993) touch_hash_ring_node /opt/stack/neutron/neutron/plugins/ml2/drivers/ovn/mech_driver/ovsdb/maintenance.py:1466}}
Jun 01 11:23:56.063646 np0000001844 devstack@neutron-api.service[89994]: DEBUG futurist.periodics [-] Submitting periodic callback 'neutron.plugins.ml2.drivers.ovn.mech_driver.ovsdb.maintenance.HashRingHealthCheckPeriodics.touch_hash_ring_node' {{(pid=89994) _process_scheduled /opt/stack/data/venv/lib/python3.12/site-packages/futurist/periodics.py:784}}
Jun 01 11:23:56.064004 np0000001844 devstack@neutron-api.service[89994]: DEBUG neutron.plugins.ml2.drivers.ovn.mech_driver.ovsdb.maintenance [-] Touching Hash Ring node "00bdee676c395e889a5646cc8b78ed13" from periodic health check thread {{(pid=89994) touch_hash_ring_node /opt/stack/neutron/neutron/plugins/ml2/drivers/ovn/mech_driver/ovsdb/maintenance.py:1466}}
Jun 01 11:24:05.165350 np0000001844 devstack@neutron-api.service[89995]: DEBUG dbcounter [-] [89995] Writing DB stats neutron:UPDATE=1,neutron:SELECT=1 {{(pid=89995) stat_writer /opt/stack/data/venv/lib/python3.12/site-packages/dbcounter.py:115}}
Jun 01 11:24:06.040248 np0000001844 devstack@neutron-api.service[89993]: DEBUG dbcounter [-] [89993] Writing DB stats neutron:UPDATE=1,neutron:SELECT=1 {{(pid=89993) stat_writer /opt/stack/data/venv/lib/python3.12/site-packages/dbcounter.py:115}}
Jun 01 11:24:06.069702 np0000001844 devstack@neutron-api.service[89994]: DEBUG dbcounter [-] [89994] Writing DB stats neutron:UPDATE=1,neutron:SELECT=1 {{(pid=89994) stat_writer /opt/stack/data/venv/lib/python3.12/site-packages/dbcounter.py:115}}
Jun 01 11:24:10.157525 np0000001844 devstack@neutron-api.service[89995]: DEBUG futurist.periodics [-] Submitting periodic callback 'neutron.plugins.ml2.drivers.ovn.mech_driver.ovsdb.maintenance.HashRingHealthCheckPeriodics.touch_hash_ring_node' {{(pid=89995) _process_scheduled /opt/stack/data/venv/lib/python3.12/site-packages/futurist/periodics.py:784}}
Jun 01 11:24:10.157883 np0000001844 devstack@neutron-api.service[89995]: DEBUG neutron.plugins.ml2.drivers.ovn.mech_driver.ovsdb.maintenance [-] Touching Hash Ring node "1529707b56bb5c52aabe38b7c1540005" from periodic health check thread {{(pid=89995) touch_hash_ring_node /opt/stack/neutron/neutron/plugins/ml2/drivers/ovn/mech_driver/ovsdb/maintenance.py:1466}}
Jun 01 11:24:11.034693 np0000001844 devstack@neutron-api.service[89993]: DEBUG futurist.periodics [-] Submitting periodic callback 'neutron.plugins.ml2.drivers.ovn.mech_driver.ovsdb.maintenance.HashRingHealthCheckPeriodics.touch_hash_ring_node' {{(pid=89993) _process_scheduled /opt/stack/data/venv/lib/python3.12/site-packages/futurist/periodics.py:784}}
Jun 01 11:24:11.035197 np0000001844 devstack@neutron-api.service[89993]: DEBUG neutron.plugins.ml2.drivers.ovn.mech_driver.ovsdb.maintenance [-] Touching Hash Ring node "706c1cb9b105525683fff5aeeea3e2e9" from periodic health check thread {{(pid=89993) touch_hash_ring_node /opt/stack/neutron/neutron/plugins/ml2/drivers/ovn/mech_driver/ovsdb/maintenance.py:1466}}
Jun 01 11:24:11.064154 np0000001844 devstack@neutron-api.service[89994]: DEBUG futurist.periodics [-] Submitting periodic callback 'neutron.plugins.ml2.drivers.ovn.mech_driver.ovsdb.maintenance.HashRingHealthCheckPeriodics.touch_hash_ring_node' {{(pid=89994) _process_scheduled /opt/stack/data/venv/lib/python3.12/site-packages/futurist/periodics.py:784}}
Jun 01 11:24:11.064512 np0000001844 devstack@neutron-api.service[89994]: DEBUG neutron.plugins.ml2.drivers.ovn.mech_driver.ovsdb.maintenance [-] Touching Hash Ring node "00bdee676c395e889a5646cc8b78ed13" from periodic health check thread {{(pid=89994) touch_hash_ring_node /opt/stack/neutron/neutron/plugins/ml2/drivers/ovn/mech_driver/ovsdb/maintenance.py:1466}}
Jun 01 11:24:16.715123 np0000001844 devstack@neutron-api.service[89994]: DEBUG neutron.api.wsgi [None req-f3b8c453-24ab-4e32-845e-be976a9349a8 admin admin] Missing Content-Type {{(pid=89994) get_content_type /opt/stack/neutron/neutron/api/wsgi.py:80}}
Jun 01 11:24:16.716268 np0000001844 devstack@neutron-api.service[89994]: DEBUG neutron.api.wsgi [None req-f3b8c453-24ab-4e32-845e-be976a9349a8 admin admin] https://10.4.3.231/networking/v2.0/extensions returned with HTTP 200 {{(pid=89994) __call__ /opt/stack/neutron/neutron/api/wsgi.py:540}}
Jun 01 11:24:16.716268 np0000001844 devstack@neutron-api.service[89994]: [pid: 89994|app: 0|req: 11/34] 10.4.3.231 () {64 vars in 1292 bytes} [Mon Jun 1 11:24:16 2026] GET /networking/v2.0/extensions => generated 15209 bytes in 4 msecs (HTTP/1.1 200) 4 headers in 159 bytes (1 switches on core 0)
Jun 01 11:24:16.960926 np0000001844 devstack@neutron-api.service[89995]: INFO neutron.pecan_wsgi.hooks.translation [None req-7d667707-e7bf-4ec6-adf9-2e3b93a64e68 admin admin] GET failed (client error): The resource could not be found.
Jun 01 11:24:16.961528 np0000001844 devstack@neutron-api.service[89995]: [pid: 89995|app: 0|req: 13/35] 10.4.3.231 () {64 vars in 1294 bytes} [Mon Jun 1 11:24:16 2026] GET /networking/v2.0/networks/public => generated 108 bytes in 8 msecs (HTTP/1.1 404) 4 headers in 164 bytes (1 switches on core 0)
Jun 01 11:24:17.003536 np0000001844 devstack@neutron-api.service[89993]: DEBUG neutron.pecan_wsgi.hooks.policy_enforcement [None req-4623b122-47d3-435c-804c-d25bd8aed1bd admin admin] Attributes excluded by policy engine: ['standard_attr_id'] {{(pid=89993) _exclude_attributes_by_policy /opt/stack/neutron/neutron/pecan_wsgi/hooks/policy_enforcement.py:256}}
Jun 01 11:24:17.004421 np0000001844 devstack@neutron-api.service[89993]: [pid: 89993|app: 0|req: 12/36] 10.4.3.231 () {64 vars in 1309 bytes} [Mon Jun 1 11:24:16 2026] GET /networking/v2.0/networks?name=public => generated 759 bytes in 37 msecs (HTTP/1.1 200) 4 headers in 157 bytes (1 switches on core 0)
Jun 01 11:24:17.188303 np0000001844 devstack@neutron-api.service[89994]: DEBUG neutron.api.v2.base [None req-78cb9d45-98d2-4c5f-872e-e7c15ff33e26 admin admin] Request body: {'network': {'admin_state_up': True, 'name': 'shared', 'shared': True}} {{(pid=89994) prepare_request_body /opt/stack/neutron/neutron/api/v2/base.py:727}}
Jun 01 11:24:17.201309 np0000001844 devstack@neutron-api.service[89994]: DEBUG neutron.pecan_wsgi.hooks.quota_enforcement [None req-78cb9d45-98d2-4c5f-872e-e7c15ff33e26 admin admin] Made reservation on behalf of 62025029e0e24e238a5e3bfcb7a72154 for: {'network': 1} {{(pid=89994) before /opt/stack/neutron/neutron/pecan_wsgi/hooks/quota_enforcement.py:66}}
Jun 01 11:24:17.203973 np0000001844 devstack@neutron-api.service[89994]: DEBUG neutron_lib.callbacks.manager [None req-78cb9d45-98d2-4c5f-872e-e7c15ff33e26 admin admin] Publish callbacks ['neutron.plugins.ml2.plugin.SecurityGroupDbMixin._ensure_default_security_group_handler-61551'] for network (None), before_create {{(pid=89994) _notify_loop /opt/stack/data/venv/lib/python3.12/site-packages/neutron_lib/callbacks/manager.py:184}}
Jun 01 11:24:17.226621 np0000001844 devstack@neutron-api.service[89994]: WARNING neutron.services.revisions.revision_plugin [None req-78cb9d45-98d2-4c5f-872e-e7c15ff33e26 admin admin] Could not find related network for resource to bump revision.
Jun 01 11:24:17.251484 np0000001844 devstack@neutron-api.service[89994]: DEBUG neutron.plugins.ml2.drivers.helpers [None req-78cb9d45-98d2-4c5f-872e-e7c15ff33e26 admin admin] geneve segment allocate from pool success with {'geneve_vni': 47429} {{(pid=89994) allocate_partially_specified_segment /opt/stack/neutron/neutron/plugins/ml2/drivers/helpers.py:142}}
Jun 01 11:24:17.257114 np0000001844 devstack@neutron-api.service[89994]: DEBUG neutron_lib.callbacks.manager [None req-78cb9d45-98d2-4c5f-872e-e7c15ff33e26 admin admin] Publish callbacks ['neutron.plugins.ml2.plugin.Ml2Plugin._handle_segment_change-296693'] for segment (6c1ff6d1-299c-4724-a2ea-2d9b90ea2f85), precommit_create {{(pid=89994) _notify_loop /opt/stack/data/venv/lib/python3.12/site-packages/neutron_lib/callbacks/manager.py:184}}
Jun 01 11:24:17.257365 np0000001844 devstack@neutron-api.service[89994]: INFO neutron.db.segments_db [None req-78cb9d45-98d2-4c5f-872e-e7c15ff33e26 admin admin] Added segment 6c1ff6d1-299c-4724-a2ea-2d9b90ea2f85 of type geneve for network e9a04e77-6ca9-4924-a352-976b6d2682ce
Jun 01 11:24:17.267607 np0000001844 devstack@neutron-api.service[89994]: DEBUG neutron_lib.callbacks.manager [None req-78cb9d45-98d2-4c5f-872e-e7c15ff33e26 admin admin] Publish callbacks ['neutron.services.auto_allocate.db._ensure_external_network_default_value_callback-7979940765066'] for network (e9a04e77-6ca9-4924-a352-976b6d2682ce), precommit_create {{(pid=89994) _notify_loop /opt/stack/data/venv/lib/python3.12/site-packages/neutron_lib/callbacks/manager.py:184}}
Jun 01 11:24:17.277325 np0000001844 devstack@neutron-api.service[89994]: DEBUG neutron.plugins.ml2.drivers.ovn.mech_driver.mech_driver [None req-78cb9d45-98d2-4c5f-872e-e7c15ff33e26 admin admin] Validating network segment with type geneve, segmentation ID 47429, physical network None {{(pid=89994) _validate_network_segments /opt/stack/neutron/neutron/plugins/ml2/drivers/ovn/mech_driver/mech_driver.py:643}}
Jun 01 11:24:17.278032 np0000001844 devstack@neutron-api.service[89994]: DEBUG neutron.db.ovn_revision_numbers_db [None req-78cb9d45-98d2-4c5f-872e-e7c15ff33e26 admin admin] create_initial_revision uuid=e9a04e77-6ca9-4924-a352-976b6d2682ce, type=networks, rev=-1 {{(pid=89994) create_initial_revision /opt/stack/neutron/neutron/db/ovn_revision_numbers_db.py:98}}
Jun 01 11:24:17.285667 np0000001844 devstack@neutron-api.service[89994]: DEBUG neutron_lib.callbacks.manager [None req-78cb9d45-98d2-4c5f-872e-e7c15ff33e26 admin admin] Publish callbacks ['neutron.plugins.ml2.ovo_rpc._ObjectChangeHandler.handle_event-14861960'] for network (e9a04e77-6ca9-4924-a352-976b6d2682ce), after_create {{(pid=89994) _notify_loop /opt/stack/data/venv/lib/python3.12/site-packages/neutron_lib/callbacks/manager.py:184}}
Jun 01 11:24:17.298054 np0000001844 devstack@neutron-api.service[89994]: DEBUG neutron.api.rpc.handlers.resources_rpc [None req-78cb9d45-98d2-4c5f-872e-e7c15ff33e26 admin admin] Pushing event updated for resources: {'Network': ['ID=e9a04e77-6ca9-4924-a352-976b6d2682ce,revision_number=1']} {{(pid=89994) push /opt/stack/neutron/neutron/api/rpc/handlers/resources_rpc.py:237}}
Jun 01 11:24:17.300813 np0000001844 devstack@neutron-api.service[89994]: DEBUG ovsdbapp.backend.ovs_idl.transaction [None req-2e327a38-6b58-4fee-a4db-a27208c055e9 None None] Running txn n=1 command(idx=0): CheckLivenessCommand(_result=None) {{(pid=89994) do_commit /opt/stack/data/venv/lib/python3.12/site-packages/ovsdbapp/backend/ovs_idl/transaction.py:89}}
Jun 01 11:24:17.312570 np0000001844 devstack@neutron-api.service[89994]: DEBUG neutron.plugins.ml2.drivers.ovn.mech_driver.ovsdb.ovsdb_monitor [None req-b7b8717d-85db-4206-a12e-0081ad1ccab0 None None] ChassisAgentWriteEvent : Matched Chassis_Private, update, None None {{(pid=89994) matches /opt/stack/neutron/neutron/plugins/ml2/drivers/ovn/mech_driver/ovsdb/ovsdb_monitor.py:64}}
Jun 01 11:24:17.313293 np0000001844 devstack@neutron-api.service[89993]: DEBUG neutron.plugins.ml2.drivers.ovn.mech_driver.ovsdb.ovsdb_monitor [None req-a7ec2bb2-6783-4e3b-888a-888fa125988e None None] ChassisAgentWriteEvent : Matched Chassis_Private, update, None None {{(pid=89993) matches /opt/stack/neutron/neutron/plugins/ml2/drivers/ovn/mech_driver/ovsdb/ovsdb_monitor.py:64}}
Jun 01 11:24:17.314927 np0000001844 devstack@neutron-api.service[89995]: DEBUG neutron.plugins.ml2.drivers.ovn.mech_driver.ovsdb.ovsdb_monitor [None req-75e52120-92f3-4af6-9502-e6491776ac87 None None] ChassisAgentWriteEvent : Matched Chassis_Private, update, None None {{(pid=89995) matches /opt/stack/neutron/neutron/plugins/ml2/drivers/ovn/mech_driver/ovsdb/ovsdb_monitor.py:64}}
Jun 01 11:24:17.318155 np0000001844 devstack@neutron-api.service[89995]: DEBUG neutron.common.ovn.hash_ring_manager [None req-fb834ef2-51c1-4616-a64a-8322f3471fc6 None None] Hash Ring loaded. 3 active nodes. 0 offline nodes {{(pid=89995) _load_hash_ring /opt/stack/neutron/neutron/common/ovn/hash_ring_manager.py:102}}
Jun 01 11:24:17.321116 np0000001844 devstack@neutron-api.service[89995]: DEBUG neutron.common.ovn.hash_ring_manager [None req-75e52120-92f3-4af6-9502-e6491776ac87 None None] Hash Ring loaded. 3 active nodes. 0 offline nodes {{(pid=89995) _load_hash_ring /opt/stack/neutron/neutron/common/ovn/hash_ring_manager.py:102}}
Jun 01 11:24:17.321311 np0000001844 devstack@neutron-api.service[89993]: DEBUG neutron.common.ovn.hash_ring_manager [None req-5ae42200-236b-4aea-94c6-ace8f1c57758 None None] Hash Ring loaded. 3 active nodes. 0 offline nodes {{(pid=89993) _load_hash_ring /opt/stack/neutron/neutron/common/ovn/hash_ring_manager.py:102}}
Jun 01 11:24:17.321562 np0000001844 devstack@neutron-api.service[89993]: DEBUG neutron.plugins.ml2.drivers.ovn.mech_driver.ovsdb.ovsdb_monitor [None req-5ae42200-236b-4aea-94c6-ace8f1c57758 None None] Hash Ring: Node 706c1cb9b105525683fff5aeeea3e2e9 (host: np0000001844) handling event "update" for row 1fa41371-b11a-4b65-aca2-9433dc022765 (table: NB_Global) {{(pid=89993) notify /opt/stack/neutron/neutron/plugins/ml2/drivers/ovn/mech_driver/ovsdb/ovsdb_monitor.py:986}}
Jun 01 11:24:17.322612 np0000001844 devstack@neutron-api.service[89994]: DEBUG neutron.common.ovn.hash_ring_manager [None req-2e327a38-6b58-4fee-a4db-a27208c055e9 None None] Hash Ring loaded. 3 active nodes. 0 offline nodes {{(pid=89994) _load_hash_ring /opt/stack/neutron/neutron/common/ovn/hash_ring_manager.py:102}}
Jun 01 11:24:17.322804 np0000001844 devstack@neutron-api.service[89993]: DEBUG neutron.plugins.ml2.drivers.ovn.mech_driver.ovsdb.ovsdb_monitor [None req-5ae42200-236b-4aea-94c6-ace8f1c57758 None None] Hash Ring: Node 706c1cb9b105525683fff5aeeea3e2e9 (host: np0000001844) handling event "update" for row 1fa41371-b11a-4b65-aca2-9433dc022765 (table: NB_Global) {{(pid=89993) notify /opt/stack/neutron/neutron/plugins/ml2/drivers/ovn/mech_driver/ovsdb/ovsdb_monitor.py:986}}
Jun 01 11:24:17.323419 np0000001844 devstack@neutron-api.service[89993]: DEBUG neutron.plugins.ml2.drivers.ovn.mech_driver.ovsdb.ovsdb_monitor [None req-5ae42200-236b-4aea-94c6-ace8f1c57758 None None] Hash Ring: Node 706c1cb9b105525683fff5aeeea3e2e9 (host: np0000001844) handling event "update" for row 1fa41371-b11a-4b65-aca2-9433dc022765 (table: NB_Global) {{(pid=89993) notify /opt/stack/neutron/neutron/plugins/ml2/drivers/ovn/mech_driver/ovsdb/ovsdb_monitor.py:986}}
Jun 01 11:24:17.323744 np0000001844 devstack@neutron-api.service[89993]: DEBUG neutron.common.ovn.hash_ring_manager [None req-a7ec2bb2-6783-4e3b-888a-888fa125988e None None] Hash Ring loaded. 3 active nodes. 0 offline nodes {{(pid=89993) _load_hash_ring /opt/stack/neutron/neutron/common/ovn/hash_ring_manager.py:102}}
Jun 01 11:24:17.323931 np0000001844 devstack@neutron-api.service[89993]: DEBUG neutron.plugins.ml2.drivers.ovn.mech_driver.ovsdb.ovsdb_monitor [None req-a7ec2bb2-6783-4e3b-888a-888fa125988e None None] Hash Ring: Node 706c1cb9b105525683fff5aeeea3e2e9 (host: np0000001844) handling event "update" for row e51739b9-c492-4481-89fa-ff1825fb170b (table: Chassis_Private) {{(pid=89993) notify /opt/stack/neutron/neutron/plugins/ml2/drivers/ovn/mech_driver/ovsdb/ovsdb_monitor.py:986}}
Jun 01 11:24:17.324281 np0000001844 devstack@neutron-api.service[89994]: DEBUG neutron.common.ovn.hash_ring_manager [None req-b7b8717d-85db-4206-a12e-0081ad1ccab0 None None] Hash Ring loaded. 3 active nodes. 0 offline nodes {{(pid=89994) _load_hash_ring /opt/stack/neutron/neutron/common/ovn/hash_ring_manager.py:102}}
Jun 01 11:24:17.324714 np0000001844 devstack@neutron-api.service[89993]: DEBUG neutron.plugins.ml2.drivers.ovn.mech_driver.ovsdb.ovsdb_monitor [None req-5ae42200-236b-4aea-94c6-ace8f1c57758 None None] Hash Ring: Node 706c1cb9b105525683fff5aeeea3e2e9 (host: np0000001844) handling event "update" for row 1fa41371-b11a-4b65-aca2-9433dc022765 (table: NB_Global) {{(pid=89993) notify /opt/stack/neutron/neutron/plugins/ml2/drivers/ovn/mech_driver/ovsdb/ovsdb_monitor.py:986}}
Jun 01 11:24:17.326433 np0000001844 devstack@neutron-api.service[89994]: DEBUG neutron.api.rpc.callbacks.version_manager [None req-78cb9d45-98d2-4c5f-872e-e7c15ff33e26 admin admin] Tracked resource versions report:
Jun 01 11:24:17.326433 np0000001844 devstack@neutron-api.service[89994]: pushed versions:
Jun 01 11:24:17.326433 np0000001844 devstack@neutron-api.service[89994]: { 'AddressGroup': {'1.2'},
Jun 01 11:24:17.326433 np0000001844 devstack@neutron-api.service[89994]: 'Agent': {'1.1'},
Jun 01 11:24:17.326433 np0000001844 devstack@neutron-api.service[89994]: 'ConntrackHelper': {'1.0'},
Jun 01 11:24:17.326433 np0000001844 devstack@neutron-api.service[89994]: 'LocalIPAssociation': {'1.0'},
Jun 01 11:24:17.326433 np0000001844 devstack@neutron-api.service[89994]: 'Log': {'1.0'},
Jun 01 11:24:17.326433 np0000001844 devstack@neutron-api.service[89994]: 'NDPProxy': {'1.0'},
Jun 01 11:24:17.326433 np0000001844 devstack@neutron-api.service[89994]: 'Network': {'1.3'},
Jun 01 11:24:17.326433 np0000001844 devstack@neutron-api.service[89994]: 'Port': {'1.11'},
Jun 01 11:24:17.326433 np0000001844 devstack@neutron-api.service[89994]: 'PortForwarding': {'1.3'},
Jun 01 11:24:17.326433 np0000001844 devstack@neutron-api.service[89994]: 'QosPolicy': {'1.10'},
Jun 01 11:24:17.326433 np0000001844 devstack@neutron-api.service[89994]: 'SecurityGroup': {'1.6'},
Jun 01 11:24:17.326433 np0000001844 devstack@neutron-api.service[89994]: 'SecurityGroupRule': {'1.3'},
Jun 01 11:24:17.326433 np0000001844 devstack@neutron-api.service[89994]: 'SubPort': {'1.0'},
Jun 01 11:24:17.326433 np0000001844 devstack@neutron-api.service[89994]: 'Subnet': {'1.2'},
Jun 01 11:24:17.326433 np0000001844 devstack@neutron-api.service[89994]: 'Trunk': {'1.1'}}
Jun 01 11:24:17.326433 np0000001844 devstack@neutron-api.service[89994]: consumer versions:
Jun 01 11:24:17.326433 np0000001844 devstack@neutron-api.service[89994]: { OVN Controller Gateway agent@np0000001844: {},
Jun 01 11:24:17.326433 np0000001844 devstack@neutron-api.service[89994]: OVN Neutron agent@np0000001844: {}}
Jun 01 11:24:17.326433 np0000001844 devstack@neutron-api.service[89994]: {{(pid=89994) report /opt/stack/neutron/neutron/api/rpc/callbacks/version_manager.py:183}}
Jun 01 11:24:17.333390 np0000001844 devstack@neutron-api.service[89994]: DEBUG ovsdbapp.backend.ovs_idl.transaction [None req-2e327a38-6b58-4fee-a4db-a27208c055e9 None None] Running txn n=1 command(idx=0): AddNetworkCommand(_result=None, network_uuid=e9a04e77-6ca9-4924-a352-976b6d2682ce, may_exist=True, columns={'external_ids': {'neutron:network_name': 'shared', 'neutron:mtu': '1372', 'neutron:revision_number': '1', 'neutron:availability_zone_hints': '', 'neutron:provnet-network-type': 'geneve'}, 'other_config': {'mcast_snoop': 'false', 'mcast_flood_unregistered': 'false', 'vlan-passthru': 'false'}}) {{(pid=89994) do_commit /opt/stack/data/venv/lib/python3.12/site-packages/ovsdbapp/backend/ovs_idl/transaction.py:89}}
Jun 01 11:24:17.335213 np0000001844 devstack@neutron-api.service[89994]: DEBUG neutron.plugins.ml2.drivers.ovn.mech_driver.ovsdb.ovsdb_monitor [None req-2e327a38-6b58-4fee-a4db-a27208c055e9 None None] Hash Ring: Node 00bdee676c395e889a5646cc8b78ed13 (host: np0000001844) handling event "create" for row e9a04e77-6ca9-4924-a352-976b6d2682ce (table: Logical_Switch) {{(pid=89994) notify /opt/stack/neutron/neutron/plugins/ml2/drivers/ovn/mech_driver/ovsdb/ovsdb_monitor.py:986}}
Jun 01 11:24:17.337922 np0000001844 devstack@neutron-api.service[89993]: DEBUG neutron.plugins.ml2.drivers.ovn.mech_driver.ovsdb.ovsdb_monitor [None req-a7ec2bb2-6783-4e3b-888a-888fa125988e None None] Hash Ring: Node 706c1cb9b105525683fff5aeeea3e2e9 (host: np0000001844) handling event "create" for row e6639973-d8cd-4b73-98c9-48eec6a4dc5c (table: Datapath_Binding) {{(pid=89993) notify /opt/stack/neutron/neutron/plugins/ml2/drivers/ovn/mech_driver/ovsdb/ovsdb_monitor.py:986}}
Jun 01 11:24:17.353826 np0000001844 devstack@neutron-api.service[89994]: INFO neutron.db.ovn_revision_numbers_db [None req-78cb9d45-98d2-4c5f-872e-e7c15ff33e26 admin admin] Successfully bumped revision number for resource e9a04e77-6ca9-4924-a352-976b6d2682ce (type: networks) to 1
Jun 01 11:24:17.367161 np0000001844 devstack@neutron-api.service[89994]: DEBUG neutron_lib.callbacks.manager [None req-78cb9d45-98d2-4c5f-872e-e7c15ff33e26 admin admin] Publish callbacks ['neutron.plugins.ml2.plugin.SecurityGroupDbMixin._ensure_default_security_group_handler-61551'] for port (None), before_create {{(pid=89994) _notify_loop /opt/stack/data/venv/lib/python3.12/site-packages/neutron_lib/callbacks/manager.py:184}}
Jun 01 11:24:17.426643 np0000001844 devstack@neutron-api.service[89994]: DEBUG neutron_lib.callbacks.manager [None req-78cb9d45-98d2-4c5f-872e-e7c15ff33e26 admin admin] Publish callbacks ['neutron.plugins.ml2.drivers.ovn.mech_driver.mech_driver.OVNMechanismDriver._validate_allowed_address_pairs-907110'] for allowed_address_pair (c069fbe0-7044-4966-9725-1fd697741c11), before_create {{(pid=89994) _notify_loop /opt/stack/data/venv/lib/python3.12/site-packages/neutron_lib/callbacks/manager.py:184}}
Jun 01 11:24:17.427151 np0000001844 devstack@neutron-api.service[89994]: DEBUG neutron_lib.callbacks.manager [None req-78cb9d45-98d2-4c5f-872e-e7c15ff33e26 admin admin] Publish callbacks [] for port (c069fbe0-7044-4966-9725-1fd697741c11), precommit_create {{(pid=89994) _notify_loop /opt/stack/data/venv/lib/python3.12/site-packages/neutron_lib/callbacks/manager.py:184}}
Jun 01 11:24:17.427410 np0000001844 devstack@neutron-api.service[89994]: DEBUG neutron.plugins.ml2.drivers.ovn.mech_driver.mech_driver [None req-78cb9d45-98d2-4c5f-872e-e7c15ff33e26 admin admin] No provisioning block for port c069fbe0-7044-4966-9725-1fd697741c11 since it does not have a host {{(pid=89994) _is_port_provisioning_required /opt/stack/neutron/neutron/plugins/ml2/drivers/ovn/mech_driver/mech_driver.py:896}}
Jun 01 11:24:17.427550 np0000001844 devstack@neutron-api.service[89994]: DEBUG neutron.db.ovn_revision_numbers_db [None req-78cb9d45-98d2-4c5f-872e-e7c15ff33e26 admin admin] create_initial_revision uuid=c069fbe0-7044-4966-9725-1fd697741c11, type=ports, rev=-1 {{(pid=89994) create_initial_revision /opt/stack/neutron/neutron/db/ovn_revision_numbers_db.py:98}}
Jun 01 11:24:17.456518 np0000001844 devstack@neutron-api.service[89994]: DEBUG neutron_lib.callbacks.manager [None req-78cb9d45-98d2-4c5f-872e-e7c15ff33e26 admin admin] Publish callbacks ['neutron.plugins.ml2.ovo_rpc._ObjectChangeHandler.handle_event-14862199'] for port (c069fbe0-7044-4966-9725-1fd697741c11), after_create {{(pid=89994) _notify_loop /opt/stack/data/venv/lib/python3.12/site-packages/neutron_lib/callbacks/manager.py:184}}
Jun 01 11:24:17.481960 np0000001844 devstack@neutron-api.service[89994]: DEBUG neutron.api.rpc.handlers.resources_rpc [None req-78cb9d45-98d2-4c5f-872e-e7c15ff33e26 admin admin] Pushing event updated for resources: {'Port': ['ID=c069fbe0-7044-4966-9725-1fd697741c11,revision_number=1']} {{(pid=89994) push /opt/stack/neutron/neutron/api/rpc/handlers/resources_rpc.py:237}}
Jun 01 11:24:17.487445 np0000001844 devstack@neutron-api.service[89994]: DEBUG ovsdbapp.backend.ovs_idl.transaction [None req-2e327a38-6b58-4fee-a4db-a27208c055e9 None None] Running txn n=1 command(idx=0): AddLSwitchPortCommand(_result=None, lport=c069fbe0-7044-4966-9725-1fd697741c11, lswitch=neutron-e9a04e77-6ca9-4924-a352-976b6d2682ce, may_exist=True, network_uuid=e9a04e77-6ca9-4924-a352-976b6d2682ce, columns={'addresses': ['fa:16:3e:f2:d8:a4'], 'external_ids': {'neutron:port_name': '', 'neutron:device_id': 'ovnmeta-e9a04e77-6ca9-4924-a352-976b6d2682ce', 'neutron:project_id': '62025029e0e24e238a5e3bfcb7a72154', 'neutron:cidrs': '', 'neutron:device_owner': 'network:distributed', 'neutron:subnet_pool_addr_scope4': '', 'neutron:subnet_pool_addr_scope6': '', 'neutron:network_name': 'neutron-e9a04e77-6ca9-4924-a352-976b6d2682ce', 'neutron:security_group_ids': '', 'neutron:revision_number': '1', 'neutron:vnic_type': 'normal', 'neutron:port_capabilities': '', 'neutron:mtu': '1372'}, 'parent_name': [], 'tag': [], 'enabled': True, 'options': {}, 'type': 'localport', 'port_security': [], 'dhcpv4_options': [], 'dhcpv6_options': []}) {{(pid=89994) do_commit /opt/stack/data/venv/lib/python3.12/site-packages/ovsdbapp/backend/ovs_idl/transaction.py:89}}
Jun 01 11:24:17.487899 np0000001844 devstack@neutron-api.service[89994]: DEBUG ovsdbapp.backend.ovs_idl.transaction [None req-2e327a38-6b58-4fee-a4db-a27208c055e9 None None] Running txn n=1 command(idx=1): QoSDelCommand(_result=None, switch=neutron-e9a04e77-6ca9-4924-a352-976b6d2682ce, conditions=[('direction', '=', 'to-lport'), ('priority', '=', 2002), ('match', '=', 'outport == "c069fbe0-7044-4966-9725-1fd697741c11"')], if_exists=True) {{(pid=89994) do_commit /opt/stack/data/venv/lib/python3.12/site-packages/ovsdbapp/backend/ovs_idl/transaction.py:89}}
Jun 01 11:24:17.488089 np0000001844 devstack@neutron-api.service[89994]: DEBUG ovsdbapp.backend.ovs_idl.transaction [None req-2e327a38-6b58-4fee-a4db-a27208c055e9 None None] Running txn n=1 command(idx=2): QoSDelCommand(_result=None, switch=neutron-e9a04e77-6ca9-4924-a352-976b6d2682ce, conditions=[('direction', '=', 'from-lport'), ('priority', '=', 2002), ('match', '=', 'inport == "c069fbe0-7044-4966-9725-1fd697741c11"')], if_exists=True) {{(pid=89994) do_commit /opt/stack/data/venv/lib/python3.12/site-packages/ovsdbapp/backend/ovs_idl/transaction.py:89}}
Jun 01 11:24:17.491169 np0000001844 devstack@neutron-api.service[89994]: DEBUG neutron.plugins.ml2.drivers.ovn.mech_driver.ovsdb.ovsdb_monitor [None req-2e327a38-6b58-4fee-a4db-a27208c055e9 None None] Hash Ring: Node 00bdee676c395e889a5646cc8b78ed13 (host: np0000001844) handling event "update" for row e9a04e77-6ca9-4924-a352-976b6d2682ce (table: Logical_Switch) {{(pid=89994) notify /opt/stack/neutron/neutron/plugins/ml2/drivers/ovn/mech_driver/ovsdb/ovsdb_monitor.py:986}}
Jun 01 11:24:17.491410 np0000001844 devstack@neutron-api.service[89994]: DEBUG neutron.plugins.ml2.drivers.ovn.mech_driver.ovsdb.ovsdb_monitor [None req-2e327a38-6b58-4fee-a4db-a27208c055e9 None None] Hash Ring: Node 00bdee676c395e889a5646cc8b78ed13 (host: np0000001844) handling event "create" for row 7fdc6aab-97a5-4194-b0f4-c29df4f89f7d (table: Logical_Switch_Port) {{(pid=89994) notify /opt/stack/neutron/neutron/plugins/ml2/drivers/ovn/mech_driver/ovsdb/ovsdb_monitor.py:986}}
Jun 01 11:24:17.492426 np0000001844 devstack@neutron-api.service[89994]: DEBUG ovsdbapp.backend.ovs_idl.event [None req-2e327a38-6b58-4fee-a4db-a27208c055e9 None None] Matched CREATE: LogicalSwitchPortCreateEvent(events=('create',), table='Logical_Switch_Port', conditions=[], old_conditions=None), priority=20 to row=Logical_Switch_Port(uuid=7fdc6aab-97a5-4194-b0f4-c29df4f89f7d, addresses=['fa:16:3e:f2:d8:a4'], dhcpv4_options=[], dhcpv6_options=[], dynamic_addresses=[], enabled=True, external_ids={'neutron:cidrs': '', 'neutron:device_id': 'ovnmeta-e9a04e77-6ca9-4924-a352-976b6d2682ce', 'neutron:device_owner': 'network:distributed', 'neutron:mtu': '1372', 'neutron:network_name': 'neutron-e9a04e77-6ca9-4924-a352-976b6d2682ce', 'neutron:port_capabilities': '', 'neutron:port_name': '', 'neutron:project_id': '62025029e0e24e238a5e3bfcb7a72154', 'neutron:revision_number': '1', 'neutron:security_group_ids': '', 'neutron:subnet_pool_addr_scope4': '', 'neutron:subnet_pool_addr_scope6': '', 'neutron:vnic_type': 'normal'}, ha_chassis_group=[], mirror_rules=[], name='c069fbe0-7044-4966-9725-1fd697741c11', options={}, parent_name=[], port_security=[], tag=[], tag_request=[], type='localport', up=[]) old= {{(pid=89994) matches /opt/stack/data/venv/lib/python3.12/site-packages/ovsdbapp/backend/ovs_idl/event.py:55}}
Jun 01 11:24:17.493723 np0000001844 devstack@neutron-api.service[89994]: DEBUG neutron.plugins.ml2.drivers.ovn.mech_driver.ovsdb.ovsdb_monitor [None req-2e327a38-6b58-4fee-a4db-a27208c055e9 None None] Hash Ring: Node 00bdee676c395e889a5646cc8b78ed13 (host: np0000001844) handling event "update" for row 7fdc6aab-97a5-4194-b0f4-c29df4f89f7d (table: Logical_Switch_Port) {{(pid=89994) notify /opt/stack/neutron/neutron/plugins/ml2/drivers/ovn/mech_driver/ovsdb/ovsdb_monitor.py:986}}
Jun 01 11:24:17.495429 np0000001844 devstack@neutron-api.service[89994]: DEBUG neutron.plugins.ml2.drivers.ovn.mech_driver.ovsdb.ovsdb_monitor [None req-b7b8717d-85db-4206-a12e-0081ad1ccab0 None None] Hash Ring: Node 00bdee676c395e889a5646cc8b78ed13 (host: np0000001844) handling event "create" for row 5ca5cf3e-24d2-4696-a8e8-44542234c10b (table: Port_Binding) {{(pid=89994) notify /opt/stack/neutron/neutron/plugins/ml2/drivers/ovn/mech_driver/ovsdb/ovsdb_monitor.py:986}}
Jun 01 11:24:17.496649 np0000001844 devstack@neutron-api.service[89994]: INFO neutron.plugins.ml2.drivers.ovn.mech_driver.mech_driver [None req-f69ff708-3a70-4321-943b-b984cd0da5af None None] OVN reports status down for port: c069fbe0-7044-4966-9725-1fd697741c11
Jun 01 11:24:17.535996 np0000001844 devstack@neutron-api.service[89994]: DEBUG neutron.db.provisioning_blocks [None req-f69ff708-3a70-4321-943b-b984cd0da5af None None] Transition to ACTIVE for port object c069fbe0-7044-4966-9725-1fd697741c11 will not be triggered until provisioned by entity L2. {{(pid=89994) add_provisioning_component /opt/stack/neutron/neutron/db/provisioning_blocks.py:74}}
Jun 01 11:24:17.537075 np0000001844 devstack@neutron-api.service[89994]: INFO neutron.db.ovn_revision_numbers_db [None req-78cb9d45-98d2-4c5f-872e-e7c15ff33e26 admin admin] Successfully bumped revision number for resource c069fbe0-7044-4966-9725-1fd697741c11 (type: ports) to 1
Jun 01 11:24:17.544609 np0000001844 devstack@neutron-api.service[89994]: DEBUG neutron.pecan_wsgi.hooks.policy_enforcement [None req-78cb9d45-98d2-4c5f-872e-e7c15ff33e26 admin admin] Attributes excluded by policy engine: ['standard_attr_id'] {{(pid=89994) _exclude_attributes_by_policy /opt/stack/neutron/neutron/pecan_wsgi/hooks/policy_enforcement.py:256}}
Jun 01 11:24:17.544883 np0000001844 devstack@neutron-api.service[89994]: DEBUG neutron_lib.callbacks.manager [None req-78cb9d45-98d2-4c5f-872e-e7c15ff33e26 admin admin] Publish callbacks [] for network (None), before_response {{(pid=89994) _notify_loop /opt/stack/data/venv/lib/python3.12/site-packages/neutron_lib/callbacks/manager.py:184}}
Jun 01 11:24:17.560822 np0000001844 devstack@neutron-api.service[89994]: [pid: 89994|app: 0|req: 12/37] 10.4.3.231 () {68 vars in 1326 bytes} [Mon Jun 1 11:24:17 2026] POST /networking/v2.0/networks => generated 679 bytes in 375 msecs (HTTP/1.1 201) 4 headers in 162 bytes (1 switches on core 0)
Jun 01 11:24:17.562827 np0000001844 devstack@neutron-api.service[89994]: DEBUG neutron.plugins.ml2.plugin [None req-f69ff708-3a70-4321-943b-b984cd0da5af None None] Current status of the port c069fbe0-7044-4966-9725-1fd697741c11 is: DOWN; New status is: DOWN {{(pid=89994) _update_individual_port_db_status /opt/stack/neutron/neutron/plugins/ml2/plugin.py:2469}}
Jun 01 11:24:17.563788 np0000001844 devstack@neutron-api.service[89994]: DEBUG ovsdbapp.backend.ovs_idl.transaction [None req-2e327a38-6b58-4fee-a4db-a27208c055e9 None None] Running txn n=1 command(idx=0): DbRemoveCommand(_result=None, table=Logical_Switch_Port, record=c069fbe0-7044-4966-9725-1fd697741c11, column=external_ids, values=('neutron:host_id',), keyvalues={}, if_exists=True) {{(pid=89994) do_commit /opt/stack/data/venv/lib/python3.12/site-packages/ovsdbapp/backend/ovs_idl/transaction.py:89}}
Jun 01 11:24:17.736798 np0000001844 devstack@neutron-api.service[89995]: INFO neutron.pecan_wsgi.hooks.translation [None req-c61b4b1a-8806-49b1-bde3-2f3400d7281a admin admin] GET failed (client error): The resource could not be found.
Jun 01 11:24:17.737403 np0000001844 devstack@neutron-api.service[89995]: [pid: 89995|app: 0|req: 14/38] 10.4.3.231 () {64 vars in 1294 bytes} [Mon Jun 1 11:24:17 2026] GET /networking/v2.0/networks/shared => generated 108 bytes in 7 msecs (HTTP/1.1 404) 4 headers in 164 bytes (1 switches on core 0)
Jun 01 11:24:17.768333 np0000001844 devstack@neutron-api.service[89993]: DEBUG neutron.pecan_wsgi.hooks.policy_enforcement [None req-3c20db86-cb54-4cdf-b5ad-a49fdc71cd99 admin admin] Attributes excluded by policy engine: ['standard_attr_id'] {{(pid=89993) _exclude_attributes_by_policy /opt/stack/neutron/neutron/pecan_wsgi/hooks/policy_enforcement.py:256}}
Jun 01 11:24:17.768977 np0000001844 devstack@neutron-api.service[89993]: [pid: 89993|app: 0|req: 13/39] 10.4.3.231 () {64 vars in 1309 bytes} [Mon Jun 1 11:24:17 2026] GET /networking/v2.0/networks?name=shared => generated 663 bytes in 24 msecs (HTTP/1.1 200) 4 headers in 157 bytes (1 switches on core 0)
Jun 01 11:24:17.781293 np0000001844 devstack@neutron-api.service[89994]: DEBUG neutron.api.v2.base [None req-5f8c5e07-d849-4669-b930-9ef0023f69a4 admin admin] Request body: {'subnet': {'ip_version': 4, 'cidr': '192.168.233.0/24', 'description': 'shared-subnet', 'name': 'shared-subnet', 'network_id': 'e9a04e77-6ca9-4924-a352-976b6d2682ce'}} {{(pid=89994) prepare_request_body /opt/stack/neutron/neutron/api/v2/base.py:727}}
Jun 01 11:24:17.791551 np0000001844 devstack@neutron-api.service[89994]: DEBUG neutron.pecan_wsgi.hooks.quota_enforcement [None req-5f8c5e07-d849-4669-b930-9ef0023f69a4 admin admin] Made reservation on behalf of 62025029e0e24e238a5e3bfcb7a72154 for: {'subnet': 1} {{(pid=89994) before /opt/stack/neutron/neutron/pecan_wsgi/hooks/quota_enforcement.py:66}}
Jun 01 11:24:17.793841 np0000001844 devstack@neutron-api.service[89994]: DEBUG neutron_lib.callbacks.manager [None req-5f8c5e07-d849-4669-b930-9ef0023f69a4 admin admin] Publish callbacks [] for subnet (None), before_create {{(pid=89994) _notify_loop /opt/stack/data/venv/lib/python3.12/site-packages/neutron_lib/callbacks/manager.py:184}}
Jun 01 11:24:17.843102 np0000001844 devstack@neutron-api.service[89994]: DEBUG neutron.db.ovn_revision_numbers_db [None req-5f8c5e07-d849-4669-b930-9ef0023f69a4 admin admin] create_initial_revision uuid=e42a1311-0c81-40dc-a1c9-576a888f63d6, type=subnets, rev=-1 {{(pid=89994) create_initial_revision /opt/stack/neutron/neutron/db/ovn_revision_numbers_db.py:98}}
Jun 01 11:24:17.847350 np0000001844 devstack@neutron-api.service[89994]: DEBUG neutron_lib.callbacks.manager [None req-5f8c5e07-d849-4669-b930-9ef0023f69a4 admin admin] Publish callbacks ['neutron.plugins.ml2.ovo_rpc._ObjectChangeHandler.handle_event-14862196'] for subnet (e42a1311-0c81-40dc-a1c9-576a888f63d6), after_create {{(pid=89994) _notify_loop /opt/stack/data/venv/lib/python3.12/site-packages/neutron_lib/callbacks/manager.py:184}}
Jun 01 11:24:17.858450 np0000001844 devstack@neutron-api.service[89994]: DEBUG neutron.api.rpc.handlers.resources_rpc [None req-5f8c5e07-d849-4669-b930-9ef0023f69a4 admin admin] Pushing event updated for resources: {'Subnet': ['ID=e42a1311-0c81-40dc-a1c9-576a888f63d6,revision_number=0']} {{(pid=89994) push /opt/stack/neutron/neutron/api/rpc/handlers/resources_rpc.py:237}}
Jun 01 11:24:17.896546 np0000001844 devstack@neutron-api.service[89994]: DEBUG neutron_lib.callbacks.manager [None req-5f8c5e07-d849-4669-b930-9ef0023f69a4 admin admin] Publish callbacks ['neutron.plugins.ml2.plugin.SecurityGroupDbMixin._ensure_default_security_group_handler-61551', 'neutron.services.ovn_l3.plugin.OVNL3RouterPlugin._port_update-7979940764806', 'neutron.db.l3_db.L3_NAT_dbonly_mixin._prevent_internal_ip_change_for_fip-7979942000360'] for port (c069fbe0-7044-4966-9725-1fd697741c11), before_update {{(pid=89994) _notify_loop /opt/stack/data/venv/lib/python3.12/site-packages/neutron_lib/callbacks/manager.py:184}}
Jun 01 11:24:17.969931 np0000001844 devstack@neutron-api.service[89994]: DEBUG neutron.db.db_base_plugin_common [None req-5f8c5e07-d849-4669-b930-9ef0023f69a4 admin admin] Allocated IP 192.168.233.2 (e9a04e77-6ca9-4924-a352-976b6d2682ce/e42a1311-0c81-40dc-a1c9-576a888f63d6/c069fbe0-7044-4966-9725-1fd697741c11) {{(pid=89994) _store_ip_allocation /opt/stack/neutron/neutron/db/db_base_plugin_common.py:131}}
Jun 01 11:24:18.021412 np0000001844 devstack@neutron-api.service[89994]: DEBUG neutron_lib.callbacks.manager [None req-5f8c5e07-d849-4669-b930-9ef0023f69a4 admin admin] Publish callbacks [] for port (c069fbe0-7044-4966-9725-1fd697741c11), precommit_update {{(pid=89994) _notify_loop /opt/stack/data/venv/lib/python3.12/site-packages/neutron_lib/callbacks/manager.py:184}}
Jun 01 11:24:18.021568 np0000001844 devstack@neutron-api.service[89994]: DEBUG neutron.plugins.ml2.drivers.ovn.mech_driver.mech_driver [None req-5f8c5e07-d849-4669-b930-9ef0023f69a4 admin admin] No provisioning block for port c069fbe0-7044-4966-9725-1fd697741c11 since it does not have a host {{(pid=89994) _is_port_provisioning_required /opt/stack/neutron/neutron/plugins/ml2/drivers/ovn/mech_driver/mech_driver.py:896}}
Jun 01 11:24:18.030445 np0000001844 devstack@neutron-api.service[89994]: DEBUG neutron_lib.callbacks.manager [None req-5f8c5e07-d849-4669-b930-9ef0023f69a4 admin admin] Publish callbacks ['neutron.plugins.ml2.ovo_rpc._ObjectChangeHandler.handle_event-14862199', 'neutron.services.ovn_l3.plugin.OVNL3RouterPlugin._port_update-7979940764806'] for port (c069fbe0-7044-4966-9725-1fd697741c11), after_update {{(pid=89994) _notify_loop /opt/stack/data/venv/lib/python3.12/site-packages/neutron_lib/callbacks/manager.py:184}}
Jun 01 11:24:18.053757 np0000001844 devstack@neutron-api.service[89994]: DEBUG neutron.api.rpc.handlers.resources_rpc [None req-5f8c5e07-d849-4669-b930-9ef0023f69a4 admin admin] Pushing event updated for resources: {'Port': ['ID=c069fbe0-7044-4966-9725-1fd697741c11,revision_number=2']} {{(pid=89994) push /opt/stack/neutron/neutron/api/rpc/handlers/resources_rpc.py:237}}
Jun 01 11:24:18.126014 np0000001844 devstack@neutron-api.service[89994]: DEBUG ovsdbapp.backend.ovs_idl.transaction [None req-2e327a38-6b58-4fee-a4db-a27208c055e9 None None] Running txn n=1 command(idx=0): CheckRevisionNumberCommand(_result=None, name=c069fbe0-7044-4966-9725-1fd697741c11, resource={'id': 'c069fbe0-7044-4966-9725-1fd697741c11', 'name': '', 'network_id': 'e9a04e77-6ca9-4924-a352-976b6d2682ce', 'project_id': '62025029e0e24e238a5e3bfcb7a72154', 'mac_address': 'fa:16:3e:f2:d8:a4', 'admin_state_up': True, 'status': 'DOWN', 'device_id': 'ovnmeta-e9a04e77-6ca9-4924-a352-976b6d2682ce', 'device_owner': 'network:distributed', 'standard_attr_id': 28, 'fixed_ips': [{'subnet_id': 'e42a1311-0c81-40dc-a1c9-576a888f63d6', 'ip_address': '192.168.233.2'}], 'allowed_address_pairs': [], 'extra_dhcp_opts': [], 'security_groups': [], 'description': '', 'binding:vnic_type': 'normal', 'binding:profile': {}, 'binding:host_id': '', 'binding:vif_type': 'unbound', 'binding:vif_details': {}, 'port_security_enabled': False, 'tags': [], 'created_at': '2026-06-01T11:24:17Z', 'updated_at': '2026-06-01T11:24:17Z', 'revision_number': 2, 'tenant_id': '62025029e0e24e238a5e3bfcb7a72154', 'network': {'id': 'e9a04e77-6ca9-4924-a352-976b6d2682ce', 'name': 'shared', 'tenant_id': '62025029e0e24e238a5e3bfcb7a72154', 'project_id': '62025029e0e24e238a5e3bfcb7a72154', 'admin_state_up': True, 'mtu': 1372, 'status': 'ACTIVE', 'subnets': ['e42a1311-0c81-40dc-a1c9-576a888f63d6'], 'standard_attr_id': 26, 'shared': True, 'availability_zone_hints': [], 'availability_zones': [], 'ipv4_address_scope': None, 'ipv6_address_scope': None, 'router:external': False, 'qinq': False, 'vlan_transparent': False, 'description': '', 'port_security_enabled': True, 'tags': [], 'created_at': '2026-06-01T11:24:17Z', 'updated_at': '2026-06-01T11:24:17Z', 'revision_number': 2, 'provider:network_type': 'geneve', 'provider:physical_network': None, 'provider:segmentation_id': 47429}}, resource_type=ports, if_exists=True) {{(pid=89994) do_commit /opt/stack/data/venv/lib/python3.12/site-packages/ovsdbapp/backend/ovs_idl/transaction.py:89}}
Jun 01 11:24:18.126285 np0000001844 devstack@neutron-api.service[89994]: DEBUG ovsdbapp.backend.ovs_idl.transaction [None req-2e327a38-6b58-4fee-a4db-a27208c055e9 None None] Running txn n=1 command(idx=1): AddDHCPOptionsCommand(_result=None, columns={'cidr': '192.168.233.0/24', 'options': {'server_id': '192.168.233.1', 'lease_time': '43200', 'mtu': '1372', 'router': '192.168.233.1', 'server_mac': 'fa:16:3e:a2:2b:a9', 'dns_server': '{127.0.0.53}', 'classless_static_route': '{169.254.169.254/32,192.168.233.2, 0.0.0.0/0,192.168.233.1}'}, 'external_ids': {'subnet_id': 'e42a1311-0c81-40dc-a1c9-576a888f63d6', 'neutron:network_id': 'e9a04e77-6ca9-4924-a352-976b6d2682ce', 'neutron:revision_number': '0'}}, may_exist=True, subnet_id=e42a1311-0c81-40dc-a1c9-576a888f63d6, port_id=None, new_insert=False) {{(pid=89994) do_commit /opt/stack/data/venv/lib/python3.12/site-packages/ovsdbapp/backend/ovs_idl/transaction.py:89}}
Jun 01 11:24:18.126590 np0000001844 devstack@neutron-api.service[89994]: DEBUG ovsdbapp.backend.ovs_idl.transaction [None req-2e327a38-6b58-4fee-a4db-a27208c055e9 None None] Running txn n=1 command(idx=2): SetLSwitchPortCommand(_result=None, lport=c069fbe0-7044-4966-9725-1fd697741c11, external_ids_update=None, columns={'external_ids': {'neutron:port_name': '', 'neutron:device_id': 'ovnmeta-e9a04e77-6ca9-4924-a352-976b6d2682ce', 'neutron:project_id': '62025029e0e24e238a5e3bfcb7a72154', 'neutron:cidrs': '192.168.233.2/24', 'neutron:device_owner': 'network:distributed', 'neutron:subnet_pool_addr_scope4': '', 'neutron:subnet_pool_addr_scope6': '', 'neutron:network_name': 'neutron-e9a04e77-6ca9-4924-a352-976b6d2682ce', 'neutron:security_group_ids': '', 'neutron:revision_number': '2', 'neutron:vnic_type': 'normal', 'neutron:port_capabilities': '', 'neutron:mtu': '1372'}, 'parent_name': [], 'tag': [], 'options': {}, 'enabled': True, 'port_security': [], 'dhcpv4_options': [], 'dhcpv6_options': [], 'type': 'localport', 'addresses': ['fa:16:3e:f2:d8:a4 192.168.233.2'], 'ha_chassis_group': []}, if_exists=False) {{(pid=89994) do_commit /opt/stack/data/venv/lib/python3.12/site-packages/ovsdbapp/backend/ovs_idl/transaction.py:89}}
Jun 01 11:24:18.127121 np0000001844 devstack@neutron-api.service[89994]: DEBUG ovsdbapp.backend.ovs_idl.transaction [None req-2e327a38-6b58-4fee-a4db-a27208c055e9 None None] Running txn n=1 command(idx=3): PgDelPortCommand(_result=None, port_group=neutron_pg_drop, lsp=['c069fbe0-7044-4966-9725-1fd697741c11'], if_exists=False) {{(pid=89994) do_commit /opt/stack/data/venv/lib/python3.12/site-packages/ovsdbapp/backend/ovs_idl/transaction.py:89}}
Jun 01 11:24:18.129874 np0000001844 devstack@neutron-api.service[89994]: DEBUG neutron.plugins.ml2.drivers.ovn.mech_driver.ovsdb.ovsdb_monitor [None req-2e327a38-6b58-4fee-a4db-a27208c055e9 None None] Hash Ring: Node 00bdee676c395e889a5646cc8b78ed13 (host: np0000001844) handling event "create" for row 6f211bd0-d3d0-4078-8388-e9a5d00b693f (table: DHCP_Options) {{(pid=89994) notify /opt/stack/neutron/neutron/plugins/ml2/drivers/ovn/mech_driver/ovsdb/ovsdb_monitor.py:986}}
Jun 01 11:24:18.129874 np0000001844 devstack@neutron-api.service[89994]: DEBUG neutron.plugins.ml2.drivers.ovn.mech_driver.ovsdb.ovsdb_monitor [None req-2e327a38-6b58-4fee-a4db-a27208c055e9 None None] Hash Ring: Node 00bdee676c395e889a5646cc8b78ed13 (host: np0000001844) handling event "update" for row 7fdc6aab-97a5-4194-b0f4-c29df4f89f7d (table: Logical_Switch_Port) {{(pid=89994) notify /opt/stack/neutron/neutron/plugins/ml2/drivers/ovn/mech_driver/ovsdb/ovsdb_monitor.py:986}}
Jun 01 11:24:18.132994 np0000001844 devstack@neutron-api.service[89994]: DEBUG neutron.plugins.ml2.drivers.ovn.mech_driver.ovsdb.ovsdb_monitor [None req-b7b8717d-85db-4206-a12e-0081ad1ccab0 None None] Hash Ring: Node 00bdee676c395e889a5646cc8b78ed13 (host: np0000001844) handling event "update" for row 5ca5cf3e-24d2-4696-a8e8-44542234c10b (table: Port_Binding) {{(pid=89994) notify /opt/stack/neutron/neutron/plugins/ml2/drivers/ovn/mech_driver/ovsdb/ovsdb_monitor.py:986}}
Jun 01 11:24:18.152899 np0000001844 devstack@neutron-api.service[89994]: INFO neutron.db.ovn_revision_numbers_db [None req-5f8c5e07-d849-4669-b930-9ef0023f69a4 admin admin] Successfully bumped revision number for resource c069fbe0-7044-4966-9725-1fd697741c11 (type: ports) to 2
