Jun 02 11:55:51.997686 np0000001922 devstack@neutron-api.service[89924]: DEBUG neutron_lib.callbacks.manager [None req-fa3a06e7-9f63-4816-aeaf-3e238c106bf3 admin admin] Publish callbacks [] for subnetpool (None), before_response {{(pid=89924) _notify_loop /opt/stack/data/venv/lib/python3.12/site-packages/neutron_lib/callbacks/manager.py:184}}
Jun 02 11:55:51.998239 np0000001922 devstack@neutron-api.service[89924]: [pid: 89924|app: 0|req: 1/4] 10.4.3.38 () {68 vars in 1329 bytes} [Tue Jun 2 11:55:51 2026] POST /networking/v2.0/subnetpools => generated 543 bytes in 418 msecs (HTTP/1.1 201) 4 headers in 162 bytes (1 switches on core 0)
Jun 02 11:55:52.234758 np0000001922 devstack@neutron-api.service[89925]: DEBUG neutron.api.v2.base [None req-be09f105-3fd7-40c4-8ad9-a3b3e7b67a33 admin admin] Request body: {'network': {'admin_state_up': True, 'name': 'private'}} {{(pid=89925) prepare_request_body /opt/stack/neutron/neutron/api/v2/base.py:727}}
Jun 02 11:55:52.257797 np0000001922 devstack@neutron-api.service[89925]: DEBUG neutron.pecan_wsgi.hooks.quota_enforcement [None req-be09f105-3fd7-40c4-8ad9-a3b3e7b67a33 admin admin] Made reservation on behalf of c8339b743e9846d0bbd914123b69be06 for: {'network': 1} {{(pid=89925) before /opt/stack/neutron/neutron/pecan_wsgi/hooks/quota_enforcement.py:66}}
Jun 02 11:55:52.417028 np0000001922 devstack@neutron-api.service[89925]: DEBUG neutron.policy [None req-be09f105-3fd7-40c4-8ad9-a3b3e7b67a33 admin admin] Loaded default policies from ['neutron'] under neutron.policies entry points {{(pid=89925) register_rules /opt/stack/neutron/neutron/policy.py:65}}
Jun 02 11:55:52.503648 np0000001922 devstack@neutron-api.service[89925]: DEBUG neutron_lib.callbacks.manager [None req-be09f105-3fd7-40c4-8ad9-a3b3e7b67a33 admin admin] Publish callbacks ['neutron.plugins.ml2.plugin.SecurityGroupDbMixin._ensure_default_security_group_handler-17954'] for network (None), before_create {{(pid=89925) _notify_loop /opt/stack/data/venv/lib/python3.12/site-packages/neutron_lib/callbacks/manager.py:184}}
Jun 02 11:55:52.522649 np0000001922 devstack@neutron-api.service[89925]: DEBUG neutron_lib.callbacks.manager [None req-be09f105-3fd7-40c4-8ad9-a3b3e7b67a33 admin admin] Publish callbacks [] for security_group (None), before_create {{(pid=89925) _notify_loop /opt/stack/data/venv/lib/python3.12/site-packages/neutron_lib/callbacks/manager.py:184}}
Jun 02 11:55:52.615468 np0000001922 devstack@neutron-api.service[89925]: DEBUG neutron_lib.callbacks.manager [None req-be09f105-3fd7-40c4-8ad9-a3b3e7b67a33 admin admin] Publish callbacks ['neutron.plugins.ml2.drivers.ovn.mech_driver.mech_driver.OVNMechanismDriver._create_security_group_precommit-1015066'] for security_group (fcae20ad-638b-49f0-93ff-894906e17f07), precommit_create {{(pid=89925) _notify_loop /opt/stack/data/venv/lib/python3.12/site-packages/neutron_lib/callbacks/manager.py:184}}
Jun 02 11:55:52.615629 np0000001922 devstack@neutron-api.service[89925]: DEBUG neutron.db.ovn_revision_numbers_db [None req-be09f105-3fd7-40c4-8ad9-a3b3e7b67a33 admin admin] create_initial_revision uuid=fcae20ad-638b-49f0-93ff-894906e17f07, type=security_groups, rev=-1 {{(pid=89925) create_initial_revision /opt/stack/neutron/neutron/db/ovn_revision_numbers_db.py:98}}
Jun 02 11:55:52.618110 np0000001922 devstack@neutron-api.service[89925]: DEBUG neutron.db.ovn_revision_numbers_db [None req-be09f105-3fd7-40c4-8ad9-a3b3e7b67a33 admin admin] create_initial_revision uuid=1d9a83bd-771b-4839-8d8d-898ae1f42814, type=security_group_rules, rev=-1 {{(pid=89925) create_initial_revision /opt/stack/neutron/neutron/db/ovn_revision_numbers_db.py:98}}
Jun 02 11:55:52.619113 np0000001922 devstack@neutron-api.service[89925]: DEBUG neutron.db.ovn_revision_numbers_db [None req-be09f105-3fd7-40c4-8ad9-a3b3e7b67a33 admin admin] create_initial_revision uuid=7ad3c756-7750-4d79-a748-626c11e70c19, type=security_group_rules, rev=-1 {{(pid=89925) create_initial_revision /opt/stack/neutron/neutron/db/ovn_revision_numbers_db.py:98}}
Jun 02 11:55:52.619943 np0000001922 devstack@neutron-api.service[89925]: DEBUG neutron.db.ovn_revision_numbers_db [None req-be09f105-3fd7-40c4-8ad9-a3b3e7b67a33 admin admin] create_initial_revision uuid=7f530986-c20c-4d2f-90e2-48994eac7261, type=security_group_rules, rev=-1 {{(pid=89925) create_initial_revision /opt/stack/neutron/neutron/db/ovn_revision_numbers_db.py:98}}
Jun 02 11:55:52.620752 np0000001922 devstack@neutron-api.service[89925]: DEBUG neutron.db.ovn_revision_numbers_db [None req-be09f105-3fd7-40c4-8ad9-a3b3e7b67a33 admin admin] create_initial_revision uuid=b12edeb8-5536-47f8-ba38-4a802b02e90e, type=security_group_rules, rev=-1 {{(pid=89925) create_initial_revision /opt/stack/neutron/neutron/db/ovn_revision_numbers_db.py:98}}
Jun 02 11:55:52.624012 np0000001922 devstack@neutron-api.service[89925]: DEBUG neutron_lib.callbacks.manager [None req-be09f105-3fd7-40c4-8ad9-a3b3e7b67a33 admin admin] Publish callbacks ['neutron.plugins.ml2.drivers.ovn.mech_driver.mech_driver.OVNMechanismDriver._create_security_group-1015056', 'neutron.plugins.ml2.ovo_rpc._ObjectChangeHandler.handle_event-834601'] for security_group (fcae20ad-638b-49f0-93ff-894906e17f07), after_create {{(pid=89925) _notify_loop /opt/stack/data/venv/lib/python3.12/site-packages/neutron_lib/callbacks/manager.py:184}}
Jun 02 11:55:52.624589 np0000001922 devstack@neutron-api.service[89925]: DEBUG ovsdbapp.backend.ovs_idl.transaction [-] Running txn n=1 command(idx=0): PgAddCommand(_result=None, name=pg_fcae20ad_638b_49f0_93ff_894906e17f07, may_exist=False, columns={'acls': [], 'external_ids': {'neutron:security_group_id': 'fcae20ad-638b-49f0-93ff-894906e17f07'}}) {{(pid=89925) do_commit /opt/stack/data/venv/lib/python3.12/site-packages/ovsdbapp/backend/ovs_idl/transaction.py:89}}
Jun 02 11:55:52.625409 np0000001922 devstack@neutron-api.service[89925]: DEBUG ovsdbapp.backend.ovs_idl.transaction [-] Running txn n=1 command(idx=1): PgAclAddCommand(_result=None, entity=pg_fcae20ad_638b_49f0_93ff_894906e17f07, direction=to-lport, priority=1002, match=outport == @pg_fcae20ad_638b_49f0_93ff_894906e17f07 && ip4 && ip4.src == $pg_fcae20ad_638b_49f0_93ff_894906e17f07_ip4, action=allow-related, log=False, may_exist=True, severity=[], name=[], meter=[], external_ids={'neutron:security_group_rule_id': '1d9a83bd-771b-4839-8d8d-898ae1f42814'}) {{(pid=89925) do_commit /opt/stack/data/venv/lib/python3.12/site-packages/ovsdbapp/backend/ovs_idl/transaction.py:89}}
Jun 02 11:55:52.625707 np0000001922 devstack@neutron-api.service[89925]: DEBUG ovsdbapp.backend.ovs_idl.transaction [-] Running txn n=1 command(idx=2): PgAclAddCommand(_result=None, entity=pg_fcae20ad_638b_49f0_93ff_894906e17f07, direction=to-lport, priority=1002, match=outport == @pg_fcae20ad_638b_49f0_93ff_894906e17f07 && ip6 && ip6.src == $pg_fcae20ad_638b_49f0_93ff_894906e17f07_ip6, action=allow-related, log=False, may_exist=True, severity=[], name=[], meter=[], external_ids={'neutron:security_group_rule_id': '7ad3c756-7750-4d79-a748-626c11e70c19'}) {{(pid=89925) do_commit /opt/stack/data/venv/lib/python3.12/site-packages/ovsdbapp/backend/ovs_idl/transaction.py:89}}
Jun 02 11:55:52.625958 np0000001922 devstack@neutron-api.service[89925]: DEBUG ovsdbapp.backend.ovs_idl.transaction [-] Running txn n=1 command(idx=3): PgAclAddCommand(_result=None, entity=pg_fcae20ad_638b_49f0_93ff_894906e17f07, direction=from-lport, priority=1002, match=inport == @pg_fcae20ad_638b_49f0_93ff_894906e17f07 && ip6, action=allow-related, log=False, may_exist=True, severity=[], name=[], meter=[], external_ids={'neutron:security_group_rule_id': '7f530986-c20c-4d2f-90e2-48994eac7261'}) {{(pid=89925) do_commit /opt/stack/data/venv/lib/python3.12/site-packages/ovsdbapp/backend/ovs_idl/transaction.py:89}}
Jun 02 11:55:52.626183 np0000001922 devstack@neutron-api.service[89925]: DEBUG ovsdbapp.backend.ovs_idl.transaction [-] Running txn n=1 command(idx=4): PgAclAddCommand(_result=None, entity=pg_fcae20ad_638b_49f0_93ff_894906e17f07, direction=from-lport, priority=1002, match=inport == @pg_fcae20ad_638b_49f0_93ff_894906e17f07 && ip4, action=allow-related, log=False, may_exist=True, severity=[], name=[], meter=[], external_ids={'neutron:security_group_rule_id': 'b12edeb8-5536-47f8-ba38-4a802b02e90e'}) {{(pid=89925) do_commit /opt/stack/data/venv/lib/python3.12/site-packages/ovsdbapp/backend/ovs_idl/transaction.py:89}}
Jun 02 11:55:52.630681 np0000001922 devstack@neutron-api.service[89924]: DEBUG neutron.plugins.ml2.drivers.ovn.mech_driver.ovsdb.ovsdb_monitor [-] Hash Ring: Node 6daeffd2111551349f397a7bc7739714 (host: np0000001922) handling event "create" for row 4e076777-104e-4a71-88df-2d40031d8689 (table: ACL) {{(pid=89924) notify /opt/stack/neutron/neutron/plugins/ml2/drivers/ovn/mech_driver/ovsdb/ovsdb_monitor.py:1015}}
Jun 02 11:55:52.630874 np0000001922 devstack@neutron-api.service[89924]: DEBUG neutron.plugins.ml2.drivers.ovn.mech_driver.ovsdb.ovsdb_monitor [-] Hash Ring: Node 6daeffd2111551349f397a7bc7739714 (host: np0000001922) handling event "create" for row d10d8c91-9409-4b4f-87a8-789154b6373f (table: ACL) {{(pid=89924) notify /opt/stack/neutron/neutron/plugins/ml2/drivers/ovn/mech_driver/ovsdb/ovsdb_monitor.py:1015}}
Jun 02 11:55:52.631191 np0000001922 devstack@neutron-api.service[89926]: DEBUG neutron.plugins.ml2.drivers.ovn.mech_driver.ovsdb.ovsdb_monitor [-] Hash Ring: Node 348bf557cd2b5901a1279f148524fdea (host: np0000001922) handling event "create" for row 090a76d2-757a-49ea-98f7-8f64827cdd7b (table: ACL) {{(pid=89926) notify /opt/stack/neutron/neutron/plugins/ml2/drivers/ovn/mech_driver/ovsdb/ovsdb_monitor.py:1015}}
Jun 02 11:55:52.631500 np0000001922 devstack@neutron-api.service[89925]: DEBUG neutron.plugins.ml2.drivers.ovn.mech_driver.ovsdb.ovsdb_monitor [-] Hash Ring: Node e48413fc95ab5e659dc84f510d8a477a (host: np0000001922) handling event "create" for row 090a76d2-757a-49ea-98f7-8f64827cdd7b (table: ACL) {{(pid=89925) notify /opt/stack/neutron/neutron/plugins/ml2/drivers/ovn/mech_driver/ovsdb/ovsdb_monitor.py:1015}}
Jun 02 11:55:52.631576 np0000001922 devstack@neutron-api.service[89926]: DEBUG neutron.plugins.ml2.drivers.ovn.mech_driver.ovsdb.ovsdb_monitor [-] Hash Ring: Node 348bf557cd2b5901a1279f148524fdea (host: np0000001922) handling event "create" for row 2f7d9461-f800-4c5c-ac9c-960fc257819c (table: ACL) {{(pid=89926) notify /opt/stack/neutron/neutron/plugins/ml2/drivers/ovn/mech_driver/ovsdb/ovsdb_monitor.py:1015}}
Jun 02 11:55:52.631625 np0000001922 devstack@neutron-api.service[89925]: DEBUG neutron.plugins.ml2.drivers.ovn.mech_driver.ovsdb.ovsdb_monitor [-] Hash Ring: Node e48413fc95ab5e659dc84f510d8a477a (host: np0000001922) handling event "create" for row 2f7d9461-f800-4c5c-ac9c-960fc257819c (table: ACL) {{(pid=89925) notify /opt/stack/neutron/neutron/plugins/ml2/drivers/ovn/mech_driver/ovsdb/ovsdb_monitor.py:1015}}
Jun 02 11:55:52.631823 np0000001922 devstack@neutron-api.service[89925]: DEBUG neutron.plugins.ml2.drivers.ovn.mech_driver.ovsdb.ovsdb_monitor [-] Hash Ring: Node e48413fc95ab5e659dc84f510d8a477a (host: np0000001922) handling event "create" for row 4e076777-104e-4a71-88df-2d40031d8689 (table: ACL) {{(pid=89925) notify /opt/stack/neutron/neutron/plugins/ml2/drivers/ovn/mech_driver/ovsdb/ovsdb_monitor.py:1015}}
Jun 02 11:55:52.631997 np0000001922 devstack@neutron-api.service[89925]: DEBUG neutron.plugins.ml2.drivers.ovn.mech_driver.ovsdb.ovsdb_monitor [-] Hash Ring: Node e48413fc95ab5e659dc84f510d8a477a (host: np0000001922) handling event "create" for row d10d8c91-9409-4b4f-87a8-789154b6373f (table: ACL) {{(pid=89925) notify /opt/stack/neutron/neutron/plugins/ml2/drivers/ovn/mech_driver/ovsdb/ovsdb_monitor.py:1015}}
Jun 02 11:55:52.632168 np0000001922 devstack@neutron-api.service[89925]: DEBUG neutron.plugins.ml2.drivers.ovn.mech_driver.ovsdb.ovsdb_monitor [-] Hash Ring: Node e48413fc95ab5e659dc84f510d8a477a (host: np0000001922) handling event "create" for row 4c11ebc6-da2d-4e62-8795-2a0db88a9d90 (table: Port_Group) {{(pid=89925) notify /opt/stack/neutron/neutron/plugins/ml2/drivers/ovn/mech_driver/ovsdb/ovsdb_monitor.py:1015}}
Jun 02 11:55:52.652322 np0000001922 devstack@neutron-api.service[89925]: INFO neutron.db.ovn_revision_numbers_db [None req-be09f105-3fd7-40c4-8ad9-a3b3e7b67a33 admin admin] Successfully bumped revision number for resource fcae20ad-638b-49f0-93ff-894906e17f07 (type: security_groups) to 1
Jun 02 11:55:52.662931 np0000001922 devstack@neutron-api.service[89925]: INFO neutron.db.ovn_revision_numbers_db [None req-be09f105-3fd7-40c4-8ad9-a3b3e7b67a33 admin admin] Successfully bumped revision number for resource 1d9a83bd-771b-4839-8d8d-898ae1f42814 (type: security_group_rules) to 0
Jun 02 11:55:52.671444 np0000001922 devstack@neutron-api.service[89925]: INFO neutron.db.ovn_revision_numbers_db [None req-be09f105-3fd7-40c4-8ad9-a3b3e7b67a33 admin admin] Successfully bumped revision number for resource 7ad3c756-7750-4d79-a748-626c11e70c19 (type: security_group_rules) to 0
Jun 02 11:55:52.679814 np0000001922 devstack@neutron-api.service[89925]: INFO neutron.db.ovn_revision_numbers_db [None req-be09f105-3fd7-40c4-8ad9-a3b3e7b67a33 admin admin] Successfully bumped revision number for resource 7f530986-c20c-4d2f-90e2-48994eac7261 (type: security_group_rules) to 0
Jun 02 11:55:52.688892 np0000001922 devstack@neutron-api.service[89925]: INFO neutron.db.ovn_revision_numbers_db [None req-be09f105-3fd7-40c4-8ad9-a3b3e7b67a33 admin admin] Successfully bumped revision number for resource b12edeb8-5536-47f8-ba38-4a802b02e90e (type: security_group_rules) to 0
Jun 02 11:55:52.710141 np0000001922 devstack@neutron-api.service[89925]: DEBUG neutron.api.rpc.handlers.resources_rpc [None req-be09f105-3fd7-40c4-8ad9-a3b3e7b67a33 admin admin] Pushing event updated for resources: {'SecurityGroup': ['ID=fcae20ad-638b-49f0-93ff-894906e17f07,revision_number=1']} {{(pid=89925) push /opt/stack/neutron/neutron/api/rpc/handlers/resources_rpc.py:237}}
Jun 02 11:55:52.718691 np0000001922 devstack@neutron-api.service[89925]: DEBUG ovsdbapp.backend.ovs_idl.transaction [-] Running txn n=1 command(idx=0): CheckLivenessCommand(_result=None) {{(pid=89925) do_commit /opt/stack/data/venv/lib/python3.12/site-packages/ovsdbapp/backend/ovs_idl/transaction.py:89}}
Jun 02 11:55:52.720729 np0000001922 devstack@neutron-api.service[89924]: DEBUG neutron.plugins.ml2.drivers.ovn.mech_driver.ovsdb.ovsdb_monitor [-] Hash Ring: Node 6daeffd2111551349f397a7bc7739714 (host: np0000001922) handling event "update" for row a3d9d7ec-e3b3-4fd0-884f-cca751d6d82f (table: NB_Global) {{(pid=89924) notify /opt/stack/neutron/neutron/plugins/ml2/drivers/ovn/mech_driver/ovsdb/ovsdb_monitor.py:1015}}
Jun 02 11:55:52.721455 np0000001922 devstack@neutron-api.service[89925]: DEBUG neutron.plugins.ml2.drivers.ovn.mech_driver.ovsdb.ovsdb_monitor [-] Hash Ring: Node e48413fc95ab5e659dc84f510d8a477a (host: np0000001922) handling event "update" for row a3d9d7ec-e3b3-4fd0-884f-cca751d6d82f (table: NB_Global) {{(pid=89925) notify /opt/stack/neutron/neutron/plugins/ml2/drivers/ovn/mech_driver/ovsdb/ovsdb_monitor.py:1015}}
Jun 02 11:55:52.721593 np0000001922 devstack@neutron-api.service[89924]: DEBUG neutron.plugins.ml2.drivers.ovn.mech_driver.ovsdb.ovsdb_monitor [-] Hash Ring: Node 6daeffd2111551349f397a7bc7739714 (host: np0000001922) handling event "update" for row a3d9d7ec-e3b3-4fd0-884f-cca751d6d82f (table: NB_Global) {{(pid=89924) notify /opt/stack/neutron/neutron/plugins/ml2/drivers/ovn/mech_driver/ovsdb/ovsdb_monitor.py:1015}}
Jun 02 11:55:52.722146 np0000001922 devstack@neutron-api.service[89925]: DEBUG neutron.plugins.ml2.drivers.ovn.mech_driver.ovsdb.ovsdb_monitor [-] Hash Ring: Node e48413fc95ab5e659dc84f510d8a477a (host: np0000001922) handling event "update" for row a3d9d7ec-e3b3-4fd0-884f-cca751d6d82f (table: NB_Global) {{(pid=89925) notify /opt/stack/neutron/neutron/plugins/ml2/drivers/ovn/mech_driver/ovsdb/ovsdb_monitor.py:1015}}
Jun 02 11:55:52.722790 np0000001922 devstack@neutron-api.service[89925]: DEBUG neutron.plugins.ml2.drivers.ovn.mech_driver.ovsdb.ovsdb_monitor [-] Hash Ring: Node e48413fc95ab5e659dc84f510d8a477a (host: np0000001922) handling event "update" for row a3d9d7ec-e3b3-4fd0-884f-cca751d6d82f (table: NB_Global) {{(pid=89925) notify /opt/stack/neutron/neutron/plugins/ml2/drivers/ovn/mech_driver/ovsdb/ovsdb_monitor.py:1015}}
Jun 02 11:55:52.722858 np0000001922 devstack@neutron-api.service[89924]: DEBUG neutron.plugins.ml2.drivers.ovn.mech_driver.ovsdb.ovsdb_monitor [-] Hash Ring: Node 6daeffd2111551349f397a7bc7739714 (host: np0000001922) handling event "update" for row a3d9d7ec-e3b3-4fd0-884f-cca751d6d82f (table: NB_Global) {{(pid=89924) notify /opt/stack/neutron/neutron/plugins/ml2/drivers/ovn/mech_driver/ovsdb/ovsdb_monitor.py:1015}}
Jun 02 11:55:52.724241 np0000001922 devstack@neutron-api.service[89924]: DEBUG neutron.plugins.ml2.drivers.ovn.mech_driver.ovsdb.ovsdb_monitor [-] ChassisAgentWriteEvent : Matched Chassis_Private, update, None None {{(pid=89924) matches /opt/stack/neutron/neutron/plugins/ml2/drivers/ovn/mech_driver/ovsdb/ovsdb_monitor.py:64}}
Jun 02 11:55:52.724361 np0000001922 devstack@neutron-api.service[89926]: DEBUG neutron.plugins.ml2.drivers.ovn.mech_driver.ovsdb.ovsdb_monitor [-] ChassisAgentWriteEvent : Matched Chassis_Private, update, None None {{(pid=89926) matches /opt/stack/neutron/neutron/plugins/ml2/drivers/ovn/mech_driver/ovsdb/ovsdb_monitor.py:64}}
Jun 02 11:55:52.724433 np0000001922 devstack@neutron-api.service[89924]: DEBUG neutron.plugins.ml2.drivers.ovn.mech_driver.ovsdb.ovsdb_monitor [-] Hash Ring: Node 6daeffd2111551349f397a7bc7739714 (host: np0000001922) handling event "update" for row 3585c565-3a3e-434e-b6da-6fa26ab6b981 (table: Chassis_Private) {{(pid=89924) notify /opt/stack/neutron/neutron/plugins/ml2/drivers/ovn/mech_driver/ovsdb/ovsdb_monitor.py:1015}}
Jun 02 11:55:52.724957 np0000001922 devstack@neutron-api.service[89925]: DEBUG neutron.api.rpc.callbacks.version_manager [None req-be09f105-3fd7-40c4-8ad9-a3b3e7b67a33 admin admin] Tracked resource versions report:
Jun 02 11:55:52.724957 np0000001922 devstack@neutron-api.service[89925]: pushed versions:
Jun 02 11:55:52.724957 np0000001922 devstack@neutron-api.service[89925]: { 'AddressGroup': {'1.2'},
Jun 02 11:55:52.724957 np0000001922 devstack@neutron-api.service[89925]: 'Agent': {'1.1'},
Jun 02 11:55:52.724957 np0000001922 devstack@neutron-api.service[89925]: 'ConntrackHelper': {'1.0'},
Jun 02 11:55:52.724957 np0000001922 devstack@neutron-api.service[89925]: 'LocalIPAssociation': {'1.0'},
Jun 02 11:55:52.724957 np0000001922 devstack@neutron-api.service[89925]: 'Log': {'1.0'},
Jun 02 11:55:52.724957 np0000001922 devstack@neutron-api.service[89925]: 'NDPProxy': {'1.0'},
Jun 02 11:55:52.724957 np0000001922 devstack@neutron-api.service[89925]: 'Network': {'1.3'},
Jun 02 11:55:52.724957 np0000001922 devstack@neutron-api.service[89925]: 'Port': {'1.11'},
Jun 02 11:55:52.724957 np0000001922 devstack@neutron-api.service[89925]: 'PortForwarding': {'1.3'},
Jun 02 11:55:52.724957 np0000001922 devstack@neutron-api.service[89925]: 'QosPolicy': {'1.10'},
Jun 02 11:55:52.724957 np0000001922 devstack@neutron-api.service[89925]: 'SecurityGroup': {'1.6'},
Jun 02 11:55:52.724957 np0000001922 devstack@neutron-api.service[89925]: 'SecurityGroupRule': {'1.3'},
Jun 02 11:55:52.724957 np0000001922 devstack@neutron-api.service[89925]: 'SubPort': {'1.0'},
Jun 02 11:55:52.724957 np0000001922 devstack@neutron-api.service[89925]: 'Subnet': {'1.2'},
Jun 02 11:55:52.724957 np0000001922 devstack@neutron-api.service[89925]: 'Trunk': {'1.1'}}
Jun 02 11:55:52.724957 np0000001922 devstack@neutron-api.service[89925]: consumer versions:
Jun 02 11:55:52.724957 np0000001922 devstack@neutron-api.service[89925]: {}
Jun 02 11:55:52.724957 np0000001922 devstack@neutron-api.service[89925]: {{(pid=89925) report /opt/stack/neutron/neutron/api/rpc/callbacks/version_manager.py:183}}
Jun 02 11:55:52.725517 np0000001922 devstack@neutron-api.service[89924]: DEBUG neutron.plugins.ml2.drivers.ovn.mech_driver.ovsdb.ovsdb_monitor [-] Hash Ring: Node 6daeffd2111551349f397a7bc7739714 (host: np0000001922) handling event "update" for row a3d9d7ec-e3b3-4fd0-884f-cca751d6d82f (table: NB_Global) {{(pid=89924) notify /opt/stack/neutron/neutron/plugins/ml2/drivers/ovn/mech_driver/ovsdb/ovsdb_monitor.py:1015}}
Jun 02 11:55:52.726456 np0000001922 devstack@neutron-api.service[89924]: DEBUG neutron.plugins.ml2.drivers.ovn.mech_driver.ovsdb.ovsdb_monitor [-] ChassisOVNAgentWriteEvent : Matched Chassis_Private, update, None None {{(pid=89924) matches /opt/stack/neutron/neutron/plugins/ml2/drivers/ovn/mech_driver/ovsdb/ovsdb_monitor.py:64}}
Jun 02 11:55:52.726782 np0000001922 devstack@neutron-api.service[89926]: DEBUG neutron.plugins.ml2.drivers.ovn.mech_driver.ovsdb.ovsdb_monitor [-] ChassisOVNAgentWriteEvent : Matched Chassis_Private, update, None None {{(pid=89926) matches /opt/stack/neutron/neutron/plugins/ml2/drivers/ovn/mech_driver/ovsdb/ovsdb_monitor.py:64}}
Jun 02 11:55:52.726890 np0000001922 devstack@neutron-api.service[89924]: DEBUG neutron.plugins.ml2.drivers.ovn.mech_driver.ovsdb.ovsdb_monitor [-] Hash Ring: Node 6daeffd2111551349f397a7bc7739714 (host: np0000001922) handling event "update" for row 3585c565-3a3e-434e-b6da-6fa26ab6b981 (table: Chassis_Private) {{(pid=89924) notify /opt/stack/neutron/neutron/plugins/ml2/drivers/ovn/mech_driver/ovsdb/ovsdb_monitor.py:1015}}
Jun 02 11:55:52.729109 np0000001922 devstack@neutron-api.service[89925]: DEBUG neutron.plugins.ml2.drivers.ovn.mech_driver.ovsdb.ovsdb_monitor [-] ChassisAgentWriteEvent : Matched Chassis_Private, update, None None {{(pid=89925) matches /opt/stack/neutron/neutron/plugins/ml2/drivers/ovn/mech_driver/ovsdb/ovsdb_monitor.py:64}}
Jun 02 11:55:52.730517 np0000001922 devstack@neutron-api.service[89925]: DEBUG neutron.plugins.ml2.drivers.ovn.mech_driver.ovsdb.ovsdb_monitor [-] Hash Ring: Node e48413fc95ab5e659dc84f510d8a477a (host: np0000001922) handling event "update" for row a3d9d7ec-e3b3-4fd0-884f-cca751d6d82f (table: NB_Global) {{(pid=89925) notify /opt/stack/neutron/neutron/plugins/ml2/drivers/ovn/mech_driver/ovsdb/ovsdb_monitor.py:1015}}
Jun 02 11:55:52.734802 np0000001922 devstack@neutron-api.service[89925]: DEBUG neutron.common.ovn.hash_ring_manager [-] Allow caching, nodes 3>=3 {{(pid=89925) _wait_startup_before_caching /opt/stack/neutron/neutron/common/ovn/hash_ring_manager.py:65}}
Jun 02 11:55:52.734977 np0000001922 devstack@neutron-api.service[89925]: DEBUG neutron.plugins.ml2.drivers.ovn.mech_driver.ovsdb.ovsdb_monitor [-] Hash Ring: Node e48413fc95ab5e659dc84f510d8a477a (host: np0000001922) handling event "update" for row 3585c565-3a3e-434e-b6da-6fa26ab6b981 (table: Chassis_Private) {{(pid=89925) notify /opt/stack/neutron/neutron/plugins/ml2/drivers/ovn/mech_driver/ovsdb/ovsdb_monitor.py:1015}}
Jun 02 11:55:52.736893 np0000001922 devstack@neutron-api.service[89925]: DEBUG neutron.plugins.ml2.drivers.ovn.mech_driver.ovsdb.ovsdb_monitor [-] ChassisOVNAgentWriteEvent : Matched Chassis_Private, update, None None {{(pid=89925) matches /opt/stack/neutron/neutron/plugins/ml2/drivers/ovn/mech_driver/ovsdb/ovsdb_monitor.py:64}}
Jun 02 11:55:52.737184 np0000001922 devstack@neutron-api.service[89925]: DEBUG neutron.plugins.ml2.drivers.ovn.mech_driver.ovsdb.ovsdb_monitor [-] Hash Ring: Node e48413fc95ab5e659dc84f510d8a477a (host: np0000001922) handling event "update" for row 3585c565-3a3e-434e-b6da-6fa26ab6b981 (table: Chassis_Private) {{(pid=89925) notify /opt/stack/neutron/neutron/plugins/ml2/drivers/ovn/mech_driver/ovsdb/ovsdb_monitor.py:1015}}
Jun 02 11:55:52.770775 np0000001922 devstack@neutron-api.service[89925]: DEBUG neutron.plugins.ml2.drivers.helpers [None req-be09f105-3fd7-40c4-8ad9-a3b3e7b67a33 admin admin] geneve segment allocate from pool success with {'geneve_vni': 58745} {{(pid=89925) allocate_partially_specified_segment /opt/stack/neutron/neutron/plugins/ml2/drivers/helpers.py:142}}
Jun 02 11:55:52.782794 np0000001922 devstack@neutron-api.service[89925]: DEBUG neutron_lib.callbacks.manager [None req-be09f105-3fd7-40c4-8ad9-a3b3e7b67a33 admin admin] Publish callbacks ['neutron.services.segments.db._add_segment_host_mapping_for_segment-8086643068818', 'neutron.plugins.ml2.plugin.Ml2Plugin._handle_segment_change-275886'] for segment (a16f9999-9930-4f5a-b01a-fd960e64529c), precommit_create {{(pid=89925) _notify_loop /opt/stack/data/venv/lib/python3.12/site-packages/neutron_lib/callbacks/manager.py:184}}
Jun 02 11:55:52.782943 np0000001922 devstack@neutron-api.service[89925]: INFO neutron.db.segments_db [None req-be09f105-3fd7-40c4-8ad9-a3b3e7b67a33 admin admin] Added segment a16f9999-9930-4f5a-b01a-fd960e64529c of type geneve for network 381ced91-c490-47bf-a816-a676f814ba94
Jun 02 11:55:52.821780 np0000001922 devstack@neutron-api.service[89925]: DEBUG neutron_lib.callbacks.manager [None req-be09f105-3fd7-40c4-8ad9-a3b3e7b67a33 admin admin] Publish callbacks ['neutron.services.auto_allocate.db._ensure_external_network_default_value_callback-8086641420572'] for network (381ced91-c490-47bf-a816-a676f814ba94), precommit_create {{(pid=89925) _notify_loop /opt/stack/data/venv/lib/python3.12/site-packages/neutron_lib/callbacks/manager.py:184}}
Jun 02 11:55:52.839910 np0000001922 devstack@neutron-api.service[89925]: DEBUG neutron.plugins.ml2.drivers.ovn.mech_driver.mech_driver [None req-be09f105-3fd7-40c4-8ad9-a3b3e7b67a33 admin admin] Validating network segment with type geneve, segmentation ID 58745, physical network None {{(pid=89925) _validate_network_segments /opt/stack/neutron/neutron/plugins/ml2/drivers/ovn/mech_driver/mech_driver.py:643}}
Jun 02 11:55:52.840058 np0000001922 devstack@neutron-api.service[89925]: DEBUG neutron.db.ovn_revision_numbers_db [None req-be09f105-3fd7-40c4-8ad9-a3b3e7b67a33 admin admin] create_initial_revision uuid=381ced91-c490-47bf-a816-a676f814ba94, type=networks, rev=-1 {{(pid=89925) create_initial_revision /opt/stack/neutron/neutron/db/ovn_revision_numbers_db.py:98}}
Jun 02 11:55:52.854987 np0000001922 devstack@neutron-api.service[89925]: DEBUG neutron_lib.callbacks.manager [None req-be09f105-3fd7-40c4-8ad9-a3b3e7b67a33 admin admin] Publish callbacks ['neutron.plugins.ml2.ovo_rpc._ObjectChangeHandler.handle_event-834597'] for network (381ced91-c490-47bf-a816-a676f814ba94), after_create {{(pid=89925) _notify_loop /opt/stack/data/venv/lib/python3.12/site-packages/neutron_lib/callbacks/manager.py:184}}
Jun 02 11:55:52.906403 np0000001922 devstack@neutron-api.service[89925]: DEBUG neutron.api.rpc.handlers.resources_rpc [None req-be09f105-3fd7-40c4-8ad9-a3b3e7b67a33 admin admin] Pushing event updated for resources: {'Network': ['ID=381ced91-c490-47bf-a816-a676f814ba94,revision_number=1']} {{(pid=89925) push /opt/stack/neutron/neutron/api/rpc/handlers/resources_rpc.py:237}}
Jun 02 11:55:52.913490 np0000001922 devstack@neutron-api.service[89925]: DEBUG ovsdbapp.backend.ovs_idl.transaction [-] Running txn n=1 command(idx=0): AddNetworkCommand(_result=None, network_uuid=381ced91-c490-47bf-a816-a676f814ba94, may_exist=True, columns={'external_ids': {'neutron:network_name': 'private', 'neutron:mtu': '1372', 'neutron:revision_number': '1', 'neutron:availability_zone_hints': '', 'neutron:provnet-network-type': 'geneve'}, 'other_config': {'mcast_snoop': 'false', 'mcast_flood_unregistered': 'false', 'vlan-passthru': 'false'}}) {{(pid=89925) do_commit /opt/stack/data/venv/lib/python3.12/site-packages/ovsdbapp/backend/ovs_idl/transaction.py:89}}
Jun 02 11:55:52.913622 np0000001922 devstack@neutron-api.service[89925]: DEBUG neutron.common.ovn.utils [-] OVS persist_uuid supported=True {{(pid=89925) ovs_persist_uuid_supported /opt/stack/neutron/neutron/common/ovn/utils.py:1544}}
Jun 02 11:55:52.915207 np0000001922 devstack@neutron-api.service[89925]: DEBUG neutron.plugins.ml2.drivers.ovn.mech_driver.ovsdb.ovsdb_monitor [-] Hash Ring: Node e48413fc95ab5e659dc84f510d8a477a (host: np0000001922) handling event "create" for row 381ced91-c490-47bf-a816-a676f814ba94 (table: Logical_Switch) {{(pid=89925) notify /opt/stack/neutron/neutron/plugins/ml2/drivers/ovn/mech_driver/ovsdb/ovsdb_monitor.py:1015}}
Jun 02 11:55:52.915888 np0000001922 devstack@neutron-api.service[89926]: DEBUG neutron.plugins.ml2.drivers.ovn.mech_driver.ovsdb.ovsdb_monitor [-] Hash Ring: Node 348bf557cd2b5901a1279f148524fdea (host: np0000001922) handling event "create" for row 381ced91-c490-47bf-a816-a676f814ba94 (table: Logical_Switch) {{(pid=89926) notify /opt/stack/neutron/neutron/plugins/ml2/drivers/ovn/mech_driver/ovsdb/ovsdb_monitor.py:1015}}
Jun 02 11:55:52.919709 np0000001922 devstack@neutron-api.service[89924]: DEBUG neutron.plugins.ml2.drivers.ovn.mech_driver.ovsdb.ovsdb_monitor [-] Hash Ring: Node 6daeffd2111551349f397a7bc7739714 (host: np0000001922) handling event "create" for row f73e2921-7d4e-45cf-bac4-baa0bb5c6e95 (table: Datapath_Binding) {{(pid=89924) notify /opt/stack/neutron/neutron/plugins/ml2/drivers/ovn/mech_driver/ovsdb/ovsdb_monitor.py:1015}}
Jun 02 11:55:52.926205 np0000001922 devstack@neutron-api.service[89925]: DEBUG neutron.plugins.ml2.drivers.ovn.mech_driver.ovsdb.ovsdb_monitor [-] Hash Ring: Node e48413fc95ab5e659dc84f510d8a477a (host: np0000001922) handling event "create" for row f73e2921-7d4e-45cf-bac4-baa0bb5c6e95 (table: Datapath_Binding) {{(pid=89925) notify /opt/stack/neutron/neutron/plugins/ml2/drivers/ovn/mech_driver/ovsdb/ovsdb_monitor.py:1015}}
Jun 02 11:55:52.941546 np0000001922 devstack@neutron-api.service[89925]: INFO neutron.db.ovn_revision_numbers_db [None req-be09f105-3fd7-40c4-8ad9-a3b3e7b67a33 admin admin] Successfully bumped revision number for resource 381ced91-c490-47bf-a816-a676f814ba94 (type: networks) to 1
Jun 02 11:55:52.998477 np0000001922 devstack@neutron-api.service[89925]: DEBUG neutron_lib.callbacks.manager [None req-be09f105-3fd7-40c4-8ad9-a3b3e7b67a33 admin admin] Publish callbacks ['neutron.plugins.ml2.plugin.SecurityGroupDbMixin._ensure_default_security_group_handler-17954'] for port (None), before_create {{(pid=89925) _notify_loop /opt/stack/data/venv/lib/python3.12/site-packages/neutron_lib/callbacks/manager.py:184}}
Jun 02 11:55:53.091152 np0000001922 devstack@neutron-api.service[89925]: DEBUG neutron_lib.callbacks.manager [None req-be09f105-3fd7-40c4-8ad9-a3b3e7b67a33 admin admin] Publish callbacks ['neutron.plugins.ml2.drivers.ovn.mech_driver.mech_driver.OVNMechanismDriver._validate_allowed_address_pairs-1015458'] for allowed_address_pair (a3f0ae1c-1fbf-4c06-82c6-599ea1e21eb6), before_create {{(pid=89925) _notify_loop /opt/stack/data/venv/lib/python3.12/site-packages/neutron_lib/callbacks/manager.py:184}}
Jun 02 11:55:53.091674 np0000001922 devstack@neutron-api.service[89925]: DEBUG neutron_lib.callbacks.manager [None req-be09f105-3fd7-40c4-8ad9-a3b3e7b67a33 admin admin] Publish callbacks [] for port (a3f0ae1c-1fbf-4c06-82c6-599ea1e21eb6), precommit_create {{(pid=89925) _notify_loop /opt/stack/data/venv/lib/python3.12/site-packages/neutron_lib/callbacks/manager.py:184}}
Jun 02 11:55:53.091840 np0000001922 devstack@neutron-api.service[89925]: DEBUG neutron.plugins.ml2.drivers.ovn.mech_driver.mech_driver [None req-be09f105-3fd7-40c4-8ad9-a3b3e7b67a33 admin admin] No provisioning block for port a3f0ae1c-1fbf-4c06-82c6-599ea1e21eb6 since it does not have a host {{(pid=89925) _is_port_provisioning_required /opt/stack/neutron/neutron/plugins/ml2/drivers/ovn/mech_driver/mech_driver.py:896}}
Jun 02 11:55:53.091946 np0000001922 devstack@neutron-api.service[89925]: DEBUG neutron.db.ovn_revision_numbers_db [None req-be09f105-3fd7-40c4-8ad9-a3b3e7b67a33 admin admin] create_initial_revision uuid=a3f0ae1c-1fbf-4c06-82c6-599ea1e21eb6, type=ports, rev=-1 {{(pid=89925) create_initial_revision /opt/stack/neutron/neutron/db/ovn_revision_numbers_db.py:98}}
Jun 02 11:55:53.139113 np0000001922 devstack@neutron-api.service[89925]: DEBUG neutron_lib.callbacks.manager [None req-be09f105-3fd7-40c4-8ad9-a3b3e7b67a33 admin admin] Publish callbacks ['neutron.plugins.ml2.ovo_rpc._ObjectChangeHandler.handle_event-711777'] for port (a3f0ae1c-1fbf-4c06-82c6-599ea1e21eb6), after_create {{(pid=89925) _notify_loop /opt/stack/data/venv/lib/python3.12/site-packages/neutron_lib/callbacks/manager.py:184}}
Jun 02 11:55:53.186883 np0000001922 devstack@neutron-api.service[89925]: DEBUG neutron.api.rpc.handlers.resources_rpc [None req-be09f105-3fd7-40c4-8ad9-a3b3e7b67a33 admin admin] Pushing event updated for resources: {'Port': ['ID=a3f0ae1c-1fbf-4c06-82c6-599ea1e21eb6,revision_number=1']} {{(pid=89925) push /opt/stack/neutron/neutron/api/rpc/handlers/resources_rpc.py:237}}
Jun 02 11:55:53.215029 np0000001922 devstack@neutron-api.service[89925]: DEBUG ovsdbapp.backend.ovs_idl.transaction [-] Running txn n=1 command(idx=0): AddLSwitchPortCommand(_result=None, lport=a3f0ae1c-1fbf-4c06-82c6-599ea1e21eb6, lswitch=neutron-381ced91-c490-47bf-a816-a676f814ba94, may_exist=True, network_uuid=381ced91-c490-47bf-a816-a676f814ba94, columns={'addresses': ['fa:16:3e:26:2d:50'], 'external_ids': {'neutron:port_name': '', 'neutron:device_id': 'ovnmeta-381ced91-c490-47bf-a816-a676f814ba94', 'neutron:project_id': 'c8339b743e9846d0bbd914123b69be06', 'neutron:cidrs': '', 'neutron:device_owner': 'network:distributed', 'neutron:subnet_pool_addr_scope4': '', 'neutron:subnet_pool_addr_scope6': '', 'neutron:network_name': 'neutron-381ced91-c490-47bf-a816-a676f814ba94', 'neutron:security_group_ids': '', 'neutron:revision_number': '1', 'neutron:vnic_type': 'normal', 'neutron:port_capabilities': '', 'neutron:mtu': '1372'}, 'parent_name': [], 'tag': [], 'enabled': True, 'options': {}, 'type': 'localport', 'port_security': [], 'dhcpv4_options': [], 'dhcpv6_options': []}) {{(pid=89925) do_commit /opt/stack/data/venv/lib/python3.12/site-packages/ovsdbapp/backend/ovs_idl/transaction.py:89}}
Jun 02 11:55:53.215613 np0000001922 devstack@neutron-api.service[89925]: DEBUG ovsdbapp.backend.ovs_idl.transaction [-] Running txn n=1 command(idx=1): QoSDelCommand(_result=None, switch=neutron-381ced91-c490-47bf-a816-a676f814ba94, conditions=[('direction', '=', 'to-lport'), ('priority', '=', 2002), ('match', '=', 'outport == "a3f0ae1c-1fbf-4c06-82c6-599ea1e21eb6"')], if_exists=True) {{(pid=89925) do_commit /opt/stack/data/venv/lib/python3.12/site-packages/ovsdbapp/backend/ovs_idl/transaction.py:89}}
Jun 02 11:55:53.215824 np0000001922 devstack@neutron-api.service[89925]: DEBUG ovsdbapp.backend.ovs_idl.transaction [-] Running txn n=1 command(idx=2): QoSDelCommand(_result=None, switch=neutron-381ced91-c490-47bf-a816-a676f814ba94, conditions=[('direction', '=', 'from-lport'), ('priority', '=', 2002), ('match', '=', 'inport == "a3f0ae1c-1fbf-4c06-82c6-599ea1e21eb6"')], if_exists=True) {{(pid=89925) do_commit /opt/stack/data/venv/lib/python3.12/site-packages/ovsdbapp/backend/ovs_idl/transaction.py:89}}
Jun 02 11:55:53.218700 np0000001922 devstack@neutron-api.service[89926]: DEBUG neutron.plugins.ml2.drivers.ovn.mech_driver.ovsdb.ovsdb_monitor [-] Hash Ring: Node 348bf557cd2b5901a1279f148524fdea (host: np0000001922) handling event "update" for row 381ced91-c490-47bf-a816-a676f814ba94 (table: Logical_Switch) {{(pid=89926) notify /opt/stack/neutron/neutron/plugins/ml2/drivers/ovn/mech_driver/ovsdb/ovsdb_monitor.py:1015}}
Jun 02 11:55:53.218840 np0000001922 devstack@neutron-api.service[89925]: DEBUG neutron.plugins.ml2.drivers.ovn.mech_driver.ovsdb.ovsdb_monitor [-] Hash Ring: Node e48413fc95ab5e659dc84f510d8a477a (host: np0000001922) handling event "update" for row 381ced91-c490-47bf-a816-a676f814ba94 (table: Logical_Switch) {{(pid=89925) notify /opt/stack/neutron/neutron/plugins/ml2/drivers/ovn/mech_driver/ovsdb/ovsdb_monitor.py:1015}}
Jun 02 11:55:53.218950 np0000001922 devstack@neutron-api.service[89924]: DEBUG neutron.plugins.ml2.drivers.ovn.mech_driver.ovsdb.ovsdb_monitor [-] Hash Ring: Node 6daeffd2111551349f397a7bc7739714 (host: np0000001922) handling event "create" for row a553a1df-fc62-4a96-8549-e347d8a9d8f2 (table: Logical_Switch_Port) {{(pid=89924) notify /opt/stack/neutron/neutron/plugins/ml2/drivers/ovn/mech_driver/ovsdb/ovsdb_monitor.py:1015}}
Jun 02 11:55:53.219795 np0000001922 devstack@neutron-api.service[89925]: DEBUG neutron.plugins.ml2.drivers.ovn.mech_driver.ovsdb.ovsdb_monitor [-] Hash Ring: Node e48413fc95ab5e659dc84f510d8a477a (host: np0000001922) handling event "create" for row a553a1df-fc62-4a96-8549-e347d8a9d8f2 (table: Logical_Switch_Port) {{(pid=89925) notify /opt/stack/neutron/neutron/plugins/ml2/drivers/ovn/mech_driver/ovsdb/ovsdb_monitor.py:1015}}
Jun 02 11:55:53.220414 np0000001922 devstack@neutron-api.service[89924]: DEBUG ovsdbapp.backend.ovs_idl.event [-] Matched CREATE: LogicalSwitchPortCreateEvent(events=('create',), table='Logical_Switch_Port', conditions=[], old_conditions=None), priority=20 to row=Logical_Switch_Port(uuid=a553a1df-fc62-4a96-8549-e347d8a9d8f2, addresses=['fa:16:3e:26:2d:50'], dhcpv4_options=[], dhcpv6_options=[], dynamic_addresses=[], enabled=True, external_ids={'neutron:cidrs': '', 'neutron:device_id': 'ovnmeta-381ced91-c490-47bf-a816-a676f814ba94', 'neutron:device_owner': 'network:distributed', 'neutron:mtu': '1372', 'neutron:network_name': 'neutron-381ced91-c490-47bf-a816-a676f814ba94', 'neutron:port_capabilities': '', 'neutron:port_name': '', 'neutron:project_id': 'c8339b743e9846d0bbd914123b69be06', 'neutron:revision_number': '1', 'neutron:security_group_ids': '', 'neutron:subnet_pool_addr_scope4': '', 'neutron:subnet_pool_addr_scope6': '', 'neutron:vnic_type': 'normal'}, ha_chassis_group=[], mirror_rules=[], name='a3f0ae1c-1fbf-4c06-82c6-599ea1e21eb6', options={}, parent_name=[], port_security=[], tag=[], tag_request=[], type='localport', up=[]) old= {{(pid=89924) matches /opt/stack/data/venv/lib/python3.12/site-packages/ovsdbapp/backend/ovs_idl/event.py:55}}
Jun 02 11:55:53.220565 np0000001922 devstack@neutron-api.service[89926]: DEBUG neutron.plugins.ml2.drivers.ovn.mech_driver.ovsdb.ovsdb_monitor [-] Hash Ring: Node 348bf557cd2b5901a1279f148524fdea (host: np0000001922) handling event "create" for row 3f79ae14-90b5-4456-b0ab-7c62d5fda1de (table: Port_Binding) {{(pid=89926) notify /opt/stack/neutron/neutron/plugins/ml2/drivers/ovn/mech_driver/ovsdb/ovsdb_monitor.py:1015}}
Jun 02 11:55:53.221097 np0000001922 devstack@neutron-api.service[89925]: DEBUG ovsdbapp.backend.ovs_idl.event [-] Matched CREATE: LogicalSwitchPortCreateEvent(events=('create',), table='Logical_Switch_Port', conditions=[], old_conditions=None), priority=20 to row=Logical_Switch_Port(uuid=a553a1df-fc62-4a96-8549-e347d8a9d8f2, addresses=['fa:16:3e:26:2d:50'], dhcpv4_options=[], dhcpv6_options=[], dynamic_addresses=[], enabled=True, external_ids={'neutron:cidrs': '', 'neutron:device_id': 'ovnmeta-381ced91-c490-47bf-a816-a676f814ba94', 'neutron:device_owner': 'network:distributed', 'neutron:mtu': '1372', 'neutron:network_name': 'neutron-381ced91-c490-47bf-a816-a676f814ba94', 'neutron:port_capabilities': '', 'neutron:port_name': '', 'neutron:project_id': 'c8339b743e9846d0bbd914123b69be06', 'neutron:revision_number': '1', 'neutron:security_group_ids': '', 'neutron:subnet_pool_addr_scope4': '', 'neutron:subnet_pool_addr_scope6': '', 'neutron:vnic_type': 'normal'}, ha_chassis_group=[], mirror_rules=[], name='a3f0ae1c-1fbf-4c06-82c6-599ea1e21eb6', options={}, parent_name=[], port_security=[], tag=[], tag_request=[], type='localport', up=[]) old= {{(pid=89925) matches /opt/stack/data/venv/lib/python3.12/site-packages/ovsdbapp/backend/ovs_idl/event.py:55}}
Jun 02 11:55:53.221241 np0000001922 devstack@neutron-api.service[89924]: INFO neutron.plugins.ml2.drivers.ovn.mech_driver.mech_driver [-] OVN reports status down for port: a3f0ae1c-1fbf-4c06-82c6-599ea1e21eb6
Jun 02 11:55:53.221742 np0000001922 devstack@neutron-api.service[89925]: INFO neutron.plugins.ml2.drivers.ovn.mech_driver.mech_driver [-] OVN reports status down for port: a3f0ae1c-1fbf-4c06-82c6-599ea1e21eb6
Jun 02 11:55:53.223044 np0000001922 devstack@neutron-api.service[89924]: DEBUG neutron.plugins.ml2.drivers.ovn.mech_driver.ovsdb.ovsdb_monitor [-] Hash Ring: Node 6daeffd2111551349f397a7bc7739714 (host: np0000001922) handling event "update" for row a553a1df-fc62-4a96-8549-e347d8a9d8f2 (table: Logical_Switch_Port) {{(pid=89924) notify /opt/stack/neutron/neutron/plugins/ml2/drivers/ovn/mech_driver/ovsdb/ovsdb_monitor.py:1015}}
Jun 02 11:55:53.223113 np0000001922 devstack@neutron-api.service[89925]: DEBUG neutron.plugins.ml2.drivers.ovn.mech_driver.ovsdb.ovsdb_monitor [-] Hash Ring: Node e48413fc95ab5e659dc84f510d8a477a (host: np0000001922) handling event "create" for row 3f79ae14-90b5-4456-b0ab-7c62d5fda1de (table: Port_Binding) {{(pid=89925) notify /opt/stack/neutron/neutron/plugins/ml2/drivers/ovn/mech_driver/ovsdb/ovsdb_monitor.py:1015}}
Jun 02 11:55:53.223523 np0000001922 devstack@neutron-api.service[89925]: DEBUG neutron.plugins.ml2.drivers.ovn.mech_driver.ovsdb.ovsdb_monitor [-] Hash Ring: Node e48413fc95ab5e659dc84f510d8a477a (host: np0000001922) handling event "update" for row a553a1df-fc62-4a96-8549-e347d8a9d8f2 (table: Logical_Switch_Port) {{(pid=89925) notify /opt/stack/neutron/neutron/plugins/ml2/drivers/ovn/mech_driver/ovsdb/ovsdb_monitor.py:1015}}
Jun 02 11:55:53.265708 np0000001922 devstack@neutron-api.service[89925]: INFO neutron.db.ovn_revision_numbers_db [None req-be09f105-3fd7-40c4-8ad9-a3b3e7b67a33 admin admin] Successfully bumped revision number for resource a3f0ae1c-1fbf-4c06-82c6-599ea1e21eb6 (type: ports) to 1
Jun 02 11:55:53.272487 np0000001922 devstack@neutron-api.service[89925]: DEBUG neutron.pecan_wsgi.hooks.policy_enforcement [None req-be09f105-3fd7-40c4-8ad9-a3b3e7b67a33 admin admin] Attributes excluded by policy engine: ['standard_attr_id'] {{(pid=89925) _exclude_attributes_by_policy /opt/stack/neutron/neutron/pecan_wsgi/hooks/policy_enforcement.py:256}}
Jun 02 11:55:53.272782 np0000001922 devstack@neutron-api.service[89925]: DEBUG neutron_lib.callbacks.manager [None req-be09f105-3fd7-40c4-8ad9-a3b3e7b67a33 admin admin] Publish callbacks [] for network (None), before_response {{(pid=89925) _notify_loop /opt/stack/data/venv/lib/python3.12/site-packages/neutron_lib/callbacks/manager.py:184}}
Jun 02 11:55:53.279536 np0000001922 devstack@neutron-api.service[89924]: DEBUG neutron.db.provisioning_blocks [None req-0fdef901-55bb-4a55-9951-62f10fad43d5 None None] Transition to ACTIVE for port object a3f0ae1c-1fbf-4c06-82c6-599ea1e21eb6 will not be triggered until provisioned by entity L2. {{(pid=89924) add_provisioning_component /opt/stack/neutron/neutron/db/provisioning_blocks.py:74}}
Jun 02 11:55:53.305193 np0000001922 devstack@neutron-api.service[89925]: [pid: 89925|app: 0|req: 3/5] 10.4.3.38 () {68 vars in 1319 bytes} [Tue Jun 2 11:55:52 2026] POST /networking/v2.0/networks => generated 681 bytes in 1073 msecs (HTTP/1.1 201) 4 headers in 162 bytes (1 switches on core 0)
Jun 02 11:55:53.316760 np0000001922 devstack@neutron-api.service[89924]: DEBUG neutron.plugins.ml2.plugin [None req-0fdef901-55bb-4a55-9951-62f10fad43d5 None None] Current status of the port a3f0ae1c-1fbf-4c06-82c6-599ea1e21eb6 is: DOWN; New status is: DOWN {{(pid=89924) _update_individual_port_db_status /opt/stack/neutron/neutron/plugins/ml2/plugin.py:2469}}
Jun 02 11:55:53.317473 np0000001922 devstack@neutron-api.service[89924]: INFO neutron.plugins.ml2.drivers.ovn.mech_driver.ovsdb.extensions.qos [None req-0fdef901-55bb-4a55-9951-62f10fad43d5 None None] Starting OVNClientQosExtension
Jun 02 11:55:53.317643 np0000001922 devstack@neutron-api.service[89924]: INFO neutron.plugins.ml2.drivers.ovn.mech_driver.ovsdb.extensions.placement [None req-0fdef901-55bb-4a55-9951-62f10fad43d5 None None] Starting OVNClientPlacementExtension
Jun 02 11:55:53.318928 np0000001922 devstack@neutron-api.service[89925]: DEBUG neutron.db.provisioning_blocks [None req-d95827ae-b07c-46f1-aff0-2d4621ec509a None None] Ignored duplicate provisioning block setup for port a3f0ae1c-1fbf-4c06-82c6-599ea1e21eb6 by entity L2. {{(pid=89925) add_provisioning_component /opt/stack/neutron/neutron/db/provisioning_blocks.py:69}}
Jun 02 11:55:53.319504 np0000001922 devstack@neutron-api.service[89924]: DEBUG ovsdbapp.backend.ovs_idl.transaction [-] Running txn n=1 command(idx=0): DbRemoveCommand(_result=None, table=Logical_Switch_Port, record=a3f0ae1c-1fbf-4c06-82c6-599ea1e21eb6, column=external_ids, values=('neutron:host_id',), keyvalues={}, if_exists=True) {{(pid=89924) do_commit /opt/stack/data/venv/lib/python3.12/site-packages/ovsdbapp/backend/ovs_idl/transaction.py:89}}
Jun 02 11:55:53.352546 np0000001922 devstack@neutron-api.service[89925]: DEBUG neutron.plugins.ml2.plugin [None req-d95827ae-b07c-46f1-aff0-2d4621ec509a None None] Current status of the port a3f0ae1c-1fbf-4c06-82c6-599ea1e21eb6 is: DOWN; New status is: DOWN {{(pid=89925) _update_individual_port_db_status /opt/stack/neutron/neutron/plugins/ml2/plugin.py:2469}}
Jun 02 11:55:53.353500 np0000001922 devstack@neutron-api.service[89925]: DEBUG ovsdbapp.backend.ovs_idl.transaction [-] Running txn n=1 command(idx=0): DbRemoveCommand(_result=None, table=Logical_Switch_Port, record=a3f0ae1c-1fbf-4c06-82c6-599ea1e21eb6, column=external_ids, values=('neutron:host_id',), keyvalues={}, if_exists=True) {{(pid=89925) do_commit /opt/stack/data/venv/lib/python3.12/site-packages/ovsdbapp/backend/ovs_idl/transaction.py:89}}
Jun 02 11:55:53.630910 np0000001922 devstack@neutron-api.service[89926]: DEBUG neutron.pecan_wsgi.hooks.policy_enforcement [None req-ed7b284e-3b52-4cfc-996a-f5f158bd41da admin admin] Attributes excluded by policy engine: ['standard_attr_id'] {{(pid=89926) _exclude_attributes_by_policy /opt/stack/neutron/neutron/pecan_wsgi/hooks/policy_enforcement.py:256}}
Jun 02 11:55:53.631622 np0000001922 devstack@neutron-api.service[89926]: [pid: 89926|app: 0|req: 2/6] 10.4.3.38 () {64 vars in 1377 bytes} [Tue Jun 2 11:55:53 2026] GET /networking/v2.0/networks/381ced91-c490-47bf-a816-a676f814ba94 => generated 662 bytes in 60 msecs (HTTP/1.1 200) 4 headers in 157 bytes (1 switches on core 0)
Jun 02 11:55:53.641999 np0000001922 devstack@neutron-api.service[89924]: DEBUG neutron.api.wsgi [None req-196b507b-83a2-4602-a2a7-eecbd6e14ebe admin admin] Missing Content-Type {{(pid=89924) get_content_type /opt/stack/neutron/neutron/api/wsgi.py:80}}
Jun 02 11:55:53.649768 np0000001922 devstack@neutron-api.service[89924]: [pid: 89924|app: 0|req: 2/7] 10.4.3.38 () {64 vars in 1386 bytes} [Tue Jun 2 11:55:53 2026] GET /networking/v2.0/subnetpools/94059dbb-c357-4259-966b-ff3064db215a => generated 533 bytes in 10 msecs (HTTP/1.1 200) 4 headers in 157 bytes (1 switches on core 0)
Jun 02 11:55:53.660239 np0000001922 devstack@neutron-api.service[89925]: DEBUG neutron.api.v2.base [None req-57acd8a0-1d30-43a0-a701-9f67cbc67781 admin admin] Request body: {'subnet': {'ip_version': 4, 'network_id': '381ced91-c490-47bf-a816-a676f814ba94', 'subnetpool_id': '94059dbb-c357-4259-966b-ff3064db215a', 'name': 'private-subnet', 'gateway_ip': '10.1.0.1'}} {{(pid=89925) prepare_request_body /opt/stack/neutron/neutron/api/v2/base.py:727}}
Jun 02 11:55:53.673354 np0000001922 devstack@neutron-api.service[89925]: DEBUG neutron.pecan_wsgi.hooks.quota_enforcement [None req-57acd8a0-1d30-43a0-a701-9f67cbc67781 admin admin] Made reservation on behalf of c8339b743e9846d0bbd914123b69be06 for: {'subnet': 1} {{(pid=89925) before /opt/stack/neutron/neutron/pecan_wsgi/hooks/quota_enforcement.py:66}}
Jun 02 11:55:53.675569 np0000001922 devstack@neutron-api.service[89925]: DEBUG neutron_lib.callbacks.manager [None req-57acd8a0-1d30-43a0-a701-9f67cbc67781 admin admin] Publish callbacks [] for subnet (None), before_create {{(pid=89925) _notify_loop /opt/stack/data/venv/lib/python3.12/site-packages/neutron_lib/callbacks/manager.py:184}}
Jun 02 11:55:53.988787 np0000001922 devstack@neutron-api.service[89925]: DEBUG neutron.db.ovn_revision_numbers_db [None req-57acd8a0-1d30-43a0-a701-9f67cbc67781 admin admin] create_initial_revision uuid=4d5dccf7-8c1b-48d5-80e7-b467bb4b0a98, type=subnets, rev=-1 {{(pid=89925) create_initial_revision /opt/stack/neutron/neutron/db/ovn_revision_numbers_db.py:98}}
Jun 02 11:55:53.993035 np0000001922 devstack@neutron-api.service[89925]: DEBUG neutron_lib.callbacks.manager [None req-57acd8a0-1d30-43a0-a701-9f67cbc67781 admin admin] Publish callbacks ['neutron.plugins.ml2.ovo_rpc._ObjectChangeHandler.handle_event-834641'] for subnet (4d5dccf7-8c1b-48d5-80e7-b467bb4b0a98), after_create {{(pid=89925) _notify_loop /opt/stack/data/venv/lib/python3.12/site-packages/neutron_lib/callbacks/manager.py:184}}
Jun 02 11:55:54.008669 np0000001922 devstack@neutron-api.service[89925]: DEBUG neutron.api.rpc.handlers.resources_rpc [None req-57acd8a0-1d30-43a0-a701-9f67cbc67781 admin admin] Pushing event updated for resources: {'Subnet': ['ID=4d5dccf7-8c1b-48d5-80e7-b467bb4b0a98,revision_number=0']} {{(pid=89925) push /opt/stack/neutron/neutron/api/rpc/handlers/resources_rpc.py:237}}
Jun 02 11:55:54.072463 np0000001922 devstack@neutron-api.service[89925]: DEBUG neutron_lib.callbacks.manager [None req-57acd8a0-1d30-43a0-a701-9f67cbc67781 admin admin] Publish callbacks ['neutron.plugins.ml2.plugin.SecurityGroupDbMixin._ensure_default_security_group_handler-17954', 'neutron.services.ovn_l3.plugin.OVNL3RouterPlugin._port_update-8086641412880', 'neutron.db.l3_db.L3_NAT_dbonly_mixin._prevent_internal_ip_change_for_fip-8086642930972'] for port (a3f0ae1c-1fbf-4c06-82c6-599ea1e21eb6), before_update {{(pid=89925) _notify_loop /opt/stack/data/venv/lib/python3.12/site-packages/neutron_lib/callbacks/manager.py:184}}
Jun 02 11:55:54.168642 np0000001922 devstack@neutron-api.service[89925]: DEBUG neutron.db.db_base_plugin_common [None req-57acd8a0-1d30-43a0-a701-9f67cbc67781 admin admin] Allocated IP 10.1.0.2 (381ced91-c490-47bf-a816-a676f814ba94/4d5dccf7-8c1b-48d5-80e7-b467bb4b0a98/a3f0ae1c-1fbf-4c06-82c6-599ea1e21eb6) {{(pid=89925) _store_ip_allocation /opt/stack/neutron/neutron/db/db_base_plugin_common.py:131}}
