Jul 08 14:31:14.417160 np0000004823 devstack@g-api.service[99432]: DEBUG glance.api.middleware.version_negotiation [None req-775ccd3d-0e02-48bb-ae72-85a0a598644f tempest-AttachVolumeShelveTestJSON-1884566258 tempest-AttachVolumeShelveTestJSON-1884566258-project-member] Matched version: v2 {{(pid=99432) process_request /opt/stack/glance/glance/api/middleware/version_negotiation.py:69}}
Jul 08 14:31:14.417251 np0000004823 devstack@g-api.service[99432]: DEBUG glance.api.middleware.version_negotiation [None req-775ccd3d-0e02-48bb-ae72-85a0a598644f tempest-AttachVolumeShelveTestJSON-1884566258 tempest-AttachVolumeShelveTestJSON-1884566258-project-member] new path /v2/schemas/image {{(pid=99432) process_request /opt/stack/glance/glance/api/middleware/version_negotiation.py:70}}
Jul 08 14:31:14.420949 np0000004823 devstack@g-api.service[99432]: [pid: 99432|app: 0|req: 78/210] 127.0.0.1 () {44 vars in 1047 bytes} [Wed Jul 8 14:31:14 2026] GET /v2/schemas/image => generated 6083 bytes in 4 msecs (HTTP/1.1 200) 4 headers in 158 bytes (1 switches on core 0)
Jul 08 14:31:14.478035 np0000004823 devstack@g-api.service[99430]: DEBUG glance.api.middleware.version_negotiation [None req-775ccd3d-0e02-48bb-ae72-85a0a598644f tempest-AttachVolumeShelveTestJSON-1884566258 tempest-AttachVolumeShelveTestJSON-1884566258-project-member] Determining version of request: GET /v2/schemas/image Accept: */* {{(pid=99430) process_request /opt/stack/glance/glance/api/middleware/version_negotiation.py:44}}
Jul 08 14:31:14.478452 np0000004823 devstack@g-api.service[99430]: DEBUG glance.api.middleware.version_negotiation [None req-775ccd3d-0e02-48bb-ae72-85a0a598644f tempest-AttachVolumeShelveTestJSON-1884566258 tempest-AttachVolumeShelveTestJSON-1884566258-project-member] Using url versioning {{(pid=99430) process_request /opt/stack/glance/glance/api/middleware/version_negotiation.py:57}}
Jul 08 14:31:14.482151 np0000004823 devstack@g-api.service[99430]: DEBUG glance.api.middleware.version_negotiation [None req-775ccd3d-0e02-48bb-ae72-85a0a598644f tempest-AttachVolumeShelveTestJSON-1884566258 tempest-AttachVolumeShelveTestJSON-1884566258-project-member] Matched version: v2 {{(pid=99430) process_request /opt/stack/glance/glance/api/middleware/version_negotiation.py:69}}
Jul 08 14:31:14.482151 np0000004823 devstack@g-api.service[99430]: DEBUG glance.api.middleware.version_negotiation [None req-775ccd3d-0e02-48bb-ae72-85a0a598644f tempest-AttachVolumeShelveTestJSON-1884566258 tempest-AttachVolumeShelveTestJSON-1884566258-project-member] new path /v2/schemas/image {{(pid=99430) process_request /opt/stack/glance/glance/api/middleware/version_negotiation.py:70}}
Jul 08 14:31:14.482151 np0000004823 devstack@g-api.service[99430]: [pid: 99430|app: 0|req: 57/211] 127.0.0.1 () {44 vars in 1047 bytes} [Wed Jul 8 14:31:14 2026] GET /v2/schemas/image => generated 6083 bytes in 3 msecs (HTTP/1.1 200) 4 headers in 158 bytes (1 switches on core 0)
Jul 08 14:31:14.515137 np0000004823 devstack@g-api.service[99431]: DEBUG glance.api.middleware.version_negotiation [None req-775ccd3d-0e02-48bb-ae72-85a0a598644f tempest-AttachVolumeShelveTestJSON-1884566258 tempest-AttachVolumeShelveTestJSON-1884566258-project-member] Determining version of request: PATCH /v2/images/964f06f2-1ac4-4391-bb88-2094a208d69d Accept: */* {{(pid=99431) process_request /opt/stack/glance/glance/api/middleware/version_negotiation.py:44}}
Jul 08 14:31:14.515445 np0000004823 devstack@g-api.service[99431]: DEBUG glance.api.middleware.version_negotiation [None req-775ccd3d-0e02-48bb-ae72-85a0a598644f tempest-AttachVolumeShelveTestJSON-1884566258 tempest-AttachVolumeShelveTestJSON-1884566258-project-member] Using url versioning {{(pid=99431) process_request /opt/stack/glance/glance/api/middleware/version_negotiation.py:57}}
Jul 08 14:31:14.515616 np0000004823 devstack@g-api.service[99431]: DEBUG glance.api.middleware.version_negotiation [None req-775ccd3d-0e02-48bb-ae72-85a0a598644f tempest-AttachVolumeShelveTestJSON-1884566258 tempest-AttachVolumeShelveTestJSON-1884566258-project-member] Matched version: v2 {{(pid=99431) process_request /opt/stack/glance/glance/api/middleware/version_negotiation.py:69}}
Jul 08 14:31:14.515758 np0000004823 devstack@g-api.service[99431]: DEBUG glance.api.middleware.version_negotiation [None req-775ccd3d-0e02-48bb-ae72-85a0a598644f tempest-AttachVolumeShelveTestJSON-1884566258 tempest-AttachVolumeShelveTestJSON-1884566258-project-member] new path /v2/images/964f06f2-1ac4-4391-bb88-2094a208d69d {{(pid=99431) process_request /opt/stack/glance/glance/api/middleware/version_negotiation.py:70}}
Jul 08 14:31:14.717259 np0000004823 devstack@g-api.service[99431]: [pid: 99431|app: 0|req: 77/212] 127.0.0.1 () {46 vars in 1150 bytes} [Wed Jul 8 14:31:14 2026] PATCH /v2/images/964f06f2-1ac4-4391-bb88-2094a208d69d => generated 1449 bytes in 203 msecs (HTTP/1.1 200) 4 headers in 158 bytes (1 switches on core 0)
Jul 08 14:31:14.775272 np0000004823 devstack@g-api.service[99432]: DEBUG glance.api.middleware.version_negotiation [None req-775ccd3d-0e02-48bb-ae72-85a0a598644f tempest-AttachVolumeShelveTestJSON-1884566258 tempest-AttachVolumeShelveTestJSON-1884566258-project-member] Determining version of request: GET /v2/images/964f06f2-1ac4-4391-bb88-2094a208d69d Accept: */* {{(pid=99432) process_request /opt/stack/glance/glance/api/middleware/version_negotiation.py:44}}
Jul 08 14:31:14.775533 np0000004823 devstack@g-api.service[99432]: DEBUG glance.api.middleware.version_negotiation [None req-775ccd3d-0e02-48bb-ae72-85a0a598644f tempest-AttachVolumeShelveTestJSON-1884566258 tempest-AttachVolumeShelveTestJSON-1884566258-project-member] Using url versioning {{(pid=99432) process_request /opt/stack/glance/glance/api/middleware/version_negotiation.py:57}}
Jul 08 14:31:14.775732 np0000004823 devstack@g-api.service[99432]: DEBUG glance.api.middleware.version_negotiation [None req-775ccd3d-0e02-48bb-ae72-85a0a598644f tempest-AttachVolumeShelveTestJSON-1884566258 tempest-AttachVolumeShelveTestJSON-1884566258-project-member] Matched version: v2 {{(pid=99432) process_request /opt/stack/glance/glance/api/middleware/version_negotiation.py:69}}
Jul 08 14:31:14.775880 np0000004823 devstack@g-api.service[99432]: DEBUG glance.api.middleware.version_negotiation [None req-775ccd3d-0e02-48bb-ae72-85a0a598644f tempest-AttachVolumeShelveTestJSON-1884566258 tempest-AttachVolumeShelveTestJSON-1884566258-project-member] new path /v2/images/964f06f2-1ac4-4391-bb88-2094a208d69d {{(pid=99432) process_request /opt/stack/glance/glance/api/middleware/version_negotiation.py:70}}
Jul 08 14:31:14.792827 np0000004823 devstack@g-api.service[99432]: [pid: 99432|app: 0|req: 79/213] 127.0.0.1 () {44 vars in 1107 bytes} [Wed Jul 8 14:31:14 2026] GET /v2/images/964f06f2-1ac4-4391-bb88-2094a208d69d => generated 1449 bytes in 18 msecs (HTTP/1.1 200) 4 headers in 158 bytes (1 switches on core 0)
Jul 08 14:31:14.828591 np0000004823 devstack@g-api.service[99430]: DEBUG glance.api.middleware.version_negotiation [None req-775ccd3d-0e02-48bb-ae72-85a0a598644f tempest-AttachVolumeShelveTestJSON-1884566258 tempest-AttachVolumeShelveTestJSON-1884566258-project-member] Determining version of request: PUT /v2/images/964f06f2-1ac4-4391-bb88-2094a208d69d/file Accept: */* {{(pid=99430) process_request /opt/stack/glance/glance/api/middleware/version_negotiation.py:44}}
Jul 08 14:31:14.828591 np0000004823 devstack@g-api.service[99430]: DEBUG glance.api.middleware.version_negotiation [None req-775ccd3d-0e02-48bb-ae72-85a0a598644f tempest-AttachVolumeShelveTestJSON-1884566258 tempest-AttachVolumeShelveTestJSON-1884566258-project-member] Using url versioning {{(pid=99430) process_request /opt/stack/glance/glance/api/middleware/version_negotiation.py:57}}
Jul 08 14:31:14.828591 np0000004823 devstack@g-api.service[99430]: DEBUG glance.api.middleware.version_negotiation [None req-775ccd3d-0e02-48bb-ae72-85a0a598644f tempest-AttachVolumeShelveTestJSON-1884566258 tempest-AttachVolumeShelveTestJSON-1884566258-project-member] Matched version: v2 {{(pid=99430) process_request /opt/stack/glance/glance/api/middleware/version_negotiation.py:69}}
Jul 08 14:31:14.828591 np0000004823 devstack@g-api.service[99430]: DEBUG glance.api.middleware.version_negotiation [None req-775ccd3d-0e02-48bb-ae72-85a0a598644f tempest-AttachVolumeShelveTestJSON-1884566258 tempest-AttachVolumeShelveTestJSON-1884566258-project-member] new path /v2/images/964f06f2-1ac4-4391-bb88-2094a208d69d/file {{(pid=99430) process_request /opt/stack/glance/glance/api/middleware/version_negotiation.py:70}}
Jul 08 14:31:15.177104 np0000004823 devstack@g-api.service[99431]: DEBUG glance.api.middleware.version_negotiation [None req-775ccd3d-0e02-48bb-ae72-85a0a598644f tempest-AttachVolumeShelveTestJSON-1884566258 tempest-AttachVolumeShelveTestJSON-1884566258-project-member] Determining version of request: GET /v2/images/7bb72944-8698-450c-b302-aa23b1dae531 Accept: */* {{(pid=99431) process_request /opt/stack/glance/glance/api/middleware/version_negotiation.py:44}}
Jul 08 14:31:15.177104 np0000004823 devstack@g-api.service[99431]: DEBUG glance.api.middleware.version_negotiation [None req-775ccd3d-0e02-48bb-ae72-85a0a598644f tempest-AttachVolumeShelveTestJSON-1884566258 tempest-AttachVolumeShelveTestJSON-1884566258-project-member] Using url versioning {{(pid=99431) process_request /opt/stack/glance/glance/api/middleware/version_negotiation.py:57}}
Jul 08 14:31:15.177104 np0000004823 devstack@g-api.service[99431]: DEBUG glance.api.middleware.version_negotiation [None req-775ccd3d-0e02-48bb-ae72-85a0a598644f tempest-AttachVolumeShelveTestJSON-1884566258 tempest-AttachVolumeShelveTestJSON-1884566258-project-member] Matched version: v2 {{(pid=99431) process_request /opt/stack/glance/glance/api/middleware/version_negotiation.py:69}}
Jul 08 14:31:15.177267 np0000004823 devstack@g-api.service[99431]: DEBUG glance.api.middleware.version_negotiation [None req-775ccd3d-0e02-48bb-ae72-85a0a598644f tempest-AttachVolumeShelveTestJSON-1884566258 tempest-AttachVolumeShelveTestJSON-1884566258-project-member] new path /v2/images/7bb72944-8698-450c-b302-aa23b1dae531 {{(pid=99431) process_request /opt/stack/glance/glance/api/middleware/version_negotiation.py:70}}
Jul 08 14:31:15.190220 np0000004823 devstack@g-api.service[99431]: [pid: 99431|app: 0|req: 78/214] 127.0.0.1 () {44 vars in 1107 bytes} [Wed Jul 8 14:31:15 2026] GET /v2/images/7bb72944-8698-450c-b302-aa23b1dae531 => generated 1044 bytes in 10 msecs (HTTP/1.1 200) 4 headers in 158 bytes (1 switches on core 0)
Jul 08 14:31:15.194351 np0000004823 devstack@g-api.service[99432]: DEBUG glance.api.middleware.version_negotiation [None req-775ccd3d-0e02-48bb-ae72-85a0a598644f tempest-AttachVolumeShelveTestJSON-1884566258 tempest-AttachVolumeShelveTestJSON-1884566258-project-member] Determining version of request: GET /v2/schemas/image Accept: */* {{(pid=99432) process_request /opt/stack/glance/glance/api/middleware/version_negotiation.py:44}}
Jul 08 14:31:15.194629 np0000004823 devstack@g-api.service[99432]: DEBUG glance.api.middleware.version_negotiation [None req-775ccd3d-0e02-48bb-ae72-85a0a598644f tempest-AttachVolumeShelveTestJSON-1884566258 tempest-AttachVolumeShelveTestJSON-1884566258-project-member] Using url versioning {{(pid=99432) process_request /opt/stack/glance/glance/api/middleware/version_negotiation.py:57}}
Jul 08 14:31:15.194769 np0000004823 devstack@g-api.service[99432]: DEBUG glance.api.middleware.version_negotiation [None req-775ccd3d-0e02-48bb-ae72-85a0a598644f tempest-AttachVolumeShelveTestJSON-1884566258 tempest-AttachVolumeShelveTestJSON-1884566258-project-member] Matched version: v2 {{(pid=99432) process_request /opt/stack/glance/glance/api/middleware/version_negotiation.py:69}}
Jul 08 14:31:15.194860 np0000004823 devstack@g-api.service[99432]: DEBUG glance.api.middleware.version_negotiation [None req-775ccd3d-0e02-48bb-ae72-85a0a598644f tempest-AttachVolumeShelveTestJSON-1884566258 tempest-AttachVolumeShelveTestJSON-1884566258-project-member] new path /v2/schemas/image {{(pid=99432) process_request /opt/stack/glance/glance/api/middleware/version_negotiation.py:70}}
Jul 08 14:31:15.197224 np0000004823 devstack@g-api.service[99432]: [pid: 99432|app: 0|req: 80/215] 127.0.0.1 () {44 vars in 1047 bytes} [Wed Jul 8 14:31:15 2026] GET /v2/schemas/image => generated 6083 bytes in 3 msecs (HTTP/1.1 200) 4 headers in 158 bytes (1 switches on core 0)
Jul 08 14:31:15.207333 np0000004823 devstack@g-api.service[99431]: DEBUG glance.api.middleware.version_negotiation [None req-e5015e01-763c-4768-8c32-008a00a3330a tempest-ServerActionsTestOtherA-1320391062 tempest-ServerActionsTestOtherA-1320391062-project-member] Determining version of request: GET /v2/schemas/image Accept: */* {{(pid=99431) process_request /opt/stack/glance/glance/api/middleware/version_negotiation.py:44}}
Jul 08 14:31:15.207521 np0000004823 devstack@g-api.service[99431]: DEBUG glance.api.middleware.version_negotiation [None req-e5015e01-763c-4768-8c32-008a00a3330a tempest-ServerActionsTestOtherA-1320391062 tempest-ServerActionsTestOtherA-1320391062-project-member] Using url versioning {{(pid=99431) process_request /opt/stack/glance/glance/api/middleware/version_negotiation.py:57}}
Jul 08 14:31:15.207690 np0000004823 devstack@g-api.service[99431]: DEBUG glance.api.middleware.version_negotiation [None req-e5015e01-763c-4768-8c32-008a00a3330a tempest-ServerActionsTestOtherA-1320391062 tempest-ServerActionsTestOtherA-1320391062-project-member] Matched version: v2 {{(pid=99431) process_request /opt/stack/glance/glance/api/middleware/version_negotiation.py:69}}
Jul 08 14:31:15.207827 np0000004823 devstack@g-api.service[99431]: DEBUG glance.api.middleware.version_negotiation [None req-e5015e01-763c-4768-8c32-008a00a3330a tempest-ServerActionsTestOtherA-1320391062 tempest-ServerActionsTestOtherA-1320391062-project-member] new path /v2/schemas/image {{(pid=99431) process_request /opt/stack/glance/glance/api/middleware/version_negotiation.py:70}}
Jul 08 14:31:15.211965 np0000004823 devstack@g-api.service[99431]: [pid: 99431|app: 0|req: 79/216] 127.0.0.1 () {44 vars in 1047 bytes} [Wed Jul 8 14:31:15 2026] GET /v2/schemas/image => generated 6083 bytes in 5 msecs (HTTP/1.1 200) 4 headers in 158 bytes (1 switches on core 0)
Jul 08 14:31:15.221796 np0000004823 devstack@g-api.service[99432]: DEBUG glance.api.middleware.version_negotiation [None req-e5015e01-763c-4768-8c32-008a00a3330a tempest-ServerActionsTestOtherA-1320391062 tempest-ServerActionsTestOtherA-1320391062-project-member] Determining version of request: GET /v2/images/7bb72944-8698-450c-b302-aa23b1dae531 Accept: */* {{(pid=99432) process_request /opt/stack/glance/glance/api/middleware/version_negotiation.py:44}}
Jul 08 14:31:15.221991 np0000004823 devstack@g-api.service[99432]: DEBUG glance.api.middleware.version_negotiation [None req-e5015e01-763c-4768-8c32-008a00a3330a tempest-ServerActionsTestOtherA-1320391062 tempest-ServerActionsTestOtherA-1320391062-project-member] Using url versioning {{(pid=99432) process_request /opt/stack/glance/glance/api/middleware/version_negotiation.py:57}}
Jul 08 14:31:15.222195 np0000004823 devstack@g-api.service[99432]: DEBUG glance.api.middleware.version_negotiation [None req-e5015e01-763c-4768-8c32-008a00a3330a tempest-ServerActionsTestOtherA-1320391062 tempest-ServerActionsTestOtherA-1320391062-project-member] Matched version: v2 {{(pid=99432) process_request /opt/stack/glance/glance/api/middleware/version_negotiation.py:69}}
Jul 08 14:31:15.222449 np0000004823 devstack@g-api.service[99432]: DEBUG glance.api.middleware.version_negotiation [None req-e5015e01-763c-4768-8c32-008a00a3330a tempest-ServerActionsTestOtherA-1320391062 tempest-ServerActionsTestOtherA-1320391062-project-member] new path /v2/images/7bb72944-8698-450c-b302-aa23b1dae531 {{(pid=99432) process_request /opt/stack/glance/glance/api/middleware/version_negotiation.py:70}}
Jul 08 14:31:15.233533 np0000004823 devstack@g-api.service[99432]: [pid: 99432|app: 0|req: 81/217] 127.0.0.1 () {44 vars in 1107 bytes} [Wed Jul 8 14:31:15 2026] GET /v2/images/7bb72944-8698-450c-b302-aa23b1dae531 => generated 1044 bytes in 11 msecs (HTTP/1.1 200) 4 headers in 158 bytes (1 switches on core 0)
Jul 08 14:31:15.240476 np0000004823 devstack@g-api.service[99431]: DEBUG glance.api.middleware.version_negotiation [None req-e5015e01-763c-4768-8c32-008a00a3330a tempest-ServerActionsTestOtherA-1320391062 tempest-ServerActionsTestOtherA-1320391062-project-member] Determining version of request: GET /v2/schemas/image Accept: */* {{(pid=99431) process_request /opt/stack/glance/glance/api/middleware/version_negotiation.py:44}}
Jul 08 14:31:15.240676 np0000004823 devstack@g-api.service[99431]: DEBUG glance.api.middleware.version_negotiation [None req-e5015e01-763c-4768-8c32-008a00a3330a tempest-ServerActionsTestOtherA-1320391062 tempest-ServerActionsTestOtherA-1320391062-project-member] Using url versioning {{(pid=99431) process_request /opt/stack/glance/glance/api/middleware/version_negotiation.py:57}}
Jul 08 14:31:15.240830 np0000004823 devstack@g-api.service[99431]: DEBUG glance.api.middleware.version_negotiation [None req-e5015e01-763c-4768-8c32-008a00a3330a tempest-ServerActionsTestOtherA-1320391062 tempest-ServerActionsTestOtherA-1320391062-project-member] Matched version: v2 {{(pid=99431) process_request /opt/stack/glance/glance/api/middleware/version_negotiation.py:69}}
Jul 08 14:31:15.240967 np0000004823 devstack@g-api.service[99431]: DEBUG glance.api.middleware.version_negotiation [None req-e5015e01-763c-4768-8c32-008a00a3330a tempest-ServerActionsTestOtherA-1320391062 tempest-ServerActionsTestOtherA-1320391062-project-member] new path /v2/schemas/image {{(pid=99431) process_request /opt/stack/glance/glance/api/middleware/version_negotiation.py:70}}
Jul 08 14:31:15.250960 np0000004823 devstack@g-api.service[99431]: [pid: 99431|app: 0|req: 80/218] 127.0.0.1 () {44 vars in 1047 bytes} [Wed Jul 8 14:31:15 2026] GET /v2/schemas/image => generated 6083 bytes in 10 msecs (HTTP/1.1 200) 4 headers in 158 bytes (1 switches on core 0)
Jul 08 14:31:15.261163 np0000004823 devstack@g-api.service[99432]: DEBUG glance.api.middleware.version_negotiation [None req-e5015e01-763c-4768-8c32-008a00a3330a tempest-ServerActionsTestOtherA-1320391062 tempest-ServerActionsTestOtherA-1320391062-project-member] Determining version of request: GET /v2/schemas/image Accept: */* {{(pid=99432) process_request /opt/stack/glance/glance/api/middleware/version_negotiation.py:44}}
Jul 08 14:31:15.261461 np0000004823 devstack@g-api.service[99432]: DEBUG glance.api.middleware.version_negotiation [None req-e5015e01-763c-4768-8c32-008a00a3330a tempest-ServerActionsTestOtherA-1320391062 tempest-ServerActionsTestOtherA-1320391062-project-member] Using url versioning {{(pid=99432) process_request /opt/stack/glance/glance/api/middleware/version_negotiation.py:57}}
Jul 08 14:31:15.261630 np0000004823 devstack@g-api.service[99432]: DEBUG glance.api.middleware.version_negotiation [None req-e5015e01-763c-4768-8c32-008a00a3330a tempest-ServerActionsTestOtherA-1320391062 tempest-ServerActionsTestOtherA-1320391062-project-member] Matched version: v2 {{(pid=99432) process_request /opt/stack/glance/glance/api/middleware/version_negotiation.py:69}}
Jul 08 14:31:15.261711 np0000004823 devstack@g-api.service[99432]: DEBUG glance.api.middleware.version_negotiation [None req-e5015e01-763c-4768-8c32-008a00a3330a tempest-ServerActionsTestOtherA-1320391062 tempest-ServerActionsTestOtherA-1320391062-project-member] new path /v2/schemas/image {{(pid=99432) process_request /opt/stack/glance/glance/api/middleware/version_negotiation.py:70}}
Jul 08 14:31:15.263926 np0000004823 devstack@g-api.service[99432]: [pid: 99432|app: 0|req: 82/219] 127.0.0.1 () {44 vars in 1047 bytes} [Wed Jul 8 14:31:15 2026] GET /v2/schemas/image => generated 6083 bytes in 3 msecs (HTTP/1.1 200) 4 headers in 158 bytes (1 switches on core 0)
Jul 08 14:31:15.292314 np0000004823 devstack@g-api.service[99431]: DEBUG glance.api.middleware.version_negotiation [None req-e5015e01-763c-4768-8c32-008a00a3330a tempest-ServerActionsTestOtherA-1320391062 tempest-ServerActionsTestOtherA-1320391062-project-member] Determining version of request: GET /v2/images/7bb72944-8698-450c-b302-aa23b1dae531 Accept: */* {{(pid=99431) process_request /opt/stack/glance/glance/api/middleware/version_negotiation.py:44}}
Jul 08 14:31:15.292517 np0000004823 devstack@g-api.service[99431]: DEBUG glance.api.middleware.version_negotiation [None req-e5015e01-763c-4768-8c32-008a00a3330a tempest-ServerActionsTestOtherA-1320391062 tempest-ServerActionsTestOtherA-1320391062-project-member] Using url versioning {{(pid=99431) process_request /opt/stack/glance/glance/api/middleware/version_negotiation.py:57}}
Jul 08 14:31:15.292686 np0000004823 devstack@g-api.service[99431]: DEBUG glance.api.middleware.version_negotiation [None req-e5015e01-763c-4768-8c32-008a00a3330a tempest-ServerActionsTestOtherA-1320391062 tempest-ServerActionsTestOtherA-1320391062-project-member] Matched version: v2 {{(pid=99431) process_request /opt/stack/glance/glance/api/middleware/version_negotiation.py:69}}
Jul 08 14:31:15.292832 np0000004823 devstack@g-api.service[99431]: DEBUG glance.api.middleware.version_negotiation [None req-e5015e01-763c-4768-8c32-008a00a3330a tempest-ServerActionsTestOtherA-1320391062 tempest-ServerActionsTestOtherA-1320391062-project-member] new path /v2/images/7bb72944-8698-450c-b302-aa23b1dae531 {{(pid=99431) process_request /opt/stack/glance/glance/api/middleware/version_negotiation.py:70}}
Jul 08 14:31:15.308350 np0000004823 devstack@g-api.service[99431]: [pid: 99431|app: 0|req: 81/220] 127.0.0.1 () {44 vars in 1107 bytes} [Wed Jul 8 14:31:15 2026] GET /v2/images/7bb72944-8698-450c-b302-aa23b1dae531 => generated 1044 bytes in 16 msecs (HTTP/1.1 200) 4 headers in 158 bytes (1 switches on core 0)
Jul 08 14:31:15.317711 np0000004823 devstack@g-api.service[99432]: DEBUG glance.api.middleware.version_negotiation [None req-e5015e01-763c-4768-8c32-008a00a3330a tempest-ServerActionsTestOtherA-1320391062 tempest-ServerActionsTestOtherA-1320391062-project-member] Determining version of request: GET /v2/schemas/image Accept: */* {{(pid=99432) process_request /opt/stack/glance/glance/api/middleware/version_negotiation.py:44}}
Jul 08 14:31:15.317841 np0000004823 devstack@g-api.service[99432]: DEBUG glance.api.middleware.version_negotiation [None req-e5015e01-763c-4768-8c32-008a00a3330a tempest-ServerActionsTestOtherA-1320391062 tempest-ServerActionsTestOtherA-1320391062-project-member] Using url versioning {{(pid=99432) process_request /opt/stack/glance/glance/api/middleware/version_negotiation.py:57}}
Jul 08 14:31:15.318013 np0000004823 devstack@g-api.service[99432]: DEBUG glance.api.middleware.version_negotiation [None req-e5015e01-763c-4768-8c32-008a00a3330a tempest-ServerActionsTestOtherA-1320391062 tempest-ServerActionsTestOtherA-1320391062-project-member] Matched version: v2 {{(pid=99432) process_request /opt/stack/glance/glance/api/middleware/version_negotiation.py:69}}
Jul 08 14:31:15.318103 np0000004823 devstack@g-api.service[99432]: DEBUG glance.api.middleware.version_negotiation [None req-e5015e01-763c-4768-8c32-008a00a3330a tempest-ServerActionsTestOtherA-1320391062 tempest-ServerActionsTestOtherA-1320391062-project-member] new path /v2/schemas/image {{(pid=99432) process_request /opt/stack/glance/glance/api/middleware/version_negotiation.py:70}}
Jul 08 14:31:15.321393 np0000004823 devstack@g-api.service[99432]: [pid: 99432|app: 0|req: 83/221] 127.0.0.1 () {44 vars in 1047 bytes} [Wed Jul 8 14:31:15 2026] GET /v2/schemas/image => generated 6083 bytes in 4 msecs (HTTP/1.1 200) 4 headers in 158 bytes (1 switches on core 0)
Jul 08 14:31:15.328081 np0000004823 devstack@g-api.service[99430]: INFO glance.api.v2.image_data [None req-775ccd3d-0e02-48bb-ae72-85a0a598644f tempest-AttachVolumeShelveTestJSON-1884566258 tempest-AttachVolumeShelveTestJSON-1884566258-project-member] Unable to create trust: no such option collect_timing in group [keystone_authtoken] Use the existing user token.
Jul 08 14:31:15.749152 np0000004823 devstack@g-api.service[99431]: DEBUG glance.api.middleware.version_negotiation [None req-e5015e01-763c-4768-8c32-008a00a3330a tempest-ServerActionsTestOtherA-1320391062 tempest-ServerActionsTestOtherA-1320391062-project-member] Determining version of request: GET /versions Accept: */* {{(pid=99431) process_request /opt/stack/glance/glance/api/middleware/version_negotiation.py:44}}
Jul 08 14:31:15.750712 np0000004823 devstack@g-api.service[99431]: [pid: 99431|app: 0|req: 82/222] 127.0.0.1 () {44 vars in 1031 bytes} [Wed Jul 8 14:31:15 2026] GET /versions => generated 1487 bytes in 1 msecs (HTTP/1.1 200) 3 headers in 92 bytes (1 switches on core 0)
Jul 08 14:31:15.756720 np0000004823 devstack@g-api.service[99432]: DEBUG glance.api.middleware.version_negotiation [None req-e5015e01-763c-4768-8c32-008a00a3330a tempest-ServerActionsTestOtherA-1320391062 tempest-ServerActionsTestOtherA-1320391062-project-member] Determining version of request: GET /v2/images/7bb72944-8698-450c-b302-aa23b1dae531/locations Accept: */* {{(pid=99432) process_request /opt/stack/glance/glance/api/middleware/version_negotiation.py:44}}
Jul 08 14:31:15.757092 np0000004823 devstack@g-api.service[99432]: DEBUG glance.api.middleware.version_negotiation [None req-e5015e01-763c-4768-8c32-008a00a3330a tempest-ServerActionsTestOtherA-1320391062 tempest-ServerActionsTestOtherA-1320391062-project-member] Using url versioning {{(pid=99432) process_request /opt/stack/glance/glance/api/middleware/version_negotiation.py:57}}
Jul 08 14:31:15.757092 np0000004823 devstack@g-api.service[99432]: DEBUG glance.api.middleware.version_negotiation [None req-e5015e01-763c-4768-8c32-008a00a3330a tempest-ServerActionsTestOtherA-1320391062 tempest-ServerActionsTestOtherA-1320391062-project-member] Matched version: v2 {{(pid=99432) process_request /opt/stack/glance/glance/api/middleware/version_negotiation.py:69}}
Jul 08 14:31:15.757367 np0000004823 devstack@g-api.service[99432]: DEBUG glance.api.middleware.version_negotiation [None req-e5015e01-763c-4768-8c32-008a00a3330a tempest-ServerActionsTestOtherA-1320391062 tempest-ServerActionsTestOtherA-1320391062-project-member] new path /v2/images/7bb72944-8698-450c-b302-aa23b1dae531/locations {{(pid=99432) process_request /opt/stack/glance/glance/api/middleware/version_negotiation.py:70}}
Jul 08 14:31:15.854029 np0000004823 devstack@g-api.service[99432]: [pid: 99432|app: 0|req: 84/223] 127.0.0.1 () {44 vars in 1127 bytes} [Wed Jul 8 14:31:15 2026] GET /v2/images/7bb72944-8698-450c-b302-aa23b1dae531/locations => generated 92 bytes in 97 msecs (HTTP/1.1 200) 4 headers in 156 bytes (1 switches on core 0)
Jul 08 14:31:15.872595 np0000004823 devstack@g-api.service[99431]: DEBUG glance.api.middleware.version_negotiation [None req-e5015e01-763c-4768-8c32-008a00a3330a tempest-ServerActionsTestOtherA-1320391062 tempest-ServerActionsTestOtherA-1320391062-project-member] Determining version of request: GET /v2/images/7bb72944-8698-450c-b302-aa23b1dae531 Accept: */* {{(pid=99431) process_request /opt/stack/glance/glance/api/middleware/version_negotiation.py:44}}
Jul 08 14:31:15.872768 np0000004823 devstack@g-api.service[99431]: DEBUG glance.api.middleware.version_negotiation [None req-e5015e01-763c-4768-8c32-008a00a3330a tempest-ServerActionsTestOtherA-1320391062 tempest-ServerActionsTestOtherA-1320391062-project-member] Using url versioning {{(pid=99431) process_request /opt/stack/glance/glance/api/middleware/version_negotiation.py:57}}
Jul 08 14:31:15.872917 np0000004823 devstack@g-api.service[99431]: DEBUG glance.api.middleware.version_negotiation [None req-e5015e01-763c-4768-8c32-008a00a3330a tempest-ServerActionsTestOtherA-1320391062 tempest-ServerActionsTestOtherA-1320391062-project-member] Matched version: v2 {{(pid=99431) process_request /opt/stack/glance/glance/api/middleware/version_negotiation.py:69}}
Jul 08 14:31:15.873061 np0000004823 devstack@g-api.service[99431]: DEBUG glance.api.middleware.version_negotiation [None req-e5015e01-763c-4768-8c32-008a00a3330a tempest-ServerActionsTestOtherA-1320391062 tempest-ServerActionsTestOtherA-1320391062-project-member] new path /v2/images/7bb72944-8698-450c-b302-aa23b1dae531 {{(pid=99431) process_request /opt/stack/glance/glance/api/middleware/version_negotiation.py:70}}
Jul 08 14:31:15.891532 np0000004823 devstack@g-api.service[99431]: [pid: 99431|app: 0|req: 83/224] 127.0.0.1 () {44 vars in 1107 bytes} [Wed Jul 8 14:31:15 2026] GET /v2/images/7bb72944-8698-450c-b302-aa23b1dae531 => generated 1044 bytes in 19 msecs (HTTP/1.1 200) 4 headers in 158 bytes (1 switches on core 0)
Jul 08 14:31:15.899611 np0000004823 devstack@g-api.service[99430]: DEBUG glance.location [None req-775ccd3d-0e02-48bb-ae72-85a0a598644f tempest-AttachVolumeShelveTestJSON-1884566258 tempest-AttachVolumeShelveTestJSON-1884566258-project-member] Enabling in-flight format inspection for qcow2 {{(pid=99430) set_data /opt/stack/glance/glance/location.py:596}}
Jul 08 14:31:15.899941 np0000004823 devstack@g-api.service[99432]: DEBUG glance.api.middleware.version_negotiation [None req-e5015e01-763c-4768-8c32-008a00a3330a service glance] Determining version of request: GET /v2/schemas/image Accept: */* {{(pid=99432) process_request /opt/stack/glance/glance/api/middleware/version_negotiation.py:44}}
Jul 08 14:31:15.899941 np0000004823 devstack@g-api.service[99432]: DEBUG glance.api.middleware.version_negotiation [None req-e5015e01-763c-4768-8c32-008a00a3330a service glance] Using url versioning {{(pid=99432) process_request /opt/stack/glance/glance/api/middleware/version_negotiation.py:57}}
Jul 08 14:31:15.900009 np0000004823 devstack@g-api.service[99432]: DEBUG glance.api.middleware.version_negotiation [None req-e5015e01-763c-4768-8c32-008a00a3330a service glance] Matched version: v2 {{(pid=99432) process_request /opt/stack/glance/glance/api/middleware/version_negotiation.py:69}}
Jul 08 14:31:15.900053 np0000004823 devstack@g-api.service[99430]: DEBUG glance_store.backend [None req-775ccd3d-0e02-48bb-ae72-85a0a598644f tempest-AttachVolumeShelveTestJSON-1884566258 tempest-AttachVolumeShelveTestJSON-1884566258-project-member] Attempting to import store swift {{(pid=99430) _load_store /opt/stack/data/venv/lib/python3.12/site-packages/glance_store/backend.py:215}}
Jul 08 14:31:15.900081 np0000004823 devstack@g-api.service[99432]: DEBUG glance.api.middleware.version_negotiation [None req-e5015e01-763c-4768-8c32-008a00a3330a service glance] new path /v2/schemas/image {{(pid=99432) process_request /opt/stack/glance/glance/api/middleware/version_negotiation.py:70}}
Jul 08 14:31:15.901999 np0000004823 devstack@g-api.service[99430]: DEBUG glance_store.capabilities [None req-775ccd3d-0e02-48bb-ae72-85a0a598644f tempest-AttachVolumeShelveTestJSON-1884566258 tempest-AttachVolumeShelveTestJSON-1884566258-project-member] Store glance_store._drivers.swift.store.SingleTenantStore doesn't support updating dynamic storage capabilities. Please overwrite 'update_capabilities' method of the store to implement updating logics if needed. {{(pid=99430) update_capabilities /opt/stack/data/venv/lib/python3.12/site-packages/glance_store/capabilities.py:91}}
Jul 08 14:31:15.902151 np0000004823 devstack@g-api.service[99430]: DEBUG glance_store.driver [None req-775ccd3d-0e02-48bb-ae72-85a0a598644f tempest-AttachVolumeShelveTestJSON-1884566258 tempest-AttachVolumeShelveTestJSON-1884566258-project-member] Late loading location class glance_store._drivers.swift.store.StoreLocation {{(pid=99430) get_store_location_class /opt/stack/data/venv/lib/python3.12/site-packages/glance_store/driver.py:134}}
Jul 08 14:31:15.902378 np0000004823 devstack@g-api.service[99430]: DEBUG glance_store.location [None req-775ccd3d-0e02-48bb-ae72-85a0a598644f tempest-AttachVolumeShelveTestJSON-1884566258 tempest-AttachVolumeShelveTestJSON-1884566258-project-member] Registering scheme swift+https with {'store': , 'location_class': , 'store_entry': 'swift'} {{(pid=99430) register_scheme_map /opt/stack/data/venv/lib/python3.12/site-packages/glance_store/location.py:146}}
Jul 08 14:31:15.902548 np0000004823 devstack@g-api.service[99430]: DEBUG glance_store.location [None req-775ccd3d-0e02-48bb-ae72-85a0a598644f tempest-AttachVolumeShelveTestJSON-1884566258 tempest-AttachVolumeShelveTestJSON-1884566258-project-member] Registering scheme swift+https with {'store': , 'location_class': , 'store_entry': 'swift'} {{(pid=99430) register_scheme_map /opt/stack/data/venv/lib/python3.12/site-packages/glance_store/location.py:146}}
Jul 08 14:31:15.902675 np0000004823 devstack@g-api.service[99430]: DEBUG glance_store.location [None req-775ccd3d-0e02-48bb-ae72-85a0a598644f tempest-AttachVolumeShelveTestJSON-1884566258 tempest-AttachVolumeShelveTestJSON-1884566258-project-member] Registering scheme swift with {'store': , 'location_class': , 'store_entry': 'swift'} {{(pid=99430) register_scheme_map /opt/stack/data/venv/lib/python3.12/site-packages/glance_store/location.py:146}}
Jul 08 14:31:15.902794 np0000004823 devstack@g-api.service[99430]: DEBUG glance_store.location [None req-775ccd3d-0e02-48bb-ae72-85a0a598644f tempest-AttachVolumeShelveTestJSON-1884566258 tempest-AttachVolumeShelveTestJSON-1884566258-project-member] Registering scheme swift+https with {'store': , 'location_class': , 'store_entry': 'swift'} {{(pid=99430) register_scheme_map /opt/stack/data/venv/lib/python3.12/site-packages/glance_store/location.py:146}}
Jul 08 14:31:15.902916 np0000004823 devstack@g-api.service[99430]: DEBUG glance_store.location [None req-775ccd3d-0e02-48bb-ae72-85a0a598644f tempest-AttachVolumeShelveTestJSON-1884566258 tempest-AttachVolumeShelveTestJSON-1884566258-project-member] Registering scheme swift with {'store': , 'location_class': , 'store_entry': 'swift'} {{(pid=99430) register_scheme_map /opt/stack/data/venv/lib/python3.12/site-packages/glance_store/location.py:146}}
Jul 08 14:31:15.903123 np0000004823 devstack@g-api.service[99432]: [pid: 99432|app: 0|req: 85/225] 127.0.0.1 () {44 vars in 1047 bytes} [Wed Jul 8 14:31:15 2026] GET /v2/schemas/image => generated 6083 bytes in 3 msecs (HTTP/1.1 200) 4 headers in 158 bytes (1 switches on core 0)
Jul 08 14:31:15.903602 np0000004823 devstack@g-api.service[99430]: DEBUG glance_store.location [None req-775ccd3d-0e02-48bb-ae72-85a0a598644f tempest-AttachVolumeShelveTestJSON-1884566258 tempest-AttachVolumeShelveTestJSON-1884566258-project-member] Registering scheme swift+http with {'store': , 'location_class': , 'store_entry': 'swift'} {{(pid=99430) register_scheme_map /opt/stack/data/venv/lib/python3.12/site-packages/glance_store/location.py:146}}
Jul 08 14:31:15.903736 np0000004823 devstack@g-api.service[99430]: DEBUG glance_store.location [None req-775ccd3d-0e02-48bb-ae72-85a0a598644f tempest-AttachVolumeShelveTestJSON-1884566258 tempest-AttachVolumeShelveTestJSON-1884566258-project-member] Registering scheme swift+https with {'store': , 'location_class': , 'store_entry': 'swift'} {{(pid=99430) register_scheme_map /opt/stack/data/venv/lib/python3.12/site-packages/glance_store/location.py:146}}
Jul 08 14:31:15.903853 np0000004823 devstack@g-api.service[99430]: DEBUG glance_store.location [None req-775ccd3d-0e02-48bb-ae72-85a0a598644f tempest-AttachVolumeShelveTestJSON-1884566258 tempest-AttachVolumeShelveTestJSON-1884566258-project-member] Registering scheme swift with {'store': , 'location_class': , 'store_entry': 'swift'} {{(pid=99430) register_scheme_map /opt/stack/data/venv/lib/python3.12/site-packages/glance_store/location.py:146}}
Jul 08 14:31:15.904053 np0000004823 devstack@g-api.service[99430]: DEBUG glance_store.location [None req-775ccd3d-0e02-48bb-ae72-85a0a598644f tempest-AttachVolumeShelveTestJSON-1884566258 tempest-AttachVolumeShelveTestJSON-1884566258-project-member] Registering scheme swift+http with {'store': , 'location_class': , 'store_entry': 'swift'} {{(pid=99430) register_scheme_map /opt/stack/data/venv/lib/python3.12/site-packages/glance_store/location.py:146}}
Jul 08 14:31:15.904203 np0000004823 devstack@g-api.service[99430]: DEBUG glance_store.location [None req-775ccd3d-0e02-48bb-ae72-85a0a598644f tempest-AttachVolumeShelveTestJSON-1884566258 tempest-AttachVolumeShelveTestJSON-1884566258-project-member] Registering scheme swift+config with {'store': , 'location_class': , 'store_entry': 'swift'} {{(pid=99430) register_scheme_map /opt/stack/data/venv/lib/python3.12/site-packages/glance_store/location.py:146}}
Jul 08 14:31:15.912016 np0000004823 devstack@g-api.service[99431]: DEBUG glance.api.middleware.version_negotiation [None req-e5015e01-763c-4768-8c32-008a00a3330a tempest-ServerActionsTestOtherA-1320391062 tempest-ServerActionsTestOtherA-1320391062-project-member] Determining version of request: GET /v2/schemas/image Accept: */* {{(pid=99431) process_request /opt/stack/glance/glance/api/middleware/version_negotiation.py:44}}
Jul 08 14:31:15.912149 np0000004823 devstack@g-api.service[99431]: DEBUG glance.api.middleware.version_negotiation [None req-e5015e01-763c-4768-8c32-008a00a3330a tempest-ServerActionsTestOtherA-1320391062 tempest-ServerActionsTestOtherA-1320391062-project-member] Using url versioning {{(pid=99431) process_request /opt/stack/glance/glance/api/middleware/version_negotiation.py:57}}
Jul 08 14:31:15.912276 np0000004823 devstack@g-api.service[99431]: DEBUG glance.api.middleware.version_negotiation [None req-e5015e01-763c-4768-8c32-008a00a3330a tempest-ServerActionsTestOtherA-1320391062 tempest-ServerActionsTestOtherA-1320391062-project-member] Matched version: v2 {{(pid=99431) process_request /opt/stack/glance/glance/api/middleware/version_negotiation.py:69}}
Jul 08 14:31:15.912369 np0000004823 devstack@g-api.service[99431]: DEBUG glance.api.middleware.version_negotiation [None req-e5015e01-763c-4768-8c32-008a00a3330a tempest-ServerActionsTestOtherA-1320391062 tempest-ServerActionsTestOtherA-1320391062-project-member] new path /v2/schemas/image {{(pid=99431) process_request /opt/stack/glance/glance/api/middleware/version_negotiation.py:70}}
Jul 08 14:31:15.914428 np0000004823 devstack@g-api.service[99431]: [pid: 99431|app: 0|req: 84/226] 127.0.0.1 () {44 vars in 1047 bytes} [Wed Jul 8 14:31:15 2026] GET /v2/schemas/image => generated 6083 bytes in 2 msecs (HTTP/1.1 200) 4 headers in 158 bytes (1 switches on core 0)
Jul 08 14:31:16.143213 np0000004823 devstack@g-api.service[99430]: DEBUG swiftclient [None req-775ccd3d-0e02-48bb-ae72-85a0a598644f tempest-AttachVolumeShelveTestJSON-1884566258 tempest-AttachVolumeShelveTestJSON-1884566258-project-member] REQ: curl -i https://10.4.3.5:8080/v1/AUTH_730127a4f6e14403a50d6b428c060f66/glance -I -H "X-Auth-Token: gAAAAABqTl8zU2bn..." {{(pid=99430) http_log /opt/stack/data/venv/lib/python3.12/site-packages/swiftclient/client.py:160}}
Jul 08 14:31:16.143338 np0000004823 devstack@g-api.service[99430]: DEBUG swiftclient [None req-775ccd3d-0e02-48bb-ae72-85a0a598644f tempest-AttachVolumeShelveTestJSON-1884566258 tempest-AttachVolumeShelveTestJSON-1884566258-project-member] RESP STATUS: 204 No Content {{(pid=99430) http_log /opt/stack/data/venv/lib/python3.12/site-packages/swiftclient/client.py:161}}
Jul 08 14:31:16.143463 np0000004823 devstack@g-api.service[99430]: DEBUG swiftclient [None req-775ccd3d-0e02-48bb-ae72-85a0a598644f tempest-AttachVolumeShelveTestJSON-1884566258 tempest-AttachVolumeShelveTestJSON-1884566258-project-member] RESP HEADERS: {'Date': 'Wed, 08 Jul 2026 14:31:16 GMT', 'Server': 'Apache/2.4.58 (Ubuntu)', 'Content-Type': 'text/plain; charset=utf-8', 'X-Container-Object-Count': '3', 'X-Container-Bytes-Used': '64356352', 'X-Timestamp': '1783520759.04418', 'Last-Modified': 'Wed, 08 Jul 2026 14:26:00 GMT', 'Accept-Ranges': 'bytes', 'X-Storage-Policy': 'Policy-0', 'X-Container-Sharding': 'False', 'Vary': 'Accept', 'X-Trans-Id': 'tx4ef1a965316b413e81c4f-006a4e5f33', 'X-Openstack-Request-Id': 'tx4ef1a965316b413e81c4f-006a4e5f33', 'Connection': 'close'} {{(pid=99430) http_log /opt/stack/data/venv/lib/python3.12/site-packages/swiftclient/client.py:162}}
Jul 08 14:31:16.143612 np0000004823 devstack@g-api.service[99430]: DEBUG glance_store._drivers.swift.store [None req-775ccd3d-0e02-48bb-ae72-85a0a598644f tempest-AttachVolumeShelveTestJSON-1884566258 tempest-AttachVolumeShelveTestJSON-1884566258-project-member] Adding image object '964f06f2-1ac4-4391-bb88-2094a208d69d' to Swift {{(pid=99430) add /opt/stack/data/venv/lib/python3.12/site-packages/glance_store/_drivers/swift/store.py:970}}
Jul 08 14:31:16.143685 np0000004823 devstack@g-api.service[99430]: DEBUG glance_store._drivers.swift.store [None req-775ccd3d-0e02-48bb-ae72-85a0a598644f tempest-AttachVolumeShelveTestJSON-1884566258 tempest-AttachVolumeShelveTestJSON-1884566258-project-member] Cannot determine image size because it is either not provided in the request or chunked-transfer encoding is used. Adding image as a segmented object to Swift. {{(pid=99430) add /opt/stack/data/venv/lib/python3.12/site-packages/glance_store/_drivers/swift/store.py:994}}
Jul 08 14:31:16.148580 np0000004823 devstack@g-api.service[99430]: DEBUG oslo_utils.imageutils.format_inspector [None req-775ccd3d-0e02-48bb-ae72-85a0a598644f tempest-AttachVolumeShelveTestJSON-1884566258 tempest-AttachVolumeShelveTestJSON-1884566258-project-member] Format inspector for vmdk does not match, excluding from consideration (Signature KDMV not found: b'QFI\xfb') {{(pid=99430) _process_chunk /opt/stack/data/venv/lib/python3.12/site-packages/oslo_utils/imageutils/format_inspector.py:1758}}
Jul 08 14:31:16.150621 np0000004823 devstack@g-api.service[99430]: DEBUG oslo_utils.imageutils.format_inspector [None req-775ccd3d-0e02-48bb-ae72-85a0a598644f tempest-AttachVolumeShelveTestJSON-1884566258 tempest-AttachVolumeShelveTestJSON-1884566258-project-member] Format inspector for vhdx does not match, excluding from consideration (Region signature not found at 30000) {{(pid=99430) _process_chunk /opt/stack/data/venv/lib/python3.12/site-packages/oslo_utils/imageutils/format_inspector.py:1758}}
Jul 08 14:31:16.615839 np0000004823 devstack@g-api.service[99430]: DEBUG swiftclient [None req-775ccd3d-0e02-48bb-ae72-85a0a598644f tempest-AttachVolumeShelveTestJSON-1884566258 tempest-AttachVolumeShelveTestJSON-1884566258-project-member] REQ: curl -i https://10.4.3.5:8080/v1/AUTH_730127a4f6e14403a50d6b428c060f66/glance/964f06f2-1ac4-4391-bb88-2094a208d69d-00001 -X PUT -H "X-Auth-Token: gAAAAABqTl8zU2bn..." {{(pid=99430) http_log /opt/stack/data/venv/lib/python3.12/site-packages/swiftclient/client.py:160}}
Jul 08 14:31:16.615951 np0000004823 devstack@g-api.service[99430]: DEBUG swiftclient [None req-775ccd3d-0e02-48bb-ae72-85a0a598644f tempest-AttachVolumeShelveTestJSON-1884566258 tempest-AttachVolumeShelveTestJSON-1884566258-project-member] RESP STATUS: 201 Created {{(pid=99430) http_log /opt/stack/data/venv/lib/python3.12/site-packages/swiftclient/client.py:161}}
Jul 08 14:31:16.616143 np0000004823 devstack@g-api.service[99430]: DEBUG swiftclient [None req-775ccd3d-0e02-48bb-ae72-85a0a598644f tempest-AttachVolumeShelveTestJSON-1884566258 tempest-AttachVolumeShelveTestJSON-1884566258-project-member] RESP HEADERS: {'Date': 'Wed, 08 Jul 2026 14:31:16 GMT', 'Server': 'Apache/2.4.58 (Ubuntu)', 'Content-Type': 'text/html; charset=UTF-8', 'Content-Length': '0', 'Etag': 'cdae8cb19824b0f8695fa46b07228119', 'Last-Modified': 'Wed, 08 Jul 2026 14:31:17 GMT', 'X-Trans-Id': 'tx7b679b57ff10452cb9ad5-006a4e5f34', 'X-Openstack-Request-Id': 'tx7b679b57ff10452cb9ad5-006a4e5f34', 'Connection': 'close'} {{(pid=99430) http_log /opt/stack/data/venv/lib/python3.12/site-packages/swiftclient/client.py:162}}
Jul 08 14:31:16.616268 np0000004823 devstack@g-api.service[99430]: DEBUG glance_store._drivers.swift.store [None req-775ccd3d-0e02-48bb-ae72-85a0a598644f tempest-AttachVolumeShelveTestJSON-1884566258 tempest-AttachVolumeShelveTestJSON-1884566258-project-member] Wrote chunk 964f06f2-1ac4-4391-bb88-2094a208d69d-00001 (1/?) of length 53608448 to Swift returning MD5 of content: cdae8cb19824b0f8695fa46b07228119 {{(pid=99430) add /opt/stack/data/venv/lib/python3.12/site-packages/glance_store/_drivers/swift/store.py:1059}}
Jul 08 14:31:16.616574 np0000004823 devstack@g-api.service[99430]: DEBUG glance_store._drivers.swift.store [None req-775ccd3d-0e02-48bb-ae72-85a0a598644f tempest-AttachVolumeShelveTestJSON-1884566258 tempest-AttachVolumeShelveTestJSON-1884566258-project-member] Not writing zero-length chunk. {{(pid=99430) add /opt/stack/data/venv/lib/python3.12/site-packages/glance_store/_drivers/swift/store.py:1028}}
Jul 08 14:31:16.639642 np0000004823 devstack@g-api.service[99430]: DEBUG swiftclient [None req-775ccd3d-0e02-48bb-ae72-85a0a598644f tempest-AttachVolumeShelveTestJSON-1884566258 tempest-AttachVolumeShelveTestJSON-1884566258-project-member] REQ: curl -i https://10.4.3.5:8080/v1/AUTH_730127a4f6e14403a50d6b428c060f66/glance/964f06f2-1ac4-4391-bb88-2094a208d69d -X PUT -H "X-Object-Manifest: glance/964f06f2-1ac4-4391-bb88-2094a208d69d-" -H "X-Auth-Token: gAAAAABqTl8zU2bn..." -H "Content-Length: 0" {{(pid=99430) http_log /opt/stack/data/venv/lib/python3.12/site-packages/swiftclient/client.py:160}}
Jul 08 14:31:16.639750 np0000004823 devstack@g-api.service[99430]: DEBUG swiftclient [None req-775ccd3d-0e02-48bb-ae72-85a0a598644f tempest-AttachVolumeShelveTestJSON-1884566258 tempest-AttachVolumeShelveTestJSON-1884566258-project-member] RESP STATUS: 201 Created {{(pid=99430) http_log /opt/stack/data/venv/lib/python3.12/site-packages/swiftclient/client.py:161}}
Jul 08 14:31:16.639895 np0000004823 devstack@g-api.service[99430]: DEBUG swiftclient [None req-775ccd3d-0e02-48bb-ae72-85a0a598644f tempest-AttachVolumeShelveTestJSON-1884566258 tempest-AttachVolumeShelveTestJSON-1884566258-project-member] RESP HEADERS: {'Date': 'Wed, 08 Jul 2026 14:31:16 GMT', 'Server': 'Apache/2.4.58 (Ubuntu)', 'Content-Type': 'text/html; charset=UTF-8', 'Content-Length': '0', 'Etag': 'd41d8cd98f00b204e9800998ecf8427e', 'Last-Modified': 'Wed, 08 Jul 2026 14:31:17 GMT', 'X-Trans-Id': 'tx26fa2940459b4ca3be410-006a4e5f34', 'X-Openstack-Request-Id': 'tx26fa2940459b4ca3be410-006a4e5f34', 'Connection': 'close'} {{(pid=99430) http_log /opt/stack/data/venv/lib/python3.12/site-packages/swiftclient/client.py:162}}
Jul 08 14:31:16.640316 np0000004823 devstack@g-api.service[99430]: INFO glance.location [None req-775ccd3d-0e02-48bb-ae72-85a0a598644f tempest-AttachVolumeShelveTestJSON-1884566258 tempest-AttachVolumeShelveTestJSON-1884566258-project-member] Image format matched and virtual size computed: 1073741824
Jul 08 14:31:16.672302 np0000004823 devstack@g-api.service[99430]: DEBUG glance_store.backend [None req-775ccd3d-0e02-48bb-ae72-85a0a598644f tempest-AttachVolumeShelveTestJSON-1884566258 tempest-AttachVolumeShelveTestJSON-1884566258-project-member] Attempting to import store swift {{(pid=99430) _load_store /opt/stack/data/venv/lib/python3.12/site-packages/glance_store/backend.py:215}}
Jul 08 14:31:16.673500 np0000004823 devstack@g-api.service[99430]: DEBUG glance_store.capabilities [None req-775ccd3d-0e02-48bb-ae72-85a0a598644f tempest-AttachVolumeShelveTestJSON-1884566258 tempest-AttachVolumeShelveTestJSON-1884566258-project-member] Store glance_store._drivers.swift.store.SingleTenantStore doesn't support updating dynamic storage capabilities. Please overwrite 'update_capabilities' method of the store to implement updating logics if needed. {{(pid=99430) update_capabilities /opt/stack/data/venv/lib/python3.12/site-packages/glance_store/capabilities.py:91}}
Jul 08 14:31:16.673576 np0000004823 devstack@g-api.service[99430]: DEBUG glance_store.driver [None req-775ccd3d-0e02-48bb-ae72-85a0a598644f tempest-AttachVolumeShelveTestJSON-1884566258 tempest-AttachVolumeShelveTestJSON-1884566258-project-member] Late loading location class glance_store._drivers.swift.store.StoreLocation {{(pid=99430) get_store_location_class /opt/stack/data/venv/lib/python3.12/site-packages/glance_store/driver.py:134}}
Jul 08 14:31:16.673676 np0000004823 devstack@g-api.service[99430]: DEBUG glance_store.location [None req-775ccd3d-0e02-48bb-ae72-85a0a598644f tempest-AttachVolumeShelveTestJSON-1884566258 tempest-AttachVolumeShelveTestJSON-1884566258-project-member] Registering scheme swift+https with {'store': , 'location_class': , 'store_entry': 'swift'} {{(pid=99430) register_scheme_map /opt/stack/data/venv/lib/python3.12/site-packages/glance_store/location.py:146}}
Jul 08 14:31:16.673740 np0000004823 devstack@g-api.service[99430]: DEBUG glance_store.location [None req-775ccd3d-0e02-48bb-ae72-85a0a598644f tempest-AttachVolumeShelveTestJSON-1884566258 tempest-AttachVolumeShelveTestJSON-1884566258-project-member] Registering scheme swift+https with {'store': , 'location_class': , 'store_entry': 'swift'} {{(pid=99430) register_scheme_map /opt/stack/data/venv/lib/python3.12/site-packages/glance_store/location.py:146}}
Jul 08 14:31:16.673818 np0000004823 devstack@g-api.service[99430]: DEBUG glance_store.location [None req-775ccd3d-0e02-48bb-ae72-85a0a598644f tempest-AttachVolumeShelveTestJSON-1884566258 tempest-AttachVolumeShelveTestJSON-1884566258-project-member] Registering scheme swift with {'store': , 'location_class': , 'store_entry': 'swift'} {{(pid=99430) register_scheme_map /opt/stack/data/venv/lib/python3.12/site-packages/glance_store/location.py:146}}
Jul 08 14:31:16.673889 np0000004823 devstack@g-api.service[99430]: DEBUG glance_store.location [None req-775ccd3d-0e02-48bb-ae72-85a0a598644f tempest-AttachVolumeShelveTestJSON-1884566258 tempest-AttachVolumeShelveTestJSON-1884566258-project-member] Registering scheme swift+https with {'store': , 'location_class': , 'store_entry': 'swift'} {{(pid=99430) register_scheme_map /opt/stack/data/venv/lib/python3.12/site-packages/glance_store/location.py:146}}
