Aug 13 09:40:37.767771 np0000007187 devstack@g-api.service[102968]: DEBUG glance_store.backend [None req-7800d9d2-4ba7-4d84-b23c-6bf97f73c7ce tempest-TestImageHashVerification-1458278826 tempest-TestImageHashVerification-1458278826-project-member] Attempting to import store swift {{(pid=102968) _load_store /opt/stack/data/venv/lib/python3.12/site-packages/glance_store/backend.py:215}}
Aug 13 09:40:37.770024 np0000007187 devstack@g-api.service[102968]: DEBUG glance_store.capabilities [None req-7800d9d2-4ba7-4d84-b23c-6bf97f73c7ce tempest-TestImageHashVerification-1458278826 tempest-TestImageHashVerification-1458278826-project-member] Store glance_store._drivers.swift.store.SingleTenantStore doesn't support updating dynamic storage capabilities. Please overwrite 'update_capabilities' method of the store to implement updating logics if needed. {{(pid=102968) update_capabilities /opt/stack/data/venv/lib/python3.12/site-packages/glance_store/capabilities.py:91}}
Aug 13 09:40:37.770175 np0000007187 devstack@g-api.service[102968]: DEBUG glance_store.driver [None req-7800d9d2-4ba7-4d84-b23c-6bf97f73c7ce tempest-TestImageHashVerification-1458278826 tempest-TestImageHashVerification-1458278826-project-member] Late loading location class glance_store._drivers.swift.store.StoreLocation {{(pid=102968) get_store_location_class /opt/stack/data/venv/lib/python3.12/site-packages/glance_store/driver.py:134}}
Aug 13 09:40:37.770317 np0000007187 devstack@g-api.service[102968]: DEBUG glance_store.location [None req-7800d9d2-4ba7-4d84-b23c-6bf97f73c7ce tempest-TestImageHashVerification-1458278826 tempest-TestImageHashVerification-1458278826-project-member] Registering scheme swift+https with {'store': , 'location_class': , 'store_entry': 'swift'} {{(pid=102968) register_scheme_map /opt/stack/data/venv/lib/python3.12/site-packages/glance_store/location.py:146}}
Aug 13 09:40:37.770552 np0000007187 devstack@g-api.service[102968]: DEBUG glance_store.location [None req-7800d9d2-4ba7-4d84-b23c-6bf97f73c7ce tempest-TestImageHashVerification-1458278826 tempest-TestImageHashVerification-1458278826-project-member] Registering scheme swift+https with {'store': , 'location_class': , 'store_entry': 'swift'} {{(pid=102968) register_scheme_map /opt/stack/data/venv/lib/python3.12/site-packages/glance_store/location.py:146}}
Aug 13 09:40:37.770552 np0000007187 devstack@g-api.service[102968]: DEBUG glance_store.location [None req-7800d9d2-4ba7-4d84-b23c-6bf97f73c7ce tempest-TestImageHashVerification-1458278826 tempest-TestImageHashVerification-1458278826-project-member] Registering scheme swift with {'store': , 'location_class': , 'store_entry': 'swift'} {{(pid=102968) register_scheme_map /opt/stack/data/venv/lib/python3.12/site-packages/glance_store/location.py:146}}
Aug 13 09:40:37.771750 np0000007187 devstack@g-api.service[102968]: DEBUG glance_store.location [None req-7800d9d2-4ba7-4d84-b23c-6bf97f73c7ce tempest-TestImageHashVerification-1458278826 tempest-TestImageHashVerification-1458278826-project-member] Registering scheme swift+https with {'store': , 'location_class': , 'store_entry': 'swift'} {{(pid=102968) register_scheme_map /opt/stack/data/venv/lib/python3.12/site-packages/glance_store/location.py:146}}
Aug 13 09:40:37.773124 np0000007187 devstack@g-api.service[102968]: DEBUG glance_store.location [None req-7800d9d2-4ba7-4d84-b23c-6bf97f73c7ce tempest-TestImageHashVerification-1458278826 tempest-TestImageHashVerification-1458278826-project-member] Registering scheme swift with {'store': , 'location_class': , 'store_entry': 'swift'} {{(pid=102968) register_scheme_map /opt/stack/data/venv/lib/python3.12/site-packages/glance_store/location.py:146}}
Aug 13 09:40:37.773193 np0000007187 devstack@g-api.service[102968]: DEBUG glance_store.location [None req-7800d9d2-4ba7-4d84-b23c-6bf97f73c7ce tempest-TestImageHashVerification-1458278826 tempest-TestImageHashVerification-1458278826-project-member] Registering scheme swift+http with {'store': , 'location_class': , 'store_entry': 'swift'} {{(pid=102968) register_scheme_map /opt/stack/data/venv/lib/python3.12/site-packages/glance_store/location.py:146}}
Aug 13 09:40:37.773277 np0000007187 devstack@g-api.service[102968]: DEBUG glance_store.location [None req-7800d9d2-4ba7-4d84-b23c-6bf97f73c7ce tempest-TestImageHashVerification-1458278826 tempest-TestImageHashVerification-1458278826-project-member] Registering scheme swift+https with {'store': , 'location_class': , 'store_entry': 'swift'} {{(pid=102968) register_scheme_map /opt/stack/data/venv/lib/python3.12/site-packages/glance_store/location.py:146}}
Aug 13 09:40:37.773698 np0000007187 devstack@g-api.service[102968]: DEBUG glance_store.location [None req-7800d9d2-4ba7-4d84-b23c-6bf97f73c7ce tempest-TestImageHashVerification-1458278826 tempest-TestImageHashVerification-1458278826-project-member] Registering scheme swift with {'store': , 'location_class': , 'store_entry': 'swift'} {{(pid=102968) register_scheme_map /opt/stack/data/venv/lib/python3.12/site-packages/glance_store/location.py:146}}
Aug 13 09:40:37.773698 np0000007187 devstack@g-api.service[102968]: DEBUG glance_store.location [None req-7800d9d2-4ba7-4d84-b23c-6bf97f73c7ce tempest-TestImageHashVerification-1458278826 tempest-TestImageHashVerification-1458278826-project-member] Registering scheme swift+http with {'store': , 'location_class': , 'store_entry': 'swift'} {{(pid=102968) register_scheme_map /opt/stack/data/venv/lib/python3.12/site-packages/glance_store/location.py:146}}
Aug 13 09:40:37.774586 np0000007187 devstack@g-api.service[102968]: DEBUG glance_store.location [None req-7800d9d2-4ba7-4d84-b23c-6bf97f73c7ce tempest-TestImageHashVerification-1458278826 tempest-TestImageHashVerification-1458278826-project-member] Registering scheme swift+config with {'store': , 'location_class': , 'store_entry': 'swift'} {{(pid=102968) register_scheme_map /opt/stack/data/venv/lib/python3.12/site-packages/glance_store/location.py:146}}
Aug 13 09:40:37.779328 np0000007187 devstack@g-api.service[102969]: DEBUG glance.api.middleware.version_negotiation [None req-85d49ded-b769-4e5c-8fa6-eaf83cd25816 tempest-TestVolumeBootPatternV346-1005151787 tempest-TestVolumeBootPatternV346-1005151787-project-member] Determining version of request: GET /v2/images/e528a332-88dc-4855-a59b-5293045912d9 Accept: application/json {{(pid=102969) process_request /opt/stack/glance/glance/api/middleware/version_negotiation.py:44}}
Aug 13 09:40:37.779328 np0000007187 devstack@g-api.service[102969]: DEBUG glance.api.middleware.version_negotiation [None req-85d49ded-b769-4e5c-8fa6-eaf83cd25816 tempest-TestVolumeBootPatternV346-1005151787 tempest-TestVolumeBootPatternV346-1005151787-project-member] Using url versioning {{(pid=102969) process_request /opt/stack/glance/glance/api/middleware/version_negotiation.py:57}}
Aug 13 09:40:37.779328 np0000007187 devstack@g-api.service[102969]: DEBUG glance.api.middleware.version_negotiation [None req-85d49ded-b769-4e5c-8fa6-eaf83cd25816 tempest-TestVolumeBootPatternV346-1005151787 tempest-TestVolumeBootPatternV346-1005151787-project-member] Matched version: v2 {{(pid=102969) process_request /opt/stack/glance/glance/api/middleware/version_negotiation.py:69}}
Aug 13 09:40:37.779328 np0000007187 devstack@g-api.service[102969]: DEBUG glance.api.middleware.version_negotiation [None req-85d49ded-b769-4e5c-8fa6-eaf83cd25816 tempest-TestVolumeBootPatternV346-1005151787 tempest-TestVolumeBootPatternV346-1005151787-project-member] new path /v2/images/e528a332-88dc-4855-a59b-5293045912d9 {{(pid=102969) process_request /opt/stack/glance/glance/api/middleware/version_negotiation.py:70}}
Aug 13 09:40:37.794604 np0000007187 devstack@g-api.service[102969]: [pid: 102969|app: 0|req: 88/352] 127.0.0.1 () {40 vars in 838 bytes} [Thu Aug 13 09:40:37 2026] GET /v2/images/e528a332-88dc-4855-a59b-5293045912d9 => generated 649 bytes in 16 msecs (HTTP/1.1 200) 4 headers in 157 bytes (1 switches on core 0)
Aug 13 09:40:37.928043 np0000007187 devstack@g-api.service[102968]: DEBUG swiftclient [None req-7800d9d2-4ba7-4d84-b23c-6bf97f73c7ce tempest-TestImageHashVerification-1458278826 tempest-TestImageHashVerification-1458278826-project-member] REQ: curl -i https://10.4.3.135:8080/v1/AUTH_b0da4a3ce0cd49fdab35008d18a3301b/glance -I -H "X-Auth-Token: gAAAAABqfZEVm3yW..." {{(pid=102968) http_log /opt/stack/data/venv/lib/python3.12/site-packages/swiftclient/client.py:160}}
Aug 13 09:40:37.928131 np0000007187 devstack@g-api.service[102968]: DEBUG swiftclient [None req-7800d9d2-4ba7-4d84-b23c-6bf97f73c7ce tempest-TestImageHashVerification-1458278826 tempest-TestImageHashVerification-1458278826-project-member] RESP STATUS: 204 No Content {{(pid=102968) http_log /opt/stack/data/venv/lib/python3.12/site-packages/swiftclient/client.py:161}}
Aug 13 09:40:37.928499 np0000007187 devstack@g-api.service[102968]: DEBUG swiftclient [None req-7800d9d2-4ba7-4d84-b23c-6bf97f73c7ce tempest-TestImageHashVerification-1458278826 tempest-TestImageHashVerification-1458278826-project-member] RESP HEADERS: {'Date': 'Thu, 13 Aug 2026 09:40:37 GMT', 'Server': 'Apache/2.4.58 (Ubuntu)', 'Content-Type': 'text/plain; charset=utf-8', 'X-Container-Object-Count': '6', 'X-Container-Bytes-Used': '86048768', 'X-Timestamp': '1786613631.10047', 'Last-Modified': 'Thu, 13 Aug 2026 09:33:52 GMT', 'Accept-Ranges': 'bytes', 'X-Storage-Policy': 'Policy-0', 'X-Container-Sharding': 'False', 'Vary': 'Accept', 'X-Trans-Id': 'txba7d53d30c744771b4479-006a7d9115', 'X-Openstack-Request-Id': 'txba7d53d30c744771b4479-006a7d9115', 'Connection': 'close'} {{(pid=102968) http_log /opt/stack/data/venv/lib/python3.12/site-packages/swiftclient/client.py:162}}
Aug 13 09:40:37.928696 np0000007187 devstack@g-api.service[102968]: DEBUG glance_store._drivers.swift.store [None req-7800d9d2-4ba7-4d84-b23c-6bf97f73c7ce tempest-TestImageHashVerification-1458278826 tempest-TestImageHashVerification-1458278826-project-member] Adding image object 'e528a332-88dc-4855-a59b-5293045912d9' to Swift {{(pid=102968) add /opt/stack/data/venv/lib/python3.12/site-packages/glance_store/_drivers/swift/store.py:970}}
Aug 13 09:40:37.928770 np0000007187 devstack@g-api.service[102968]: DEBUG glance_store._drivers.swift.store [None req-7800d9d2-4ba7-4d84-b23c-6bf97f73c7ce tempest-TestImageHashVerification-1458278826 tempest-TestImageHashVerification-1458278826-project-member] Cannot determine image size because it is either not provided in the request or chunked-transfer encoding is used. Adding image as a segmented object to Swift. {{(pid=102968) add /opt/stack/data/venv/lib/python3.12/site-packages/glance_store/_drivers/swift/store.py:994}}
Aug 13 09:40:37.939876 np0000007187 devstack@g-api.service[102968]: DEBUG oslo_utils.imageutils.format_inspector [None req-7800d9d2-4ba7-4d84-b23c-6bf97f73c7ce tempest-TestImageHashVerification-1458278826 tempest-TestImageHashVerification-1458278826-project-member] Format inspector for vmdk does not match, excluding from consideration (Signature KDMV not found: b'\x00\x00\x00\x00') {{(pid=102968) _process_chunk /opt/stack/data/venv/lib/python3.12/site-packages/oslo_utils/imageutils/format_inspector.py:1758}}
Aug 13 09:40:37.944081 np0000007187 devstack@g-api.service[102968]: DEBUG oslo_utils.imageutils.format_inspector [None req-7800d9d2-4ba7-4d84-b23c-6bf97f73c7ce tempest-TestImageHashVerification-1458278826 tempest-TestImageHashVerification-1458278826-project-member] Format inspector for vhdx does not match, excluding from consideration (Region signature not found at 30000) {{(pid=102968) _process_chunk /opt/stack/data/venv/lib/python3.12/site-packages/oslo_utils/imageutils/format_inspector.py:1758}}
Aug 13 09:40:38.809169 np0000007187 devstack@g-api.service[102967]: DEBUG glance.api.middleware.version_negotiation [None req-85d49ded-b769-4e5c-8fa6-eaf83cd25816 tempest-TestVolumeBootPatternV346-1005151787 tempest-TestVolumeBootPatternV346-1005151787-project-member] Determining version of request: GET /v2/images/e528a332-88dc-4855-a59b-5293045912d9 Accept: application/json {{(pid=102967) process_request /opt/stack/glance/glance/api/middleware/version_negotiation.py:44}}
Aug 13 09:40:38.809607 np0000007187 devstack@g-api.service[102967]: DEBUG glance.api.middleware.version_negotiation [None req-85d49ded-b769-4e5c-8fa6-eaf83cd25816 tempest-TestVolumeBootPatternV346-1005151787 tempest-TestVolumeBootPatternV346-1005151787-project-member] Using url versioning {{(pid=102967) process_request /opt/stack/glance/glance/api/middleware/version_negotiation.py:57}}
Aug 13 09:40:38.809607 np0000007187 devstack@g-api.service[102967]: DEBUG glance.api.middleware.version_negotiation [None req-85d49ded-b769-4e5c-8fa6-eaf83cd25816 tempest-TestVolumeBootPatternV346-1005151787 tempest-TestVolumeBootPatternV346-1005151787-project-member] Matched version: v2 {{(pid=102967) process_request /opt/stack/glance/glance/api/middleware/version_negotiation.py:69}}
Aug 13 09:40:38.809607 np0000007187 devstack@g-api.service[102967]: DEBUG glance.api.middleware.version_negotiation [None req-85d49ded-b769-4e5c-8fa6-eaf83cd25816 tempest-TestVolumeBootPatternV346-1005151787 tempest-TestVolumeBootPatternV346-1005151787-project-member] new path /v2/images/e528a332-88dc-4855-a59b-5293045912d9 {{(pid=102967) process_request /opt/stack/glance/glance/api/middleware/version_negotiation.py:70}}
Aug 13 09:40:38.835025 np0000007187 devstack@g-api.service[102967]: [pid: 102967|app: 0|req: 92/353] 127.0.0.1 () {40 vars in 838 bytes} [Thu Aug 13 09:40:38 2026] GET /v2/images/e528a332-88dc-4855-a59b-5293045912d9 => generated 649 bytes in 26 msecs (HTTP/1.1 200) 4 headers in 157 bytes (1 switches on core 0)
Aug 13 09:40:39.851922 np0000007187 devstack@g-api.service[102970]: DEBUG glance.api.middleware.version_negotiation [None req-600169e2-da8b-4981-ad2e-d4ccfeabbda7 tempest-TestImageHashVerification-1458278826 tempest-TestImageHashVerification-1458278826-project-member] Determining version of request: GET /v2/images/e528a332-88dc-4855-a59b-5293045912d9 Accept: application/json {{(pid=102970) process_request /opt/stack/glance/glance/api/middleware/version_negotiation.py:44}}
Aug 13 09:40:39.853279 np0000007187 devstack@g-api.service[102970]: DEBUG glance.api.middleware.version_negotiation [None req-600169e2-da8b-4981-ad2e-d4ccfeabbda7 tempest-TestImageHashVerification-1458278826 tempest-TestImageHashVerification-1458278826-project-member] Using url versioning {{(pid=102970) process_request /opt/stack/glance/glance/api/middleware/version_negotiation.py:57}}
Aug 13 09:40:39.853279 np0000007187 devstack@g-api.service[102970]: DEBUG glance.api.middleware.version_negotiation [None req-600169e2-da8b-4981-ad2e-d4ccfeabbda7 tempest-TestImageHashVerification-1458278826 tempest-TestImageHashVerification-1458278826-project-member] Matched version: v2 {{(pid=102970) process_request /opt/stack/glance/glance/api/middleware/version_negotiation.py:69}}
Aug 13 09:40:39.853279 np0000007187 devstack@g-api.service[102970]: DEBUG glance.api.middleware.version_negotiation [None req-600169e2-da8b-4981-ad2e-d4ccfeabbda7 tempest-TestImageHashVerification-1458278826 tempest-TestImageHashVerification-1458278826-project-member] new path /v2/images/e528a332-88dc-4855-a59b-5293045912d9 {{(pid=102970) process_request /opt/stack/glance/glance/api/middleware/version_negotiation.py:70}}
Aug 13 09:40:39.875670 np0000007187 devstack@g-api.service[102970]: [pid: 102970|app: 0|req: 91/354] 127.0.0.1 () {40 vars in 838 bytes} [Thu Aug 13 09:40:39 2026] GET /v2/images/e528a332-88dc-4855-a59b-5293045912d9 => generated 649 bytes in 24 msecs (HTTP/1.1 200) 4 headers in 157 bytes (1 switches on core 0)
Aug 13 09:40:40.745345 np0000007187 devstack@g-api.service[102968]: DEBUG swiftclient [None req-7800d9d2-4ba7-4d84-b23c-6bf97f73c7ce tempest-TestImageHashVerification-1458278826 tempest-TestImageHashVerification-1458278826-project-member] REQ: curl -i https://10.4.3.135:8080/v1/AUTH_b0da4a3ce0cd49fdab35008d18a3301b/glance/e528a332-88dc-4855-a59b-5293045912d9-00001 -X PUT -H "X-Auth-Token: gAAAAABqfZEVm3yW..." {{(pid=102968) http_log /opt/stack/data/venv/lib/python3.12/site-packages/swiftclient/client.py:160}}
Aug 13 09:40:40.745679 np0000007187 devstack@g-api.service[102968]: DEBUG swiftclient [None req-7800d9d2-4ba7-4d84-b23c-6bf97f73c7ce tempest-TestImageHashVerification-1458278826 tempest-TestImageHashVerification-1458278826-project-member] RESP STATUS: 201 Created {{(pid=102968) http_log /opt/stack/data/venv/lib/python3.12/site-packages/swiftclient/client.py:161}}
Aug 13 09:40:40.745679 np0000007187 devstack@g-api.service[102968]: DEBUG swiftclient [None req-7800d9d2-4ba7-4d84-b23c-6bf97f73c7ce tempest-TestImageHashVerification-1458278826 tempest-TestImageHashVerification-1458278826-project-member] RESP HEADERS: {'Date': 'Thu, 13 Aug 2026 09:40:40 GMT', 'Server': 'Apache/2.4.58 (Ubuntu)', 'Content-Type': 'text/html; charset=UTF-8', 'Content-Length': '0', 'Etag': 'eda9a9889837ac4bc81d6387d92c1bec', 'Last-Modified': 'Thu, 13 Aug 2026 09:40:38 GMT', 'X-Trans-Id': 'tx137a3cf08b73446388a4f-006a7d9115', 'X-Openstack-Request-Id': 'tx137a3cf08b73446388a4f-006a7d9115', 'Connection': 'close'} {{(pid=102968) http_log /opt/stack/data/venv/lib/python3.12/site-packages/swiftclient/client.py:162}}
Aug 13 09:40:40.745791 np0000007187 devstack@g-api.service[102968]: DEBUG glance_store._drivers.swift.store [None req-7800d9d2-4ba7-4d84-b23c-6bf97f73c7ce tempest-TestImageHashVerification-1458278826 tempest-TestImageHashVerification-1458278826-project-member] Wrote chunk e528a332-88dc-4855-a59b-5293045912d9-00001 (1/?) of length 204800000 to Swift returning MD5 of content: eda9a9889837ac4bc81d6387d92c1bec {{(pid=102968) add /opt/stack/data/venv/lib/python3.12/site-packages/glance_store/_drivers/swift/store.py:1059}}
Aug 13 09:40:40.888166 np0000007187 devstack@g-api.service[102969]: DEBUG glance.api.middleware.version_negotiation [None req-e3f1699f-2801-491c-a1a9-0bf4f4564a9b tempest-TestImageHashVerification-1458278826 tempest-TestImageHashVerification-1458278826-project-member] Determining version of request: GET /v2/images/e528a332-88dc-4855-a59b-5293045912d9 Accept: application/json {{(pid=102969) process_request /opt/stack/glance/glance/api/middleware/version_negotiation.py:44}}
Aug 13 09:40:40.888166 np0000007187 devstack@g-api.service[102969]: DEBUG glance.api.middleware.version_negotiation [None req-e3f1699f-2801-491c-a1a9-0bf4f4564a9b tempest-TestImageHashVerification-1458278826 tempest-TestImageHashVerification-1458278826-project-member] Using url versioning {{(pid=102969) process_request /opt/stack/glance/glance/api/middleware/version_negotiation.py:57}}
Aug 13 09:40:40.888166 np0000007187 devstack@g-api.service[102969]: DEBUG glance.api.middleware.version_negotiation [None req-e3f1699f-2801-491c-a1a9-0bf4f4564a9b tempest-TestImageHashVerification-1458278826 tempest-TestImageHashVerification-1458278826-project-member] Matched version: v2 {{(pid=102969) process_request /opt/stack/glance/glance/api/middleware/version_negotiation.py:69}}
Aug 13 09:40:40.888166 np0000007187 devstack@g-api.service[102969]: DEBUG glance.api.middleware.version_negotiation [None req-e3f1699f-2801-491c-a1a9-0bf4f4564a9b tempest-TestImageHashVerification-1458278826 tempest-TestImageHashVerification-1458278826-project-member] new path /v2/images/e528a332-88dc-4855-a59b-5293045912d9 {{(pid=102969) process_request /opt/stack/glance/glance/api/middleware/version_negotiation.py:70}}
Aug 13 09:40:40.930801 np0000007187 devstack@g-api.service[102969]: [pid: 102969|app: 0|req: 89/355] 127.0.0.1 () {40 vars in 838 bytes} [Thu Aug 13 09:40:40 2026] GET /v2/images/e528a332-88dc-4855-a59b-5293045912d9 => generated 649 bytes in 43 msecs (HTTP/1.1 200) 4 headers in 157 bytes (1 switches on core 0)
Aug 13 09:40:41.943125 np0000007187 devstack@g-api.service[102967]: DEBUG glance.api.middleware.version_negotiation [None req-67468f1e-a55d-4881-8b0b-201fa0596b5d tempest-TestImageHashVerification-1458278826 tempest-TestImageHashVerification-1458278826-project-member] Determining version of request: GET /v2/images/e528a332-88dc-4855-a59b-5293045912d9 Accept: application/json {{(pid=102967) process_request /opt/stack/glance/glance/api/middleware/version_negotiation.py:44}}
Aug 13 09:40:41.943729 np0000007187 devstack@g-api.service[102967]: DEBUG glance.api.middleware.version_negotiation [None req-67468f1e-a55d-4881-8b0b-201fa0596b5d tempest-TestImageHashVerification-1458278826 tempest-TestImageHashVerification-1458278826-project-member] Using url versioning {{(pid=102967) process_request /opt/stack/glance/glance/api/middleware/version_negotiation.py:57}}
Aug 13 09:40:41.943729 np0000007187 devstack@g-api.service[102967]: DEBUG glance.api.middleware.version_negotiation [None req-67468f1e-a55d-4881-8b0b-201fa0596b5d tempest-TestImageHashVerification-1458278826 tempest-TestImageHashVerification-1458278826-project-member] Matched version: v2 {{(pid=102967) process_request /opt/stack/glance/glance/api/middleware/version_negotiation.py:69}}
Aug 13 09:40:41.944322 np0000007187 devstack@g-api.service[102967]: DEBUG glance.api.middleware.version_negotiation [None req-67468f1e-a55d-4881-8b0b-201fa0596b5d tempest-TestImageHashVerification-1458278826 tempest-TestImageHashVerification-1458278826-project-member] new path /v2/images/e528a332-88dc-4855-a59b-5293045912d9 {{(pid=102967) process_request /opt/stack/glance/glance/api/middleware/version_negotiation.py:70}}
Aug 13 09:40:41.958196 np0000007187 devstack@g-api.service[102967]: [pid: 102967|app: 0|req: 93/356] 127.0.0.1 () {40 vars in 838 bytes} [Thu Aug 13 09:40:41 2026] GET /v2/images/e528a332-88dc-4855-a59b-5293045912d9 => generated 649 bytes in 15 msecs (HTTP/1.1 200) 4 headers in 157 bytes (1 switches on core 0)
Aug 13 09:40:42.968680 np0000007187 devstack@g-api.service[102970]: DEBUG glance.api.middleware.version_negotiation [None req-c04747f3-3539-4435-a89e-dc845bda3cf2 tempest-TestImageHashVerification-1458278826 tempest-TestImageHashVerification-1458278826-project-member] Determining version of request: GET /v2/images/e528a332-88dc-4855-a59b-5293045912d9 Accept: application/json {{(pid=102970) process_request /opt/stack/glance/glance/api/middleware/version_negotiation.py:44}}
Aug 13 09:40:42.969269 np0000007187 devstack@g-api.service[102970]: DEBUG glance.api.middleware.version_negotiation [None req-c04747f3-3539-4435-a89e-dc845bda3cf2 tempest-TestImageHashVerification-1458278826 tempest-TestImageHashVerification-1458278826-project-member] Using url versioning {{(pid=102970) process_request /opt/stack/glance/glance/api/middleware/version_negotiation.py:57}}
Aug 13 09:40:42.969269 np0000007187 devstack@g-api.service[102970]: DEBUG glance.api.middleware.version_negotiation [None req-c04747f3-3539-4435-a89e-dc845bda3cf2 tempest-TestImageHashVerification-1458278826 tempest-TestImageHashVerification-1458278826-project-member] Matched version: v2 {{(pid=102970) process_request /opt/stack/glance/glance/api/middleware/version_negotiation.py:69}}
Aug 13 09:40:42.969269 np0000007187 devstack@g-api.service[102970]: DEBUG glance.api.middleware.version_negotiation [None req-c04747f3-3539-4435-a89e-dc845bda3cf2 tempest-TestImageHashVerification-1458278826 tempest-TestImageHashVerification-1458278826-project-member] new path /v2/images/e528a332-88dc-4855-a59b-5293045912d9 {{(pid=102970) process_request /opt/stack/glance/glance/api/middleware/version_negotiation.py:70}}
Aug 13 09:40:42.995270 np0000007187 devstack@g-api.service[102970]: [pid: 102970|app: 0|req: 92/357] 127.0.0.1 () {40 vars in 838 bytes} [Thu Aug 13 09:40:42 2026] GET /v2/images/e528a332-88dc-4855-a59b-5293045912d9 => generated 649 bytes in 27 msecs (HTTP/1.1 200) 4 headers in 157 bytes (1 switches on core 0)
Aug 13 09:40:43.186928 np0000007187 devstack@g-api.service[102968]: DEBUG swiftclient [None req-7800d9d2-4ba7-4d84-b23c-6bf97f73c7ce tempest-TestImageHashVerification-1458278826 tempest-TestImageHashVerification-1458278826-project-member] REQ: curl -i https://10.4.3.135:8080/v1/AUTH_b0da4a3ce0cd49fdab35008d18a3301b/glance/e528a332-88dc-4855-a59b-5293045912d9-00002 -X PUT -H "X-Auth-Token: gAAAAABqfZEVm3yW..." {{(pid=102968) http_log /opt/stack/data/venv/lib/python3.12/site-packages/swiftclient/client.py:160}}
Aug 13 09:40:43.187478 np0000007187 devstack@g-api.service[102968]: DEBUG swiftclient [None req-7800d9d2-4ba7-4d84-b23c-6bf97f73c7ce tempest-TestImageHashVerification-1458278826 tempest-TestImageHashVerification-1458278826-project-member] RESP STATUS: 201 Created {{(pid=102968) http_log /opt/stack/data/venv/lib/python3.12/site-packages/swiftclient/client.py:161}}
Aug 13 09:40:43.187478 np0000007187 devstack@g-api.service[102968]: DEBUG swiftclient [None req-7800d9d2-4ba7-4d84-b23c-6bf97f73c7ce tempest-TestImageHashVerification-1458278826 tempest-TestImageHashVerification-1458278826-project-member] RESP HEADERS: {'Date': 'Thu, 13 Aug 2026 09:40:43 GMT', 'Server': 'Apache/2.4.58 (Ubuntu)', 'Content-Type': 'text/html; charset=UTF-8', 'Content-Length': '0', 'Etag': 'eda9a9889837ac4bc81d6387d92c1bec', 'Last-Modified': 'Thu, 13 Aug 2026 09:40:41 GMT', 'X-Trans-Id': 'tx0663ceb952a143dcb0f8d-006a7d9118', 'X-Openstack-Request-Id': 'tx0663ceb952a143dcb0f8d-006a7d9118', 'Connection': 'close'} {{(pid=102968) http_log /opt/stack/data/venv/lib/python3.12/site-packages/swiftclient/client.py:162}}
Aug 13 09:40:43.187478 np0000007187 devstack@g-api.service[102968]: DEBUG glance_store._drivers.swift.store [None req-7800d9d2-4ba7-4d84-b23c-6bf97f73c7ce tempest-TestImageHashVerification-1458278826 tempest-TestImageHashVerification-1458278826-project-member] Wrote chunk e528a332-88dc-4855-a59b-5293045912d9-00002 (2/?) of length 204800000 to Swift returning MD5 of content: eda9a9889837ac4bc81d6387d92c1bec {{(pid=102968) add /opt/stack/data/venv/lib/python3.12/site-packages/glance_store/_drivers/swift/store.py:1059}}
Aug 13 09:40:44.006047 np0000007187 devstack@g-api.service[102969]: DEBUG glance.api.middleware.version_negotiation [None req-ecc3a3f7-b61e-4fdb-87e6-4593e88f7678 tempest-TestImageHashVerification-1458278826 tempest-TestImageHashVerification-1458278826-project-member] Determining version of request: GET /v2/images/e528a332-88dc-4855-a59b-5293045912d9 Accept: application/json {{(pid=102969) process_request /opt/stack/glance/glance/api/middleware/version_negotiation.py:44}}
Aug 13 09:40:44.006637 np0000007187 devstack@g-api.service[102969]: DEBUG glance.api.middleware.version_negotiation [None req-ecc3a3f7-b61e-4fdb-87e6-4593e88f7678 tempest-TestImageHashVerification-1458278826 tempest-TestImageHashVerification-1458278826-project-member] Using url versioning {{(pid=102969) process_request /opt/stack/glance/glance/api/middleware/version_negotiation.py:57}}
Aug 13 09:40:44.006637 np0000007187 devstack@g-api.service[102969]: DEBUG glance.api.middleware.version_negotiation [None req-ecc3a3f7-b61e-4fdb-87e6-4593e88f7678 tempest-TestImageHashVerification-1458278826 tempest-TestImageHashVerification-1458278826-project-member] Matched version: v2 {{(pid=102969) process_request /opt/stack/glance/glance/api/middleware/version_negotiation.py:69}}
Aug 13 09:40:44.006637 np0000007187 devstack@g-api.service[102969]: DEBUG glance.api.middleware.version_negotiation [None req-ecc3a3f7-b61e-4fdb-87e6-4593e88f7678 tempest-TestImageHashVerification-1458278826 tempest-TestImageHashVerification-1458278826-project-member] new path /v2/images/e528a332-88dc-4855-a59b-5293045912d9 {{(pid=102969) process_request /opt/stack/glance/glance/api/middleware/version_negotiation.py:70}}
Aug 13 09:40:44.073264 np0000007187 devstack@g-api.service[102969]: [pid: 102969|app: 0|req: 90/358] 127.0.0.1 () {40 vars in 838 bytes} [Thu Aug 13 09:40:44 2026] GET /v2/images/e528a332-88dc-4855-a59b-5293045912d9 => generated 649 bytes in 42 msecs (HTTP/1.1 200) 4 headers in 157 bytes (1 switches on core 0)
Aug 13 09:40:45.065371 np0000007187 devstack@g-api.service[102967]: DEBUG glance.api.middleware.version_negotiation [None req-f07cef22-09f4-40a2-956b-aa4429c01b5b tempest-TestImageHashVerification-1458278826 tempest-TestImageHashVerification-1458278826-project-member] Determining version of request: GET /v2/images/e528a332-88dc-4855-a59b-5293045912d9 Accept: application/json {{(pid=102967) process_request /opt/stack/glance/glance/api/middleware/version_negotiation.py:44}}
Aug 13 09:40:45.065826 np0000007187 devstack@g-api.service[102967]: DEBUG glance.api.middleware.version_negotiation [None req-f07cef22-09f4-40a2-956b-aa4429c01b5b tempest-TestImageHashVerification-1458278826 tempest-TestImageHashVerification-1458278826-project-member] Using url versioning {{(pid=102967) process_request /opt/stack/glance/glance/api/middleware/version_negotiation.py:57}}
Aug 13 09:40:45.065826 np0000007187 devstack@g-api.service[102967]: DEBUG glance.api.middleware.version_negotiation [None req-f07cef22-09f4-40a2-956b-aa4429c01b5b tempest-TestImageHashVerification-1458278826 tempest-TestImageHashVerification-1458278826-project-member] Matched version: v2 {{(pid=102967) process_request /opt/stack/glance/glance/api/middleware/version_negotiation.py:69}}
Aug 13 09:40:45.065987 np0000007187 devstack@g-api.service[102967]: DEBUG glance.api.middleware.version_negotiation [None req-f07cef22-09f4-40a2-956b-aa4429c01b5b tempest-TestImageHashVerification-1458278826 tempest-TestImageHashVerification-1458278826-project-member] new path /v2/images/e528a332-88dc-4855-a59b-5293045912d9 {{(pid=102967) process_request /opt/stack/glance/glance/api/middleware/version_negotiation.py:70}}
Aug 13 09:40:45.100693 np0000007187 devstack@g-api.service[102967]: [pid: 102967|app: 0|req: 94/359] 127.0.0.1 () {40 vars in 838 bytes} [Thu Aug 13 09:40:45 2026] GET /v2/images/e528a332-88dc-4855-a59b-5293045912d9 => generated 649 bytes in 36 msecs (HTTP/1.1 200) 4 headers in 157 bytes (1 switches on core 0)
Aug 13 09:40:45.304047 np0000007187 devstack@g-api.service[102970]: DEBUG glance.api.middleware.version_negotiation [None req-91c7c8a0-00f1-4212-93f4-b4cf91cd96d9 tempest-TestImageHashVerification-1458278826 tempest-TestImageHashVerification-1458278826-project-member] Determining version of request: GET /v2/images/1a4fc054-be69-496e-b10b-35f6d4f70135 Accept: */* {{(pid=102970) process_request /opt/stack/glance/glance/api/middleware/version_negotiation.py:44}}
Aug 13 09:40:45.304047 np0000007187 devstack@g-api.service[102970]: DEBUG glance.api.middleware.version_negotiation [None req-91c7c8a0-00f1-4212-93f4-b4cf91cd96d9 tempest-TestImageHashVerification-1458278826 tempest-TestImageHashVerification-1458278826-project-member] Using url versioning {{(pid=102970) process_request /opt/stack/glance/glance/api/middleware/version_negotiation.py:57}}
Aug 13 09:40:45.304047 np0000007187 devstack@g-api.service[102970]: DEBUG glance.api.middleware.version_negotiation [None req-91c7c8a0-00f1-4212-93f4-b4cf91cd96d9 tempest-TestImageHashVerification-1458278826 tempest-TestImageHashVerification-1458278826-project-member] Matched version: v2 {{(pid=102970) process_request /opt/stack/glance/glance/api/middleware/version_negotiation.py:69}}
Aug 13 09:40:45.304047 np0000007187 devstack@g-api.service[102970]: DEBUG glance.api.middleware.version_negotiation [None req-91c7c8a0-00f1-4212-93f4-b4cf91cd96d9 tempest-TestImageHashVerification-1458278826 tempest-TestImageHashVerification-1458278826-project-member] new path /v2/images/1a4fc054-be69-496e-b10b-35f6d4f70135 {{(pid=102970) process_request /opt/stack/glance/glance/api/middleware/version_negotiation.py:70}}
Aug 13 09:40:45.326196 np0000007187 devstack@g-api.service[102970]: [pid: 102970|app: 0|req: 93/360] 127.0.0.1 () {44 vars in 1115 bytes} [Thu Aug 13 09:40:45 2026] GET /v2/images/1a4fc054-be69-496e-b10b-35f6d4f70135 => generated 1044 bytes in 23 msecs (HTTP/1.1 200) 4 headers in 158 bytes (1 switches on core 0)
Aug 13 09:40:45.384701 np0000007187 devstack@g-api.service[102969]: DEBUG glance.api.middleware.version_negotiation [None req-38090005-7ab5-4ed8-a010-e738e8c78290 tempest-TestImageHashVerification-1458278826 tempest-TestImageHashVerification-1458278826-project-member] Determining version of request: GET /v2/schemas/image Accept: */* {{(pid=102969) process_request /opt/stack/glance/glance/api/middleware/version_negotiation.py:44}}
Aug 13 09:40:45.385026 np0000007187 devstack@g-api.service[102969]: DEBUG glance.api.middleware.version_negotiation [None req-38090005-7ab5-4ed8-a010-e738e8c78290 tempest-TestImageHashVerification-1458278826 tempest-TestImageHashVerification-1458278826-project-member] Using url versioning {{(pid=102969) process_request /opt/stack/glance/glance/api/middleware/version_negotiation.py:57}}
Aug 13 09:40:45.385156 np0000007187 devstack@g-api.service[102969]: DEBUG glance.api.middleware.version_negotiation [None req-38090005-7ab5-4ed8-a010-e738e8c78290 tempest-TestImageHashVerification-1458278826 tempest-TestImageHashVerification-1458278826-project-member] Matched version: v2 {{(pid=102969) process_request /opt/stack/glance/glance/api/middleware/version_negotiation.py:69}}
Aug 13 09:40:45.385336 np0000007187 devstack@g-api.service[102969]: DEBUG glance.api.middleware.version_negotiation [None req-38090005-7ab5-4ed8-a010-e738e8c78290 tempest-TestImageHashVerification-1458278826 tempest-TestImageHashVerification-1458278826-project-member] new path /v2/schemas/image {{(pid=102969) process_request /opt/stack/glance/glance/api/middleware/version_negotiation.py:70}}
Aug 13 09:40:45.388850 np0000007187 devstack@g-api.service[102969]: [pid: 102969|app: 0|req: 91/361] 127.0.0.1 () {44 vars in 1055 bytes} [Thu Aug 13 09:40:45 2026] GET /v2/schemas/image => generated 6083 bytes in 4 msecs (HTTP/1.1 200) 4 headers in 158 bytes (1 switches on core 0)
Aug 13 09:40:45.680960 np0000007187 devstack@g-api.service[102968]: DEBUG swiftclient [None req-7800d9d2-4ba7-4d84-b23c-6bf97f73c7ce tempest-TestImageHashVerification-1458278826 tempest-TestImageHashVerification-1458278826-project-member] REQ: curl -i https://10.4.3.135:8080/v1/AUTH_b0da4a3ce0cd49fdab35008d18a3301b/glance/e528a332-88dc-4855-a59b-5293045912d9-00003 -X PUT -H "X-Auth-Token: gAAAAABqfZEVm3yW..." {{(pid=102968) http_log /opt/stack/data/venv/lib/python3.12/site-packages/swiftclient/client.py:160}}
Aug 13 09:40:45.681457 np0000007187 devstack@g-api.service[102968]: DEBUG swiftclient [None req-7800d9d2-4ba7-4d84-b23c-6bf97f73c7ce tempest-TestImageHashVerification-1458278826 tempest-TestImageHashVerification-1458278826-project-member] RESP STATUS: 201 Created {{(pid=102968) http_log /opt/stack/data/venv/lib/python3.12/site-packages/swiftclient/client.py:161}}
Aug 13 09:40:45.681457 np0000007187 devstack@g-api.service[102968]: DEBUG swiftclient [None req-7800d9d2-4ba7-4d84-b23c-6bf97f73c7ce tempest-TestImageHashVerification-1458278826 tempest-TestImageHashVerification-1458278826-project-member] RESP HEADERS: {'Date': 'Thu, 13 Aug 2026 09:40:45 GMT', 'Server': 'Apache/2.4.58 (Ubuntu)', 'Content-Type': 'text/html; charset=UTF-8', 'Content-Length': '0', 'Etag': 'eda9a9889837ac4bc81d6387d92c1bec', 'Last-Modified': 'Thu, 13 Aug 2026 09:40:44 GMT', 'X-Trans-Id': 'tx88090b5daadb4aa3aab6d-006a7d911b', 'X-Openstack-Request-Id': 'tx88090b5daadb4aa3aab6d-006a7d911b', 'Connection': 'close'} {{(pid=102968) http_log /opt/stack/data/venv/lib/python3.12/site-packages/swiftclient/client.py:162}}
Aug 13 09:40:45.681457 np0000007187 devstack@g-api.service[102968]: DEBUG glance_store._drivers.swift.store [None req-7800d9d2-4ba7-4d84-b23c-6bf97f73c7ce tempest-TestImageHashVerification-1458278826 tempest-TestImageHashVerification-1458278826-project-member] Wrote chunk e528a332-88dc-4855-a59b-5293045912d9-00003 (3/?) of length 204800000 to Swift returning MD5 of content: eda9a9889837ac4bc81d6387d92c1bec {{(pid=102968) add /opt/stack/data/venv/lib/python3.12/site-packages/glance_store/_drivers/swift/store.py:1059}}
Aug 13 09:40:46.117324 np0000007187 devstack@g-api.service[102967]: DEBUG glance.api.middleware.version_negotiation [None req-fe50387d-8552-4dc8-b718-347db77aa74e tempest-TestImageHashVerification-1458278826 tempest-TestImageHashVerification-1458278826-project-member] Determining version of request: GET /v2/images/e528a332-88dc-4855-a59b-5293045912d9 Accept: application/json {{(pid=102967) process_request /opt/stack/glance/glance/api/middleware/version_negotiation.py:44}}
Aug 13 09:40:46.117324 np0000007187 devstack@g-api.service[102967]: DEBUG glance.api.middleware.version_negotiation [None req-fe50387d-8552-4dc8-b718-347db77aa74e tempest-TestImageHashVerification-1458278826 tempest-TestImageHashVerification-1458278826-project-member] Using url versioning {{(pid=102967) process_request /opt/stack/glance/glance/api/middleware/version_negotiation.py:57}}
Aug 13 09:40:46.117758 np0000007187 devstack@g-api.service[102967]: DEBUG glance.api.middleware.version_negotiation [None req-fe50387d-8552-4dc8-b718-347db77aa74e tempest-TestImageHashVerification-1458278826 tempest-TestImageHashVerification-1458278826-project-member] Matched version: v2 {{(pid=102967) process_request /opt/stack/glance/glance/api/middleware/version_negotiation.py:69}}
Aug 13 09:40:46.117758 np0000007187 devstack@g-api.service[102967]: DEBUG glance.api.middleware.version_negotiation [None req-fe50387d-8552-4dc8-b718-347db77aa74e tempest-TestImageHashVerification-1458278826 tempest-TestImageHashVerification-1458278826-project-member] new path /v2/images/e528a332-88dc-4855-a59b-5293045912d9 {{(pid=102967) process_request /opt/stack/glance/glance/api/middleware/version_negotiation.py:70}}
Aug 13 09:40:46.129663 np0000007187 devstack@g-api.service[102967]: [pid: 102967|app: 0|req: 95/362] 127.0.0.1 () {40 vars in 838 bytes} [Thu Aug 13 09:40:46 2026] GET /v2/images/e528a332-88dc-4855-a59b-5293045912d9 => generated 649 bytes in 12 msecs (HTTP/1.1 200) 4 headers in 157 bytes (1 switches on core 0)
Aug 13 09:40:47.141347 np0000007187 devstack@g-api.service[102970]: DEBUG glance.api.middleware.version_negotiation [None req-03c78f31-68d9-47ea-a281-8dcc380a57d9 tempest-ServerStableDeviceRescueTest-1111597885 tempest-ServerStableDeviceRescueTest-1111597885-project-member] Determining version of request: GET /v2/images/e528a332-88dc-4855-a59b-5293045912d9 Accept: application/json {{(pid=102970) process_request /opt/stack/glance/glance/api/middleware/version_negotiation.py:44}}
Aug 13 09:40:47.141347 np0000007187 devstack@g-api.service[102970]: DEBUG glance.api.middleware.version_negotiation [None req-03c78f31-68d9-47ea-a281-8dcc380a57d9 tempest-ServerStableDeviceRescueTest-1111597885 tempest-ServerStableDeviceRescueTest-1111597885-project-member] Using url versioning {{(pid=102970) process_request /opt/stack/glance/glance/api/middleware/version_negotiation.py:57}}
Aug 13 09:40:47.141347 np0000007187 devstack@g-api.service[102970]: DEBUG glance.api.middleware.version_negotiation [None req-03c78f31-68d9-47ea-a281-8dcc380a57d9 tempest-ServerStableDeviceRescueTest-1111597885 tempest-ServerStableDeviceRescueTest-1111597885-project-member] Matched version: v2 {{(pid=102970) process_request /opt/stack/glance/glance/api/middleware/version_negotiation.py:69}}
Aug 13 09:40:47.141347 np0000007187 devstack@g-api.service[102970]: DEBUG glance.api.middleware.version_negotiation [None req-03c78f31-68d9-47ea-a281-8dcc380a57d9 tempest-ServerStableDeviceRescueTest-1111597885 tempest-ServerStableDeviceRescueTest-1111597885-project-member] new path /v2/images/e528a332-88dc-4855-a59b-5293045912d9 {{(pid=102970) process_request /opt/stack/glance/glance/api/middleware/version_negotiation.py:70}}
Aug 13 09:40:47.151842 np0000007187 devstack@g-api.service[102970]: [pid: 102970|app: 0|req: 94/363] 127.0.0.1 () {40 vars in 838 bytes} [Thu Aug 13 09:40:47 2026] GET /v2/images/e528a332-88dc-4855-a59b-5293045912d9 => generated 649 bytes in 12 msecs (HTTP/1.1 200) 4 headers in 157 bytes (1 switches on core 0)
Aug 13 09:40:47.760633 np0000007187 devstack@g-api.service[102968]: DEBUG dbcounter [-] [102968] Writing DB stats glance:SELECT=18,glance:INSERT=18,glance:UPDATE=1 {{(pid=102968) stat_writer /opt/stack/data/venv/lib/python3.12/site-packages/dbcounter.py:115}}
Aug 13 09:40:47.825374 np0000007187 devstack@g-api.service[102968]: DEBUG swiftclient [None req-7800d9d2-4ba7-4d84-b23c-6bf97f73c7ce tempest-TestImageHashVerification-1458278826 tempest-TestImageHashVerification-1458278826-project-member] REQ: curl -i https://10.4.3.135:8080/v1/AUTH_b0da4a3ce0cd49fdab35008d18a3301b/glance/e528a332-88dc-4855-a59b-5293045912d9-00004 -X PUT -H "X-Auth-Token: gAAAAABqfZEVm3yW..." {{(pid=102968) http_log /opt/stack/data/venv/lib/python3.12/site-packages/swiftclient/client.py:160}}
Aug 13 09:40:47.825539 np0000007187 devstack@g-api.service[102968]: DEBUG swiftclient [None req-7800d9d2-4ba7-4d84-b23c-6bf97f73c7ce tempest-TestImageHashVerification-1458278826 tempest-TestImageHashVerification-1458278826-project-member] RESP STATUS: 201 Created {{(pid=102968) http_log /opt/stack/data/venv/lib/python3.12/site-packages/swiftclient/client.py:161}}
Aug 13 09:40:47.825832 np0000007187 devstack@g-api.service[102968]: DEBUG swiftclient [None req-7800d9d2-4ba7-4d84-b23c-6bf97f73c7ce tempest-TestImageHashVerification-1458278826 tempest-TestImageHashVerification-1458278826-project-member] RESP HEADERS: {'Date': 'Thu, 13 Aug 2026 09:40:47 GMT', 'Server': 'Apache/2.4.58 (Ubuntu)', 'Content-Type': 'text/html; charset=UTF-8', 'Content-Length': '0', 'Etag': 'eda9a9889837ac4bc81d6387d92c1bec', 'Last-Modified': 'Thu, 13 Aug 2026 09:40:46 GMT', 'X-Trans-Id': 'tx87c0a078b72345cebbbec-006a7d911d', 'X-Openstack-Request-Id': 'tx87c0a078b72345cebbbec-006a7d911d', 'Connection': 'close'} {{(pid=102968) http_log /opt/stack/data/venv/lib/python3.12/site-packages/swiftclient/client.py:162}}
Aug 13 09:40:47.825982 np0000007187 devstack@g-api.service[102968]: DEBUG glance_store._drivers.swift.store [None req-7800d9d2-4ba7-4d84-b23c-6bf97f73c7ce tempest-TestImageHashVerification-1458278826 tempest-TestImageHashVerification-1458278826-project-member] Wrote chunk e528a332-88dc-4855-a59b-5293045912d9-00004 (4/?) of length 204800000 to Swift returning MD5 of content: eda9a9889837ac4bc81d6387d92c1bec {{(pid=102968) add /opt/stack/data/venv/lib/python3.12/site-packages/glance_store/_drivers/swift/store.py:1059}}
Aug 13 09:40:48.166416 np0000007187 devstack@g-api.service[102969]: DEBUG glance.api.middleware.version_negotiation [None req-03c78f31-68d9-47ea-a281-8dcc380a57d9 tempest-ServerStableDeviceRescueTest-1111597885 tempest-ServerStableDeviceRescueTest-1111597885-project-member] Determining version of request: GET /v2/images/e528a332-88dc-4855-a59b-5293045912d9 Accept: application/json {{(pid=102969) process_request /opt/stack/glance/glance/api/middleware/version_negotiation.py:44}}
Aug 13 09:40:48.166416 np0000007187 devstack@g-api.service[102969]: DEBUG glance.api.middleware.version_negotiation [None req-03c78f31-68d9-47ea-a281-8dcc380a57d9 tempest-ServerStableDeviceRescueTest-1111597885 tempest-ServerStableDeviceRescueTest-1111597885-project-member] Using url versioning {{(pid=102969) process_request /opt/stack/glance/glance/api/middleware/version_negotiation.py:57}}
Aug 13 09:40:48.166416 np0000007187 devstack@g-api.service[102969]: DEBUG glance.api.middleware.version_negotiation [None req-03c78f31-68d9-47ea-a281-8dcc380a57d9 tempest-ServerStableDeviceRescueTest-1111597885 tempest-ServerStableDeviceRescueTest-1111597885-project-member] Matched version: v2 {{(pid=102969) process_request /opt/stack/glance/glance/api/middleware/version_negotiation.py:69}}
Aug 13 09:40:48.166416 np0000007187 devstack@g-api.service[102969]: DEBUG glance.api.middleware.version_negotiation [None req-03c78f31-68d9-47ea-a281-8dcc380a57d9 tempest-ServerStableDeviceRescueTest-1111597885 tempest-ServerStableDeviceRescueTest-1111597885-project-member] new path /v2/images/e528a332-88dc-4855-a59b-5293045912d9 {{(pid=102969) process_request /opt/stack/glance/glance/api/middleware/version_negotiation.py:70}}
Aug 13 09:40:48.182938 np0000007187 devstack@g-api.service[102969]: [pid: 102969|app: 0|req: 92/364] 127.0.0.1 () {40 vars in 838 bytes} [Thu Aug 13 09:40:48 2026] GET /v2/images/e528a332-88dc-4855-a59b-5293045912d9 => generated 649 bytes in 17 msecs (HTTP/1.1 200) 4 headers in 157 bytes (1 switches on core 0)
Aug 13 09:40:49.195621 np0000007187 devstack@g-api.service[102967]: DEBUG glance.api.middleware.version_negotiation [None req-27266b04-33b6-4dfe-9295-56aaee49b527 tempest-TestImageHashVerification-1458278826 tempest-TestImageHashVerification-1458278826-project-member] Determining version of request: GET /v2/images/e528a332-88dc-4855-a59b-5293045912d9 Accept: application/json {{(pid=102967) process_request /opt/stack/glance/glance/api/middleware/version_negotiation.py:44}}
Aug 13 09:40:49.196304 np0000007187 devstack@g-api.service[102967]: DEBUG glance.api.middleware.version_negotiation [None req-27266b04-33b6-4dfe-9295-56aaee49b527 tempest-TestImageHashVerification-1458278826 tempest-TestImageHashVerification-1458278826-project-member] Using url versioning {{(pid=102967) process_request /opt/stack/glance/glance/api/middleware/version_negotiation.py:57}}
Aug 13 09:40:49.196304 np0000007187 devstack@g-api.service[102967]: DEBUG glance.api.middleware.version_negotiation [None req-27266b04-33b6-4dfe-9295-56aaee49b527 tempest-TestImageHashVerification-1458278826 tempest-TestImageHashVerification-1458278826-project-member] Matched version: v2 {{(pid=102967) process_request /opt/stack/glance/glance/api/middleware/version_negotiation.py:69}}
Aug 13 09:40:49.196304 np0000007187 devstack@g-api.service[102967]: DEBUG glance.api.middleware.version_negotiation [None req-27266b04-33b6-4dfe-9295-56aaee49b527 tempest-TestImageHashVerification-1458278826 tempest-TestImageHashVerification-1458278826-project-member] new path /v2/images/e528a332-88dc-4855-a59b-5293045912d9 {{(pid=102967) process_request /opt/stack/glance/glance/api/middleware/version_negotiation.py:70}}
Aug 13 09:40:49.210741 np0000007187 devstack@g-api.service[102967]: [pid: 102967|app: 0|req: 96/365] 127.0.0.1 () {40 vars in 838 bytes} [Thu Aug 13 09:40:49 2026] GET /v2/images/e528a332-88dc-4855-a59b-5293045912d9 => generated 649 bytes in 15 msecs (HTTP/1.1 200) 4 headers in 157 bytes (1 switches on core 0)
Aug 13 09:40:50.093153 np0000007187 devstack@g-api.service[102968]: DEBUG swiftclient [None req-7800d9d2-4ba7-4d84-b23c-6bf97f73c7ce tempest-TestImageHashVerification-1458278826 tempest-TestImageHashVerification-1458278826-project-member] REQ: curl -i https://10.4.3.135:8080/v1/AUTH_b0da4a3ce0cd49fdab35008d18a3301b/glance/e528a332-88dc-4855-a59b-5293045912d9-00005 -X PUT -H "X-Auth-Token: gAAAAABqfZEVm3yW..." {{(pid=102968) http_log /opt/stack/data/venv/lib/python3.12/site-packages/swiftclient/client.py:160}}
Aug 13 09:40:50.093153 np0000007187 devstack@g-api.service[102968]: DEBUG swiftclient [None req-7800d9d2-4ba7-4d84-b23c-6bf97f73c7ce tempest-TestImageHashVerification-1458278826 tempest-TestImageHashVerification-1458278826-project-member] RESP STATUS: 201 Created {{(pid=102968) http_log /opt/stack/data/venv/lib/python3.12/site-packages/swiftclient/client.py:161}}
Aug 13 09:40:50.093694 np0000007187 devstack@g-api.service[102968]: DEBUG swiftclient [None req-7800d9d2-4ba7-4d84-b23c-6bf97f73c7ce tempest-TestImageHashVerification-1458278826 tempest-TestImageHashVerification-1458278826-project-member] RESP HEADERS: {'Date': 'Thu, 13 Aug 2026 09:40:50 GMT', 'Server': 'Apache/2.4.58 (Ubuntu)', 'Content-Type': 'text/html; charset=UTF-8', 'Content-Length': '0', 'Etag': 'eda9a9889837ac4bc81d6387d92c1bec', 'Last-Modified': 'Thu, 13 Aug 2026 09:40:48 GMT', 'X-Trans-Id': 'tx570dad0c596f45b9a2a1b-006a7d911f', 'X-Openstack-Request-Id': 'tx570dad0c596f45b9a2a1b-006a7d911f', 'Connection': 'close'} {{(pid=102968) http_log /opt/stack/data/venv/lib/python3.12/site-packages/swiftclient/client.py:162}}
Aug 13 09:40:50.093694 np0000007187 devstack@g-api.service[102968]: DEBUG glance_store._drivers.swift.store [None req-7800d9d2-4ba7-4d84-b23c-6bf97f73c7ce tempest-TestImageHashVerification-1458278826 tempest-TestImageHashVerification-1458278826-project-member] Wrote chunk e528a332-88dc-4855-a59b-5293045912d9-00005 (5/?) of length 204800000 to Swift returning MD5 of content: eda9a9889837ac4bc81d6387d92c1bec {{(pid=102968) add /opt/stack/data/venv/lib/python3.12/site-packages/glance_store/_drivers/swift/store.py:1059}}
Aug 13 09:40:50.221455 np0000007187 devstack@g-api.service[102970]: DEBUG glance.api.middleware.version_negotiation [None req-ba87ea1c-a2fd-4336-8cb8-4435fca72a20 tempest-TestImageHashVerification-1458278826 tempest-TestImageHashVerification-1458278826-project-member] Determining version of request: GET /v2/images/e528a332-88dc-4855-a59b-5293045912d9 Accept: application/json {{(pid=102970) process_request /opt/stack/glance/glance/api/middleware/version_negotiation.py:44}}
Aug 13 09:40:50.221836 np0000007187 devstack@g-api.service[102970]: DEBUG glance.api.middleware.version_negotiation [None req-ba87ea1c-a2fd-4336-8cb8-4435fca72a20 tempest-TestImageHashVerification-1458278826 tempest-TestImageHashVerification-1458278826-project-member] Using url versioning {{(pid=102970) process_request /opt/stack/glance/glance/api/middleware/version_negotiation.py:57}}
Aug 13 09:40:50.222150 np0000007187 devstack@g-api.service[102970]: DEBUG glance.api.middleware.version_negotiation [None req-ba87ea1c-a2fd-4336-8cb8-4435fca72a20 tempest-TestImageHashVerification-1458278826 tempest-TestImageHashVerification-1458278826-project-member] Matched version: v2 {{(pid=102970) process_request /opt/stack/glance/glance/api/middleware/version_negotiation.py:69}}
