Aug 13 09:33:21.479201 np0000007187 nova-scheduler[96581]: DEBUG cotyledon.oslo_config_glue [-] workarounds.handle_virt_lifecycle_events = True {{(pid=96581) log_opt_values /opt/stack/data/venv/lib/python3.12/site-packages/oslo_config/cfg.py:3545}}
Aug 13 09:33:21.479472 np0000007187 nova-scheduler[96581]: DEBUG cotyledon.oslo_config_glue [-] workarounds.libvirt_disable_apic = False {{(pid=96581) log_opt_values /opt/stack/data/venv/lib/python3.12/site-packages/oslo_config/cfg.py:3545}}
Aug 13 09:33:21.479472 np0000007187 nova-scheduler[96581]: DEBUG cotyledon.oslo_config_glue [-] workarounds.never_download_image_if_on_rbd = False {{(pid=96581) log_opt_values /opt/stack/data/venv/lib/python3.12/site-packages/oslo_config/cfg.py:3545}}
Aug 13 09:33:21.479472 np0000007187 nova-scheduler[96581]: DEBUG cotyledon.oslo_config_glue [-] workarounds.qemu_monitor_announce_self_count = 3 {{(pid=96581) log_opt_values /opt/stack/data/venv/lib/python3.12/site-packages/oslo_config/cfg.py:3545}}
Aug 13 09:33:21.479472 np0000007187 nova-scheduler[96581]: DEBUG cotyledon.oslo_config_glue [-] workarounds.qemu_monitor_announce_self_interval = 1 {{(pid=96581) log_opt_values /opt/stack/data/venv/lib/python3.12/site-packages/oslo_config/cfg.py:3545}}
Aug 13 09:33:21.479472 np0000007187 nova-scheduler[96581]: DEBUG cotyledon.oslo_config_glue [-] workarounds.reserve_disk_resource_for_image_cache = False {{(pid=96581) log_opt_values /opt/stack/data/venv/lib/python3.12/site-packages/oslo_config/cfg.py:3545}}
Aug 13 09:33:21.479472 np0000007187 nova-scheduler[96581]: DEBUG cotyledon.oslo_config_glue [-] workarounds.skip_cpu_compare_at_startup = False {{(pid=96581) log_opt_values /opt/stack/data/venv/lib/python3.12/site-packages/oslo_config/cfg.py:3545}}
Aug 13 09:33:21.479472 np0000007187 nova-scheduler[96581]: DEBUG cotyledon.oslo_config_glue [-] workarounds.skip_cpu_compare_on_dest = False {{(pid=96581) log_opt_values /opt/stack/data/venv/lib/python3.12/site-packages/oslo_config/cfg.py:3545}}
Aug 13 09:33:21.479472 np0000007187 nova-scheduler[96581]: DEBUG cotyledon.oslo_config_glue [-] workarounds.skip_hypervisor_version_check_on_lm = False {{(pid=96581) log_opt_values /opt/stack/data/venv/lib/python3.12/site-packages/oslo_config/cfg.py:3545}}
Aug 13 09:33:21.479472 np0000007187 nova-scheduler[96581]: DEBUG cotyledon.oslo_config_glue [-] workarounds.skip_reserve_in_use_ironic_nodes = False {{(pid=96581) log_opt_values /opt/stack/data/venv/lib/python3.12/site-packages/oslo_config/cfg.py:3545}}
Aug 13 09:33:21.479770 np0000007187 nova-scheduler[96581]: DEBUG cotyledon.oslo_config_glue [-] workarounds.unified_limits_count_pcpu_as_vcpu = False {{(pid=96581) log_opt_values /opt/stack/data/venv/lib/python3.12/site-packages/oslo_config/cfg.py:3545}}
Aug 13 09:33:21.479770 np0000007187 nova-scheduler[96581]: DEBUG cotyledon.oslo_config_glue [-] workarounds.wait_for_vif_plugged_event_during_hard_reboot = [] {{(pid=96581) log_opt_values /opt/stack/data/venv/lib/python3.12/site-packages/oslo_config/cfg.py:3545}}
Aug 13 09:33:21.479770 np0000007187 nova-scheduler[96581]: DEBUG cotyledon.oslo_config_glue [-] wsgi.api_paste_config = /etc/nova/api-paste.ini {{(pid=96581) log_opt_values /opt/stack/data/venv/lib/python3.12/site-packages/oslo_config/cfg.py:3545}}
Aug 13 09:33:21.479770 np0000007187 nova-scheduler[96581]: DEBUG cotyledon.oslo_config_glue [-] wsgi.secure_proxy_ssl_header = None {{(pid=96581) log_opt_values /opt/stack/data/venv/lib/python3.12/site-packages/oslo_config/cfg.py:3545}}
Aug 13 09:33:21.479770 np0000007187 nova-scheduler[96581]: DEBUG cotyledon.oslo_config_glue [-] zvm.ca_file = None {{(pid=96581) log_opt_values /opt/stack/data/venv/lib/python3.12/site-packages/oslo_config/cfg.py:3545}}
Aug 13 09:33:21.479770 np0000007187 nova-scheduler[96581]: DEBUG cotyledon.oslo_config_glue [-] zvm.cloud_connector_url = None {{(pid=96581) log_opt_values /opt/stack/data/venv/lib/python3.12/site-packages/oslo_config/cfg.py:3545}}
Aug 13 09:33:21.479770 np0000007187 nova-scheduler[96581]: DEBUG cotyledon.oslo_config_glue [-] zvm.image_tmp_path = /opt/stack/data/nova/images {{(pid=96581) log_opt_values /opt/stack/data/venv/lib/python3.12/site-packages/oslo_config/cfg.py:3545}}
Aug 13 09:33:21.479770 np0000007187 nova-scheduler[96581]: DEBUG cotyledon.oslo_config_glue [-] zvm.reachable_timeout = 300 {{(pid=96581) log_opt_values /opt/stack/data/venv/lib/python3.12/site-packages/oslo_config/cfg.py:3545}}
Aug 13 09:33:21.479770 np0000007187 nova-scheduler[96581]: DEBUG cotyledon.oslo_config_glue [-] oslo_versionedobjects.fatal_exception_format_errors = False {{(pid=96581) log_opt_values /opt/stack/data/venv/lib/python3.12/site-packages/oslo_config/cfg.py:3545}}
Aug 13 09:33:21.480045 np0000007187 nova-scheduler[96581]: DEBUG cotyledon.oslo_config_glue [-] oslo_middleware.http_basic_auth_user_file = /etc/htpasswd {{(pid=96581) log_opt_values /opt/stack/data/venv/lib/python3.12/site-packages/oslo_config/cfg.py:3545}}
Aug 13 09:33:21.480045 np0000007187 nova-scheduler[96581]: DEBUG cotyledon.oslo_config_glue [-] oslo_messaging_metrics.metrics_buffer_size = 1000 {{(pid=96581) log_opt_values /opt/stack/data/venv/lib/python3.12/site-packages/oslo_config/cfg.py:3545}}
Aug 13 09:33:21.480045 np0000007187 nova-scheduler[96581]: DEBUG cotyledon.oslo_config_glue [-] oslo_messaging_metrics.metrics_enabled = False {{(pid=96581) log_opt_values /opt/stack/data/venv/lib/python3.12/site-packages/oslo_config/cfg.py:3545}}
Aug 13 09:33:21.480045 np0000007187 nova-scheduler[96581]: DEBUG cotyledon.oslo_config_glue [-] oslo_messaging_metrics.metrics_process_name = {{(pid=96581) log_opt_values /opt/stack/data/venv/lib/python3.12/site-packages/oslo_config/cfg.py:3545}}
Aug 13 09:33:21.480045 np0000007187 nova-scheduler[96581]: DEBUG cotyledon.oslo_config_glue [-] oslo_messaging_metrics.metrics_socket_file = /var/tmp/metrics_collector.sock {{(pid=96581) log_opt_values /opt/stack/data/venv/lib/python3.12/site-packages/oslo_config/cfg.py:3545}}
Aug 13 09:33:21.480045 np0000007187 nova-scheduler[96581]: DEBUG cotyledon.oslo_config_glue [-] oslo_messaging_metrics.metrics_thread_stop_timeout = 10 {{(pid=96581) log_opt_values /opt/stack/data/venv/lib/python3.12/site-packages/oslo_config/cfg.py:3545}}
Aug 13 09:33:21.480045 np0000007187 nova-scheduler[96581]: DEBUG cotyledon.oslo_config_glue [-] profiler.connection_string = messaging:// {{(pid=96581) log_opt_values /opt/stack/data/venv/lib/python3.12/site-packages/oslo_config/cfg.py:3545}}
Aug 13 09:33:21.480045 np0000007187 nova-scheduler[96581]: DEBUG cotyledon.oslo_config_glue [-] profiler.enabled = False {{(pid=96581) log_opt_values /opt/stack/data/venv/lib/python3.12/site-packages/oslo_config/cfg.py:3545}}
Aug 13 09:33:21.480045 np0000007187 nova-scheduler[96581]: DEBUG cotyledon.oslo_config_glue [-] profiler.es_doc_type = notification {{(pid=96581) log_opt_values /opt/stack/data/venv/lib/python3.12/site-packages/oslo_config/cfg.py:3545}}
Aug 13 09:33:21.480288 np0000007187 nova-scheduler[96581]: DEBUG cotyledon.oslo_config_glue [-] profiler.es_scroll_size = 10000 {{(pid=96581) log_opt_values /opt/stack/data/venv/lib/python3.12/site-packages/oslo_config/cfg.py:3545}}
Aug 13 09:33:21.480288 np0000007187 nova-scheduler[96581]: DEBUG cotyledon.oslo_config_glue [-] profiler.es_scroll_time = 2m {{(pid=96581) log_opt_values /opt/stack/data/venv/lib/python3.12/site-packages/oslo_config/cfg.py:3545}}
Aug 13 09:33:21.480288 np0000007187 nova-scheduler[96581]: DEBUG cotyledon.oslo_config_glue [-] profiler.filter_error_trace = False {{(pid=96581) log_opt_values /opt/stack/data/venv/lib/python3.12/site-packages/oslo_config/cfg.py:3545}}
Aug 13 09:33:21.480288 np0000007187 nova-scheduler[96581]: DEBUG cotyledon.oslo_config_glue [-] profiler.hmac_keys = **** {{(pid=96581) log_opt_values /opt/stack/data/venv/lib/python3.12/site-packages/oslo_config/cfg.py:3545}}
Aug 13 09:33:21.480288 np0000007187 nova-scheduler[96581]: DEBUG cotyledon.oslo_config_glue [-] profiler.sentinel_service_name = mymaster {{(pid=96581) log_opt_values /opt/stack/data/venv/lib/python3.12/site-packages/oslo_config/cfg.py:3545}}
Aug 13 09:33:21.480288 np0000007187 nova-scheduler[96581]: DEBUG cotyledon.oslo_config_glue [-] profiler.socket_timeout = 0.1 {{(pid=96581) log_opt_values /opt/stack/data/venv/lib/python3.12/site-packages/oslo_config/cfg.py:3545}}
Aug 13 09:33:21.480288 np0000007187 nova-scheduler[96581]: DEBUG cotyledon.oslo_config_glue [-] profiler.trace_requests = False {{(pid=96581) log_opt_values /opt/stack/data/venv/lib/python3.12/site-packages/oslo_config/cfg.py:3545}}
Aug 13 09:33:21.480288 np0000007187 nova-scheduler[96581]: DEBUG cotyledon.oslo_config_glue [-] profiler.trace_sqlalchemy = False {{(pid=96581) log_opt_values /opt/stack/data/venv/lib/python3.12/site-packages/oslo_config/cfg.py:3545}}
Aug 13 09:33:21.480288 np0000007187 nova-scheduler[96581]: DEBUG cotyledon.oslo_config_glue [-] profiler_jaeger.process_tags = {} {{(pid=96581) log_opt_values /opt/stack/data/venv/lib/python3.12/site-packages/oslo_config/cfg.py:3545}}
Aug 13 09:33:21.480504 np0000007187 nova-scheduler[96581]: DEBUG cotyledon.oslo_config_glue [-] profiler_jaeger.service_name_prefix = None {{(pid=96581) log_opt_values /opt/stack/data/venv/lib/python3.12/site-packages/oslo_config/cfg.py:3545}}
Aug 13 09:33:21.480504 np0000007187 nova-scheduler[96581]: DEBUG cotyledon.oslo_config_glue [-] profiler_otlp.service_name_prefix = None {{(pid=96581) log_opt_values /opt/stack/data/venv/lib/python3.12/site-packages/oslo_config/cfg.py:3545}}
Aug 13 09:33:21.480504 np0000007187 nova-scheduler[96581]: DEBUG cotyledon.oslo_config_glue [-] oslo_messaging_rabbit.amqp_auto_delete = False {{(pid=96581) log_opt_values /opt/stack/data/venv/lib/python3.12/site-packages/oslo_config/cfg.py:3545}}
Aug 13 09:33:21.480504 np0000007187 nova-scheduler[96581]: DEBUG cotyledon.oslo_config_glue [-] oslo_messaging_rabbit.amqp_durable_queues = False {{(pid=96581) log_opt_values /opt/stack/data/venv/lib/python3.12/site-packages/oslo_config/cfg.py:3545}}
Aug 13 09:33:21.480504 np0000007187 nova-scheduler[96581]: DEBUG cotyledon.oslo_config_glue [-] oslo_messaging_rabbit.conn_pool_min_size = 2 {{(pid=96581) log_opt_values /opt/stack/data/venv/lib/python3.12/site-packages/oslo_config/cfg.py:3545}}
Aug 13 09:33:21.480504 np0000007187 nova-scheduler[96581]: DEBUG cotyledon.oslo_config_glue [-] oslo_messaging_rabbit.conn_pool_ttl = 1200 {{(pid=96581) log_opt_values /opt/stack/data/venv/lib/python3.12/site-packages/oslo_config/cfg.py:3545}}
Aug 13 09:33:21.480504 np0000007187 nova-scheduler[96581]: DEBUG cotyledon.oslo_config_glue [-] oslo_messaging_rabbit.direct_mandatory_flag = True {{(pid=96581) log_opt_values /opt/stack/data/venv/lib/python3.12/site-packages/oslo_config/cfg.py:3545}}
Aug 13 09:33:21.480504 np0000007187 nova-scheduler[96581]: DEBUG cotyledon.oslo_config_glue [-] oslo_messaging_rabbit.enable_cancel_on_failover = False {{(pid=96581) log_opt_values /opt/stack/data/venv/lib/python3.12/site-packages/oslo_config/cfg.py:3545}}
Aug 13 09:33:21.480504 np0000007187 nova-scheduler[96581]: DEBUG cotyledon.oslo_config_glue [-] oslo_messaging_rabbit.heartbeat_rate = 3 {{(pid=96581) log_opt_values /opt/stack/data/venv/lib/python3.12/site-packages/oslo_config/cfg.py:3545}}
Aug 13 09:33:21.480760 np0000007187 nova-scheduler[96581]: DEBUG cotyledon.oslo_config_glue [-] oslo_messaging_rabbit.heartbeat_timeout_threshold = 60 {{(pid=96581) log_opt_values /opt/stack/data/venv/lib/python3.12/site-packages/oslo_config/cfg.py:3545}}
Aug 13 09:33:21.480760 np0000007187 nova-scheduler[96581]: DEBUG cotyledon.oslo_config_glue [-] oslo_messaging_rabbit.hostname = np0000007187 {{(pid=96581) log_opt_values /opt/stack/data/venv/lib/python3.12/site-packages/oslo_config/cfg.py:3545}}
Aug 13 09:33:21.480760 np0000007187 nova-scheduler[96581]: DEBUG cotyledon.oslo_config_glue [-] oslo_messaging_rabbit.kombu_compression = None {{(pid=96581) log_opt_values /opt/stack/data/venv/lib/python3.12/site-packages/oslo_config/cfg.py:3545}}
Aug 13 09:33:21.480760 np0000007187 nova-scheduler[96581]: DEBUG cotyledon.oslo_config_glue [-] oslo_messaging_rabbit.kombu_failover_strategy = round-robin {{(pid=96581) log_opt_values /opt/stack/data/venv/lib/python3.12/site-packages/oslo_config/cfg.py:3545}}
Aug 13 09:33:21.480760 np0000007187 nova-scheduler[96581]: DEBUG cotyledon.oslo_config_glue [-] oslo_messaging_rabbit.kombu_missing_consumer_retry_timeout = 60 {{(pid=96581) log_opt_values /opt/stack/data/venv/lib/python3.12/site-packages/oslo_config/cfg.py:3545}}
Aug 13 09:33:21.480760 np0000007187 nova-scheduler[96581]: DEBUG cotyledon.oslo_config_glue [-] oslo_messaging_rabbit.kombu_reconnect_delay = 1.0 {{(pid=96581) log_opt_values /opt/stack/data/venv/lib/python3.12/site-packages/oslo_config/cfg.py:3545}}
Aug 13 09:33:21.480760 np0000007187 nova-scheduler[96581]: DEBUG cotyledon.oslo_config_glue [-] oslo_messaging_rabbit.kombu_reconnect_splay = 0.0 {{(pid=96581) log_opt_values /opt/stack/data/venv/lib/python3.12/site-packages/oslo_config/cfg.py:3545}}
Aug 13 09:33:21.480760 np0000007187 nova-scheduler[96581]: DEBUG cotyledon.oslo_config_glue [-] oslo_messaging_rabbit.processname = nova-scheduler {{(pid=96581) log_opt_values /opt/stack/data/venv/lib/python3.12/site-packages/oslo_config/cfg.py:3545}}
Aug 13 09:33:21.480760 np0000007187 nova-scheduler[96581]: DEBUG cotyledon.oslo_config_glue [-] oslo_messaging_rabbit.rabbit_ha_queues = False {{(pid=96581) log_opt_values /opt/stack/data/venv/lib/python3.12/site-packages/oslo_config/cfg.py:3545}}
Aug 13 09:33:21.481065 np0000007187 nova-scheduler[96581]: DEBUG cotyledon.oslo_config_glue [-] oslo_messaging_rabbit.rabbit_interval_max = 30 {{(pid=96581) log_opt_values /opt/stack/data/venv/lib/python3.12/site-packages/oslo_config/cfg.py:3545}}
Aug 13 09:33:21.481065 np0000007187 nova-scheduler[96581]: DEBUG cotyledon.oslo_config_glue [-] oslo_messaging_rabbit.rabbit_login_method = AMQPLAIN {{(pid=96581) log_opt_values /opt/stack/data/venv/lib/python3.12/site-packages/oslo_config/cfg.py:3545}}
Aug 13 09:33:21.481065 np0000007187 nova-scheduler[96581]: DEBUG cotyledon.oslo_config_glue [-] oslo_messaging_rabbit.rabbit_qos_prefetch_count = 0 {{(pid=96581) log_opt_values /opt/stack/data/venv/lib/python3.12/site-packages/oslo_config/cfg.py:3545}}
Aug 13 09:33:21.481065 np0000007187 nova-scheduler[96581]: DEBUG cotyledon.oslo_config_glue [-] oslo_messaging_rabbit.rabbit_quorum_delivery_limit = 0 {{(pid=96581) log_opt_values /opt/stack/data/venv/lib/python3.12/site-packages/oslo_config/cfg.py:3545}}
Aug 13 09:33:21.481065 np0000007187 nova-scheduler[96581]: DEBUG cotyledon.oslo_config_glue [-] oslo_messaging_rabbit.rabbit_quorum_max_memory_bytes = 0 {{(pid=96581) log_opt_values /opt/stack/data/venv/lib/python3.12/site-packages/oslo_config/cfg.py:3545}}
Aug 13 09:33:21.481065 np0000007187 nova-scheduler[96581]: DEBUG cotyledon.oslo_config_glue [-] oslo_messaging_rabbit.rabbit_quorum_max_memory_length = 0 {{(pid=96581) log_opt_values /opt/stack/data/venv/lib/python3.12/site-packages/oslo_config/cfg.py:3545}}
Aug 13 09:33:21.481065 np0000007187 nova-scheduler[96581]: DEBUG cotyledon.oslo_config_glue [-] oslo_messaging_rabbit.rabbit_quorum_queue = False {{(pid=96581) log_opt_values /opt/stack/data/venv/lib/python3.12/site-packages/oslo_config/cfg.py:3545}}
Aug 13 09:33:21.481065 np0000007187 nova-scheduler[96581]: DEBUG cotyledon.oslo_config_glue [-] oslo_messaging_rabbit.rabbit_retry_backoff = 2 {{(pid=96581) log_opt_values /opt/stack/data/venv/lib/python3.12/site-packages/oslo_config/cfg.py:3545}}
Aug 13 09:33:21.481065 np0000007187 nova-scheduler[96581]: DEBUG cotyledon.oslo_config_glue [-] oslo_messaging_rabbit.rabbit_retry_interval = 1 {{(pid=96581) log_opt_values /opt/stack/data/venv/lib/python3.12/site-packages/oslo_config/cfg.py:3545}}
Aug 13 09:33:21.481339 np0000007187 nova-scheduler[96581]: DEBUG cotyledon.oslo_config_glue [-] oslo_messaging_rabbit.rabbit_stream_fanout = False {{(pid=96581) log_opt_values /opt/stack/data/venv/lib/python3.12/site-packages/oslo_config/cfg.py:3545}}
Aug 13 09:33:21.481339 np0000007187 nova-scheduler[96581]: DEBUG cotyledon.oslo_config_glue [-] oslo_messaging_rabbit.rabbit_transient_queues_ttl = 1800 {{(pid=96581) log_opt_values /opt/stack/data/venv/lib/python3.12/site-packages/oslo_config/cfg.py:3545}}
Aug 13 09:33:21.481339 np0000007187 nova-scheduler[96581]: DEBUG cotyledon.oslo_config_glue [-] oslo_messaging_rabbit.rabbit_transient_quorum_queue = False {{(pid=96581) log_opt_values /opt/stack/data/venv/lib/python3.12/site-packages/oslo_config/cfg.py:3545}}
Aug 13 09:33:21.481339 np0000007187 nova-scheduler[96581]: DEBUG cotyledon.oslo_config_glue [-] oslo_messaging_rabbit.rpc_conn_pool_size = 30 {{(pid=96581) log_opt_values /opt/stack/data/venv/lib/python3.12/site-packages/oslo_config/cfg.py:3545}}
Aug 13 09:33:21.481339 np0000007187 nova-scheduler[96581]: DEBUG cotyledon.oslo_config_glue [-] oslo_messaging_rabbit.ssl = False {{(pid=96581) log_opt_values /opt/stack/data/venv/lib/python3.12/site-packages/oslo_config/cfg.py:3545}}
Aug 13 09:33:21.481339 np0000007187 nova-scheduler[96581]: DEBUG cotyledon.oslo_config_glue [-] oslo_messaging_rabbit.ssl_ca_file = {{(pid=96581) log_opt_values /opt/stack/data/venv/lib/python3.12/site-packages/oslo_config/cfg.py:3545}}
Aug 13 09:33:21.481339 np0000007187 nova-scheduler[96581]: DEBUG cotyledon.oslo_config_glue [-] oslo_messaging_rabbit.ssl_cert_file = {{(pid=96581) log_opt_values /opt/stack/data/venv/lib/python3.12/site-packages/oslo_config/cfg.py:3545}}
Aug 13 09:33:21.481339 np0000007187 nova-scheduler[96581]: DEBUG cotyledon.oslo_config_glue [-] oslo_messaging_rabbit.ssl_enforce_fips_mode = False {{(pid=96581) log_opt_values /opt/stack/data/venv/lib/python3.12/site-packages/oslo_config/cfg.py:3545}}
Aug 13 09:33:21.481339 np0000007187 nova-scheduler[96581]: DEBUG cotyledon.oslo_config_glue [-] oslo_messaging_rabbit.ssl_enforce_hostname_verification = True {{(pid=96581) log_opt_values /opt/stack/data/venv/lib/python3.12/site-packages/oslo_config/cfg.py:3545}}
Aug 13 09:33:21.481642 np0000007187 nova-scheduler[96581]: DEBUG cotyledon.oslo_config_glue [-] oslo_messaging_rabbit.ssl_key_file = {{(pid=96581) log_opt_values /opt/stack/data/venv/lib/python3.12/site-packages/oslo_config/cfg.py:3545}}
Aug 13 09:33:21.481642 np0000007187 nova-scheduler[96581]: DEBUG cotyledon.oslo_config_glue [-] oslo_messaging_rabbit.ssl_version = {{(pid=96581) log_opt_values /opt/stack/data/venv/lib/python3.12/site-packages/oslo_config/cfg.py:3545}}
Aug 13 09:33:21.481642 np0000007187 nova-scheduler[96581]: DEBUG cotyledon.oslo_config_glue [-] oslo_messaging_rabbit.use_queue_manager = False {{(pid=96581) log_opt_values /opt/stack/data/venv/lib/python3.12/site-packages/oslo_config/cfg.py:3545}}
Aug 13 09:33:21.481642 np0000007187 nova-scheduler[96581]: DEBUG cotyledon.oslo_config_glue [-] oslo_messaging_notifications.driver = ['messagingv2'] {{(pid=96581) log_opt_values /opt/stack/data/venv/lib/python3.12/site-packages/oslo_config/cfg.py:3545}}
Aug 13 09:33:21.481642 np0000007187 nova-scheduler[96581]: DEBUG cotyledon.oslo_config_glue [-] oslo_messaging_notifications.retry = -1 {{(pid=96581) log_opt_values /opt/stack/data/venv/lib/python3.12/site-packages/oslo_config/cfg.py:3545}}
Aug 13 09:33:21.481642 np0000007187 nova-scheduler[96581]: DEBUG cotyledon.oslo_config_glue [-] oslo_messaging_notifications.topics = ['notifications'] {{(pid=96581) log_opt_values /opt/stack/data/venv/lib/python3.12/site-packages/oslo_config/cfg.py:3545}}
Aug 13 09:33:21.481642 np0000007187 nova-scheduler[96581]: DEBUG cotyledon.oslo_config_glue [-] oslo_messaging_notifications.transport_url = **** {{(pid=96581) log_opt_values /opt/stack/data/venv/lib/python3.12/site-packages/oslo_config/cfg.py:3545}}
Aug 13 09:33:21.481642 np0000007187 nova-scheduler[96581]: DEBUG cotyledon.oslo_config_glue [-] oslo_limit.auth_section = None {{(pid=96581) log_opt_values /opt/stack/data/venv/lib/python3.12/site-packages/oslo_config/cfg.py:3545}}
Aug 13 09:33:21.481642 np0000007187 nova-scheduler[96581]: DEBUG cotyledon.oslo_config_glue [-] oslo_limit.auth_type = None {{(pid=96581) log_opt_values /opt/stack/data/venv/lib/python3.12/site-packages/oslo_config/cfg.py:3545}}
Aug 13 09:33:21.481921 np0000007187 nova-scheduler[96581]: DEBUG cotyledon.oslo_config_glue [-] oslo_limit.cafile = None {{(pid=96581) log_opt_values /opt/stack/data/venv/lib/python3.12/site-packages/oslo_config/cfg.py:3545}}
Aug 13 09:33:21.481921 np0000007187 nova-scheduler[96581]: DEBUG cotyledon.oslo_config_glue [-] oslo_limit.certfile = None {{(pid=96581) log_opt_values /opt/stack/data/venv/lib/python3.12/site-packages/oslo_config/cfg.py:3545}}
Aug 13 09:33:21.481921 np0000007187 nova-scheduler[96581]: DEBUG cotyledon.oslo_config_glue [-] oslo_limit.collect_timing = False {{(pid=96581) log_opt_values /opt/stack/data/venv/lib/python3.12/site-packages/oslo_config/cfg.py:3545}}
Aug 13 09:33:21.481921 np0000007187 nova-scheduler[96581]: DEBUG cotyledon.oslo_config_glue [-] oslo_limit.connect_retries = None {{(pid=96581) log_opt_values /opt/stack/data/venv/lib/python3.12/site-packages/oslo_config/cfg.py:3545}}
Aug 13 09:33:21.481921 np0000007187 nova-scheduler[96581]: DEBUG cotyledon.oslo_config_glue [-] oslo_limit.connect_retry_delay = None {{(pid=96581) log_opt_values /opt/stack/data/venv/lib/python3.12/site-packages/oslo_config/cfg.py:3545}}
Aug 13 09:33:21.481921 np0000007187 nova-scheduler[96581]: DEBUG cotyledon.oslo_config_glue [-] oslo_limit.endpoint_id = None {{(pid=96581) log_opt_values /opt/stack/data/venv/lib/python3.12/site-packages/oslo_config/cfg.py:3545}}
Aug 13 09:33:21.481921 np0000007187 nova-scheduler[96581]: DEBUG cotyledon.oslo_config_glue [-] oslo_limit.endpoint_interface = public {{(pid=96581) log_opt_values /opt/stack/data/venv/lib/python3.12/site-packages/oslo_config/cfg.py:3545}}
Aug 13 09:33:21.481921 np0000007187 nova-scheduler[96581]: DEBUG cotyledon.oslo_config_glue [-] oslo_limit.endpoint_override = None {{(pid=96581) log_opt_values /opt/stack/data/venv/lib/python3.12/site-packages/oslo_config/cfg.py:3545}}
Aug 13 09:33:21.481921 np0000007187 nova-scheduler[96581]: DEBUG cotyledon.oslo_config_glue [-] oslo_limit.endpoint_region_name = None {{(pid=96581) log_opt_values /opt/stack/data/venv/lib/python3.12/site-packages/oslo_config/cfg.py:3545}}
Aug 13 09:33:21.482174 np0000007187 nova-scheduler[96581]: DEBUG cotyledon.oslo_config_glue [-] oslo_limit.endpoint_service_name = None {{(pid=96581) log_opt_values /opt/stack/data/venv/lib/python3.12/site-packages/oslo_config/cfg.py:3545}}
Aug 13 09:33:21.482174 np0000007187 nova-scheduler[96581]: DEBUG cotyledon.oslo_config_glue [-] oslo_limit.endpoint_service_type = None {{(pid=96581) log_opt_values /opt/stack/data/venv/lib/python3.12/site-packages/oslo_config/cfg.py:3545}}
Aug 13 09:33:21.482174 np0000007187 nova-scheduler[96581]: DEBUG cotyledon.oslo_config_glue [-] oslo_limit.insecure = False {{(pid=96581) log_opt_values /opt/stack/data/venv/lib/python3.12/site-packages/oslo_config/cfg.py:3545}}
Aug 13 09:33:21.482174 np0000007187 nova-scheduler[96581]: DEBUG cotyledon.oslo_config_glue [-] oslo_limit.keyfile = None {{(pid=96581) log_opt_values /opt/stack/data/venv/lib/python3.12/site-packages/oslo_config/cfg.py:3545}}
Aug 13 09:33:21.482174 np0000007187 nova-scheduler[96581]: DEBUG cotyledon.oslo_config_glue [-] oslo_limit.max_version = None {{(pid=96581) log_opt_values /opt/stack/data/venv/lib/python3.12/site-packages/oslo_config/cfg.py:3545}}
Aug 13 09:33:21.482174 np0000007187 nova-scheduler[96581]: DEBUG cotyledon.oslo_config_glue [-] oslo_limit.min_version = None {{(pid=96581) log_opt_values /opt/stack/data/venv/lib/python3.12/site-packages/oslo_config/cfg.py:3545}}
Aug 13 09:33:21.482174 np0000007187 nova-scheduler[96581]: DEBUG cotyledon.oslo_config_glue [-] oslo_limit.region_name = None {{(pid=96581) log_opt_values /opt/stack/data/venv/lib/python3.12/site-packages/oslo_config/cfg.py:3545}}
Aug 13 09:33:21.482174 np0000007187 nova-scheduler[96581]: DEBUG cotyledon.oslo_config_glue [-] oslo_limit.retriable_status_codes = None {{(pid=96581) log_opt_values /opt/stack/data/venv/lib/python3.12/site-packages/oslo_config/cfg.py:3545}}
Aug 13 09:33:21.482174 np0000007187 nova-scheduler[96581]: DEBUG cotyledon.oslo_config_glue [-] oslo_limit.service_name = None {{(pid=96581) log_opt_values /opt/stack/data/venv/lib/python3.12/site-packages/oslo_config/cfg.py:3545}}
Aug 13 09:33:21.482409 np0000007187 nova-scheduler[96581]: DEBUG cotyledon.oslo_config_glue [-] oslo_limit.service_type = None {{(pid=96581) log_opt_values /opt/stack/data/venv/lib/python3.12/site-packages/oslo_config/cfg.py:3545}}
Aug 13 09:33:21.482409 np0000007187 nova-scheduler[96581]: DEBUG cotyledon.oslo_config_glue [-] oslo_limit.split_loggers = False {{(pid=96581) log_opt_values /opt/stack/data/venv/lib/python3.12/site-packages/oslo_config/cfg.py:3545}}
Aug 13 09:33:21.482409 np0000007187 nova-scheduler[96581]: DEBUG cotyledon.oslo_config_glue [-] oslo_limit.status_code_retries = None {{(pid=96581) log_opt_values /opt/stack/data/venv/lib/python3.12/site-packages/oslo_config/cfg.py:3545}}
Aug 13 09:33:21.482409 np0000007187 nova-scheduler[96581]: DEBUG cotyledon.oslo_config_glue [-] oslo_limit.status_code_retry_delay = None {{(pid=96581) log_opt_values /opt/stack/data/venv/lib/python3.12/site-packages/oslo_config/cfg.py:3545}}
Aug 13 09:33:21.482409 np0000007187 nova-scheduler[96581]: DEBUG cotyledon.oslo_config_glue [-] oslo_limit.timeout = None {{(pid=96581) log_opt_values /opt/stack/data/venv/lib/python3.12/site-packages/oslo_config/cfg.py:3545}}
Aug 13 09:33:21.482409 np0000007187 nova-scheduler[96581]: DEBUG cotyledon.oslo_config_glue [-] oslo_limit.valid_interfaces = None {{(pid=96581) log_opt_values /opt/stack/data/venv/lib/python3.12/site-packages/oslo_config/cfg.py:3545}}
Aug 13 09:33:21.482409 np0000007187 nova-scheduler[96581]: DEBUG cotyledon.oslo_config_glue [-] oslo_limit.version = None {{(pid=96581) log_opt_values /opt/stack/data/venv/lib/python3.12/site-packages/oslo_config/cfg.py:3545}}
Aug 13 09:33:21.482409 np0000007187 nova-scheduler[96581]: DEBUG cotyledon.oslo_config_glue [-] oslo_reports.file_event_handler = None {{(pid=96581) log_opt_values /opt/stack/data/venv/lib/python3.12/site-packages/oslo_config/cfg.py:3545}}
Aug 13 09:33:21.482409 np0000007187 nova-scheduler[96581]: DEBUG cotyledon.oslo_config_glue [-] oslo_reports.file_event_handler_interval = 1 {{(pid=96581) log_opt_values /opt/stack/data/venv/lib/python3.12/site-packages/oslo_config/cfg.py:3545}}
Aug 13 09:33:21.482649 np0000007187 nova-scheduler[96581]: DEBUG cotyledon.oslo_config_glue [-] oslo_reports.log_dir = None {{(pid=96581) log_opt_values /opt/stack/data/venv/lib/python3.12/site-packages/oslo_config/cfg.py:3545}}
Aug 13 09:33:21.482649 np0000007187 nova-scheduler[96581]: DEBUG cotyledon.oslo_config_glue [-] ******************************************************************************** {{(pid=96581) log_opt_values /opt/stack/data/venv/lib/python3.12/site-packages/oslo_config/cfg.py:3552}}
Aug 13 09:33:21.482649 np0000007187 nova-scheduler[96581]: DEBUG cotyledon._service_worker [-] Run service ServiceWrapper(2) [96581] {{(pid=96581) wait_forever /opt/stack/data/venv/lib/python3.12/site-packages/cotyledon/_service_worker.py:218}}
Aug 13 09:33:21.482649 np0000007187 nova-scheduler[96581]: INFO nova.service [-] Starting scheduler node (version 33.1.0)
Aug 13 09:33:21.482649 np0000007187 nova-scheduler[96581]: INFO dbcounter [None req-97bb03d2-b803-4370-a802-64adb41775e2 None None] Registered counter for database nova_cell0
Aug 13 09:33:21.482787 np0000007187 nova-scheduler[96577]: DEBUG oslo_db.sqlalchemy.engines [None req-52a8a730-3377-4d73-9f52-61456a986ef5 None None] MySQL server mode set to STRICT_TRANS_TABLES,STRICT_ALL_TABLES,NO_ZERO_IN_DATE,NO_ZERO_DATE,ERROR_FOR_DIVISION_BY_ZERO,TRADITIONAL,NO_ENGINE_SUBSTITUTION {{(pid=96577) _check_effective_sql_mode /opt/stack/data/venv/lib/python3.12/site-packages/oslo_db/sqlalchemy/engines.py:325}}
Aug 13 09:33:21.482787 np0000007187 nova-scheduler[96577]: DEBUG dbcounter [-] [96577] Writer thread running {{(pid=96577) stat_writer /opt/stack/data/venv/lib/python3.12/site-packages/dbcounter.py:102}}
Aug 13 09:33:21.482854 np0000007187 nova-scheduler[96583]: DEBUG oslo_db.sqlalchemy.engines [None req-f2693de2-8fd6-4362-96cc-3f0a0c09bc2e None None] MySQL server mode set to STRICT_TRANS_TABLES,STRICT_ALL_TABLES,NO_ZERO_IN_DATE,NO_ZERO_DATE,ERROR_FOR_DIVISION_BY_ZERO,TRADITIONAL,NO_ENGINE_SUBSTITUTION {{(pid=96583) _check_effective_sql_mode /opt/stack/data/venv/lib/python3.12/site-packages/oslo_db/sqlalchemy/engines.py:325}}
Aug 13 09:33:21.482892 np0000007187 nova-scheduler[96579]: DEBUG oslo_db.sqlalchemy.engines [None req-b246cda9-d8d3-4fbb-90a1-b35cd772cb47 None None] MySQL server mode set to STRICT_TRANS_TABLES,STRICT_ALL_TABLES,NO_ZERO_IN_DATE,NO_ZERO_DATE,ERROR_FOR_DIVISION_BY_ZERO,TRADITIONAL,NO_ENGINE_SUBSTITUTION {{(pid=96579) _check_effective_sql_mode /opt/stack/data/venv/lib/python3.12/site-packages/oslo_db/sqlalchemy/engines.py:325}}
Aug 13 09:33:21.491948 np0000007187 nova-scheduler[96577]: DEBUG nova.service [None req-52a8a730-3377-4d73-9f52-61456a986ef5 None None] Creating RPC server for service: nova-scheduler on topic: scheduler {{(pid=96577) start /opt/stack/nova/nova/service.py:196}}
Aug 13 09:33:21.498329 np0000007187 nova-scheduler[96579]: DEBUG dbcounter [-] [96579] Writer thread running {{(pid=96579) stat_writer /opt/stack/data/venv/lib/python3.12/site-packages/dbcounter.py:102}}
Aug 13 09:33:21.498922 np0000007187 nova-scheduler[96581]: DEBUG oslo_db.sqlalchemy.engines [None req-97bb03d2-b803-4370-a802-64adb41775e2 None None] MySQL server mode set to STRICT_TRANS_TABLES,STRICT_ALL_TABLES,NO_ZERO_IN_DATE,NO_ZERO_DATE,ERROR_FOR_DIVISION_BY_ZERO,TRADITIONAL,NO_ENGINE_SUBSTITUTION {{(pid=96581) _check_effective_sql_mode /opt/stack/data/venv/lib/python3.12/site-packages/oslo_db/sqlalchemy/engines.py:325}}
Aug 13 09:33:21.499687 np0000007187 nova-scheduler[96583]: DEBUG dbcounter [-] [96583] Writer thread running {{(pid=96583) stat_writer /opt/stack/data/venv/lib/python3.12/site-packages/dbcounter.py:102}}
Aug 13 09:33:21.502155 np0000007187 nova-scheduler[96579]: DEBUG nova.service [None req-b246cda9-d8d3-4fbb-90a1-b35cd772cb47 None None] Creating RPC server for service: nova-scheduler on topic: scheduler {{(pid=96579) start /opt/stack/nova/nova/service.py:196}}
Aug 13 09:33:21.503455 np0000007187 nova-scheduler[96583]: DEBUG nova.service [None req-f2693de2-8fd6-4362-96cc-3f0a0c09bc2e None None] Creating RPC server for service: nova-scheduler on topic: scheduler {{(pid=96583) start /opt/stack/nova/nova/service.py:196}}
Aug 13 09:33:21.509004 np0000007187 nova-scheduler[96581]: DEBUG dbcounter [-] [96581] Writer thread running {{(pid=96581) stat_writer /opt/stack/data/venv/lib/python3.12/site-packages/dbcounter.py:102}}
Aug 13 09:33:21.511750 np0000007187 nova-scheduler[96581]: DEBUG nova.service [None req-97bb03d2-b803-4370-a802-64adb41775e2 None None] Creating RPC server for service: nova-scheduler on topic: scheduler {{(pid=96581) start /opt/stack/nova/nova/service.py:196}}
Aug 13 09:33:21.518997 np0000007187 nova-scheduler[96577]: DEBUG nova.service [None req-52a8a730-3377-4d73-9f52-61456a986ef5 None None] Join ServiceGroup membership for this service scheduler {{(pid=96577) start /opt/stack/nova/nova/service.py:222}}
Aug 13 09:33:21.519343 np0000007187 nova-scheduler[96579]: DEBUG nova.service [None req-b246cda9-d8d3-4fbb-90a1-b35cd772cb47 None None] Join ServiceGroup membership for this service scheduler {{(pid=96579) start /opt/stack/nova/nova/service.py:222}}
Aug 13 09:33:21.519546 np0000007187 nova-scheduler[96579]: DEBUG nova.servicegroup.drivers.db [None req-b246cda9-d8d3-4fbb-90a1-b35cd772cb47 None None] DB_Driver: join new ServiceGroup member np0000007187 to the scheduler group, service = {{(pid=96579) join /opt/stack/nova/nova/servicegroup/drivers/db.py:44}}
Aug 13 09:33:21.519610 np0000007187 nova-scheduler[96577]: DEBUG nova.servicegroup.drivers.db [None req-52a8a730-3377-4d73-9f52-61456a986ef5 None None] DB_Driver: join new ServiceGroup member np0000007187 to the scheduler group, service = {{(pid=96577) join /opt/stack/nova/nova/servicegroup/drivers/db.py:44}}
Aug 13 09:33:21.522670 np0000007187 nova-scheduler[96583]: DEBUG nova.service [None req-f2693de2-8fd6-4362-96cc-3f0a0c09bc2e None None] Join ServiceGroup membership for this service scheduler {{(pid=96583) start /opt/stack/nova/nova/service.py:222}}
Aug 13 09:33:21.522875 np0000007187 nova-scheduler[96583]: DEBUG nova.servicegroup.drivers.db [None req-f2693de2-8fd6-4362-96cc-3f0a0c09bc2e None None] DB_Driver: join new ServiceGroup member np0000007187 to the scheduler group, service = {{(pid=96583) join /opt/stack/nova/nova/servicegroup/drivers/db.py:44}}
Aug 13 09:33:21.528187 np0000007187 nova-scheduler[96581]: DEBUG nova.service [None req-97bb03d2-b803-4370-a802-64adb41775e2 None None] Join ServiceGroup membership for this service scheduler {{(pid=96581) start /opt/stack/nova/nova/service.py:222}}
Aug 13 09:33:21.528384 np0000007187 nova-scheduler[96581]: DEBUG nova.servicegroup.drivers.db [None req-97bb03d2-b803-4370-a802-64adb41775e2 None None] DB_Driver: join new ServiceGroup member np0000007187 to the scheduler group, service = {{(pid=96581) join /opt/stack/nova/nova/servicegroup/drivers/db.py:44}}
Aug 13 09:33:26.533671 np0000007187 nova-scheduler[96579]: DEBUG oslo.service.backend._threading.loopingcall [-] Fixed interval looping call 'nova.servicegroup.drivers.db.DbDriver._report_state' sleeping for 119.99 seconds {{(pid=96579) _run_loop /opt/stack/data/venv/lib/python3.12/site-packages/oslo_service/backend/_threading/loopingcall.py:125}}
Aug 13 09:33:26.534732 np0000007187 nova-scheduler[96577]: DEBUG oslo.service.backend._threading.loopingcall [-] Fixed interval looping call 'nova.servicegroup.drivers.db.DbDriver._report_state' sleeping for 119.99 seconds {{(pid=96577) _run_loop /opt/stack/data/venv/lib/python3.12/site-packages/oslo_service/backend/_threading/loopingcall.py:125}}
Aug 13 09:33:26.535166 np0000007187 nova-scheduler[96583]: DEBUG oslo.service.backend._threading.loopingcall [-] Fixed interval looping call 'nova.servicegroup.drivers.db.DbDriver._report_state' sleeping for 119.99 seconds {{(pid=96583) _run_loop /opt/stack/data/venv/lib/python3.12/site-packages/oslo_service/backend/_threading/loopingcall.py:125}}
Aug 13 09:33:26.540211 np0000007187 nova-scheduler[96581]: DEBUG oslo.service.backend._threading.loopingcall [-] Fixed interval looping call 'nova.servicegroup.drivers.db.DbDriver._report_state' sleeping for 119.99 seconds {{(pid=96581) _run_loop /opt/stack/data/venv/lib/python3.12/site-packages/oslo_service/backend/_threading/loopingcall.py:125}}
Aug 13 09:33:30.077580 np0000007187 nova-scheduler[95370]: DEBUG dbcounter [-] [95370] Writing DB stats nova_api:SELECT=3 {{(pid=95370) stat_writer /opt/stack/data/venv/lib/python3.12/site-packages/dbcounter.py:115}}
Aug 13 09:33:30.218075 np0000007187 nova-scheduler[95370]: DEBUG dbcounter [-] [95370] Writing DB stats nova_cell0:SELECT=1 {{(pid=95370) stat_writer /opt/stack/data/venv/lib/python3.12/site-packages/dbcounter.py:115}}
Aug 13 09:33:30.223022 np0000007187 nova-scheduler[95370]: DEBUG dbcounter [-] [95370] Writing DB stats nova_cell1:SELECT=1 {{(pid=95370) stat_writer /opt/stack/data/venv/lib/python3.12/site-packages/dbcounter.py:115}}
Aug 13 09:33:36.530178 np0000007187 nova-scheduler[96579]: DEBUG dbcounter [-] [96579] Writing DB stats nova_cell0:SELECT=3,nova_cell0:UPDATE=1 {{(pid=96579) stat_writer /opt/stack/data/venv/lib/python3.12/site-packages/dbcounter.py:115}}
Aug 13 09:33:36.533743 np0000007187 nova-scheduler[96577]: DEBUG dbcounter [-] [96577] Writing DB stats nova_cell0:SELECT=4,nova_cell0:INSERT=1,nova_cell0:UPDATE=1 {{(pid=96577) stat_writer /opt/stack/data/venv/lib/python3.12/site-packages/dbcounter.py:115}}
Aug 13 09:33:36.537577 np0000007187 nova-scheduler[96583]: DEBUG dbcounter [-] [96583] Writing DB stats nova_cell0:SELECT=3,nova_cell0:UPDATE=1 {{(pid=96583) stat_writer /opt/stack/data/venv/lib/python3.12/site-packages/dbcounter.py:115}}
Aug 13 09:33:36.537790 np0000007187 nova-scheduler[96581]: DEBUG dbcounter [-] [96581] Writing DB stats nova_cell0:SELECT=3 {{(pid=96581) stat_writer /opt/stack/data/venv/lib/python3.12/site-packages/dbcounter.py:115}}
Aug 13 09:33:47.524822 np0000007187 nova-scheduler[96583]: DEBUG oslo.service.backend._threading.loopingcall [None req-a3f74750-0e47-41d8-941b-db52d920a431 None None] Dynamic interval looping call 'nova.service.Service.periodic_tasks' sleeping for 60.00 seconds {{(pid=96583) _run_loop /opt/stack/data/venv/lib/python3.12/site-packages/oslo_service/backend/_threading/loopingcall.py:125}}
Aug 13 09:33:53.530407 np0000007187 nova-scheduler[96581]: DEBUG oslo.service.backend._threading.loopingcall [None req-8037d2b6-e597-45e0-90b5-6399438ec2ab None None] Dynamic interval looping call 'nova.service.Service.periodic_tasks' sleeping for 60.00 seconds {{(pid=96581) _run_loop /opt/stack/data/venv/lib/python3.12/site-packages/oslo_service/backend/_threading/loopingcall.py:125}}
Aug 13 09:33:57.523589 np0000007187 nova-scheduler[96577]: DEBUG oslo.service.backend._threading.loopingcall [None req-f62b0e5e-b711-4c96-9ee1-1db860cbb2a9 None None] Dynamic interval looping call 'nova.service.Service.periodic_tasks' sleeping for 60.00 seconds {{(pid=96577) _run_loop /opt/stack/data/venv/lib/python3.12/site-packages/oslo_service/backend/_threading/loopingcall.py:125}}
Aug 13 09:34:17.521351 np0000007187 nova-scheduler[96579]: DEBUG oslo.service.backend._threading.loopingcall [None req-ded85baa-6c25-423b-a840-57ef9d589dd4 None None] Dynamic interval looping call 'nova.service.Service.periodic_tasks' sleeping for 60.00 seconds {{(pid=96579) _run_loop /opt/stack/data/venv/lib/python3.12/site-packages/oslo_service/backend/_threading/loopingcall.py:125}}
Aug 13 09:34:47.525359 np0000007187 nova-scheduler[96583]: DEBUG oslo.service.backend._threading.loopingcall [None req-a3f74750-0e47-41d8-941b-db52d920a431 None None] Dynamic interval looping call 'nova.service.Service.periodic_tasks' sleeping for 60.00 seconds {{(pid=96583) _run_loop /opt/stack/data/venv/lib/python3.12/site-packages/oslo_service/backend/_threading/loopingcall.py:125}}
Aug 13 09:34:53.530930 np0000007187 nova-scheduler[96581]: DEBUG oslo.service.backend._threading.loopingcall [None req-8037d2b6-e597-45e0-90b5-6399438ec2ab None None] Dynamic interval looping call 'nova.service.Service.periodic_tasks' sleeping for 60.00 seconds {{(pid=96581) _run_loop /opt/stack/data/venv/lib/python3.12/site-packages/oslo_service/backend/_threading/loopingcall.py:125}}
Aug 13 09:34:57.524030 np0000007187 nova-scheduler[96577]: DEBUG oslo.service.backend._threading.loopingcall [None req-f62b0e5e-b711-4c96-9ee1-1db860cbb2a9 None None] Dynamic interval looping call 'nova.service.Service.periodic_tasks' sleeping for 60.00 seconds {{(pid=96577) _run_loop /opt/stack/data/venv/lib/python3.12/site-packages/oslo_service/backend/_threading/loopingcall.py:125}}
Aug 13 09:35:17.521912 np0000007187 nova-scheduler[96579]: DEBUG oslo.service.backend._threading.loopingcall [None req-ded85baa-6c25-423b-a840-57ef9d589dd4 None None] Dynamic interval looping call 'nova.service.Service.periodic_tasks' sleeping for 60.00 seconds {{(pid=96579) _run_loop /opt/stack/data/venv/lib/python3.12/site-packages/oslo_service/backend/_threading/loopingcall.py:125}}
Aug 13 09:35:26.530265 np0000007187 nova-scheduler[96579]: DEBUG oslo.service.backend._threading.loopingcall [-] Fixed interval looping call 'nova.servicegroup.drivers.db.DbDriver._report_state' sleeping for 119.99 seconds {{(pid=96579) _run_loop /opt/stack/data/venv/lib/python3.12/site-packages/oslo_service/backend/_threading/loopingcall.py:125}}
Aug 13 09:35:26.530707 np0000007187 nova-scheduler[96577]: DEBUG oslo.service.backend._threading.loopingcall [-] Fixed interval looping call 'nova.servicegroup.drivers.db.DbDriver._report_state' sleeping for 119.99 seconds {{(pid=96577) _run_loop /opt/stack/data/venv/lib/python3.12/site-packages/oslo_service/backend/_threading/loopingcall.py:125}}
Aug 13 09:35:26.532225 np0000007187 nova-scheduler[96583]: DEBUG oslo.service.backend._threading.loopingcall [-] Fixed interval looping call 'nova.servicegroup.drivers.db.DbDriver._report_state' sleeping for 119.99 seconds {{(pid=96583) _run_loop /opt/stack/data/venv/lib/python3.12/site-packages/oslo_service/backend/_threading/loopingcall.py:125}}
Aug 13 09:35:26.536068 np0000007187 nova-scheduler[96581]: DEBUG oslo.service.backend._threading.loopingcall [-] Fixed interval looping call 'nova.servicegroup.drivers.db.DbDriver._report_state' sleeping for 119.99 seconds {{(pid=96581) _run_loop /opt/stack/data/venv/lib/python3.12/site-packages/oslo_service/backend/_threading/loopingcall.py:125}}
Aug 13 09:35:30.830681 np0000007187 nova-scheduler[96577]: DEBUG nova.scheduler.manager [None req-fc5d4f43-bf4d-4d4f-99e5-0430271d36ef tempest-DeleteServersTestJSON-1406470964 tempest-DeleteServersTestJSON-1406470964-project-member] Starting to schedule for instances: ['ca8a2061-ae04-4854-96f4-814e2b666124'] {{(pid=96577) select_destinations /opt/stack/nova/nova/scheduler/manager.py:209}}
Aug 13 09:35:30.830681 np0000007187 nova-scheduler[96577]: DEBUG nova.scheduler.request_filter [None req-fc5d4f43-bf4d-4d4f-99e5-0430271d36ef tempest-DeleteServersTestJSON-1406470964 tempest-DeleteServersTestJSON-1406470964-project-member] compute_status_filter request filter added forbidden trait COMPUTE_STATUS_DISABLED {{(pid=96577) compute_status_filter /opt/stack/nova/nova/scheduler/request_filter.py:253}}
Aug 13 09:35:30.830681 np0000007187 nova-scheduler[96577]: DEBUG nova.scheduler.request_filter [None req-fc5d4f43-bf4d-4d4f-99e5-0430271d36ef tempest-DeleteServersTestJSON-1406470964 tempest-DeleteServersTestJSON-1406470964-project-member] Request filter 'compute_status_filter' took 0.0 seconds {{(pid=96577) wrapper /opt/stack/nova/nova/scheduler/request_filter.py:46}}
Aug 13 09:35:30.830681 np0000007187 nova-scheduler[96577]: DEBUG nova.scheduler.request_filter [None req-fc5d4f43-bf4d-4d4f-99e5-0430271d36ef tempest-DeleteServersTestJSON-1406470964 tempest-DeleteServersTestJSON-1406470964-project-member] Request filter 'accelerators_filter' took 0.0 seconds {{(pid=96577) wrapper /opt/stack/nova/nova/scheduler/request_filter.py:46}}
Aug 13 09:35:30.830681 np0000007187 nova-scheduler[96577]: DEBUG nova.scheduler.request_filter [None req-fc5d4f43-bf4d-4d4f-99e5-0430271d36ef tempest-DeleteServersTestJSON-1406470964 tempest-DeleteServersTestJSON-1406470964-project-member] Request filter 'packed_virtqueue_filter' took 0.0 seconds {{(pid=96577) wrapper /opt/stack/nova/nova/scheduler/request_filter.py:46}}
Aug 13 09:35:30.831022 np0000007187 nova-scheduler[96577]: DEBUG nova.scheduler.request_filter [None req-fc5d4f43-bf4d-4d4f-99e5-0430271d36ef tempest-DeleteServersTestJSON-1406470964 tempest-DeleteServersTestJSON-1406470964-project-member] Request filter 'remote_managed_ports_filter' took 0.0 seconds {{(pid=96577) wrapper /opt/stack/nova/nova/scheduler/request_filter.py:46}}
Aug 13 09:35:30.831022 np0000007187 nova-scheduler[96577]: DEBUG nova.scheduler.request_filter [None req-fc5d4f43-bf4d-4d4f-99e5-0430271d36ef tempest-DeleteServersTestJSON-1406470964 tempest-DeleteServersTestJSON-1406470964-project-member] ephemeral_encryption_filter skipped {{(pid=96577) ephemeral_encryption_filter /opt/stack/nova/nova/scheduler/request_filter.py:426}}
Aug 13 09:35:30.831599 np0000007187 nova-scheduler[96577]: DEBUG nova.scheduler.request_filter [None req-fc5d4f43-bf4d-4d4f-99e5-0430271d36ef tempest-DeleteServersTestJSON-1406470964 tempest-DeleteServersTestJSON-1406470964-project-member] virtio_sound_filter skipped {{(pid=96577) virtio_sound_filter /opt/stack/nova/nova/scheduler/request_filter.py:460}}
Aug 13 09:35:30.833128 np0000007187 nova-scheduler[96577]: DEBUG nova.scheduler.request_filter [None req-fc5d4f43-bf4d-4d4f-99e5-0430271d36ef tempest-DeleteServersTestJSON-1406470964 tempest-DeleteServersTestJSON-1406470964-project-member] tpm_secret_security_filter skipped {{(pid=96577) tpm_secret_security_filter /opt/stack/nova/nova/scheduler/request_filter.py:477}}
Aug 13 09:35:31.356132 np0000007187 nova-scheduler[96577]: INFO nova.utils [None req-fc5d4f43-bf4d-4d4f-99e5-0430271d36ef tempest-DeleteServersTestJSON-1406470964 tempest-DeleteServersTestJSON-1406470964-project-member] The cell worker thread pool ForkProcess-1.cell_worker is initialized
Aug 13 09:35:31.356210 np0000007187 nova-scheduler[96577]: DEBUG oslo_concurrency.lockutils [None req-fc5d4f43-bf4d-4d4f-99e5-0430271d36ef tempest-DeleteServersTestJSON-1406470964 tempest-DeleteServersTestJSON-1406470964-project-member] Acquiring lock "9c5a7b66-1fea-40ab-95ae-4c095a3a1373" by "nova.context.set_target_cell..get_or_set_cached_cell_and_set_connections" {{(pid=96577) inner /opt/stack/data/venv/lib/python3.12/site-packages/oslo_concurrency/lockutils.py:512}}
Aug 13 09:35:31.356425 np0000007187 nova-scheduler[96577]: DEBUG oslo_concurrency.lockutils [None req-fc5d4f43-bf4d-4d4f-99e5-0430271d36ef tempest-DeleteServersTestJSON-1406470964 tempest-DeleteServersTestJSON-1406470964-project-member] Lock "9c5a7b66-1fea-40ab-95ae-4c095a3a1373" acquired by "nova.context.set_target_cell..get_or_set_cached_cell_and_set_connections" :: waited 0.001s {{(pid=96577) inner /opt/stack/data/venv/lib/python3.12/site-packages/oslo_concurrency/lockutils.py:525}}
Aug 13 09:35:31.358417 np0000007187 nova-scheduler[96577]: DEBUG oslo_concurrency.lockutils [None req-fc5d4f43-bf4d-4d4f-99e5-0430271d36ef tempest-DeleteServersTestJSON-1406470964 tempest-DeleteServersTestJSON-1406470964-project-member] Lock "9c5a7b66-1fea-40ab-95ae-4c095a3a1373" "released" by "nova.context.set_target_cell..get_or_set_cached_cell_and_set_connections" :: held 0.002s {{(pid=96577) inner /opt/stack/data/venv/lib/python3.12/site-packages/oslo_concurrency/lockutils.py:544}}
Aug 13 09:35:31.360502 np0000007187 nova-scheduler[96577]: INFO dbcounter [None req-fc5d4f43-bf4d-4d4f-99e5-0430271d36ef tempest-DeleteServersTestJSON-1406470964 tempest-DeleteServersTestJSON-1406470964-project-member] Registered counter for database nova_cell1
Aug 13 09:35:31.406757 np0000007187 nova-scheduler[96577]: DEBUG oslo_db.sqlalchemy.engines [None req-fc5d4f43-bf4d-4d4f-99e5-0430271d36ef tempest-DeleteServersTestJSON-1406470964 tempest-DeleteServersTestJSON-1406470964-project-member] MySQL server mode set to STRICT_TRANS_TABLES,STRICT_ALL_TABLES,NO_ZERO_IN_DATE,NO_ZERO_DATE,ERROR_FOR_DIVISION_BY_ZERO,TRADITIONAL,NO_ENGINE_SUBSTITUTION {{(pid=96577) _check_effective_sql_mode /opt/stack/data/venv/lib/python3.12/site-packages/oslo_db/sqlalchemy/engines.py:325}}
Aug 13 09:35:31.413600 np0000007187 nova-scheduler[96577]: DEBUG dbcounter [-] [96577] Writer thread running {{(pid=96577) stat_writer /opt/stack/data/venv/lib/python3.12/site-packages/dbcounter.py:102}}
Aug 13 09:35:31.427252 np0000007187 nova-scheduler[96577]: DEBUG oslo_db.sqlalchemy.engines [None req-fc5d4f43-bf4d-4d4f-99e5-0430271d36ef tempest-DeleteServersTestJSON-1406470964 tempest-DeleteServersTestJSON-1406470964-project-member] Parent process 95370 forked (96577) with an open database connection, which is being discarded and recreated. {{(pid=96577) checkout /opt/stack/data/venv/lib/python3.12/site-packages/oslo_db/sqlalchemy/engines.py:402}}
Aug 13 09:35:31.482313 np0000007187 nova-scheduler[96577]: DEBUG dbcounter [-] [96577] Writer thread running {{(pid=96577) stat_writer /opt/stack/data/venv/lib/python3.12/site-packages/dbcounter.py:102}}
Aug 13 09:35:31.487163 np0000007187 nova-scheduler[96577]: DEBUG oslo_concurrency.lockutils [None req-fc5d4f43-bf4d-4d4f-99e5-0430271d36ef tempest-DeleteServersTestJSON-1406470964 tempest-DeleteServersTestJSON-1406470964-project-member] Acquiring lock "9c5a7b66-1fea-40ab-95ae-4c095a3a1373" by "nova.context.set_target_cell..get_or_set_cached_cell_and_set_connections" {{(pid=96577) inner /opt/stack/data/venv/lib/python3.12/site-packages/oslo_concurrency/lockutils.py:512}}
Aug 13 09:35:31.487364 np0000007187 nova-scheduler[96577]: DEBUG oslo_concurrency.lockutils [None req-fc5d4f43-bf4d-4d4f-99e5-0430271d36ef tempest-DeleteServersTestJSON-1406470964 tempest-DeleteServersTestJSON-1406470964-project-member] Lock "9c5a7b66-1fea-40ab-95ae-4c095a3a1373" acquired by "nova.context.set_target_cell..get_or_set_cached_cell_and_set_connections" :: waited 0.000s {{(pid=96577) inner /opt/stack/data/venv/lib/python3.12/site-packages/oslo_concurrency/lockutils.py:525}}
Aug 13 09:35:31.487479 np0000007187 nova-scheduler[96577]: DEBUG oslo_concurrency.lockutils [None req-fc5d4f43-bf4d-4d4f-99e5-0430271d36ef tempest-DeleteServersTestJSON-1406470964 tempest-DeleteServersTestJSON-1406470964-project-member] Lock "9c5a7b66-1fea-40ab-95ae-4c095a3a1373" "released" by "nova.context.set_target_cell..get_or_set_cached_cell_and_set_connections" :: held 0.000s {{(pid=96577) inner /opt/stack/data/venv/lib/python3.12/site-packages/oslo_concurrency/lockutils.py:544}}
Aug 13 09:35:31.491548 np0000007187 nova-scheduler[96577]: DEBUG oslo_concurrency.lockutils [None req-fc5d4f43-bf4d-4d4f-99e5-0430271d36ef tempest-DeleteServersTestJSON-1406470964 tempest-DeleteServersTestJSON-1406470964-project-member] Acquiring lock "np0000007187-np0000007187" by "nova.scheduler.host_manager.HostState.update.._locked_update" {{(pid=96577) inner /opt/stack/data/venv/lib/python3.12/site-packages/oslo_concurrency/lockutils.py:512}}
