Aug 13 09:33:26.734743 np0000007187 nova-conductor[99041]: DEBUG cotyledon.oslo_config_glue [-] workarounds.disable_rootwrap = False {{(pid=99041) log_opt_values /opt/stack/data/venv/lib/python3.12/site-packages/oslo_config/cfg.py:3545}}
Aug 13 09:33:26.734743 np0000007187 nova-conductor[99041]: DEBUG cotyledon.oslo_config_glue [-] workarounds.enable_numa_live_migration = False {{(pid=99041) log_opt_values /opt/stack/data/venv/lib/python3.12/site-packages/oslo_config/cfg.py:3545}}
Aug 13 09:33:26.734743 np0000007187 nova-conductor[99041]: DEBUG cotyledon.oslo_config_glue [-] workarounds.enable_qemu_monitor_announce_self = False {{(pid=99041) log_opt_values /opt/stack/data/venv/lib/python3.12/site-packages/oslo_config/cfg.py:3545}}
Aug 13 09:33:26.734743 np0000007187 nova-conductor[99041]: DEBUG cotyledon.oslo_config_glue [-] workarounds.ensure_libvirt_rbd_instance_dir_cleanup = False {{(pid=99041) log_opt_values /opt/stack/data/venv/lib/python3.12/site-packages/oslo_config/cfg.py:3545}}
Aug 13 09:33:26.734743 np0000007187 nova-conductor[99041]: DEBUG cotyledon.oslo_config_glue [-] workarounds.handle_virt_lifecycle_events = True {{(pid=99041) log_opt_values /opt/stack/data/venv/lib/python3.12/site-packages/oslo_config/cfg.py:3545}}
Aug 13 09:33:26.734743 np0000007187 nova-conductor[99041]: DEBUG cotyledon.oslo_config_glue [-] workarounds.libvirt_disable_apic = False {{(pid=99041) log_opt_values /opt/stack/data/venv/lib/python3.12/site-packages/oslo_config/cfg.py:3545}}
Aug 13 09:33:26.734743 np0000007187 nova-conductor[99041]: DEBUG cotyledon.oslo_config_glue [-] workarounds.never_download_image_if_on_rbd = False {{(pid=99041) log_opt_values /opt/stack/data/venv/lib/python3.12/site-packages/oslo_config/cfg.py:3545}}
Aug 13 09:33:26.735106 np0000007187 nova-conductor[99041]: DEBUG cotyledon.oslo_config_glue [-] workarounds.qemu_monitor_announce_self_count = 3 {{(pid=99041) log_opt_values /opt/stack/data/venv/lib/python3.12/site-packages/oslo_config/cfg.py:3545}}
Aug 13 09:33:26.735106 np0000007187 nova-conductor[99041]: DEBUG cotyledon.oslo_config_glue [-] workarounds.qemu_monitor_announce_self_interval = 1 {{(pid=99041) log_opt_values /opt/stack/data/venv/lib/python3.12/site-packages/oslo_config/cfg.py:3545}}
Aug 13 09:33:26.735106 np0000007187 nova-conductor[99041]: DEBUG cotyledon.oslo_config_glue [-] workarounds.reserve_disk_resource_for_image_cache = False {{(pid=99041) log_opt_values /opt/stack/data/venv/lib/python3.12/site-packages/oslo_config/cfg.py:3545}}
Aug 13 09:33:26.735106 np0000007187 nova-conductor[99041]: DEBUG cotyledon.oslo_config_glue [-] workarounds.skip_cpu_compare_at_startup = False {{(pid=99041) log_opt_values /opt/stack/data/venv/lib/python3.12/site-packages/oslo_config/cfg.py:3545}}
Aug 13 09:33:26.735106 np0000007187 nova-conductor[99041]: DEBUG cotyledon.oslo_config_glue [-] workarounds.skip_cpu_compare_on_dest = False {{(pid=99041) log_opt_values /opt/stack/data/venv/lib/python3.12/site-packages/oslo_config/cfg.py:3545}}
Aug 13 09:33:26.735106 np0000007187 nova-conductor[99041]: DEBUG cotyledon.oslo_config_glue [-] workarounds.skip_hypervisor_version_check_on_lm = False {{(pid=99041) log_opt_values /opt/stack/data/venv/lib/python3.12/site-packages/oslo_config/cfg.py:3545}}
Aug 13 09:33:26.735106 np0000007187 nova-conductor[99041]: DEBUG cotyledon.oslo_config_glue [-] workarounds.skip_reserve_in_use_ironic_nodes = False {{(pid=99041) log_opt_values /opt/stack/data/venv/lib/python3.12/site-packages/oslo_config/cfg.py:3545}}
Aug 13 09:33:26.735106 np0000007187 nova-conductor[99041]: DEBUG cotyledon.oslo_config_glue [-] workarounds.unified_limits_count_pcpu_as_vcpu = False {{(pid=99041) log_opt_values /opt/stack/data/venv/lib/python3.12/site-packages/oslo_config/cfg.py:3545}}
Aug 13 09:33:26.735402 np0000007187 nova-conductor[99041]: DEBUG cotyledon.oslo_config_glue [-] workarounds.wait_for_vif_plugged_event_during_hard_reboot = [] {{(pid=99041) log_opt_values /opt/stack/data/venv/lib/python3.12/site-packages/oslo_config/cfg.py:3545}}
Aug 13 09:33:26.735402 np0000007187 nova-conductor[99041]: DEBUG cotyledon.oslo_config_glue [-] wsgi.api_paste_config = /etc/nova/api-paste.ini {{(pid=99041) log_opt_values /opt/stack/data/venv/lib/python3.12/site-packages/oslo_config/cfg.py:3545}}
Aug 13 09:33:26.735402 np0000007187 nova-conductor[99041]: DEBUG cotyledon.oslo_config_glue [-] wsgi.secure_proxy_ssl_header = None {{(pid=99041) log_opt_values /opt/stack/data/venv/lib/python3.12/site-packages/oslo_config/cfg.py:3545}}
Aug 13 09:33:26.735402 np0000007187 nova-conductor[99041]: DEBUG cotyledon.oslo_config_glue [-] zvm.ca_file = None {{(pid=99041) log_opt_values /opt/stack/data/venv/lib/python3.12/site-packages/oslo_config/cfg.py:3545}}
Aug 13 09:33:26.735402 np0000007187 nova-conductor[99041]: DEBUG cotyledon.oslo_config_glue [-] zvm.cloud_connector_url = None {{(pid=99041) log_opt_values /opt/stack/data/venv/lib/python3.12/site-packages/oslo_config/cfg.py:3545}}
Aug 13 09:33:26.735402 np0000007187 nova-conductor[99041]: DEBUG cotyledon.oslo_config_glue [-] zvm.image_tmp_path = /opt/stack/data/nova/images {{(pid=99041) log_opt_values /opt/stack/data/venv/lib/python3.12/site-packages/oslo_config/cfg.py:3545}}
Aug 13 09:33:26.735402 np0000007187 nova-conductor[99041]: DEBUG cotyledon.oslo_config_glue [-] zvm.reachable_timeout = 300 {{(pid=99041) log_opt_values /opt/stack/data/venv/lib/python3.12/site-packages/oslo_config/cfg.py:3545}}
Aug 13 09:33:26.735402 np0000007187 nova-conductor[99041]: DEBUG cotyledon.oslo_config_glue [-] oslo_versionedobjects.fatal_exception_format_errors = False {{(pid=99041) log_opt_values /opt/stack/data/venv/lib/python3.12/site-packages/oslo_config/cfg.py:3545}}
Aug 13 09:33:26.735402 np0000007187 nova-conductor[99041]: DEBUG cotyledon.oslo_config_glue [-] oslo_middleware.http_basic_auth_user_file = /etc/htpasswd {{(pid=99041) log_opt_values /opt/stack/data/venv/lib/python3.12/site-packages/oslo_config/cfg.py:3545}}
Aug 13 09:33:26.735781 np0000007187 nova-conductor[99041]: DEBUG cotyledon.oslo_config_glue [-] profiler.connection_string = messaging:// {{(pid=99041) log_opt_values /opt/stack/data/venv/lib/python3.12/site-packages/oslo_config/cfg.py:3545}}
Aug 13 09:33:26.735781 np0000007187 nova-conductor[99041]: DEBUG cotyledon.oslo_config_glue [-] profiler.enabled = False {{(pid=99041) log_opt_values /opt/stack/data/venv/lib/python3.12/site-packages/oslo_config/cfg.py:3545}}
Aug 13 09:33:26.735781 np0000007187 nova-conductor[99041]: DEBUG cotyledon.oslo_config_glue [-] profiler.es_doc_type = notification {{(pid=99041) log_opt_values /opt/stack/data/venv/lib/python3.12/site-packages/oslo_config/cfg.py:3545}}
Aug 13 09:33:26.735781 np0000007187 nova-conductor[99041]: DEBUG cotyledon.oslo_config_glue [-] profiler.es_scroll_size = 10000 {{(pid=99041) log_opt_values /opt/stack/data/venv/lib/python3.12/site-packages/oslo_config/cfg.py:3545}}
Aug 13 09:33:26.735781 np0000007187 nova-conductor[99041]: DEBUG cotyledon.oslo_config_glue [-] profiler.es_scroll_time = 2m {{(pid=99041) log_opt_values /opt/stack/data/venv/lib/python3.12/site-packages/oslo_config/cfg.py:3545}}
Aug 13 09:33:26.735781 np0000007187 nova-conductor[99041]: DEBUG cotyledon.oslo_config_glue [-] profiler.filter_error_trace = False {{(pid=99041) log_opt_values /opt/stack/data/venv/lib/python3.12/site-packages/oslo_config/cfg.py:3545}}
Aug 13 09:33:26.735781 np0000007187 nova-conductor[99041]: DEBUG cotyledon.oslo_config_glue [-] profiler.hmac_keys = **** {{(pid=99041) log_opt_values /opt/stack/data/venv/lib/python3.12/site-packages/oslo_config/cfg.py:3545}}
Aug 13 09:33:26.735781 np0000007187 nova-conductor[99041]: DEBUG cotyledon.oslo_config_glue [-] profiler.sentinel_service_name = mymaster {{(pid=99041) log_opt_values /opt/stack/data/venv/lib/python3.12/site-packages/oslo_config/cfg.py:3545}}
Aug 13 09:33:26.735781 np0000007187 nova-conductor[99041]: DEBUG cotyledon.oslo_config_glue [-] profiler.socket_timeout = 0.1 {{(pid=99041) log_opt_values /opt/stack/data/venv/lib/python3.12/site-packages/oslo_config/cfg.py:3545}}
Aug 13 09:33:26.736126 np0000007187 nova-conductor[99041]: DEBUG cotyledon.oslo_config_glue [-] profiler.trace_requests = False {{(pid=99041) log_opt_values /opt/stack/data/venv/lib/python3.12/site-packages/oslo_config/cfg.py:3545}}
Aug 13 09:33:26.736126 np0000007187 nova-conductor[99041]: DEBUG cotyledon.oslo_config_glue [-] profiler.trace_sqlalchemy = False {{(pid=99041) log_opt_values /opt/stack/data/venv/lib/python3.12/site-packages/oslo_config/cfg.py:3545}}
Aug 13 09:33:26.736126 np0000007187 nova-conductor[99041]: DEBUG cotyledon.oslo_config_glue [-] profiler_jaeger.process_tags = {} {{(pid=99041) log_opt_values /opt/stack/data/venv/lib/python3.12/site-packages/oslo_config/cfg.py:3545}}
Aug 13 09:33:26.736126 np0000007187 nova-conductor[99041]: DEBUG cotyledon.oslo_config_glue [-] profiler_jaeger.service_name_prefix = None {{(pid=99041) log_opt_values /opt/stack/data/venv/lib/python3.12/site-packages/oslo_config/cfg.py:3545}}
Aug 13 09:33:26.736126 np0000007187 nova-conductor[99041]: DEBUG cotyledon.oslo_config_glue [-] profiler_otlp.service_name_prefix = None {{(pid=99041) log_opt_values /opt/stack/data/venv/lib/python3.12/site-packages/oslo_config/cfg.py:3545}}
Aug 13 09:33:26.736126 np0000007187 nova-conductor[99041]: DEBUG cotyledon.oslo_config_glue [-] oslo_messaging_rabbit.amqp_auto_delete = False {{(pid=99041) log_opt_values /opt/stack/data/venv/lib/python3.12/site-packages/oslo_config/cfg.py:3545}}
Aug 13 09:33:26.736126 np0000007187 nova-conductor[99041]: DEBUG cotyledon.oslo_config_glue [-] oslo_messaging_rabbit.amqp_durable_queues = False {{(pid=99041) log_opt_values /opt/stack/data/venv/lib/python3.12/site-packages/oslo_config/cfg.py:3545}}
Aug 13 09:33:26.736126 np0000007187 nova-conductor[99041]: DEBUG cotyledon.oslo_config_glue [-] oslo_messaging_rabbit.conn_pool_min_size = 2 {{(pid=99041) log_opt_values /opt/stack/data/venv/lib/python3.12/site-packages/oslo_config/cfg.py:3545}}
Aug 13 09:33:26.736126 np0000007187 nova-conductor[99041]: DEBUG cotyledon.oslo_config_glue [-] oslo_messaging_rabbit.conn_pool_ttl = 1200 {{(pid=99041) log_opt_values /opt/stack/data/venv/lib/python3.12/site-packages/oslo_config/cfg.py:3545}}
Aug 13 09:33:26.736465 np0000007187 nova-conductor[99041]: DEBUG cotyledon.oslo_config_glue [-] oslo_messaging_rabbit.direct_mandatory_flag = True {{(pid=99041) log_opt_values /opt/stack/data/venv/lib/python3.12/site-packages/oslo_config/cfg.py:3545}}
Aug 13 09:33:26.736465 np0000007187 nova-conductor[99041]: DEBUG cotyledon.oslo_config_glue [-] oslo_messaging_rabbit.enable_cancel_on_failover = False {{(pid=99041) log_opt_values /opt/stack/data/venv/lib/python3.12/site-packages/oslo_config/cfg.py:3545}}
Aug 13 09:33:26.736465 np0000007187 nova-conductor[99041]: DEBUG cotyledon.oslo_config_glue [-] oslo_messaging_rabbit.heartbeat_rate = 3 {{(pid=99041) log_opt_values /opt/stack/data/venv/lib/python3.12/site-packages/oslo_config/cfg.py:3545}}
Aug 13 09:33:26.736465 np0000007187 nova-conductor[99041]: DEBUG cotyledon.oslo_config_glue [-] oslo_messaging_rabbit.heartbeat_timeout_threshold = 60 {{(pid=99041) log_opt_values /opt/stack/data/venv/lib/python3.12/site-packages/oslo_config/cfg.py:3545}}
Aug 13 09:33:26.736465 np0000007187 nova-conductor[99041]: DEBUG cotyledon.oslo_config_glue [-] oslo_messaging_rabbit.hostname = np0000007187 {{(pid=99041) log_opt_values /opt/stack/data/venv/lib/python3.12/site-packages/oslo_config/cfg.py:3545}}
Aug 13 09:33:26.736465 np0000007187 nova-conductor[99041]: DEBUG cotyledon.oslo_config_glue [-] oslo_messaging_rabbit.kombu_compression = None {{(pid=99041) log_opt_values /opt/stack/data/venv/lib/python3.12/site-packages/oslo_config/cfg.py:3545}}
Aug 13 09:33:26.736465 np0000007187 nova-conductor[99041]: DEBUG cotyledon.oslo_config_glue [-] oslo_messaging_rabbit.kombu_failover_strategy = round-robin {{(pid=99041) log_opt_values /opt/stack/data/venv/lib/python3.12/site-packages/oslo_config/cfg.py:3545}}
Aug 13 09:33:26.736465 np0000007187 nova-conductor[99041]: DEBUG cotyledon.oslo_config_glue [-] oslo_messaging_rabbit.kombu_missing_consumer_retry_timeout = 60 {{(pid=99041) log_opt_values /opt/stack/data/venv/lib/python3.12/site-packages/oslo_config/cfg.py:3545}}
Aug 13 09:33:26.736465 np0000007187 nova-conductor[99041]: DEBUG cotyledon.oslo_config_glue [-] oslo_messaging_rabbit.kombu_reconnect_delay = 1.0 {{(pid=99041) log_opt_values /opt/stack/data/venv/lib/python3.12/site-packages/oslo_config/cfg.py:3545}}
Aug 13 09:33:26.736832 np0000007187 nova-conductor[99041]: DEBUG cotyledon.oslo_config_glue [-] oslo_messaging_rabbit.kombu_reconnect_splay = 0.0 {{(pid=99041) log_opt_values /opt/stack/data/venv/lib/python3.12/site-packages/oslo_config/cfg.py:3545}}
Aug 13 09:33:26.736832 np0000007187 nova-conductor[99041]: DEBUG cotyledon.oslo_config_glue [-] oslo_messaging_rabbit.processname = nova-conductor {{(pid=99041) log_opt_values /opt/stack/data/venv/lib/python3.12/site-packages/oslo_config/cfg.py:3545}}
Aug 13 09:33:26.736832 np0000007187 nova-conductor[99041]: DEBUG cotyledon.oslo_config_glue [-] oslo_messaging_rabbit.rabbit_ha_queues = False {{(pid=99041) log_opt_values /opt/stack/data/venv/lib/python3.12/site-packages/oslo_config/cfg.py:3545}}
Aug 13 09:33:26.736832 np0000007187 nova-conductor[99041]: DEBUG cotyledon.oslo_config_glue [-] oslo_messaging_rabbit.rabbit_interval_max = 30 {{(pid=99041) log_opt_values /opt/stack/data/venv/lib/python3.12/site-packages/oslo_config/cfg.py:3545}}
Aug 13 09:33:26.736832 np0000007187 nova-conductor[99041]: DEBUG cotyledon.oslo_config_glue [-] oslo_messaging_rabbit.rabbit_login_method = AMQPLAIN {{(pid=99041) log_opt_values /opt/stack/data/venv/lib/python3.12/site-packages/oslo_config/cfg.py:3545}}
Aug 13 09:33:26.736832 np0000007187 nova-conductor[99041]: DEBUG cotyledon.oslo_config_glue [-] oslo_messaging_rabbit.rabbit_qos_prefetch_count = 0 {{(pid=99041) log_opt_values /opt/stack/data/venv/lib/python3.12/site-packages/oslo_config/cfg.py:3545}}
Aug 13 09:33:26.736832 np0000007187 nova-conductor[99041]: DEBUG cotyledon.oslo_config_glue [-] oslo_messaging_rabbit.rabbit_quorum_delivery_limit = 0 {{(pid=99041) log_opt_values /opt/stack/data/venv/lib/python3.12/site-packages/oslo_config/cfg.py:3545}}
Aug 13 09:33:26.736832 np0000007187 nova-conductor[99041]: DEBUG cotyledon.oslo_config_glue [-] oslo_messaging_rabbit.rabbit_quorum_max_memory_bytes = 0 {{(pid=99041) log_opt_values /opt/stack/data/venv/lib/python3.12/site-packages/oslo_config/cfg.py:3545}}
Aug 13 09:33:26.736832 np0000007187 nova-conductor[99041]: DEBUG cotyledon.oslo_config_glue [-] oslo_messaging_rabbit.rabbit_quorum_max_memory_length = 0 {{(pid=99041) log_opt_values /opt/stack/data/venv/lib/python3.12/site-packages/oslo_config/cfg.py:3545}}
Aug 13 09:33:26.737196 np0000007187 nova-conductor[99041]: DEBUG cotyledon.oslo_config_glue [-] oslo_messaging_rabbit.rabbit_quorum_queue = False {{(pid=99041) log_opt_values /opt/stack/data/venv/lib/python3.12/site-packages/oslo_config/cfg.py:3545}}
Aug 13 09:33:26.737196 np0000007187 nova-conductor[99041]: DEBUG cotyledon.oslo_config_glue [-] oslo_messaging_rabbit.rabbit_retry_backoff = 2 {{(pid=99041) log_opt_values /opt/stack/data/venv/lib/python3.12/site-packages/oslo_config/cfg.py:3545}}
Aug 13 09:33:26.737196 np0000007187 nova-conductor[99041]: DEBUG cotyledon.oslo_config_glue [-] oslo_messaging_rabbit.rabbit_retry_interval = 1 {{(pid=99041) log_opt_values /opt/stack/data/venv/lib/python3.12/site-packages/oslo_config/cfg.py:3545}}
Aug 13 09:33:26.737196 np0000007187 nova-conductor[99041]: DEBUG cotyledon.oslo_config_glue [-] oslo_messaging_rabbit.rabbit_stream_fanout = False {{(pid=99041) log_opt_values /opt/stack/data/venv/lib/python3.12/site-packages/oslo_config/cfg.py:3545}}
Aug 13 09:33:26.737196 np0000007187 nova-conductor[99041]: DEBUG cotyledon.oslo_config_glue [-] oslo_messaging_rabbit.rabbit_transient_queues_ttl = 1800 {{(pid=99041) log_opt_values /opt/stack/data/venv/lib/python3.12/site-packages/oslo_config/cfg.py:3545}}
Aug 13 09:33:26.737196 np0000007187 nova-conductor[99041]: DEBUG cotyledon.oslo_config_glue [-] oslo_messaging_rabbit.rabbit_transient_quorum_queue = False {{(pid=99041) log_opt_values /opt/stack/data/venv/lib/python3.12/site-packages/oslo_config/cfg.py:3545}}
Aug 13 09:33:26.737196 np0000007187 nova-conductor[99041]: DEBUG cotyledon.oslo_config_glue [-] oslo_messaging_rabbit.rpc_conn_pool_size = 30 {{(pid=99041) log_opt_values /opt/stack/data/venv/lib/python3.12/site-packages/oslo_config/cfg.py:3545}}
Aug 13 09:33:26.737196 np0000007187 nova-conductor[99041]: DEBUG cotyledon.oslo_config_glue [-] oslo_messaging_rabbit.ssl = False {{(pid=99041) log_opt_values /opt/stack/data/venv/lib/python3.12/site-packages/oslo_config/cfg.py:3545}}
Aug 13 09:33:26.737196 np0000007187 nova-conductor[99041]: DEBUG cotyledon.oslo_config_glue [-] oslo_messaging_rabbit.ssl_ca_file = {{(pid=99041) log_opt_values /opt/stack/data/venv/lib/python3.12/site-packages/oslo_config/cfg.py:3545}}
Aug 13 09:33:26.737583 np0000007187 nova-conductor[99041]: DEBUG cotyledon.oslo_config_glue [-] oslo_messaging_rabbit.ssl_cert_file = {{(pid=99041) log_opt_values /opt/stack/data/venv/lib/python3.12/site-packages/oslo_config/cfg.py:3545}}
Aug 13 09:33:26.737583 np0000007187 nova-conductor[99041]: DEBUG cotyledon.oslo_config_glue [-] oslo_messaging_rabbit.ssl_enforce_fips_mode = False {{(pid=99041) log_opt_values /opt/stack/data/venv/lib/python3.12/site-packages/oslo_config/cfg.py:3545}}
Aug 13 09:33:26.737583 np0000007187 nova-conductor[99041]: DEBUG cotyledon.oslo_config_glue [-] oslo_messaging_rabbit.ssl_enforce_hostname_verification = True {{(pid=99041) log_opt_values /opt/stack/data/venv/lib/python3.12/site-packages/oslo_config/cfg.py:3545}}
Aug 13 09:33:26.737583 np0000007187 nova-conductor[99041]: DEBUG cotyledon.oslo_config_glue [-] oslo_messaging_rabbit.ssl_key_file = {{(pid=99041) log_opt_values /opt/stack/data/venv/lib/python3.12/site-packages/oslo_config/cfg.py:3545}}
Aug 13 09:33:26.737583 np0000007187 nova-conductor[99041]: DEBUG cotyledon.oslo_config_glue [-] oslo_messaging_rabbit.ssl_version = {{(pid=99041) log_opt_values /opt/stack/data/venv/lib/python3.12/site-packages/oslo_config/cfg.py:3545}}
Aug 13 09:33:26.737583 np0000007187 nova-conductor[99041]: DEBUG cotyledon.oslo_config_glue [-] oslo_messaging_rabbit.use_queue_manager = False {{(pid=99041) log_opt_values /opt/stack/data/venv/lib/python3.12/site-packages/oslo_config/cfg.py:3545}}
Aug 13 09:33:26.737583 np0000007187 nova-conductor[99041]: DEBUG cotyledon.oslo_config_glue [-] oslo_messaging_notifications.driver = ['messagingv2'] {{(pid=99041) log_opt_values /opt/stack/data/venv/lib/python3.12/site-packages/oslo_config/cfg.py:3545}}
Aug 13 09:33:26.737583 np0000007187 nova-conductor[99041]: DEBUG cotyledon.oslo_config_glue [-] oslo_messaging_notifications.retry = -1 {{(pid=99041) log_opt_values /opt/stack/data/venv/lib/python3.12/site-packages/oslo_config/cfg.py:3545}}
Aug 13 09:33:26.737583 np0000007187 nova-conductor[99041]: DEBUG cotyledon.oslo_config_glue [-] oslo_messaging_notifications.topics = ['notifications'] {{(pid=99041) log_opt_values /opt/stack/data/venv/lib/python3.12/site-packages/oslo_config/cfg.py:3545}}
Aug 13 09:33:26.737906 np0000007187 nova-conductor[99041]: DEBUG cotyledon.oslo_config_glue [-] oslo_messaging_notifications.transport_url = **** {{(pid=99041) log_opt_values /opt/stack/data/venv/lib/python3.12/site-packages/oslo_config/cfg.py:3545}}
Aug 13 09:33:26.737906 np0000007187 nova-conductor[99041]: DEBUG cotyledon.oslo_config_glue [-] oslo_limit.auth_section = None {{(pid=99041) log_opt_values /opt/stack/data/venv/lib/python3.12/site-packages/oslo_config/cfg.py:3545}}
Aug 13 09:33:26.737906 np0000007187 nova-conductor[99041]: DEBUG cotyledon.oslo_config_glue [-] oslo_limit.auth_type = None {{(pid=99041) log_opt_values /opt/stack/data/venv/lib/python3.12/site-packages/oslo_config/cfg.py:3545}}
Aug 13 09:33:26.737906 np0000007187 nova-conductor[99041]: DEBUG cotyledon.oslo_config_glue [-] oslo_limit.cafile = None {{(pid=99041) log_opt_values /opt/stack/data/venv/lib/python3.12/site-packages/oslo_config/cfg.py:3545}}
Aug 13 09:33:26.737906 np0000007187 nova-conductor[99041]: DEBUG cotyledon.oslo_config_glue [-] oslo_limit.certfile = None {{(pid=99041) log_opt_values /opt/stack/data/venv/lib/python3.12/site-packages/oslo_config/cfg.py:3545}}
Aug 13 09:33:26.737906 np0000007187 nova-conductor[99041]: DEBUG cotyledon.oslo_config_glue [-] oslo_limit.collect_timing = False {{(pid=99041) log_opt_values /opt/stack/data/venv/lib/python3.12/site-packages/oslo_config/cfg.py:3545}}
Aug 13 09:33:26.737906 np0000007187 nova-conductor[99041]: DEBUG cotyledon.oslo_config_glue [-] oslo_limit.connect_retries = None {{(pid=99041) log_opt_values /opt/stack/data/venv/lib/python3.12/site-packages/oslo_config/cfg.py:3545}}
Aug 13 09:33:26.737906 np0000007187 nova-conductor[99041]: DEBUG cotyledon.oslo_config_glue [-] oslo_limit.connect_retry_delay = None {{(pid=99041) log_opt_values /opt/stack/data/venv/lib/python3.12/site-packages/oslo_config/cfg.py:3545}}
Aug 13 09:33:26.737906 np0000007187 nova-conductor[99041]: DEBUG cotyledon.oslo_config_glue [-] oslo_limit.endpoint_id = None {{(pid=99041) log_opt_values /opt/stack/data/venv/lib/python3.12/site-packages/oslo_config/cfg.py:3545}}
Aug 13 09:33:26.738261 np0000007187 nova-conductor[99041]: DEBUG cotyledon.oslo_config_glue [-] oslo_limit.endpoint_interface = public {{(pid=99041) log_opt_values /opt/stack/data/venv/lib/python3.12/site-packages/oslo_config/cfg.py:3545}}
Aug 13 09:33:26.738261 np0000007187 nova-conductor[99041]: DEBUG cotyledon.oslo_config_glue [-] oslo_limit.endpoint_override = None {{(pid=99041) log_opt_values /opt/stack/data/venv/lib/python3.12/site-packages/oslo_config/cfg.py:3545}}
Aug 13 09:33:26.738261 np0000007187 nova-conductor[99041]: DEBUG cotyledon.oslo_config_glue [-] oslo_limit.endpoint_region_name = None {{(pid=99041) log_opt_values /opt/stack/data/venv/lib/python3.12/site-packages/oslo_config/cfg.py:3545}}
Aug 13 09:33:26.738261 np0000007187 nova-conductor[99041]: DEBUG cotyledon.oslo_config_glue [-] oslo_limit.endpoint_service_name = None {{(pid=99041) log_opt_values /opt/stack/data/venv/lib/python3.12/site-packages/oslo_config/cfg.py:3545}}
Aug 13 09:33:26.738261 np0000007187 nova-conductor[99041]: DEBUG cotyledon.oslo_config_glue [-] oslo_limit.endpoint_service_type = None {{(pid=99041) log_opt_values /opt/stack/data/venv/lib/python3.12/site-packages/oslo_config/cfg.py:3545}}
Aug 13 09:33:26.738261 np0000007187 nova-conductor[99041]: DEBUG cotyledon.oslo_config_glue [-] oslo_limit.insecure = False {{(pid=99041) log_opt_values /opt/stack/data/venv/lib/python3.12/site-packages/oslo_config/cfg.py:3545}}
Aug 13 09:33:26.738261 np0000007187 nova-conductor[99041]: DEBUG cotyledon.oslo_config_glue [-] oslo_limit.keyfile = None {{(pid=99041) log_opt_values /opt/stack/data/venv/lib/python3.12/site-packages/oslo_config/cfg.py:3545}}
Aug 13 09:33:26.738261 np0000007187 nova-conductor[99041]: DEBUG cotyledon.oslo_config_glue [-] oslo_limit.max_version = None {{(pid=99041) log_opt_values /opt/stack/data/venv/lib/python3.12/site-packages/oslo_config/cfg.py:3545}}
Aug 13 09:33:26.738261 np0000007187 nova-conductor[99041]: DEBUG cotyledon.oslo_config_glue [-] oslo_limit.min_version = None {{(pid=99041) log_opt_values /opt/stack/data/venv/lib/python3.12/site-packages/oslo_config/cfg.py:3545}}
Aug 13 09:33:26.738606 np0000007187 nova-conductor[99041]: DEBUG cotyledon.oslo_config_glue [-] oslo_limit.region_name = None {{(pid=99041) log_opt_values /opt/stack/data/venv/lib/python3.12/site-packages/oslo_config/cfg.py:3545}}
Aug 13 09:33:26.738606 np0000007187 nova-conductor[99041]: DEBUG cotyledon.oslo_config_glue [-] oslo_limit.retriable_status_codes = None {{(pid=99041) log_opt_values /opt/stack/data/venv/lib/python3.12/site-packages/oslo_config/cfg.py:3545}}
Aug 13 09:33:26.738606 np0000007187 nova-conductor[99041]: DEBUG cotyledon.oslo_config_glue [-] oslo_limit.service_name = None {{(pid=99041) log_opt_values /opt/stack/data/venv/lib/python3.12/site-packages/oslo_config/cfg.py:3545}}
Aug 13 09:33:26.738606 np0000007187 nova-conductor[99041]: DEBUG cotyledon.oslo_config_glue [-] oslo_limit.service_type = None {{(pid=99041) log_opt_values /opt/stack/data/venv/lib/python3.12/site-packages/oslo_config/cfg.py:3545}}
Aug 13 09:33:26.738606 np0000007187 nova-conductor[99041]: DEBUG cotyledon.oslo_config_glue [-] oslo_limit.split_loggers = False {{(pid=99041) log_opt_values /opt/stack/data/venv/lib/python3.12/site-packages/oslo_config/cfg.py:3545}}
Aug 13 09:33:26.738606 np0000007187 nova-conductor[99041]: DEBUG cotyledon.oslo_config_glue [-] oslo_limit.status_code_retries = None {{(pid=99041) log_opt_values /opt/stack/data/venv/lib/python3.12/site-packages/oslo_config/cfg.py:3545}}
Aug 13 09:33:26.738606 np0000007187 nova-conductor[99041]: DEBUG cotyledon.oslo_config_glue [-] oslo_limit.status_code_retry_delay = None {{(pid=99041) log_opt_values /opt/stack/data/venv/lib/python3.12/site-packages/oslo_config/cfg.py:3545}}
Aug 13 09:33:26.738606 np0000007187 nova-conductor[99041]: DEBUG cotyledon.oslo_config_glue [-] oslo_limit.timeout = None {{(pid=99041) log_opt_values /opt/stack/data/venv/lib/python3.12/site-packages/oslo_config/cfg.py:3545}}
Aug 13 09:33:26.738606 np0000007187 nova-conductor[99041]: DEBUG cotyledon.oslo_config_glue [-] oslo_limit.valid_interfaces = None {{(pid=99041) log_opt_values /opt/stack/data/venv/lib/python3.12/site-packages/oslo_config/cfg.py:3545}}
Aug 13 09:33:26.738976 np0000007187 nova-conductor[99041]: DEBUG cotyledon.oslo_config_glue [-] oslo_limit.version = None {{(pid=99041) log_opt_values /opt/stack/data/venv/lib/python3.12/site-packages/oslo_config/cfg.py:3545}}
Aug 13 09:33:26.738976 np0000007187 nova-conductor[99041]: DEBUG cotyledon.oslo_config_glue [-] oslo_reports.file_event_handler = None {{(pid=99041) log_opt_values /opt/stack/data/venv/lib/python3.12/site-packages/oslo_config/cfg.py:3545}}
Aug 13 09:33:26.738976 np0000007187 nova-conductor[99041]: DEBUG cotyledon.oslo_config_glue [-] oslo_reports.file_event_handler_interval = 1 {{(pid=99041) log_opt_values /opt/stack/data/venv/lib/python3.12/site-packages/oslo_config/cfg.py:3545}}
Aug 13 09:33:26.738976 np0000007187 nova-conductor[99041]: DEBUG cotyledon.oslo_config_glue [-] oslo_reports.log_dir = None {{(pid=99041) log_opt_values /opt/stack/data/venv/lib/python3.12/site-packages/oslo_config/cfg.py:3545}}
Aug 13 09:33:26.738976 np0000007187 nova-conductor[99041]: DEBUG cotyledon.oslo_config_glue [-] ******************************************************************************** {{(pid=99041) log_opt_values /opt/stack/data/venv/lib/python3.12/site-packages/oslo_config/cfg.py:3552}}
Aug 13 09:33:26.738976 np0000007187 nova-conductor[99041]: DEBUG cotyledon._service_worker [-] Run service ServiceWrapper(3) [99041] {{(pid=99041) wait_forever /opt/stack/data/venv/lib/python3.12/site-packages/cotyledon/_service_worker.py:218}}
Aug 13 09:33:26.739609 np0000007187 nova-conductor[99037]: INFO dbcounter [None req-cc0c80be-d4eb-47af-8e23-9b6120ce5411 None None] Registered counter for database nova_cell0
Aug 13 09:33:26.739663 np0000007187 nova-conductor[99041]: INFO nova.service [-] Starting conductor node (version 33.1.0)
Aug 13 09:33:26.739663 np0000007187 nova-conductor[99041]: INFO dbcounter [None req-044b2988-3763-4387-bba7-c2f9fa08935e None None] Registered counter for database nova_cell0
Aug 13 09:33:26.739755 np0000007187 nova-conductor[99032]: DEBUG oslo_db.sqlalchemy.engines [None req-14238bbe-21dd-4d96-83b5-c74a0a8d0095 None None] MySQL server mode set to STRICT_TRANS_TABLES,STRICT_ALL_TABLES,NO_ZERO_IN_DATE,NO_ZERO_DATE,ERROR_FOR_DIVISION_BY_ZERO,TRADITIONAL,NO_ENGINE_SUBSTITUTION {{(pid=99032) _check_effective_sql_mode /opt/stack/data/venv/lib/python3.12/site-packages/oslo_db/sqlalchemy/engines.py:325}}
Aug 13 09:33:26.739755 np0000007187 nova-conductor[99032]: DEBUG dbcounter [-] [99032] Writer thread running {{(pid=99032) stat_writer /opt/stack/data/venv/lib/python3.12/site-packages/dbcounter.py:102}}
Aug 13 09:33:26.739848 np0000007187 nova-conductor[99028]: DEBUG oslo_db.sqlalchemy.engines [None req-3e415377-1aaa-4ebc-bc14-92c41fc2c920 None None] MySQL server mode set to STRICT_TRANS_TABLES,STRICT_ALL_TABLES,NO_ZERO_IN_DATE,NO_ZERO_DATE,ERROR_FOR_DIVISION_BY_ZERO,TRADITIONAL,NO_ENGINE_SUBSTITUTION {{(pid=99028) _check_effective_sql_mode /opt/stack/data/venv/lib/python3.12/site-packages/oslo_db/sqlalchemy/engines.py:325}}
Aug 13 09:33:26.739848 np0000007187 nova-conductor[99028]: DEBUG dbcounter [-] [99028] Writer thread running {{(pid=99028) stat_writer /opt/stack/data/venv/lib/python3.12/site-packages/dbcounter.py:102}}
Aug 13 09:33:26.739947 np0000007187 nova-conductor[99032]: DEBUG nova.service [None req-14238bbe-21dd-4d96-83b5-c74a0a8d0095 None None] Creating RPC server for service: nova-conductor on topic: conductor {{(pid=99032) start /opt/stack/nova/nova/service.py:196}}
Aug 13 09:33:26.739996 np0000007187 nova-conductor[99037]: DEBUG oslo_db.sqlalchemy.engines [None req-cc0c80be-d4eb-47af-8e23-9b6120ce5411 None None] MySQL server mode set to STRICT_TRANS_TABLES,STRICT_ALL_TABLES,NO_ZERO_IN_DATE,NO_ZERO_DATE,ERROR_FOR_DIVISION_BY_ZERO,TRADITIONAL,NO_ENGINE_SUBSTITUTION {{(pid=99037) _check_effective_sql_mode /opt/stack/data/venv/lib/python3.12/site-packages/oslo_db/sqlalchemy/engines.py:325}}
Aug 13 09:33:26.740056 np0000007187 nova-conductor[99041]: DEBUG oslo_db.sqlalchemy.engines [None req-044b2988-3763-4387-bba7-c2f9fa08935e None None] MySQL server mode set to STRICT_TRANS_TABLES,STRICT_ALL_TABLES,NO_ZERO_IN_DATE,NO_ZERO_DATE,ERROR_FOR_DIVISION_BY_ZERO,TRADITIONAL,NO_ENGINE_SUBSTITUTION {{(pid=99041) _check_effective_sql_mode /opt/stack/data/venv/lib/python3.12/site-packages/oslo_db/sqlalchemy/engines.py:325}}
Aug 13 09:33:26.740106 np0000007187 nova-conductor[99028]: DEBUG nova.service [None req-3e415377-1aaa-4ebc-bc14-92c41fc2c920 None None] Creating RPC server for service: nova-conductor on topic: conductor {{(pid=99028) start /opt/stack/nova/nova/service.py:196}}
Aug 13 09:33:26.740155 np0000007187 nova-conductor[99037]: DEBUG dbcounter [-] [99037] Writer thread running {{(pid=99037) stat_writer /opt/stack/data/venv/lib/python3.12/site-packages/dbcounter.py:102}}
Aug 13 09:33:26.741578 np0000007187 nova-conductor[99037]: DEBUG nova.service [None req-cc0c80be-d4eb-47af-8e23-9b6120ce5411 None None] Creating RPC server for service: nova-conductor on topic: conductor {{(pid=99037) start /opt/stack/nova/nova/service.py:196}}
Aug 13 09:33:26.742498 np0000007187 nova-conductor[99041]: DEBUG dbcounter [-] [99041] Writer thread running {{(pid=99041) stat_writer /opt/stack/data/venv/lib/python3.12/site-packages/dbcounter.py:102}}
Aug 13 09:33:26.745626 np0000007187 nova-conductor[99041]: DEBUG nova.service [None req-044b2988-3763-4387-bba7-c2f9fa08935e None None] Creating RPC server for service: nova-conductor on topic: conductor {{(pid=99041) start /opt/stack/nova/nova/service.py:196}}
Aug 13 09:33:26.746764 np0000007187 nova-conductor[99032]: DEBUG nova.service [None req-14238bbe-21dd-4d96-83b5-c74a0a8d0095 None None] Join ServiceGroup membership for this service conductor {{(pid=99032) start /opt/stack/nova/nova/service.py:222}}
Aug 13 09:33:26.746998 np0000007187 nova-conductor[99032]: DEBUG nova.servicegroup.drivers.db [None req-14238bbe-21dd-4d96-83b5-c74a0a8d0095 None None] DB_Driver: join new ServiceGroup member np0000007187 to the conductor group, service = {{(pid=99032) join /opt/stack/nova/nova/servicegroup/drivers/db.py:44}}
Aug 13 09:33:26.751061 np0000007187 nova-conductor[99028]: DEBUG nova.service [None req-3e415377-1aaa-4ebc-bc14-92c41fc2c920 None None] Join ServiceGroup membership for this service conductor {{(pid=99028) start /opt/stack/nova/nova/service.py:222}}
Aug 13 09:33:26.751845 np0000007187 nova-conductor[99028]: DEBUG nova.servicegroup.drivers.db [None req-3e415377-1aaa-4ebc-bc14-92c41fc2c920 None None] DB_Driver: join new ServiceGroup member np0000007187 to the conductor group, service = {{(pid=99028) join /opt/stack/nova/nova/servicegroup/drivers/db.py:44}}
Aug 13 09:33:26.759285 np0000007187 nova-conductor[99037]: DEBUG nova.service [None req-cc0c80be-d4eb-47af-8e23-9b6120ce5411 None None] Join ServiceGroup membership for this service conductor {{(pid=99037) start /opt/stack/nova/nova/service.py:222}}
Aug 13 09:33:26.759450 np0000007187 nova-conductor[99037]: DEBUG nova.servicegroup.drivers.db [None req-cc0c80be-d4eb-47af-8e23-9b6120ce5411 None None] DB_Driver: join new ServiceGroup member np0000007187 to the conductor group, service = {{(pid=99037) join /opt/stack/nova/nova/servicegroup/drivers/db.py:44}}
Aug 13 09:33:26.761460 np0000007187 nova-conductor[99041]: DEBUG nova.service [None req-044b2988-3763-4387-bba7-c2f9fa08935e None None] Join ServiceGroup membership for this service conductor {{(pid=99041) start /opt/stack/nova/nova/service.py:222}}
Aug 13 09:33:26.761645 np0000007187 nova-conductor[99041]: DEBUG nova.servicegroup.drivers.db [None req-044b2988-3763-4387-bba7-c2f9fa08935e None None] DB_Driver: join new ServiceGroup member np0000007187 to the conductor group, service = {{(pid=99041) join /opt/stack/nova/nova/servicegroup/drivers/db.py:44}}
Aug 13 09:33:31.758319 np0000007187 nova-conductor[99032]: DEBUG oslo.service.backend._threading.loopingcall [-] Fixed interval looping call 'nova.servicegroup.drivers.db.DbDriver._report_state' sleeping for 119.99 seconds {{(pid=99032) _run_loop /opt/stack/data/venv/lib/python3.12/site-packages/oslo_service/backend/_threading/loopingcall.py:125}}
Aug 13 09:33:31.759651 np0000007187 nova-conductor[99028]: DEBUG oslo.service.backend._threading.loopingcall [-] Fixed interval looping call 'nova.servicegroup.drivers.db.DbDriver._report_state' sleeping for 119.99 seconds {{(pid=99028) _run_loop /opt/stack/data/venv/lib/python3.12/site-packages/oslo_service/backend/_threading/loopingcall.py:125}}
Aug 13 09:33:31.769040 np0000007187 nova-conductor[99037]: DEBUG oslo.service.backend._threading.loopingcall [-] Fixed interval looping call 'nova.servicegroup.drivers.db.DbDriver._report_state' sleeping for 119.99 seconds {{(pid=99037) _run_loop /opt/stack/data/venv/lib/python3.12/site-packages/oslo_service/backend/_threading/loopingcall.py:125}}
Aug 13 09:33:31.770925 np0000007187 nova-conductor[99041]: DEBUG oslo.service.backend._threading.loopingcall [-] Fixed interval looping call 'nova.servicegroup.drivers.db.DbDriver._report_state' sleeping for 119.99 seconds {{(pid=99041) _run_loop /opt/stack/data/venv/lib/python3.12/site-packages/oslo_service/backend/_threading/loopingcall.py:125}}
Aug 13 09:33:35.330434 np0000007187 nova-conductor[97524]: DEBUG dbcounter [-] [97524] Writing DB stats nova_api:SELECT=1 {{(pid=97524) stat_writer /opt/stack/data/venv/lib/python3.12/site-packages/dbcounter.py:115}}
Aug 13 09:33:35.458212 np0000007187 nova-conductor[97524]: DEBUG dbcounter [-] [97524] Writing DB stats nova_cell1:SELECT=1 {{(pid=97524) stat_writer /opt/stack/data/venv/lib/python3.12/site-packages/dbcounter.py:115}}
Aug 13 09:33:35.467321 np0000007187 nova-conductor[97524]: DEBUG dbcounter [-] [97524] Writing DB stats nova_cell0:SELECT=1 {{(pid=97524) stat_writer /opt/stack/data/venv/lib/python3.12/site-packages/dbcounter.py:115}}
Aug 13 09:33:41.754910 np0000007187 nova-conductor[99032]: DEBUG dbcounter [-] [99032] Writing DB stats nova_cell0:SELECT=4,nova_cell0:INSERT=1,nova_cell0:UPDATE=1 {{(pid=99032) stat_writer /opt/stack/data/venv/lib/python3.12/site-packages/dbcounter.py:115}}
Aug 13 09:33:41.758340 np0000007187 nova-conductor[99028]: DEBUG dbcounter [-] [99028] Writing DB stats nova_cell0:SELECT=4,nova_cell0:INSERT=1,nova_cell0:UPDATE=1 {{(pid=99028) stat_writer /opt/stack/data/venv/lib/python3.12/site-packages/dbcounter.py:115}}
Aug 13 09:33:41.766849 np0000007187 nova-conductor[99037]: DEBUG dbcounter [-] [99037] Writing DB stats nova_cell0:SELECT=3 {{(pid=99037) stat_writer /opt/stack/data/venv/lib/python3.12/site-packages/dbcounter.py:115}}
Aug 13 09:33:41.768389 np0000007187 nova-conductor[99041]: DEBUG dbcounter [-] [99041] Writing DB stats nova_cell0:SELECT=3 {{(pid=99041) stat_writer /opt/stack/data/venv/lib/python3.12/site-packages/dbcounter.py:115}}
Aug 13 09:34:04.749071 np0000007187 nova-conductor[99032]: DEBUG oslo.service.backend._threading.loopingcall [None req-05437a88-9796-42bc-926f-cef82dc6356c None None] Dynamic interval looping call 'nova.service.Service.periodic_tasks' sleeping for 60.00 seconds {{(pid=99032) _run_loop /opt/stack/data/venv/lib/python3.12/site-packages/oslo_service/backend/_threading/loopingcall.py:125}}
Aug 13 09:34:05.761461 np0000007187 nova-conductor[99037]: DEBUG oslo.service.backend._threading.loopingcall [None req-fe169de9-2651-4ec5-b783-1d571419050e None None] Dynamic interval looping call 'nova.service.Service.periodic_tasks' sleeping for 60.00 seconds {{(pid=99037) _run_loop /opt/stack/data/venv/lib/python3.12/site-packages/oslo_service/backend/_threading/loopingcall.py:125}}
Aug 13 09:34:06.754009 np0000007187 nova-conductor[99028]: DEBUG oslo.service.backend._threading.loopingcall [None req-f562f3aa-f133-4ac0-9c36-23bca16b1465 None None] Dynamic interval looping call 'nova.service.Service.periodic_tasks' sleeping for 60.00 seconds {{(pid=99028) _run_loop /opt/stack/data/venv/lib/python3.12/site-packages/oslo_service/backend/_threading/loopingcall.py:125}}
Aug 13 09:34:12.763416 np0000007187 nova-conductor[99041]: DEBUG oslo.service.backend._threading.loopingcall [None req-3c7b3342-2290-4334-934f-6022e12c471d None None] Dynamic interval looping call 'nova.service.Service.periodic_tasks' sleeping for 60.00 seconds {{(pid=99041) _run_loop /opt/stack/data/venv/lib/python3.12/site-packages/oslo_service/backend/_threading/loopingcall.py:125}}
Aug 13 09:35:04.749507 np0000007187 nova-conductor[99032]: DEBUG oslo.service.backend._threading.loopingcall [None req-05437a88-9796-42bc-926f-cef82dc6356c None None] Dynamic interval looping call 'nova.service.Service.periodic_tasks' sleeping for 60.00 seconds {{(pid=99032) _run_loop /opt/stack/data/venv/lib/python3.12/site-packages/oslo_service/backend/_threading/loopingcall.py:125}}
Aug 13 09:35:05.761866 np0000007187 nova-conductor[99037]: DEBUG oslo.service.backend._threading.loopingcall [None req-fe169de9-2651-4ec5-b783-1d571419050e None None] Dynamic interval looping call 'nova.service.Service.periodic_tasks' sleeping for 60.00 seconds {{(pid=99037) _run_loop /opt/stack/data/venv/lib/python3.12/site-packages/oslo_service/backend/_threading/loopingcall.py:125}}
Aug 13 09:35:06.754675 np0000007187 nova-conductor[99028]: DEBUG oslo.service.backend._threading.loopingcall [None req-f562f3aa-f133-4ac0-9c36-23bca16b1465 None None] Dynamic interval looping call 'nova.service.Service.periodic_tasks' sleeping for 60.00 seconds {{(pid=99028) _run_loop /opt/stack/data/venv/lib/python3.12/site-packages/oslo_service/backend/_threading/loopingcall.py:125}}
Aug 13 09:35:12.763945 np0000007187 nova-conductor[99041]: DEBUG oslo.service.backend._threading.loopingcall [None req-3c7b3342-2290-4334-934f-6022e12c471d None None] Dynamic interval looping call 'nova.service.Service.periodic_tasks' sleeping for 60.00 seconds {{(pid=99041) _run_loop /opt/stack/data/venv/lib/python3.12/site-packages/oslo_service/backend/_threading/loopingcall.py:125}}
Aug 13 09:35:30.747968 np0000007187 nova-conductor[99032]: DEBUG oslo_db.sqlalchemy.engines [None req-fc5d4f43-bf4d-4d4f-99e5-0430271d36ef tempest-DeleteServersTestJSON-1406470964 tempest-DeleteServersTestJSON-1406470964-project-member] Parent process 97524 forked (99032) with an open database connection, which is being discarded and recreated. {{(pid=99032) checkout /opt/stack/data/venv/lib/python3.12/site-packages/oslo_db/sqlalchemy/engines.py:402}}
Aug 13 09:35:30.799735 np0000007187 nova-conductor[99032]: DEBUG dbcounter [-] [99032] Writer thread running {{(pid=99032) stat_writer /opt/stack/data/venv/lib/python3.12/site-packages/dbcounter.py:102}}
Aug 13 09:35:31.703744 np0000007187 nova-conductor[99032]: DEBUG nova.conductor.manager [None req-fc5d4f43-bf4d-4d4f-99e5-0430271d36ef tempest-DeleteServersTestJSON-1406470964 tempest-DeleteServersTestJSON-1406470964-project-member] Took 0.90 seconds to select destinations for 1 instance(s). {{(pid=99032) _schedule_instances /opt/stack/nova/nova/conductor/manager.py:968}}
Aug 13 09:35:31.737746 np0000007187 nova-conductor[99032]: DEBUG oslo_concurrency.lockutils [None req-fc5d4f43-bf4d-4d4f-99e5-0430271d36ef tempest-DeleteServersTestJSON-1406470964 tempest-DeleteServersTestJSON-1406470964-project-member] Acquiring lock "9c5a7b66-1fea-40ab-95ae-4c095a3a1373" by "nova.context.set_target_cell..get_or_set_cached_cell_and_set_connections" {{(pid=99032) inner /opt/stack/data/venv/lib/python3.12/site-packages/oslo_concurrency/lockutils.py:512}}
Aug 13 09:35:31.738273 np0000007187 nova-conductor[99032]: DEBUG oslo_concurrency.lockutils [None req-fc5d4f43-bf4d-4d4f-99e5-0430271d36ef tempest-DeleteServersTestJSON-1406470964 tempest-DeleteServersTestJSON-1406470964-project-member] Lock "9c5a7b66-1fea-40ab-95ae-4c095a3a1373" acquired by "nova.context.set_target_cell..get_or_set_cached_cell_and_set_connections" :: waited 0.000s {{(pid=99032) inner /opt/stack/data/venv/lib/python3.12/site-packages/oslo_concurrency/lockutils.py:525}}
Aug 13 09:35:31.739795 np0000007187 nova-conductor[99032]: DEBUG oslo_concurrency.lockutils [None req-fc5d4f43-bf4d-4d4f-99e5-0430271d36ef tempest-DeleteServersTestJSON-1406470964 tempest-DeleteServersTestJSON-1406470964-project-member] Lock "9c5a7b66-1fea-40ab-95ae-4c095a3a1373" "released" by "nova.context.set_target_cell..get_or_set_cached_cell_and_set_connections" :: held 0.002s {{(pid=99032) inner /opt/stack/data/venv/lib/python3.12/site-packages/oslo_concurrency/lockutils.py:544}}
Aug 13 09:35:31.742395 np0000007187 nova-conductor[99032]: INFO dbcounter [None req-fc5d4f43-bf4d-4d4f-99e5-0430271d36ef tempest-DeleteServersTestJSON-1406470964 tempest-DeleteServersTestJSON-1406470964-project-member] Registered counter for database nova_cell1
Aug 13 09:35:31.760178 np0000007187 nova-conductor[99032]: DEBUG oslo.service.backend._threading.loopingcall [-] Fixed interval looping call 'nova.servicegroup.drivers.db.DbDriver._report_state' sleeping for 119.99 seconds {{(pid=99032) _run_loop /opt/stack/data/venv/lib/python3.12/site-packages/oslo_service/backend/_threading/loopingcall.py:125}}
Aug 13 09:35:31.762210 np0000007187 nova-conductor[99028]: DEBUG oslo.service.backend._threading.loopingcall [-] Fixed interval looping call 'nova.servicegroup.drivers.db.DbDriver._report_state' sleeping for 119.99 seconds {{(pid=99028) _run_loop /opt/stack/data/venv/lib/python3.12/site-packages/oslo_service/backend/_threading/loopingcall.py:125}}
Aug 13 09:35:31.766464 np0000007187 nova-conductor[99037]: DEBUG oslo.service.backend._threading.loopingcall [-] Fixed interval looping call 'nova.servicegroup.drivers.db.DbDriver._report_state' sleeping for 119.99 seconds {{(pid=99037) _run_loop /opt/stack/data/venv/lib/python3.12/site-packages/oslo_service/backend/_threading/loopingcall.py:125}}
Aug 13 09:35:31.767389 np0000007187 nova-conductor[99041]: DEBUG oslo.service.backend._threading.loopingcall [-] Fixed interval looping call 'nova.servicegroup.drivers.db.DbDriver._report_state' sleeping for 119.99 seconds {{(pid=99041) _run_loop /opt/stack/data/venv/lib/python3.12/site-packages/oslo_service/backend/_threading/loopingcall.py:125}}
Aug 13 09:35:31.799244 np0000007187 nova-conductor[99032]: DEBUG oslo_db.sqlalchemy.engines [None req-fc5d4f43-bf4d-4d4f-99e5-0430271d36ef tempest-DeleteServersTestJSON-1406470964 tempest-DeleteServersTestJSON-1406470964-project-member] MySQL server mode set to STRICT_TRANS_TABLES,STRICT_ALL_TABLES,NO_ZERO_IN_DATE,NO_ZERO_DATE,ERROR_FOR_DIVISION_BY_ZERO,TRADITIONAL,NO_ENGINE_SUBSTITUTION {{(pid=99032) _check_effective_sql_mode /opt/stack/data/venv/lib/python3.12/site-packages/oslo_db/sqlalchemy/engines.py:325}}
Aug 13 09:35:31.811118 np0000007187 nova-conductor[99032]: DEBUG dbcounter [-] [99032] Writer thread running {{(pid=99032) stat_writer /opt/stack/data/venv/lib/python3.12/site-packages/dbcounter.py:102}}
Aug 13 09:35:31.908417 np0000007187 nova-conductor[99032]: INFO nova.utils [None req-fc5d4f43-bf4d-4d4f-99e5-0430271d36ef tempest-DeleteServersTestJSON-1406470964 tempest-DeleteServersTestJSON-1406470964-project-member] The cell worker thread pool ForkProcess-2.cell_worker is initialized
Aug 13 09:35:31.908417 np0000007187 nova-conductor[99032]: DEBUG oslo_concurrency.lockutils [None req-fc5d4f43-bf4d-4d4f-99e5-0430271d36ef tempest-DeleteServersTestJSON-1406470964 tempest-DeleteServersTestJSON-1406470964-project-member] Acquiring lock "00000000-0000-0000-0000-000000000000" by "nova.context.set_target_cell..get_or_set_cached_cell_and_set_connections" {{(pid=99032) inner /opt/stack/data/venv/lib/python3.12/site-packages/oslo_concurrency/lockutils.py:512}}
Aug 13 09:35:31.908649 np0000007187 nova-conductor[99032]: DEBUG oslo_concurrency.lockutils [None req-fc5d4f43-bf4d-4d4f-99e5-0430271d36ef tempest-DeleteServersTestJSON-1406470964 tempest-DeleteServersTestJSON-1406470964-project-member] Lock "00000000-0000-0000-0000-000000000000" acquired by "nova.context.set_target_cell..get_or_set_cached_cell_and_set_connections" :: waited 0.000s {{(pid=99032) inner /opt/stack/data/venv/lib/python3.12/site-packages/oslo_concurrency/lockutils.py:525}}
Aug 13 09:35:31.908918 np0000007187 nova-conductor[99032]: DEBUG oslo_concurrency.lockutils [None req-fc5d4f43-bf4d-4d4f-99e5-0430271d36ef tempest-DeleteServersTestJSON-1406470964 tempest-DeleteServersTestJSON-1406470964-project-member] Lock "00000000-0000-0000-0000-000000000000" "released" by "nova.context.set_target_cell..get_or_set_cached_cell_and_set_connections" :: held 0.000s {{(pid=99032) inner /opt/stack/data/venv/lib/python3.12/site-packages/oslo_concurrency/lockutils.py:544}}
Aug 13 09:35:31.913650 np0000007187 nova-conductor[99032]: DEBUG oslo_concurrency.lockutils [None req-fc5d4f43-bf4d-4d4f-99e5-0430271d36ef tempest-DeleteServersTestJSON-1406470964 tempest-DeleteServersTestJSON-1406470964-project-member] Acquiring lock "9c5a7b66-1fea-40ab-95ae-4c095a3a1373" by "nova.context.set_target_cell..get_or_set_cached_cell_and_set_connections" {{(pid=99032) inner /opt/stack/data/venv/lib/python3.12/site-packages/oslo_concurrency/lockutils.py:512}}
Aug 13 09:35:31.913650 np0000007187 nova-conductor[99032]: DEBUG oslo_concurrency.lockutils [None req-fc5d4f43-bf4d-4d4f-99e5-0430271d36ef tempest-DeleteServersTestJSON-1406470964 tempest-DeleteServersTestJSON-1406470964-project-member] Lock "9c5a7b66-1fea-40ab-95ae-4c095a3a1373" acquired by "nova.context.set_target_cell..get_or_set_cached_cell_and_set_connections" :: waited 0.000s {{(pid=99032) inner /opt/stack/data/venv/lib/python3.12/site-packages/oslo_concurrency/lockutils.py:525}}
Aug 13 09:35:31.913650 np0000007187 nova-conductor[99032]: DEBUG oslo_concurrency.lockutils [None req-fc5d4f43-bf4d-4d4f-99e5-0430271d36ef tempest-DeleteServersTestJSON-1406470964 tempest-DeleteServersTestJSON-1406470964-project-member] Lock "9c5a7b66-1fea-40ab-95ae-4c095a3a1373" "released" by "nova.context.set_target_cell..get_or_set_cached_cell_and_set_connections" :: held 0.000s {{(pid=99032) inner /opt/stack/data/venv/lib/python3.12/site-packages/oslo_concurrency/lockutils.py:544}}
Aug 13 09:35:31.913650 np0000007187 nova-conductor[99032]: INFO dbcounter [None req-fc5d4f43-bf4d-4d4f-99e5-0430271d36ef tempest-DeleteServersTestJSON-1406470964 tempest-DeleteServersTestJSON-1406470964-project-member] Registered counter for database nova_cell0
Aug 13 09:35:31.968080 np0000007187 nova-conductor[99032]: DEBUG oslo_db.sqlalchemy.engines [None req-fc5d4f43-bf4d-4d4f-99e5-0430271d36ef tempest-DeleteServersTestJSON-1406470964 tempest-DeleteServersTestJSON-1406470964-project-member] MySQL server mode set to STRICT_TRANS_TABLES,STRICT_ALL_TABLES,NO_ZERO_IN_DATE,NO_ZERO_DATE,ERROR_FOR_DIVISION_BY_ZERO,TRADITIONAL,NO_ENGINE_SUBSTITUTION {{(pid=99032) _check_effective_sql_mode /opt/stack/data/venv/lib/python3.12/site-packages/oslo_db/sqlalchemy/engines.py:325}}
Aug 13 09:35:31.979702 np0000007187 nova-conductor[99032]: DEBUG dbcounter [-] [99032] Writer thread running {{(pid=99032) stat_writer /opt/stack/data/venv/lib/python3.12/site-packages/dbcounter.py:102}}
Aug 13 09:35:31.998552 np0000007187 nova-conductor[99032]: DEBUG nova.quota [None req-fc5d4f43-bf4d-4d4f-99e5-0430271d36ef tempest-DeleteServersTestJSON-1406470964 tempest-DeleteServersTestJSON-1406470964-project-member] Getting quotas for project 82aa0ac5f70a4afabab0e74e37c18fdd. Resources: {'ram', 'instances', 'cores'} {{(pid=99032) _get_quotas /opt/stack/nova/nova/quota.py:389}}
Aug 13 09:35:32.001908 np0000007187 nova-conductor[99032]: DEBUG nova.quota [None req-fc5d4f43-bf4d-4d4f-99e5-0430271d36ef tempest-DeleteServersTestJSON-1406470964 tempest-DeleteServersTestJSON-1406470964-project-member] Getting quotas for user 62ea6bd21c3b46849b2337609de62b43 and project 82aa0ac5f70a4afabab0e74e37c18fdd. Resources: {'ram', 'instances', 'cores'} {{(pid=99032) _get_quotas /opt/stack/nova/nova/quota.py:379}}
Aug 13 09:35:32.007407 np0000007187 nova-conductor[99032]: DEBUG nova.conductor.manager [None req-fc5d4f43-bf4d-4d4f-99e5-0430271d36ef tempest-DeleteServersTestJSON-1406470964 tempest-DeleteServersTestJSON-1406470964-project-member] [instance: ca8a2061-ae04-4854-96f4-814e2b666124] Selected host: np0000007187; Selected node: np0000007187; Alternates: [] {{(pid=99032) schedule_and_build_instances /opt/stack/nova/nova/conductor/manager.py:1784}}
