May 28 02:57:17.148151 np0000001589 nova-scheduler[95723]: DEBUG cotyledon.oslo_config_glue [-] oslo_limit.certfile = None {{(pid=95723) log_opt_values /opt/stack/data/venv/lib/python3.12/site-packages/oslo_config/cfg.py:3256}}
May 28 02:57:17.148151 np0000001589 nova-scheduler[95723]: DEBUG cotyledon.oslo_config_glue [-] oslo_limit.collect_timing = False {{(pid=95723) log_opt_values /opt/stack/data/venv/lib/python3.12/site-packages/oslo_config/cfg.py:3256}}
May 28 02:57:17.148481 np0000001589 nova-scheduler[95723]: DEBUG cotyledon.oslo_config_glue [-] oslo_limit.connect_retries = None {{(pid=95723) log_opt_values /opt/stack/data/venv/lib/python3.12/site-packages/oslo_config/cfg.py:3256}}
May 28 02:57:17.148481 np0000001589 nova-scheduler[95723]: DEBUG cotyledon.oslo_config_glue [-] oslo_limit.connect_retry_delay = None {{(pid=95723) log_opt_values /opt/stack/data/venv/lib/python3.12/site-packages/oslo_config/cfg.py:3256}}
May 28 02:57:17.148481 np0000001589 nova-scheduler[95723]: DEBUG cotyledon.oslo_config_glue [-] oslo_limit.endpoint_id = None {{(pid=95723) log_opt_values /opt/stack/data/venv/lib/python3.12/site-packages/oslo_config/cfg.py:3256}}
May 28 02:57:17.148481 np0000001589 nova-scheduler[95723]: DEBUG cotyledon.oslo_config_glue [-] oslo_limit.endpoint_interface = public {{(pid=95723) log_opt_values /opt/stack/data/venv/lib/python3.12/site-packages/oslo_config/cfg.py:3256}}
May 28 02:57:17.148481 np0000001589 nova-scheduler[95723]: DEBUG cotyledon.oslo_config_glue [-] oslo_limit.endpoint_override = None {{(pid=95723) log_opt_values /opt/stack/data/venv/lib/python3.12/site-packages/oslo_config/cfg.py:3256}}
May 28 02:57:17.148481 np0000001589 nova-scheduler[95723]: DEBUG cotyledon.oslo_config_glue [-] oslo_limit.endpoint_region_name = None {{(pid=95723) log_opt_values /opt/stack/data/venv/lib/python3.12/site-packages/oslo_config/cfg.py:3256}}
May 28 02:57:17.148481 np0000001589 nova-scheduler[95723]: DEBUG cotyledon.oslo_config_glue [-] oslo_limit.endpoint_service_name = None {{(pid=95723) log_opt_values /opt/stack/data/venv/lib/python3.12/site-packages/oslo_config/cfg.py:3256}}
May 28 02:57:17.148481 np0000001589 nova-scheduler[95723]: DEBUG cotyledon.oslo_config_glue [-] oslo_limit.endpoint_service_type = None {{(pid=95723) log_opt_values /opt/stack/data/venv/lib/python3.12/site-packages/oslo_config/cfg.py:3256}}
May 28 02:57:17.148481 np0000001589 nova-scheduler[95723]: DEBUG cotyledon.oslo_config_glue [-] oslo_limit.insecure = False {{(pid=95723) log_opt_values /opt/stack/data/venv/lib/python3.12/site-packages/oslo_config/cfg.py:3256}}
May 28 02:57:17.148771 np0000001589 nova-scheduler[95723]: DEBUG cotyledon.oslo_config_glue [-] oslo_limit.keyfile = None {{(pid=95723) log_opt_values /opt/stack/data/venv/lib/python3.12/site-packages/oslo_config/cfg.py:3256}}
May 28 02:57:17.148771 np0000001589 nova-scheduler[95723]: DEBUG cotyledon.oslo_config_glue [-] oslo_limit.max_version = None {{(pid=95723) log_opt_values /opt/stack/data/venv/lib/python3.12/site-packages/oslo_config/cfg.py:3256}}
May 28 02:57:17.148771 np0000001589 nova-scheduler[95723]: DEBUG cotyledon.oslo_config_glue [-] oslo_limit.min_version = None {{(pid=95723) log_opt_values /opt/stack/data/venv/lib/python3.12/site-packages/oslo_config/cfg.py:3256}}
May 28 02:57:17.148771 np0000001589 nova-scheduler[95723]: DEBUG cotyledon.oslo_config_glue [-] oslo_limit.region_name = None {{(pid=95723) log_opt_values /opt/stack/data/venv/lib/python3.12/site-packages/oslo_config/cfg.py:3256}}
May 28 02:57:17.148771 np0000001589 nova-scheduler[95723]: DEBUG cotyledon.oslo_config_glue [-] oslo_limit.retriable_status_codes = None {{(pid=95723) log_opt_values /opt/stack/data/venv/lib/python3.12/site-packages/oslo_config/cfg.py:3256}}
May 28 02:57:17.148771 np0000001589 nova-scheduler[95723]: DEBUG cotyledon.oslo_config_glue [-] oslo_limit.service_name = None {{(pid=95723) log_opt_values /opt/stack/data/venv/lib/python3.12/site-packages/oslo_config/cfg.py:3256}}
May 28 02:57:17.148771 np0000001589 nova-scheduler[95723]: DEBUG cotyledon.oslo_config_glue [-] oslo_limit.service_type = None {{(pid=95723) log_opt_values /opt/stack/data/venv/lib/python3.12/site-packages/oslo_config/cfg.py:3256}}
May 28 02:57:17.148771 np0000001589 nova-scheduler[95723]: DEBUG cotyledon.oslo_config_glue [-] oslo_limit.split_loggers = False {{(pid=95723) log_opt_values /opt/stack/data/venv/lib/python3.12/site-packages/oslo_config/cfg.py:3256}}
May 28 02:57:17.148771 np0000001589 nova-scheduler[95723]: DEBUG cotyledon.oslo_config_glue [-] oslo_limit.status_code_retries = None {{(pid=95723) log_opt_values /opt/stack/data/venv/lib/python3.12/site-packages/oslo_config/cfg.py:3256}}
May 28 02:57:17.149059 np0000001589 nova-scheduler[95723]: DEBUG cotyledon.oslo_config_glue [-] oslo_limit.status_code_retry_delay = None {{(pid=95723) log_opt_values /opt/stack/data/venv/lib/python3.12/site-packages/oslo_config/cfg.py:3256}}
May 28 02:57:17.149059 np0000001589 nova-scheduler[95723]: DEBUG cotyledon.oslo_config_glue [-] oslo_limit.timeout = None {{(pid=95723) log_opt_values /opt/stack/data/venv/lib/python3.12/site-packages/oslo_config/cfg.py:3256}}
May 28 02:57:17.149059 np0000001589 nova-scheduler[95723]: DEBUG cotyledon.oslo_config_glue [-] oslo_limit.valid_interfaces = None {{(pid=95723) log_opt_values /opt/stack/data/venv/lib/python3.12/site-packages/oslo_config/cfg.py:3256}}
May 28 02:57:17.149059 np0000001589 nova-scheduler[95723]: DEBUG cotyledon.oslo_config_glue [-] oslo_limit.version = None {{(pid=95723) log_opt_values /opt/stack/data/venv/lib/python3.12/site-packages/oslo_config/cfg.py:3256}}
May 28 02:57:17.149059 np0000001589 nova-scheduler[95723]: DEBUG cotyledon.oslo_config_glue [-] oslo_reports.file_event_handler = None {{(pid=95723) log_opt_values /opt/stack/data/venv/lib/python3.12/site-packages/oslo_config/cfg.py:3256}}
May 28 02:57:17.149059 np0000001589 nova-scheduler[95723]: DEBUG cotyledon.oslo_config_glue [-] oslo_reports.file_event_handler_interval = 1 {{(pid=95723) log_opt_values /opt/stack/data/venv/lib/python3.12/site-packages/oslo_config/cfg.py:3256}}
May 28 02:57:17.149059 np0000001589 nova-scheduler[95723]: DEBUG cotyledon.oslo_config_glue [-] oslo_reports.log_dir = None {{(pid=95723) log_opt_values /opt/stack/data/venv/lib/python3.12/site-packages/oslo_config/cfg.py:3256}}
May 28 02:57:17.149059 np0000001589 nova-scheduler[95723]: DEBUG cotyledon.oslo_config_glue [-] ******************************************************************************** {{(pid=95723) log_opt_values /opt/stack/data/venv/lib/python3.12/site-packages/oslo_config/cfg.py:3263}}
May 28 02:57:17.149059 np0000001589 nova-scheduler[95723]: DEBUG cotyledon._service_worker [-] Run service ServiceWrapper(2) [95723] {{(pid=95723) wait_forever /opt/stack/data/venv/lib/python3.12/site-packages/cotyledon/_service_worker.py:218}}
May 28 02:57:17.149391 np0000001589 nova-scheduler[95723]: INFO nova.service [-] Starting scheduler node (version 33.1.0)
May 28 02:57:17.149391 np0000001589 nova-scheduler[95723]: INFO dbcounter [None req-d6eeeb78-db51-47cd-9f56-92ee4b3d1eb4 None None] Registered counter for database nova_cell0
May 28 02:57:17.149468 np0000001589 nova-scheduler[95719]: DEBUG oslo_db.sqlalchemy.engines [None req-a814e105-0222-4e4b-a755-2a9e18ad5b0e None None] MySQL server mode set to STRICT_TRANS_TABLES,STRICT_ALL_TABLES,NO_ZERO_IN_DATE,NO_ZERO_DATE,ERROR_FOR_DIVISION_BY_ZERO,TRADITIONAL,NO_ENGINE_SUBSTITUTION {{(pid=95719) _check_effective_sql_mode /opt/stack/data/venv/lib/python3.12/site-packages/oslo_db/sqlalchemy/engines.py:325}}
May 28 02:57:17.150613 np0000001589 nova-scheduler[95721]: DEBUG oslo_db.sqlalchemy.engines [None req-b62bbb81-5c0f-409d-a5d9-8ab58dae8dd4 None None] MySQL server mode set to STRICT_TRANS_TABLES,STRICT_ALL_TABLES,NO_ZERO_IN_DATE,NO_ZERO_DATE,ERROR_FOR_DIVISION_BY_ZERO,TRADITIONAL,NO_ENGINE_SUBSTITUTION {{(pid=95721) _check_effective_sql_mode /opt/stack/data/venv/lib/python3.12/site-packages/oslo_db/sqlalchemy/engines.py:325}}
May 28 02:57:17.150694 np0000001589 nova-scheduler[95719]: DEBUG dbcounter [-] [95719] Writer thread running {{(pid=95719) stat_writer /opt/stack/data/venv/lib/python3.12/site-packages/dbcounter.py:102}}
May 28 02:57:17.159498 np0000001589 nova-scheduler[95721]: DEBUG dbcounter [-] [95721] Writer thread running {{(pid=95721) stat_writer /opt/stack/data/venv/lib/python3.12/site-packages/dbcounter.py:102}}
May 28 02:57:17.163845 np0000001589 nova-scheduler[95719]: DEBUG nova.service [None req-a814e105-0222-4e4b-a755-2a9e18ad5b0e None None] Creating RPC server for service: nova-scheduler on topic: scheduler {{(pid=95719) start /opt/stack/nova/nova/service.py:195}}
May 28 02:57:17.173818 np0000001589 nova-scheduler[95723]: DEBUG oslo_db.sqlalchemy.engines [None req-d6eeeb78-db51-47cd-9f56-92ee4b3d1eb4 None None] MySQL server mode set to STRICT_TRANS_TABLES,STRICT_ALL_TABLES,NO_ZERO_IN_DATE,NO_ZERO_DATE,ERROR_FOR_DIVISION_BY_ZERO,TRADITIONAL,NO_ENGINE_SUBSTITUTION {{(pid=95723) _check_effective_sql_mode /opt/stack/data/venv/lib/python3.12/site-packages/oslo_db/sqlalchemy/engines.py:325}}
May 28 02:57:17.173948 np0000001589 nova-scheduler[95721]: DEBUG nova.service [None req-b62bbb81-5c0f-409d-a5d9-8ab58dae8dd4 None None] Creating RPC server for service: nova-scheduler on topic: scheduler {{(pid=95721) start /opt/stack/nova/nova/service.py:195}}
May 28 02:57:17.186056 np0000001589 nova-scheduler[95723]: DEBUG dbcounter [-] [95723] Writer thread running {{(pid=95723) stat_writer /opt/stack/data/venv/lib/python3.12/site-packages/dbcounter.py:102}}
May 28 02:57:17.189798 np0000001589 nova-scheduler[95723]: DEBUG nova.service [None req-d6eeeb78-db51-47cd-9f56-92ee4b3d1eb4 None None] Creating RPC server for service: nova-scheduler on topic: scheduler {{(pid=95723) start /opt/stack/nova/nova/service.py:195}}
May 28 02:57:17.192773 np0000001589 nova-scheduler[95719]: DEBUG nova.service [None req-a814e105-0222-4e4b-a755-2a9e18ad5b0e None None] Join ServiceGroup membership for this service scheduler {{(pid=95719) start /opt/stack/nova/nova/service.py:221}}
May 28 02:57:17.192995 np0000001589 nova-scheduler[95719]: DEBUG nova.servicegroup.drivers.db [None req-a814e105-0222-4e4b-a755-2a9e18ad5b0e None None] DB_Driver: join new ServiceGroup member np0000001589 to the scheduler group, service = {{(pid=95719) join /opt/stack/nova/nova/servicegroup/drivers/db.py:44}}
May 28 02:57:17.193668 np0000001589 nova-scheduler[95721]: DEBUG nova.service [None req-b62bbb81-5c0f-409d-a5d9-8ab58dae8dd4 None None] Join ServiceGroup membership for this service scheduler {{(pid=95721) start /opt/stack/nova/nova/service.py:221}}
May 28 02:57:17.194490 np0000001589 nova-scheduler[95721]: DEBUG nova.servicegroup.drivers.db [None req-b62bbb81-5c0f-409d-a5d9-8ab58dae8dd4 None None] DB_Driver: join new ServiceGroup member np0000001589 to the scheduler group, service = {{(pid=95721) join /opt/stack/nova/nova/servicegroup/drivers/db.py:44}}
May 28 02:57:17.210358 np0000001589 nova-scheduler[95723]: DEBUG nova.service [None req-d6eeeb78-db51-47cd-9f56-92ee4b3d1eb4 None None] Join ServiceGroup membership for this service scheduler {{(pid=95723) start /opt/stack/nova/nova/service.py:221}}
May 28 02:57:17.210678 np0000001589 nova-scheduler[95723]: DEBUG nova.servicegroup.drivers.db [None req-d6eeeb78-db51-47cd-9f56-92ee4b3d1eb4 None None] DB_Driver: join new ServiceGroup member np0000001589 to the scheduler group, service = {{(pid=95723) join /opt/stack/nova/nova/servicegroup/drivers/db.py:44}}
May 28 02:57:22.206242 np0000001589 nova-scheduler[95721]: DEBUG oslo.service.backend._threading.loopingcall [-] Fixed interval looping call 'nova.servicegroup.drivers.db.DbDriver._report_state' sleeping for 119.99 seconds {{(pid=95721) _run_loop /opt/stack/data/venv/lib/python3.12/site-packages/oslo_service/backend/_threading/loopingcall.py:125}}
May 28 02:57:22.206634 np0000001589 nova-scheduler[95719]: DEBUG oslo.service.backend._threading.loopingcall [-] Fixed interval looping call 'nova.servicegroup.drivers.db.DbDriver._report_state' sleeping for 119.99 seconds {{(pid=95719) _run_loop /opt/stack/data/venv/lib/python3.12/site-packages/oslo_service/backend/_threading/loopingcall.py:125}}
May 28 02:57:22.221340 np0000001589 nova-scheduler[95723]: DEBUG oslo.service.backend._threading.loopingcall [-] Fixed interval looping call 'nova.servicegroup.drivers.db.DbDriver._report_state' sleeping for 119.99 seconds {{(pid=95723) _run_loop /opt/stack/data/venv/lib/python3.12/site-packages/oslo_service/backend/_threading/loopingcall.py:125}}
May 28 02:57:25.747878 np0000001589 nova-scheduler[94448]: DEBUG dbcounter [-] [94448] Writing DB stats nova_api:SELECT=3 {{(pid=94448) stat_writer /opt/stack/data/venv/lib/python3.12/site-packages/dbcounter.py:115}}
May 28 02:57:25.912903 np0000001589 nova-scheduler[94448]: DEBUG dbcounter [-] [94448] Writing DB stats nova_cell1:SELECT=1 {{(pid=94448) stat_writer /opt/stack/data/venv/lib/python3.12/site-packages/dbcounter.py:115}}
May 28 02:57:25.917632 np0000001589 nova-scheduler[94448]: DEBUG dbcounter [-] [94448] Writing DB stats nova_cell0:SELECT=1 {{(pid=94448) stat_writer /opt/stack/data/venv/lib/python3.12/site-packages/dbcounter.py:115}}
May 28 02:57:32.203767 np0000001589 nova-scheduler[95719]: DEBUG dbcounter [-] [95719] Writing DB stats nova_cell0:SELECT=4,nova_cell0:INSERT=1,nova_cell0:UPDATE=1 {{(pid=95719) stat_writer /opt/stack/data/venv/lib/python3.12/site-packages/dbcounter.py:115}}
May 28 02:57:32.204099 np0000001589 nova-scheduler[95721]: DEBUG dbcounter [-] [95721] Writing DB stats nova_cell0:SELECT=4,nova_cell0:INSERT=1,nova_cell0:UPDATE=1 {{(pid=95721) stat_writer /opt/stack/data/venv/lib/python3.12/site-packages/dbcounter.py:115}}
May 28 02:57:32.219481 np0000001589 nova-scheduler[95723]: DEBUG dbcounter [-] [95723] Writing DB stats nova_cell0:SELECT=3 {{(pid=95723) stat_writer /opt/stack/data/venv/lib/python3.12/site-packages/dbcounter.py:115}}
May 28 02:57:33.213323 np0000001589 nova-scheduler[95723]: DEBUG oslo.service.backend._threading.loopingcall [None req-7532cf9f-5b35-4b0c-87c1-9858c406696e None None] Dynamic interval looping call 'nova.service.Service.periodic_tasks' sleeping for 60.00 seconds {{(pid=95723) _run_loop /opt/stack/data/venv/lib/python3.12/site-packages/oslo_service/backend/_threading/loopingcall.py:125}}
May 28 02:57:59.195365 np0000001589 nova-scheduler[95719]: DEBUG oslo.service.backend._threading.loopingcall [None req-4a490407-dd0f-4c93-a5a1-e1dfc01d02f8 None None] Dynamic interval looping call 'nova.service.Service.periodic_tasks' sleeping for 60.00 seconds {{(pid=95719) _run_loop /opt/stack/data/venv/lib/python3.12/site-packages/oslo_service/backend/_threading/loopingcall.py:125}}
May 28 02:58:09.196545 np0000001589 nova-scheduler[95721]: DEBUG oslo.service.backend._threading.loopingcall [None req-117ece9a-a2c2-412a-9f32-9eba28edc0e0 None None] Dynamic interval looping call 'nova.service.Service.periodic_tasks' sleeping for 60.00 seconds {{(pid=95721) _run_loop /opt/stack/data/venv/lib/python3.12/site-packages/oslo_service/backend/_threading/loopingcall.py:125}}
May 28 02:58:33.213788 np0000001589 nova-scheduler[95723]: DEBUG oslo.service.backend._threading.loopingcall [None req-7532cf9f-5b35-4b0c-87c1-9858c406696e None None] Dynamic interval looping call 'nova.service.Service.periodic_tasks' sleeping for 60.00 seconds {{(pid=95723) _run_loop /opt/stack/data/venv/lib/python3.12/site-packages/oslo_service/backend/_threading/loopingcall.py:125}}
May 28 02:58:59.195895 np0000001589 nova-scheduler[95719]: DEBUG oslo.service.backend._threading.loopingcall [None req-4a490407-dd0f-4c93-a5a1-e1dfc01d02f8 None None] Dynamic interval looping call 'nova.service.Service.periodic_tasks' sleeping for 60.00 seconds {{(pid=95719) _run_loop /opt/stack/data/venv/lib/python3.12/site-packages/oslo_service/backend/_threading/loopingcall.py:125}}
May 28 02:59:09.196982 np0000001589 nova-scheduler[95721]: DEBUG oslo.service.backend._threading.loopingcall [None req-117ece9a-a2c2-412a-9f32-9eba28edc0e0 None None] Dynamic interval looping call 'nova.service.Service.periodic_tasks' sleeping for 60.00 seconds {{(pid=95721) _run_loop /opt/stack/data/venv/lib/python3.12/site-packages/oslo_service/backend/_threading/loopingcall.py:125}}
May 28 02:59:22.203160 np0000001589 nova-scheduler[95719]: DEBUG oslo.service.backend._threading.loopingcall [-] Fixed interval looping call 'nova.servicegroup.drivers.db.DbDriver._report_state' sleeping for 119.99 seconds {{(pid=95719) _run_loop /opt/stack/data/venv/lib/python3.12/site-packages/oslo_service/backend/_threading/loopingcall.py:125}}
May 28 02:59:22.205154 np0000001589 nova-scheduler[95721]: DEBUG oslo.service.backend._threading.loopingcall [-] Fixed interval looping call 'nova.servicegroup.drivers.db.DbDriver._report_state' sleeping for 119.99 seconds {{(pid=95721) _run_loop /opt/stack/data/venv/lib/python3.12/site-packages/oslo_service/backend/_threading/loopingcall.py:125}}
May 28 02:59:22.215151 np0000001589 nova-scheduler[95723]: DEBUG oslo.service.backend._threading.loopingcall [-] Fixed interval looping call 'nova.servicegroup.drivers.db.DbDriver._report_state' sleeping for 120.00 seconds {{(pid=95723) _run_loop /opt/stack/data/venv/lib/python3.12/site-packages/oslo_service/backend/_threading/loopingcall.py:125}}
May 28 02:59:32.200223 np0000001589 nova-scheduler[95719]: DEBUG dbcounter [-] [95719] Writing DB stats nova_cell0:SELECT=1,nova_cell0:UPDATE=1 {{(pid=95719) stat_writer /opt/stack/data/venv/lib/python3.12/site-packages/dbcounter.py:115}}
May 28 02:59:32.200745 np0000001589 nova-scheduler[95721]: DEBUG dbcounter [-] [95721] Writing DB stats nova_cell0:SELECT=1,nova_cell0:UPDATE=1 {{(pid=95721) stat_writer /opt/stack/data/venv/lib/python3.12/site-packages/dbcounter.py:115}}
May 28 02:59:32.213400 np0000001589 nova-scheduler[95723]: DEBUG dbcounter [-] [95723] Writing DB stats nova_cell0:SELECT=1 {{(pid=95723) stat_writer /opt/stack/data/venv/lib/python3.12/site-packages/dbcounter.py:115}}
May 28 02:59:33.214606 np0000001589 nova-scheduler[95723]: DEBUG oslo.service.backend._threading.loopingcall [None req-7532cf9f-5b35-4b0c-87c1-9858c406696e None None] Dynamic interval looping call 'nova.service.Service.periodic_tasks' sleeping for 60.00 seconds {{(pid=95723) _run_loop /opt/stack/data/venv/lib/python3.12/site-packages/oslo_service/backend/_threading/loopingcall.py:125}}
May 28 02:59:59.196562 np0000001589 nova-scheduler[95719]: DEBUG oslo.service.backend._threading.loopingcall [None req-4a490407-dd0f-4c93-a5a1-e1dfc01d02f8 None None] Dynamic interval looping call 'nova.service.Service.periodic_tasks' sleeping for 60.00 seconds {{(pid=95719) _run_loop /opt/stack/data/venv/lib/python3.12/site-packages/oslo_service/backend/_threading/loopingcall.py:125}}
May 28 02:59:59.577130 np0000001589 nova-scheduler[95719]: DEBUG nova.scheduler.manager [None req-ec3b3eef-aada-422c-aa0a-2b4d9b41bc19 tempest-ServersNegativeTestJSON-612301624 tempest-ServersNegativeTestJSON-612301624-project-member] Starting to schedule for instances: ['c908f979-83fa-417c-a4eb-0b0de669c37b'] {{(pid=95719) select_destinations /opt/stack/nova/nova/scheduler/manager.py:210}}
May 28 02:59:59.577658 np0000001589 nova-scheduler[95719]: DEBUG nova.scheduler.request_filter [None req-ec3b3eef-aada-422c-aa0a-2b4d9b41bc19 tempest-ServersNegativeTestJSON-612301624 tempest-ServersNegativeTestJSON-612301624-project-member] compute_status_filter request filter added forbidden trait COMPUTE_STATUS_DISABLED {{(pid=95719) compute_status_filter /opt/stack/nova/nova/scheduler/request_filter.py:253}}
May 28 02:59:59.577756 np0000001589 nova-scheduler[95719]: DEBUG nova.scheduler.request_filter [None req-ec3b3eef-aada-422c-aa0a-2b4d9b41bc19 tempest-ServersNegativeTestJSON-612301624 tempest-ServersNegativeTestJSON-612301624-project-member] Request filter 'compute_status_filter' took 0.0 seconds {{(pid=95719) wrapper /opt/stack/nova/nova/scheduler/request_filter.py:46}}
May 28 02:59:59.577968 np0000001589 nova-scheduler[95719]: DEBUG nova.scheduler.request_filter [None req-ec3b3eef-aada-422c-aa0a-2b4d9b41bc19 tempest-ServersNegativeTestJSON-612301624 tempest-ServersNegativeTestJSON-612301624-project-member] Request filter 'accelerators_filter' took 0.0 seconds {{(pid=95719) wrapper /opt/stack/nova/nova/scheduler/request_filter.py:46}}
May 28 02:59:59.578117 np0000001589 nova-scheduler[95719]: DEBUG nova.scheduler.request_filter [None req-ec3b3eef-aada-422c-aa0a-2b4d9b41bc19 tempest-ServersNegativeTestJSON-612301624 tempest-ServersNegativeTestJSON-612301624-project-member] Request filter 'packed_virtqueue_filter' took 0.0 seconds {{(pid=95719) wrapper /opt/stack/nova/nova/scheduler/request_filter.py:46}}
May 28 02:59:59.578437 np0000001589 nova-scheduler[95719]: DEBUG nova.scheduler.request_filter [None req-ec3b3eef-aada-422c-aa0a-2b4d9b41bc19 tempest-ServersNegativeTestJSON-612301624 tempest-ServersNegativeTestJSON-612301624-project-member] Request filter 'remote_managed_ports_filter' took 0.0 seconds {{(pid=95719) wrapper /opt/stack/nova/nova/scheduler/request_filter.py:46}}
May 28 02:59:59.578606 np0000001589 nova-scheduler[95719]: DEBUG nova.scheduler.request_filter [None req-ec3b3eef-aada-422c-aa0a-2b4d9b41bc19 tempest-ServersNegativeTestJSON-612301624 tempest-ServersNegativeTestJSON-612301624-project-member] ephemeral_encryption_filter skipped {{(pid=95719) ephemeral_encryption_filter /opt/stack/nova/nova/scheduler/request_filter.py:426}}
May 28 02:59:59.578754 np0000001589 nova-scheduler[95719]: DEBUG nova.scheduler.request_filter [None req-ec3b3eef-aada-422c-aa0a-2b4d9b41bc19 tempest-ServersNegativeTestJSON-612301624 tempest-ServersNegativeTestJSON-612301624-project-member] virtio_sound_filter skipped {{(pid=95719) virtio_sound_filter /opt/stack/nova/nova/scheduler/request_filter.py:460}}
May 28 02:59:59.578893 np0000001589 nova-scheduler[95719]: DEBUG nova.scheduler.request_filter [None req-ec3b3eef-aada-422c-aa0a-2b4d9b41bc19 tempest-ServersNegativeTestJSON-612301624 tempest-ServersNegativeTestJSON-612301624-project-member] tpm_secret_security_filter skipped {{(pid=95719) tpm_secret_security_filter /opt/stack/nova/nova/scheduler/request_filter.py:477}}
May 28 03:00:00.187790 np0000001589 nova-scheduler[95719]: INFO nova.utils [None req-ec3b3eef-aada-422c-aa0a-2b4d9b41bc19 tempest-ServersNegativeTestJSON-612301624 tempest-ServersNegativeTestJSON-612301624-project-member] The cell worker thread pool ForkProcess-1.cell_worker is initialized
May 28 03:00:00.190293 np0000001589 nova-scheduler[95719]: DEBUG oslo_concurrency.lockutils [None req-ec3b3eef-aada-422c-aa0a-2b4d9b41bc19 tempest-ServersNegativeTestJSON-612301624 tempest-ServersNegativeTestJSON-612301624-project-member] Acquiring lock "1f00816b-ef4b-45ce-91cd-1542d8eaa31f" by "nova.context.set_target_cell..get_or_set_cached_cell_and_set_connections" {{(pid=95719) inner /opt/stack/data/venv/lib/python3.12/site-packages/oslo_concurrency/lockutils.py:511}}
May 28 03:00:00.190293 np0000001589 nova-scheduler[95719]: DEBUG oslo_concurrency.lockutils [None req-ec3b3eef-aada-422c-aa0a-2b4d9b41bc19 tempest-ServersNegativeTestJSON-612301624 tempest-ServersNegativeTestJSON-612301624-project-member] Lock "1f00816b-ef4b-45ce-91cd-1542d8eaa31f" acquired by "nova.context.set_target_cell..get_or_set_cached_cell_and_set_connections" :: waited 0.000s {{(pid=95719) inner /opt/stack/data/venv/lib/python3.12/site-packages/oslo_concurrency/lockutils.py:524}}
May 28 03:00:00.190293 np0000001589 nova-scheduler[95719]: DEBUG oslo_concurrency.lockutils [None req-ec3b3eef-aada-422c-aa0a-2b4d9b41bc19 tempest-ServersNegativeTestJSON-612301624 tempest-ServersNegativeTestJSON-612301624-project-member] Lock "1f00816b-ef4b-45ce-91cd-1542d8eaa31f" "released" by "nova.context.set_target_cell..get_or_set_cached_cell_and_set_connections" :: held 0.001s {{(pid=95719) inner /opt/stack/data/venv/lib/python3.12/site-packages/oslo_concurrency/lockutils.py:543}}
May 28 03:00:00.192329 np0000001589 nova-scheduler[95719]: INFO dbcounter [None req-ec3b3eef-aada-422c-aa0a-2b4d9b41bc19 tempest-ServersNegativeTestJSON-612301624 tempest-ServersNegativeTestJSON-612301624-project-member] Registered counter for database nova_cell1
May 28 03:00:00.236187 np0000001589 nova-scheduler[95719]: DEBUG oslo_db.sqlalchemy.engines [None req-ec3b3eef-aada-422c-aa0a-2b4d9b41bc19 tempest-ServersNegativeTestJSON-612301624 tempest-ServersNegativeTestJSON-612301624-project-member] MySQL server mode set to STRICT_TRANS_TABLES,STRICT_ALL_TABLES,NO_ZERO_IN_DATE,NO_ZERO_DATE,ERROR_FOR_DIVISION_BY_ZERO,TRADITIONAL,NO_ENGINE_SUBSTITUTION {{(pid=95719) _check_effective_sql_mode /opt/stack/data/venv/lib/python3.12/site-packages/oslo_db/sqlalchemy/engines.py:325}}
May 28 03:00:00.243334 np0000001589 nova-scheduler[95719]: DEBUG dbcounter [-] [95719] Writer thread running {{(pid=95719) stat_writer /opt/stack/data/venv/lib/python3.12/site-packages/dbcounter.py:102}}
May 28 03:00:00.258252 np0000001589 nova-scheduler[95719]: DEBUG oslo_db.sqlalchemy.engines [None req-ec3b3eef-aada-422c-aa0a-2b4d9b41bc19 tempest-ServersNegativeTestJSON-612301624 tempest-ServersNegativeTestJSON-612301624-project-member] Parent process 94448 forked (95719) with an open database connection, which is being discarded and recreated. {{(pid=95719) checkout /opt/stack/data/venv/lib/python3.12/site-packages/oslo_db/sqlalchemy/engines.py:402}}
May 28 03:00:00.303656 np0000001589 nova-scheduler[95719]: DEBUG dbcounter [-] [95719] Writer thread running {{(pid=95719) stat_writer /opt/stack/data/venv/lib/python3.12/site-packages/dbcounter.py:102}}
May 28 03:00:00.306739 np0000001589 nova-scheduler[95719]: DEBUG oslo_concurrency.lockutils [None req-ec3b3eef-aada-422c-aa0a-2b4d9b41bc19 tempest-ServersNegativeTestJSON-612301624 tempest-ServersNegativeTestJSON-612301624-project-member] Acquiring lock "1f00816b-ef4b-45ce-91cd-1542d8eaa31f" by "nova.context.set_target_cell..get_or_set_cached_cell_and_set_connections" {{(pid=95719) inner /opt/stack/data/venv/lib/python3.12/site-packages/oslo_concurrency/lockutils.py:511}}
May 28 03:00:00.306904 np0000001589 nova-scheduler[95719]: DEBUG oslo_concurrency.lockutils [None req-ec3b3eef-aada-422c-aa0a-2b4d9b41bc19 tempest-ServersNegativeTestJSON-612301624 tempest-ServersNegativeTestJSON-612301624-project-member] Lock "1f00816b-ef4b-45ce-91cd-1542d8eaa31f" acquired by "nova.context.set_target_cell..get_or_set_cached_cell_and_set_connections" :: waited 0.000s {{(pid=95719) inner /opt/stack/data/venv/lib/python3.12/site-packages/oslo_concurrency/lockutils.py:524}}
May 28 03:00:00.306972 np0000001589 nova-scheduler[95719]: DEBUG oslo_concurrency.lockutils [None req-ec3b3eef-aada-422c-aa0a-2b4d9b41bc19 tempest-ServersNegativeTestJSON-612301624 tempest-ServersNegativeTestJSON-612301624-project-member] Lock "1f00816b-ef4b-45ce-91cd-1542d8eaa31f" "released" by "nova.context.set_target_cell..get_or_set_cached_cell_and_set_connections" :: held 0.000s {{(pid=95719) inner /opt/stack/data/venv/lib/python3.12/site-packages/oslo_concurrency/lockutils.py:543}}
May 28 03:00:00.309733 np0000001589 nova-scheduler[95719]: DEBUG oslo_concurrency.lockutils [None req-ec3b3eef-aada-422c-aa0a-2b4d9b41bc19 tempest-ServersNegativeTestJSON-612301624 tempest-ServersNegativeTestJSON-612301624-project-member] Acquiring lock "('np0000001589', 'np0000001589')" by "nova.scheduler.host_manager.HostState.update.._locked_update" {{(pid=95719) inner /opt/stack/data/venv/lib/python3.12/site-packages/oslo_concurrency/lockutils.py:511}}
May 28 03:00:00.309851 np0000001589 nova-scheduler[95719]: DEBUG oslo_concurrency.lockutils [None req-ec3b3eef-aada-422c-aa0a-2b4d9b41bc19 tempest-ServersNegativeTestJSON-612301624 tempest-ServersNegativeTestJSON-612301624-project-member] Lock "('np0000001589', 'np0000001589')" acquired by "nova.scheduler.host_manager.HostState.update.._locked_update" :: waited 0.000s {{(pid=95719) inner /opt/stack/data/venv/lib/python3.12/site-packages/oslo_concurrency/lockutils.py:524}}
May 28 03:00:00.310773 np0000001589 nova-scheduler[95719]: DEBUG nova.scheduler.host_manager [None req-ec3b3eef-aada-422c-aa0a-2b4d9b41bc19 tempest-ServersNegativeTestJSON-612301624 tempest-ServersNegativeTestJSON-612301624-project-member] Update host state from compute node: ComputeNode(cpu_allocation_ratio=4.0,cpu_info='{"arch": "x86_64", "model": "EPYC-Milan", "vendor": "AMD", "topology": {"cells": 1, "sockets": 12, "cores": 1, "threads": 1}, "maxphysaddr": {"mode": "emulate", "bits": 40}, "features": ["nrip-save", "cx8", "tsc", "xsave", "fma", "nx", "lm", "v-vmsave-vmload", "tsc_adjust", "clflush", "amd-stibp", "cmov", "sha-ni", "pge", "vme", "pschange-mc-no", "fpu", "umip", "xsaves", "movbe", "rdseed", "smep", "stibp", "xsaveopt", "syscall", "cx16", "osvw", "clflushopt", "topoext", "amd-ssbd", "de", "mca", "pae", "mmxext", "avx2", "skip-l1dfl-vmentry", "pcid", "virt-ssbd", "x2apic", "sse4a", "gds-no", "adx", "pat", "clwb", "rdpid", "fsrm", "sep", "smap", "rdrand", "pse", "arch-capabilities", "ibrs", "cmp_legacy", "null-sel-clr-base", "avx", "pdpe1gb", "ssbd", "fxsr", "xsaveerptr", "lahf_lm", "lfence-always-serializing", "bmi1", "pku", "invpcid", "rdtscp", "xgetbv1", "clzero", "tsc-deadline", "svm", "fxsr_opt", "vpclmulqdq", "wbnoinvd", "mds-no", "no-nested-data-bp", "erms", "xsavec", "sse4.1", "stibp-always-on", "pni", "cr8legacy", "3dnowprefetch", "vmcb-clean", "pse36", "aes", "ibpb", "arat", "fsgsbase", "tsc-scale", "sse", "msr", "pause-filter", "misalignsse", "sse2", "amd-psfd", "f16c", "mmx", "vaes", "sse4.2", "flushbyasid", "pfthreshold", "rdctl-no", "lbrv", "hypervisor", "pclmuldq", "bmi2", "ssse3", "vgif", "mtrr", "perfctr_core", "apic", "popcnt", "abm", "spec-ctrl", "mce", "npt", "svme-addr-chk"]}',created_at=2026-05-28T02:57:42Z,current_workload=0,deleted=False,deleted_at=None,disk_allocation_ratio=1.0,disk_available_least=74,free_disk_gb=95,free_ram_mb=23518,host='np0000001589',host_ip=10.4.3.55,hypervisor_hostname='np0000001589',hypervisor_type='QEMU',hypervisor_version=8002002,id=1,local_gb=95,local_gb_used=0,mapped=1,memory_mb=24030,memory_mb_used=512,metrics='[]',numa_topology='{"nova_object.name": "NUMATopology", "nova_object.namespace": "nova", "nova_object.version": "1.2", "nova_object.data": {"cells": [{"nova_object.name": "NUMACell", "nova_object.namespace": "nova", "nova_object.version": "1.5", "nova_object.data": {"id": 0, "cpuset": [0, 1, 2, 3, 4, 5, 6, 7, 8, 9, 10, 11], "pcpuset": [0, 1, 2, 3, 4, 5, 6, 7, 8, 9, 10, 11], "memory": 24030, "cpu_usage": 0, "memory_usage": 0, "pinned_cpus": [], "siblings": [[6], [2], [5], [11], [8], [4], [1], [7], [10], [0], [3], [9]], "mempages": [{"nova_object.name": "NUMAPagesTopology", "nova_object.namespace": "nova", "nova_object.version": "1.1", "nova_object.data": {"size_kb": 4, "total": 6151798, "used": 0, "reserved": 0}, "nova_object.changes": ["total", "size_kb", "used", "reserved"]}, {"nova_object.name": "NUMAPagesTopology", "nova_object.namespace": "nova", "nova_object.version": "1.1", "nova_object.data": {"size_kb": 2048, "total": 0, "used": 0, "reserved": 0}, "nova_object.changes": ["total", "size_kb", "used", "reserved"]}, {"nova_object.name": "NUMAPagesTopology", "nova_object.namespace": "nova", "nova_object.version": "1.1", "nova_object.data": {"size_kb": 1048576, "total": 0, "used": 0, "reserved": 0}, "nova_object.changes": ["total", "size_kb", "used", "reserved"]}], "network_metadata": {"nova_object.name": "NetworkMetadata", "nova_object.namespace": "nova", "nova_object.version": "1.0", "nova_object.data": {"physnets": [], "tunneled": false}, "nova_object.changes": ["physnets", "tunneled"]}, "socket": null}, "nova_object.changes": ["network_metadata", "memory", "memory_usage", "cpuset", "socket", "mempages", "id", "pcpuset", "pinned_cpus", "siblings", "cpu_usage"]}]}, "nova_object.changes": ["cells"]}',pci_device_pools=PciDevicePoolList,ram_allocation_ratio=1.0,running_vms=0,service_id=3,stats={failed_builds='0',uptime=' 02:59:28 up 27 min, 2 users, load average: 1.38, 1.57, 0.93
May 28 03:00:00.310773 np0000001589 nova-scheduler[95719]: '},supported_hv_specs=[HVSpec,HVSpec,HVSpec,HVSpec,HVSpec,HVSpec,HVSpec,HVSpec,HVSpec,HVSpec,HVSpec,HVSpec,HVSpec,HVSpec,HVSpec,HVSpec,HVSpec,HVSpec,HVSpec,HVSpec,HVSpec,HVSpec,HVSpec,HVSpec,HVSpec],updated_at=2026-05-28T02:59:30Z,uuid=672703c4-2150-4765-9740-44d3bdb44a8c,vcpus=12,vcpus_used=0) {{(pid=95719) _locked_update /opt/stack/nova/nova/scheduler/host_manager.py:168}}
May 28 03:00:00.311439 np0000001589 nova-scheduler[95719]: DEBUG nova.scheduler.host_manager [None req-ec3b3eef-aada-422c-aa0a-2b4d9b41bc19 tempest-ServersNegativeTestJSON-612301624 tempest-ServersNegativeTestJSON-612301624-project-member] Update host state with aggregates: [] {{(pid=95719) _locked_update /opt/stack/nova/nova/scheduler/host_manager.py:171}}
May 28 03:00:00.311563 np0000001589 nova-scheduler[95719]: DEBUG nova.scheduler.host_manager [None req-ec3b3eef-aada-422c-aa0a-2b4d9b41bc19 tempest-ServersNegativeTestJSON-612301624 tempest-ServersNegativeTestJSON-612301624-project-member] Update host state with service dict: {'id': 3, 'uuid': 'a74d6212-16fa-4da7-99d4-f64b039118fb', 'host': 'np0000001589', 'binary': 'nova-compute', 'topic': 'compute', 'report_count': 2, 'disabled': False, 'disabled_reason': None, 'last_seen_up': datetime.datetime(2026, 5, 28, 2, 59, 51, tzinfo=datetime.timezone.utc), 'forced_down': False, 'version': 72, 'created_at': datetime.datetime(2026, 5, 28, 2, 57, 41, tzinfo=datetime.timezone.utc), 'updated_at': datetime.datetime(2026, 5, 28, 2, 59, 51, tzinfo=datetime.timezone.utc), 'deleted_at': None, 'deleted': False} {{(pid=95719) _locked_update /opt/stack/nova/nova/scheduler/host_manager.py:174}}
May 28 03:00:00.311675 np0000001589 nova-scheduler[95719]: DEBUG nova.scheduler.host_manager [None req-ec3b3eef-aada-422c-aa0a-2b4d9b41bc19 tempest-ServersNegativeTestJSON-612301624 tempest-ServersNegativeTestJSON-612301624-project-member] Update host state with instances: [] {{(pid=95719) _locked_update /opt/stack/nova/nova/scheduler/host_manager.py:177}}
May 28 03:00:00.311784 np0000001589 nova-scheduler[95719]: DEBUG oslo_concurrency.lockutils [None req-ec3b3eef-aada-422c-aa0a-2b4d9b41bc19 tempest-ServersNegativeTestJSON-612301624 tempest-ServersNegativeTestJSON-612301624-project-member] Lock "('np0000001589', 'np0000001589')" "released" by "nova.scheduler.host_manager.HostState.update.._locked_update" :: held 0.002s {{(pid=95719) inner /opt/stack/data/venv/lib/python3.12/site-packages/oslo_concurrency/lockutils.py:543}}
May 28 03:00:00.312169 np0000001589 nova-scheduler[95719]: DEBUG nova.filters [None req-ec3b3eef-aada-422c-aa0a-2b4d9b41bc19 tempest-ServersNegativeTestJSON-612301624 tempest-ServersNegativeTestJSON-612301624-project-member] Starting with 1 host(s) {{(pid=95719) get_filtered_objects /opt/stack/nova/nova/filters.py:70}}
May 28 03:00:00.312365 np0000001589 nova-scheduler[95719]: DEBUG nova.filters [None req-ec3b3eef-aada-422c-aa0a-2b4d9b41bc19 tempest-ServersNegativeTestJSON-612301624 tempest-ServersNegativeTestJSON-612301624-project-member] Filter ComputeFilter returned 1 host(s) {{(pid=95719) get_filtered_objects /opt/stack/nova/nova/filters.py:102}}
May 28 03:00:00.312489 np0000001589 nova-scheduler[95719]: DEBUG nova.filters [None req-ec3b3eef-aada-422c-aa0a-2b4d9b41bc19 tempest-ServersNegativeTestJSON-612301624 tempest-ServersNegativeTestJSON-612301624-project-member] Filter ComputeCapabilitiesFilter returned 1 host(s) {{(pid=95719) get_filtered_objects /opt/stack/nova/nova/filters.py:102}}
May 28 03:00:00.312694 np0000001589 nova-scheduler[95719]: DEBUG nova.filters [None req-ec3b3eef-aada-422c-aa0a-2b4d9b41bc19 tempest-ServersNegativeTestJSON-612301624 tempest-ServersNegativeTestJSON-612301624-project-member] Filter ImagePropertiesFilter returned 1 host(s) {{(pid=95719) get_filtered_objects /opt/stack/nova/nova/filters.py:102}}
May 28 03:00:00.312801 np0000001589 nova-scheduler[95719]: DEBUG nova.filters [None req-ec3b3eef-aada-422c-aa0a-2b4d9b41bc19 tempest-ServersNegativeTestJSON-612301624 tempest-ServersNegativeTestJSON-612301624-project-member] Filter ServerGroupAntiAffinityFilter returned 1 host(s) {{(pid=95719) get_filtered_objects /opt/stack/nova/nova/filters.py:102}}
May 28 03:00:00.312903 np0000001589 nova-scheduler[95719]: DEBUG nova.filters [None req-ec3b3eef-aada-422c-aa0a-2b4d9b41bc19 tempest-ServersNegativeTestJSON-612301624 tempest-ServersNegativeTestJSON-612301624-project-member] Filter ServerGroupAffinityFilter returned 1 host(s) {{(pid=95719) get_filtered_objects /opt/stack/nova/nova/filters.py:102}}
May 28 03:00:00.313011 np0000001589 nova-scheduler[95719]: DEBUG nova.filters [None req-ec3b3eef-aada-422c-aa0a-2b4d9b41bc19 tempest-ServersNegativeTestJSON-612301624 tempest-ServersNegativeTestJSON-612301624-project-member] Filter SameHostFilter returned 1 host(s) {{(pid=95719) get_filtered_objects /opt/stack/nova/nova/filters.py:102}}
May 28 03:00:00.313109 np0000001589 nova-scheduler[95719]: DEBUG nova.filters [None req-ec3b3eef-aada-422c-aa0a-2b4d9b41bc19 tempest-ServersNegativeTestJSON-612301624 tempest-ServersNegativeTestJSON-612301624-project-member] Filter DifferentHostFilter returned 1 host(s) {{(pid=95719) get_filtered_objects /opt/stack/nova/nova/filters.py:102}}
May 28 03:00:00.313236 np0000001589 nova-scheduler[95719]: DEBUG nova.scheduler.manager [None req-ec3b3eef-aada-422c-aa0a-2b4d9b41bc19 tempest-ServersNegativeTestJSON-612301624 tempest-ServersNegativeTestJSON-612301624-project-member] Filtered [(np0000001589, np0000001589) ram: 23518MB disk: 75776MB io_ops: 0 instances: 0, allocation_candidates: 1] {{(pid=95719) _get_sorted_hosts /opt/stack/nova/nova/scheduler/manager.py:743}}
May 28 03:00:00.313408 np0000001589 nova-scheduler[95719]: DEBUG nova.scheduler.manager [None req-ec3b3eef-aada-422c-aa0a-2b4d9b41bc19 tempest-ServersNegativeTestJSON-612301624 tempest-ServersNegativeTestJSON-612301624-project-member] Weighed [WeighedHost [host: (np0000001589, np0000001589) ram: 23518MB disk: 75776MB io_ops: 0 instances: 0, allocation_candidates: 1, weight: 0.0]] {{(pid=95719) _get_sorted_hosts /opt/stack/nova/nova/scheduler/manager.py:765}}
May 28 03:00:00.313582 np0000001589 nova-scheduler[95719]: DEBUG nova.scheduler.utils [None req-ec3b3eef-aada-422c-aa0a-2b4d9b41bc19 tempest-ServersNegativeTestJSON-612301624 tempest-ServersNegativeTestJSON-612301624-project-member] Attempting to claim resources in the placement API for instance c908f979-83fa-417c-a4eb-0b0de669c37b {{(pid=95719) claim_resources /opt/stack/nova/nova/scheduler/utils.py:1304}}
May 28 03:00:00.502159 np0000001589 nova-scheduler[95719]: DEBUG nova.scheduler.manager [None req-ec3b3eef-aada-422c-aa0a-2b4d9b41bc19 tempest-ServersNegativeTestJSON-612301624 tempest-ServersNegativeTestJSON-612301624-project-member] [instance: c908f979-83fa-417c-a4eb-0b0de669c37b] Selected host: (np0000001589, np0000001589) ram: 23518MB disk: 75776MB io_ops: 0 instances: 0, allocation_candidates: 1 {{(pid=95719) _consume_selected_host /opt/stack/nova/nova/scheduler/manager.py:625}}
May 28 03:00:00.502514 np0000001589 nova-scheduler[95719]: DEBUG oslo_concurrency.lockutils [None req-ec3b3eef-aada-422c-aa0a-2b4d9b41bc19 tempest-ServersNegativeTestJSON-612301624 tempest-ServersNegativeTestJSON-612301624-project-member] Acquiring lock "('np0000001589', 'np0000001589')" by "nova.scheduler.host_manager.HostState.consume_from_request.._locked" {{(pid=95719) inner /opt/stack/data/venv/lib/python3.12/site-packages/oslo_concurrency/lockutils.py:511}}
May 28 03:00:00.502733 np0000001589 nova-scheduler[95719]: DEBUG oslo_concurrency.lockutils [None req-ec3b3eef-aada-422c-aa0a-2b4d9b41bc19 tempest-ServersNegativeTestJSON-612301624 tempest-ServersNegativeTestJSON-612301624-project-member] Lock "('np0000001589', 'np0000001589')" acquired by "nova.scheduler.host_manager.HostState.consume_from_request.._locked" :: waited 0.000s {{(pid=95719) inner /opt/stack/data/venv/lib/python3.12/site-packages/oslo_concurrency/lockutils.py:524}}
May 28 03:00:00.502951 np0000001589 nova-scheduler[95719]: DEBUG oslo_concurrency.lockutils [None req-ec3b3eef-aada-422c-aa0a-2b4d9b41bc19 tempest-ServersNegativeTestJSON-612301624 tempest-ServersNegativeTestJSON-612301624-project-member] Lock "('np0000001589', 'np0000001589')" "released" by "nova.scheduler.host_manager.HostState.consume_from_request.._locked" :: held 0.000s {{(pid=95719) inner /opt/stack/data/venv/lib/python3.12/site-packages/oslo_concurrency/lockutils.py:543}}
May 28 03:00:03.676813 np0000001589 nova-scheduler[95721]: DEBUG nova.scheduler.manager [None req-e7d0dbdd-3bea-46df-983c-63c00660ef60 tempest-DeleteServersTestJSON-1397080245 tempest-DeleteServersTestJSON-1397080245-project-member] Starting to schedule for instances: ['1db1431d-de49-4ad1-ab4a-d05e1e8ed591'] {{(pid=95721) select_destinations /opt/stack/nova/nova/scheduler/manager.py:210}}
May 28 03:00:03.677543 np0000001589 nova-scheduler[95721]: DEBUG nova.scheduler.request_filter [None req-e7d0dbdd-3bea-46df-983c-63c00660ef60 tempest-DeleteServersTestJSON-1397080245 tempest-DeleteServersTestJSON-1397080245-project-member] compute_status_filter request filter added forbidden trait COMPUTE_STATUS_DISABLED {{(pid=95721) compute_status_filter /opt/stack/nova/nova/scheduler/request_filter.py:253}}
May 28 03:00:03.677706 np0000001589 nova-scheduler[95721]: DEBUG nova.scheduler.request_filter [None req-e7d0dbdd-3bea-46df-983c-63c00660ef60 tempest-DeleteServersTestJSON-1397080245 tempest-DeleteServersTestJSON-1397080245-project-member] Request filter 'compute_status_filter' took 0.0 seconds {{(pid=95721) wrapper /opt/stack/nova/nova/scheduler/request_filter.py:46}}
May 28 03:00:03.677938 np0000001589 nova-scheduler[95721]: DEBUG nova.scheduler.request_filter [None req-e7d0dbdd-3bea-46df-983c-63c00660ef60 tempest-DeleteServersTestJSON-1397080245 tempest-DeleteServersTestJSON-1397080245-project-member] Request filter 'accelerators_filter' took 0.0 seconds {{(pid=95721) wrapper /opt/stack/nova/nova/scheduler/request_filter.py:46}}
May 28 03:00:03.678162 np0000001589 nova-scheduler[95721]: DEBUG nova.scheduler.request_filter [None req-e7d0dbdd-3bea-46df-983c-63c00660ef60 tempest-DeleteServersTestJSON-1397080245 tempest-DeleteServersTestJSON-1397080245-project-member] Request filter 'packed_virtqueue_filter' took 0.0 seconds {{(pid=95721) wrapper /opt/stack/nova/nova/scheduler/request_filter.py:46}}
May 28 03:00:03.678568 np0000001589 nova-scheduler[95721]: DEBUG nova.scheduler.request_filter [None req-e7d0dbdd-3bea-46df-983c-63c00660ef60 tempest-DeleteServersTestJSON-1397080245 tempest-DeleteServersTestJSON-1397080245-project-member] Request filter 'remote_managed_ports_filter' took 0.0 seconds {{(pid=95721) wrapper /opt/stack/nova/nova/scheduler/request_filter.py:46}}
May 28 03:00:03.678711 np0000001589 nova-scheduler[95721]: DEBUG nova.scheduler.request_filter [None req-e7d0dbdd-3bea-46df-983c-63c00660ef60 tempest-DeleteServersTestJSON-1397080245 tempest-DeleteServersTestJSON-1397080245-project-member] ephemeral_encryption_filter skipped {{(pid=95721) ephemeral_encryption_filter /opt/stack/nova/nova/scheduler/request_filter.py:426}}
May 28 03:00:03.678884 np0000001589 nova-scheduler[95721]: DEBUG nova.scheduler.request_filter [None req-e7d0dbdd-3bea-46df-983c-63c00660ef60 tempest-DeleteServersTestJSON-1397080245 tempest-DeleteServersTestJSON-1397080245-project-member] virtio_sound_filter skipped {{(pid=95721) virtio_sound_filter /opt/stack/nova/nova/scheduler/request_filter.py:460}}
May 28 03:00:03.679048 np0000001589 nova-scheduler[95721]: DEBUG nova.scheduler.request_filter [None req-e7d0dbdd-3bea-46df-983c-63c00660ef60 tempest-DeleteServersTestJSON-1397080245 tempest-DeleteServersTestJSON-1397080245-project-member] tpm_secret_security_filter skipped {{(pid=95721) tpm_secret_security_filter /opt/stack/nova/nova/scheduler/request_filter.py:477}}
May 28 03:00:03.784657 np0000001589 nova-scheduler[95721]: INFO nova.utils [None req-e7d0dbdd-3bea-46df-983c-63c00660ef60 tempest-DeleteServersTestJSON-1397080245 tempest-DeleteServersTestJSON-1397080245-project-member] The cell worker thread pool ForkProcess-2.cell_worker is initialized
May 28 03:00:03.784946 np0000001589 nova-scheduler[95721]: DEBUG oslo_concurrency.lockutils [None req-e7d0dbdd-3bea-46df-983c-63c00660ef60 tempest-DeleteServersTestJSON-1397080245 tempest-DeleteServersTestJSON-1397080245-project-member] Acquiring lock "1f00816b-ef4b-45ce-91cd-1542d8eaa31f" by "nova.context.set_target_cell..get_or_set_cached_cell_and_set_connections" {{(pid=95721) inner /opt/stack/data/venv/lib/python3.12/site-packages/oslo_concurrency/lockutils.py:511}}
May 28 03:00:03.785688 np0000001589 nova-scheduler[95721]: DEBUG oslo_concurrency.lockutils [None req-e7d0dbdd-3bea-46df-983c-63c00660ef60 tempest-DeleteServersTestJSON-1397080245 tempest-DeleteServersTestJSON-1397080245-project-member] Lock "1f00816b-ef4b-45ce-91cd-1542d8eaa31f" acquired by "nova.context.set_target_cell..get_or_set_cached_cell_and_set_connections" :: waited 0.000s {{(pid=95721) inner /opt/stack/data/venv/lib/python3.12/site-packages/oslo_concurrency/lockutils.py:524}}
May 28 03:00:03.786611 np0000001589 nova-scheduler[95721]: DEBUG oslo_concurrency.lockutils [None req-e7d0dbdd-3bea-46df-983c-63c00660ef60 tempest-DeleteServersTestJSON-1397080245 tempest-DeleteServersTestJSON-1397080245-project-member] Lock "1f00816b-ef4b-45ce-91cd-1542d8eaa31f" "released" by "nova.context.set_target_cell..get_or_set_cached_cell_and_set_connections" :: held 0.001s {{(pid=95721) inner /opt/stack/data/venv/lib/python3.12/site-packages/oslo_concurrency/lockutils.py:543}}
May 28 03:00:03.788595 np0000001589 nova-scheduler[95721]: INFO dbcounter [None req-e7d0dbdd-3bea-46df-983c-63c00660ef60 tempest-DeleteServersTestJSON-1397080245 tempest-DeleteServersTestJSON-1397080245-project-member] Registered counter for database nova_cell1
May 28 03:00:03.828061 np0000001589 nova-scheduler[95721]: DEBUG oslo_db.sqlalchemy.engines [None req-e7d0dbdd-3bea-46df-983c-63c00660ef60 tempest-DeleteServersTestJSON-1397080245 tempest-DeleteServersTestJSON-1397080245-project-member] MySQL server mode set to STRICT_TRANS_TABLES,STRICT_ALL_TABLES,NO_ZERO_IN_DATE,NO_ZERO_DATE,ERROR_FOR_DIVISION_BY_ZERO,TRADITIONAL,NO_ENGINE_SUBSTITUTION {{(pid=95721) _check_effective_sql_mode /opt/stack/data/venv/lib/python3.12/site-packages/oslo_db/sqlalchemy/engines.py:325}}
May 28 03:00:03.834691 np0000001589 nova-scheduler[95721]: DEBUG dbcounter [-] [95721] Writer thread running {{(pid=95721) stat_writer /opt/stack/data/venv/lib/python3.12/site-packages/dbcounter.py:102}}
May 28 03:00:03.905633 np0000001589 nova-scheduler[95721]: DEBUG dbcounter [-] [95721] Writer thread running {{(pid=95721) stat_writer /opt/stack/data/venv/lib/python3.12/site-packages/dbcounter.py:102}}
May 28 03:00:03.912559 np0000001589 nova-scheduler[95721]: DEBUG oslo_concurrency.lockutils [None req-e7d0dbdd-3bea-46df-983c-63c00660ef60 tempest-DeleteServersTestJSON-1397080245 tempest-DeleteServersTestJSON-1397080245-project-member] Acquiring lock "1f00816b-ef4b-45ce-91cd-1542d8eaa31f" by "nova.context.set_target_cell..get_or_set_cached_cell_and_set_connections" {{(pid=95721) inner /opt/stack/data/venv/lib/python3.12/site-packages/oslo_concurrency/lockutils.py:511}}
May 28 03:00:03.912559 np0000001589 nova-scheduler[95721]: DEBUG oslo_concurrency.lockutils [None req-e7d0dbdd-3bea-46df-983c-63c00660ef60 tempest-DeleteServersTestJSON-1397080245 tempest-DeleteServersTestJSON-1397080245-project-member] Lock "1f00816b-ef4b-45ce-91cd-1542d8eaa31f" acquired by "nova.context.set_target_cell..get_or_set_cached_cell_and_set_connections" :: waited 0.000s {{(pid=95721) inner /opt/stack/data/venv/lib/python3.12/site-packages/oslo_concurrency/lockutils.py:524}}
May 28 03:00:03.912559 np0000001589 nova-scheduler[95721]: DEBUG oslo_concurrency.lockutils [None req-e7d0dbdd-3bea-46df-983c-63c00660ef60 tempest-DeleteServersTestJSON-1397080245 tempest-DeleteServersTestJSON-1397080245-project-member] Lock "1f00816b-ef4b-45ce-91cd-1542d8eaa31f" "released" by "nova.context.set_target_cell..get_or_set_cached_cell_and_set_connections" :: held 0.000s {{(pid=95721) inner /opt/stack/data/venv/lib/python3.12/site-packages/oslo_concurrency/lockutils.py:543}}
May 28 03:00:03.917056 np0000001589 nova-scheduler[95721]: DEBUG oslo_concurrency.lockutils [None req-e7d0dbdd-3bea-46df-983c-63c00660ef60 tempest-DeleteServersTestJSON-1397080245 tempest-DeleteServersTestJSON-1397080245-project-member] Acquiring lock "('np0000001589', 'np0000001589')" by "nova.scheduler.host_manager.HostState.update.._locked_update" {{(pid=95721) inner /opt/stack/data/venv/lib/python3.12/site-packages/oslo_concurrency/lockutils.py:511}}
May 28 03:00:03.917316 np0000001589 nova-scheduler[95721]: DEBUG oslo_concurrency.lockutils [None req-e7d0dbdd-3bea-46df-983c-63c00660ef60 tempest-DeleteServersTestJSON-1397080245 tempest-DeleteServersTestJSON-1397080245-project-member] Lock "('np0000001589', 'np0000001589')" acquired by "nova.scheduler.host_manager.HostState.update.._locked_update" :: waited 0.000s {{(pid=95721) inner /opt/stack/data/venv/lib/python3.12/site-packages/oslo_concurrency/lockutils.py:524}}
