May 28 02:56:50.924779 np0000001589 neutron-periodic-workers[91988]: DEBUG cotyledon.oslo_config_glue [-] database.connection_trace = False {{(pid=91988) log_opt_values /opt/stack/data/venv/lib/python3.12/site-packages/oslo_config/cfg.py:3256}}
May 28 02:56:50.924824 np0000001589 neutron-periodic-workers[91988]: DEBUG cotyledon.oslo_config_glue [-] database.db_inc_retry_interval = True {{(pid=91988) log_opt_values /opt/stack/data/venv/lib/python3.12/site-packages/oslo_config/cfg.py:3256}}
May 28 02:56:50.924904 np0000001589 neutron-periodic-workers[91988]: DEBUG cotyledon.oslo_config_glue [-] database.db_max_retries = 20 {{(pid=91988) log_opt_values /opt/stack/data/venv/lib/python3.12/site-packages/oslo_config/cfg.py:3256}}
May 28 02:56:50.924984 np0000001589 neutron-periodic-workers[91988]: DEBUG cotyledon.oslo_config_glue [-] database.db_max_retry_interval = 10 {{(pid=91988) log_opt_values /opt/stack/data/venv/lib/python3.12/site-packages/oslo_config/cfg.py:3256}}
May 28 02:56:50.925052 np0000001589 neutron-periodic-workers[91988]: DEBUG cotyledon.oslo_config_glue [-] database.db_retry_interval = 1 {{(pid=91988) log_opt_values /opt/stack/data/venv/lib/python3.12/site-packages/oslo_config/cfg.py:3256}}
May 28 02:56:50.925122 np0000001589 neutron-periodic-workers[91988]: DEBUG cotyledon.oslo_config_glue [-] database.max_overflow = 50 {{(pid=91988) log_opt_values /opt/stack/data/venv/lib/python3.12/site-packages/oslo_config/cfg.py:3256}}
May 28 02:56:50.925192 np0000001589 neutron-periodic-workers[91988]: DEBUG cotyledon.oslo_config_glue [-] database.max_pool_size = 5 {{(pid=91988) log_opt_values /opt/stack/data/venv/lib/python3.12/site-packages/oslo_config/cfg.py:3256}}
May 28 02:56:50.925286 np0000001589 neutron-periodic-workers[91988]: DEBUG cotyledon.oslo_config_glue [-] database.max_retries = 10 {{(pid=91988) log_opt_values /opt/stack/data/venv/lib/python3.12/site-packages/oslo_config/cfg.py:3256}}
May 28 02:56:50.925371 np0000001589 neutron-periodic-workers[91988]: DEBUG cotyledon.oslo_config_glue [-] database.mysql_sql_mode = TRADITIONAL {{(pid=91988) log_opt_values /opt/stack/data/venv/lib/python3.12/site-packages/oslo_config/cfg.py:3256}}
May 28 02:56:50.925444 np0000001589 neutron-periodic-workers[91988]: DEBUG cotyledon.oslo_config_glue [-] database.mysql_wsrep_sync_wait = None {{(pid=91988) log_opt_values /opt/stack/data/venv/lib/python3.12/site-packages/oslo_config/cfg.py:3256}}
May 28 02:56:50.925517 np0000001589 neutron-periodic-workers[91988]: DEBUG cotyledon.oslo_config_glue [-] database.pool_timeout = None {{(pid=91988) log_opt_values /opt/stack/data/venv/lib/python3.12/site-packages/oslo_config/cfg.py:3256}}
May 28 02:56:50.925603 np0000001589 neutron-periodic-workers[91988]: DEBUG cotyledon.oslo_config_glue [-] database.retry_interval = 10 {{(pid=91988) log_opt_values /opt/stack/data/venv/lib/python3.12/site-packages/oslo_config/cfg.py:3256}}
May 28 02:56:50.925677 np0000001589 neutron-periodic-workers[91988]: DEBUG cotyledon.oslo_config_glue [-] database.slave_connection = **** {{(pid=91988) log_opt_values /opt/stack/data/venv/lib/python3.12/site-packages/oslo_config/cfg.py:3256}}
May 28 02:56:50.925751 np0000001589 neutron-periodic-workers[91988]: DEBUG cotyledon.oslo_config_glue [-] database.sqlite_synchronous = True {{(pid=91988) log_opt_values /opt/stack/data/venv/lib/python3.12/site-packages/oslo_config/cfg.py:3256}}
May 28 02:56:50.925819 np0000001589 neutron-periodic-workers[91988]: DEBUG cotyledon.oslo_config_glue [-] database.synchronous_reader = True {{(pid=91988) log_opt_values /opt/stack/data/venv/lib/python3.12/site-packages/oslo_config/cfg.py:3256}}
May 28 02:56:50.925903 np0000001589 neutron-periodic-workers[91988]: DEBUG cotyledon.oslo_config_glue [-] database.use_db_reconnect = False {{(pid=91988) log_opt_values /opt/stack/data/venv/lib/python3.12/site-packages/oslo_config/cfg.py:3256}}
May 28 02:56:50.926031 np0000001589 neutron-periodic-workers[91988]: DEBUG cotyledon.oslo_config_glue [-] ovn.bfd_min_rx = 1000 {{(pid=91988) log_opt_values /opt/stack/data/venv/lib/python3.12/site-packages/oslo_config/cfg.py:3256}}
May 28 02:56:50.926101 np0000001589 neutron-periodic-workers[91988]: DEBUG cotyledon.oslo_config_glue [-] ovn.bfd_min_tx = 100 {{(pid=91988) log_opt_values /opt/stack/data/venv/lib/python3.12/site-packages/oslo_config/cfg.py:3256}}
May 28 02:56:50.926146 np0000001589 neutron-periodic-workers[91988]: DEBUG cotyledon.oslo_config_glue [-] ovn.bfd_mult = 3 {{(pid=91988) log_opt_values /opt/stack/data/venv/lib/python3.12/site-packages/oslo_config/cfg.py:3256}}
May 28 02:56:50.926187 np0000001589 neutron-periodic-workers[91988]: DEBUG cotyledon.oslo_config_glue [-] ovn.broadcast_arps_to_all_routers = True {{(pid=91988) log_opt_values /opt/stack/data/venv/lib/python3.12/site-packages/oslo_config/cfg.py:3256}}
May 28 02:56:50.926281 np0000001589 neutron-periodic-workers[91988]: DEBUG cotyledon.oslo_config_glue [-] ovn.dhcp_default_lease_time = 43200 {{(pid=91988) log_opt_values /opt/stack/data/venv/lib/python3.12/site-packages/oslo_config/cfg.py:3256}}
May 28 02:56:50.926355 np0000001589 neutron-periodic-workers[91988]: DEBUG cotyledon.oslo_config_glue [-] ovn.disable_ovn_dhcp_for_baremetal_ports = False {{(pid=91988) log_opt_values /opt/stack/data/venv/lib/python3.12/site-packages/oslo_config/cfg.py:3256}}
May 28 02:56:50.926424 np0000001589 neutron-periodic-workers[91988]: DEBUG cotyledon.oslo_config_glue [-] ovn.dns_records_ovn_owned = False {{(pid=91988) log_opt_values /opt/stack/data/venv/lib/python3.12/site-packages/oslo_config/cfg.py:3256}}
May 28 02:56:50.926508 np0000001589 neutron-periodic-workers[91988]: DEBUG cotyledon.oslo_config_glue [-] ovn.dns_servers = [] {{(pid=91988) log_opt_values /opt/stack/data/venv/lib/python3.12/site-packages/oslo_config/cfg.py:3256}}
May 28 02:56:50.926579 np0000001589 neutron-periodic-workers[91988]: DEBUG cotyledon.oslo_config_glue [-] ovn.enable_distributed_floating_ip = False {{(pid=91988) log_opt_values /opt/stack/data/venv/lib/python3.12/site-packages/oslo_config/cfg.py:3256}}
May 28 02:56:50.926648 np0000001589 neutron-periodic-workers[91988]: DEBUG cotyledon.oslo_config_glue [-] ovn.fdb_age_threshold = 300 {{(pid=91988) log_opt_values /opt/stack/data/venv/lib/python3.12/site-packages/oslo_config/cfg.py:3256}}
May 28 02:56:50.926708 np0000001589 neutron-periodic-workers[91988]: DEBUG cotyledon.oslo_config_glue [-] ovn.ha_failover_strategy = normal {{(pid=91988) log_opt_values /opt/stack/data/venv/lib/python3.12/site-packages/oslo_config/cfg.py:3256}}
May 28 02:56:50.926767 np0000001589 neutron-periodic-workers[91988]: DEBUG cotyledon.oslo_config_glue [-] ovn.live_migration_activation_strategy = rarp {{(pid=91988) log_opt_values /opt/stack/data/venv/lib/python3.12/site-packages/oslo_config/cfg.py:3256}}
May 28 02:56:50.926836 np0000001589 neutron-periodic-workers[91988]: DEBUG cotyledon.oslo_config_glue [-] ovn.localnet_learn_fdb = False {{(pid=91988) log_opt_values /opt/stack/data/venv/lib/python3.12/site-packages/oslo_config/cfg.py:3256}}
May 28 02:56:50.926908 np0000001589 neutron-periodic-workers[91988]: DEBUG cotyledon.oslo_config_glue [-] ovn.mac_binding_age_threshold = 300 {{(pid=91988) log_opt_values /opt/stack/data/venv/lib/python3.12/site-packages/oslo_config/cfg.py:3256}}
May 28 02:56:50.927007 np0000001589 neutron-periodic-workers[91988]: DEBUG cotyledon.oslo_config_glue [-] ovn.neutron_sync_mode = log {{(pid=91988) log_opt_values /opt/stack/data/venv/lib/python3.12/site-packages/oslo_config/cfg.py:3256}}
May 28 02:56:50.927065 np0000001589 neutron-periodic-workers[91988]: DEBUG cotyledon.oslo_config_glue [-] ovn.ovn_dhcp4_global_options = {} {{(pid=91988) log_opt_values /opt/stack/data/venv/lib/python3.12/site-packages/oslo_config/cfg.py:3256}}
May 28 02:56:50.927112 np0000001589 neutron-periodic-workers[91988]: DEBUG cotyledon.oslo_config_glue [-] ovn.ovn_dhcp6_global_options = {} {{(pid=91988) log_opt_values /opt/stack/data/venv/lib/python3.12/site-packages/oslo_config/cfg.py:3256}}
May 28 02:56:50.927184 np0000001589 neutron-periodic-workers[91988]: DEBUG cotyledon.oslo_config_glue [-] ovn.ovn_l3_scheduler = leastloaded {{(pid=91988) log_opt_values /opt/stack/data/venv/lib/python3.12/site-packages/oslo_config/cfg.py:3256}}
May 28 02:56:50.927275 np0000001589 neutron-periodic-workers[91988]: DEBUG cotyledon.oslo_config_glue [-] ovn.ovn_metadata_enabled = True {{(pid=91988) log_opt_values /opt/stack/data/venv/lib/python3.12/site-packages/oslo_config/cfg.py:3256}}
May 28 02:56:50.927367 np0000001589 neutron-periodic-workers[91988]: DEBUG cotyledon.oslo_config_glue [-] ovn.ovn_nb_ca_cert = /opt/stack/data/CA/int-ca/ca-chain.pem {{(pid=91988) log_opt_values /opt/stack/data/venv/lib/python3.12/site-packages/oslo_config/cfg.py:3256}}
May 28 02:56:50.927454 np0000001589 neutron-periodic-workers[91988]: DEBUG cotyledon.oslo_config_glue [-] ovn.ovn_nb_certificate = /opt/stack/data/CA/int-ca/devstack-cert.crt {{(pid=91988) log_opt_values /opt/stack/data/venv/lib/python3.12/site-packages/oslo_config/cfg.py:3256}}
May 28 02:56:50.927524 np0000001589 neutron-periodic-workers[91988]: DEBUG cotyledon.oslo_config_glue [-] ovn.ovn_nb_connection = ['ssl:10.4.3.55:6641'] {{(pid=91988) log_opt_values /opt/stack/data/venv/lib/python3.12/site-packages/oslo_config/cfg.py:3256}}
May 28 02:56:50.927593 np0000001589 neutron-periodic-workers[91988]: DEBUG cotyledon.oslo_config_glue [-] ovn.ovn_nb_private_key = /opt/stack/data/CA/int-ca/private/devstack-cert.key {{(pid=91988) log_opt_values /opt/stack/data/venv/lib/python3.12/site-packages/oslo_config/cfg.py:3256}}
May 28 02:56:50.927660 np0000001589 neutron-periodic-workers[91988]: DEBUG cotyledon.oslo_config_glue [-] ovn.ovn_router_indirect_snat = False {{(pid=91988) log_opt_values /opt/stack/data/venv/lib/python3.12/site-packages/oslo_config/cfg.py:3256}}
May 28 02:56:50.927723 np0000001589 neutron-periodic-workers[91988]: DEBUG cotyledon.oslo_config_glue [-] ovn.ovn_sb_ca_cert = /opt/stack/data/CA/int-ca/ca-chain.pem {{(pid=91988) log_opt_values /opt/stack/data/venv/lib/python3.12/site-packages/oslo_config/cfg.py:3256}}
May 28 02:56:50.927788 np0000001589 neutron-periodic-workers[91988]: DEBUG cotyledon.oslo_config_glue [-] ovn.ovn_sb_certificate = /opt/stack/data/CA/int-ca/devstack-cert.crt {{(pid=91988) log_opt_values /opt/stack/data/venv/lib/python3.12/site-packages/oslo_config/cfg.py:3256}}
May 28 02:56:50.927860 np0000001589 neutron-periodic-workers[91988]: DEBUG cotyledon.oslo_config_glue [-] ovn.ovn_sb_connection = ['ssl:10.4.3.55:6642'] {{(pid=91988) log_opt_values /opt/stack/data/venv/lib/python3.12/site-packages/oslo_config/cfg.py:3256}}
May 28 02:56:50.927974 np0000001589 neutron-periodic-workers[91988]: DEBUG cotyledon.oslo_config_glue [-] ovn.ovn_sb_private_key = /opt/stack/data/CA/int-ca/private/devstack-cert.key {{(pid=91988) log_opt_values /opt/stack/data/venv/lib/python3.12/site-packages/oslo_config/cfg.py:3256}}
May 28 02:56:50.928053 np0000001589 neutron-periodic-workers[91988]: DEBUG cotyledon.oslo_config_glue [-] ovn.ovs_create_tap = False {{(pid=91988) log_opt_values /opt/stack/data/venv/lib/python3.12/site-packages/oslo_config/cfg.py:3256}}
May 28 02:56:50.928124 np0000001589 neutron-periodic-workers[91988]: DEBUG cotyledon.oslo_config_glue [-] ovn.ovsdb_connection_timeout = 180 {{(pid=91988) log_opt_values /opt/stack/data/venv/lib/python3.12/site-packages/oslo_config/cfg.py:3256}}
May 28 02:56:50.928188 np0000001589 neutron-periodic-workers[91988]: DEBUG cotyledon.oslo_config_glue [-] ovn.ovsdb_log_level = INFO {{(pid=91988) log_opt_values /opt/stack/data/venv/lib/python3.12/site-packages/oslo_config/cfg.py:3256}}
May 28 02:56:50.928268 np0000001589 neutron-periodic-workers[91988]: DEBUG cotyledon.oslo_config_glue [-] ovn.ovsdb_probe_interval = 60000 {{(pid=91988) log_opt_values /opt/stack/data/venv/lib/python3.12/site-packages/oslo_config/cfg.py:3256}}
May 28 02:56:50.928342 np0000001589 neutron-periodic-workers[91988]: DEBUG cotyledon.oslo_config_glue [-] ovn.ovsdb_retry_max_interval = 180 {{(pid=91988) log_opt_values /opt/stack/data/venv/lib/python3.12/site-packages/oslo_config/cfg.py:3256}}
May 28 02:56:50.928413 np0000001589 neutron-periodic-workers[91988]: DEBUG cotyledon.oslo_config_glue [-] ovn.stateless_nat_enabled = False {{(pid=91988) log_opt_values /opt/stack/data/venv/lib/python3.12/site-packages/oslo_config/cfg.py:3256}}
May 28 02:56:50.928487 np0000001589 neutron-periodic-workers[91988]: DEBUG cotyledon.oslo_config_glue [-] ovn.vhost_sock_dir = /var/run/openvswitch {{(pid=91988) log_opt_values /opt/stack/data/venv/lib/python3.12/site-packages/oslo_config/cfg.py:3256}}
May 28 02:56:50.928557 np0000001589 neutron-periodic-workers[91988]: DEBUG cotyledon.oslo_config_glue [-] OVS.bridge_mac_table_size = 50000 {{(pid=91988) log_opt_values /opt/stack/data/venv/lib/python3.12/site-packages/oslo_config/cfg.py:3256}}
May 28 02:56:50.928617 np0000001589 neutron-periodic-workers[91988]: DEBUG cotyledon.oslo_config_glue [-] OVS.igmp_flood = False {{(pid=91988) log_opt_values /opt/stack/data/venv/lib/python3.12/site-packages/oslo_config/cfg.py:3256}}
May 28 02:56:50.928677 np0000001589 neutron-periodic-workers[91988]: DEBUG cotyledon.oslo_config_glue [-] OVS.igmp_flood_reports = True {{(pid=91988) log_opt_values /opt/stack/data/venv/lib/python3.12/site-packages/oslo_config/cfg.py:3256}}
May 28 02:56:50.928741 np0000001589 neutron-periodic-workers[91988]: DEBUG cotyledon.oslo_config_glue [-] OVS.igmp_flood_unregistered = False {{(pid=91988) log_opt_values /opt/stack/data/venv/lib/python3.12/site-packages/oslo_config/cfg.py:3256}}
May 28 02:56:50.928806 np0000001589 neutron-periodic-workers[91988]: DEBUG cotyledon.oslo_config_glue [-] OVS.igmp_snooping_enable = False {{(pid=91988) log_opt_values /opt/stack/data/venv/lib/python3.12/site-packages/oslo_config/cfg.py:3256}}
May 28 02:56:50.928873 np0000001589 neutron-periodic-workers[91988]: DEBUG cotyledon.oslo_config_glue [-] OVS.ovsdb_timeout = 10 {{(pid=91988) log_opt_values /opt/stack/data/venv/lib/python3.12/site-packages/oslo_config/cfg.py:3256}}
May 28 02:56:50.928978 np0000001589 neutron-periodic-workers[91988]: DEBUG cotyledon.oslo_config_glue [-] ovn_nb_global.fdb_removal_limit = 0 {{(pid=91988) log_opt_values /opt/stack/data/venv/lib/python3.12/site-packages/oslo_config/cfg.py:3256}}
May 28 02:56:50.929060 np0000001589 neutron-periodic-workers[91988]: DEBUG cotyledon.oslo_config_glue [-] ovn_nb_global.ignore_lsp_down = False {{(pid=91988) log_opt_values /opt/stack/data/venv/lib/python3.12/site-packages/oslo_config/cfg.py:3256}}
May 28 02:56:50.929144 np0000001589 neutron-periodic-workers[91988]: DEBUG cotyledon.oslo_config_glue [-] ovn_nb_global.mac_binding_removal_limit = 0 {{(pid=91988) log_opt_values /opt/stack/data/venv/lib/python3.12/site-packages/oslo_config/cfg.py:3256}}
May 28 02:56:50.929217 np0000001589 neutron-periodic-workers[91988]: DEBUG cotyledon.oslo_config_glue [-] ******************************************************************************** {{(pid=91988) log_opt_values /opt/stack/data/venv/lib/python3.12/site-packages/oslo_config/cfg.py:3263}}
May 28 02:56:50.929467 np0000001589 neutron-periodic-workers[91988]: DEBUG cotyledon._service_worker [-] Run service ServiceWrapper(0) [91988] {{(pid=91988) wait_forever /opt/stack/data/venv/lib/python3.12/site-packages/cotyledon/_service_worker.py:218}}
May 28 02:56:50.930283 np0000001589 neutron-periodic-workers[91988]: DEBUG neutron.worker [-] PeriodicWorker start called, description: Periodic worker for "L3_NAT_dbonly_mixin" {{(pid=91988) wrapper /opt/stack/neutron/neutron/common/utils.py:197}}
May 28 02:56:50.931001 np0000001589 neutron-periodic-workers[91988]: DEBUG neutron.worker [-] PeriodicWorker start finished, description: Periodic worker for "L3_NAT_dbonly_mixin" {{(pid=91988) wrapper /opt/stack/neutron/neutron/common/utils.py:200}}
May 28 02:56:50.931234 np0000001589 neutron-periodic-workers[91988]: DEBUG neutron.worker [-] PeriodicWorker wait called, description: Periodic worker for "L3_NAT_dbonly_mixin" {{(pid=91988) wrapper /opt/stack/neutron/neutron/common/utils.py:197}}
May 28 02:57:00.570813 np0000001589 neutron-periodic-workers[90926]: DEBUG dbcounter [-] [90926] Writing DB stats neutron:SELECT=4 {{(pid=90926) stat_writer /opt/stack/data/venv/lib/python3.12/site-packages/dbcounter.py:115}}
May 28 02:57:31.884958 np0000001589 neutron-periodic-workers[91959]: DEBUG oslo_db.sqlalchemy.engines [None req-a1da4e43-9df0-4768-afd9-d6162df1f894 None None] Parent process 90926 forked (91959) with an open database connection, which is being discarded and recreated. {{(pid=91959) checkout /opt/stack/data/venv/lib/python3.12/site-packages/oslo_db/sqlalchemy/engines.py:402}}
May 28 02:57:31.925529 np0000001589 neutron-periodic-workers[91959]: DEBUG dbcounter [-] [91959] Writer thread running {{(pid=91959) stat_writer /opt/stack/data/venv/lib/python3.12/site-packages/dbcounter.py:102}}
May 28 02:57:31.933659 np0000001589 neutron-periodic-workers[91959]: DEBUG oslo.service.backend._threading.loopingcall [None req-a1da4e43-9df0-4768-afd9-d6162df1f894 None None] Fixed interval looping call 'neutron.plugins.ml2.plugin.DhcpAgentSchedulerDbMixin.remove_networks_from_down_agents' sleeping for 36.95 seconds {{(pid=91959) _run_loop /opt/stack/data/venv/lib/python3.12/site-packages/oslo_service/backend/_threading/loopingcall.py:125}}
May 28 02:57:41.932483 np0000001589 neutron-periodic-workers[91959]: DEBUG dbcounter [-] [91959] Writing DB stats neutron:SELECT=3 {{(pid=91959) stat_writer /opt/stack/data/venv/lib/python3.12/site-packages/dbcounter.py:115}}
May 28 02:57:52.949870 np0000001589 neutron-periodic-workers[91963]: DEBUG dbcounter [-] [91963] Writer thread running {{(pid=91963) stat_writer /opt/stack/data/venv/lib/python3.12/site-packages/dbcounter.py:102}}
May 28 02:57:52.952946 np0000001589 neutron-periodic-workers[91963]: DEBUG neutron.db.agents_db [None req-323a357d-9ff1-4a62-85b9-b3bfe8111616 None None] Agent healthcheck: found 0 active agents {{(pid=91963) agent_health_check /opt/stack/neutron/neutron/db/agents_db.py:322}}
May 28 02:57:52.953125 np0000001589 neutron-periodic-workers[91963]: DEBUG oslo.service.backend._threading.loopingcall [None req-323a357d-9ff1-4a62-85b9-b3bfe8111616 None None] Fixed interval looping call 'neutron.plugins.ml2.plugin.AgentDbMixin.agent_health_check' sleeping for 36.95 seconds {{(pid=91963) _run_loop /opt/stack/data/venv/lib/python3.12/site-packages/oslo_service/backend/_threading/loopingcall.py:125}}
May 28 02:58:02.953251 np0000001589 neutron-periodic-workers[91963]: DEBUG dbcounter [-] [91963] Writing DB stats neutron:SELECT=1 {{(pid=91963) stat_writer /opt/stack/data/venv/lib/python3.12/site-packages/dbcounter.py:115}}
May 28 02:58:05.001146 np0000001589 neutron-periodic-workers[91988]: DEBUG dbcounter [-] [91988] Writer thread running {{(pid=91988) stat_writer /opt/stack/data/venv/lib/python3.12/site-packages/dbcounter.py:102}}
May 28 02:58:05.009846 np0000001589 neutron-periodic-workers[91988]: DEBUG oslo.service.backend._threading.loopingcall [None req-1accea9a-81a1-4b19-b90c-3f86315a175f None None] Fixed interval looping call 'neutron.services.ovn_l3.plugin.L3_NAT_dbonly_mixin._clean_garbage' sleeping for 299.92 seconds {{(pid=91988) _run_loop /opt/stack/data/venv/lib/python3.12/site-packages/oslo_service/backend/_threading/loopingcall.py:125}}
May 28 02:58:08.890444 np0000001589 neutron-periodic-workers[91959]: DEBUG oslo.service.backend._threading.loopingcall [None req-a1da4e43-9df0-4768-afd9-d6162df1f894 None None] Fixed interval looping call 'neutron.plugins.ml2.plugin.DhcpAgentSchedulerDbMixin.remove_networks_from_down_agents' sleeping for 36.99 seconds {{(pid=91959) _run_loop /opt/stack/data/venv/lib/python3.12/site-packages/oslo_service/backend/_threading/loopingcall.py:125}}
May 28 02:58:15.001631 np0000001589 neutron-periodic-workers[91988]: DEBUG dbcounter [-] [91988] Writing DB stats neutron:SELECT=1 {{(pid=91988) stat_writer /opt/stack/data/venv/lib/python3.12/site-packages/dbcounter.py:115}}
May 28 02:58:18.889503 np0000001589 neutron-periodic-workers[91959]: DEBUG dbcounter [-] [91959] Writing DB stats neutron:SELECT=3 {{(pid=91959) stat_writer /opt/stack/data/venv/lib/python3.12/site-packages/dbcounter.py:115}}
May 28 02:58:29.907416 np0000001589 neutron-periodic-workers[91963]: DEBUG neutron.db.agents_db [None req-323a357d-9ff1-4a62-85b9-b3bfe8111616 None None] Agent healthcheck: found 0 active agents {{(pid=91963) agent_health_check /opt/stack/neutron/neutron/db/agents_db.py:322}}
May 28 02:58:29.907416 np0000001589 neutron-periodic-workers[91963]: DEBUG oslo.service.backend._threading.loopingcall [None req-323a357d-9ff1-4a62-85b9-b3bfe8111616 None None] Fixed interval looping call 'neutron.plugins.ml2.plugin.AgentDbMixin.agent_health_check' sleeping for 37.00 seconds {{(pid=91963) _run_loop /opt/stack/data/venv/lib/python3.12/site-packages/oslo_service/backend/_threading/loopingcall.py:125}}
May 28 02:58:39.905865 np0000001589 neutron-periodic-workers[91963]: DEBUG dbcounter [-] [91963] Writing DB stats neutron:SELECT=1 {{(pid=91963) stat_writer /opt/stack/data/venv/lib/python3.12/site-packages/dbcounter.py:115}}
May 28 02:58:45.890149 np0000001589 neutron-periodic-workers[91959]: DEBUG oslo.service.backend._threading.loopingcall [None req-a1da4e43-9df0-4768-afd9-d6162df1f894 None None] Fixed interval looping call 'neutron.plugins.ml2.plugin.DhcpAgentSchedulerDbMixin.remove_networks_from_down_agents' sleeping for 36.99 seconds {{(pid=91959) _run_loop /opt/stack/data/venv/lib/python3.12/site-packages/oslo_service/backend/_threading/loopingcall.py:125}}
May 28 02:58:50.952567 np0000001589 neutron-periodic-workers[91976]: DEBUG dbcounter [-] [91976] Writer thread running {{(pid=91976) stat_writer /opt/stack/data/venv/lib/python3.12/site-packages/dbcounter.py:102}}
May 28 02:58:50.953985 np0000001589 neutron-periodic-workers[91976]: DEBUG oslo.service.backend._threading.loopingcall [None req-7a443787-28bf-499e-9cd8-9a9c8cb2bc55 None None] Fixed interval looping call 'neutron.db.quota.driver_nolock.DbQuotaNoLockDriver._remove_expired_reservations' sleeping for 119.96 seconds {{(pid=91976) _run_loop /opt/stack/data/venv/lib/python3.12/site-packages/oslo_service/backend/_threading/loopingcall.py:125}}
May 28 02:58:55.889429 np0000001589 neutron-periodic-workers[91959]: DEBUG dbcounter [-] [91959] Writing DB stats neutron:SELECT=3 {{(pid=91959) stat_writer /opt/stack/data/venv/lib/python3.12/site-packages/dbcounter.py:115}}
May 28 02:59:00.952978 np0000001589 neutron-periodic-workers[91976]: DEBUG dbcounter [-] [91976] Writing DB stats neutron:DELETE=1 {{(pid=91976) stat_writer /opt/stack/data/venv/lib/python3.12/site-packages/dbcounter.py:115}}
May 28 02:59:06.911066 np0000001589 neutron-periodic-workers[91963]: DEBUG neutron.db.agents_db [None req-323a357d-9ff1-4a62-85b9-b3bfe8111616 None None] Agent healthcheck: found 0 active agents {{(pid=91963) agent_health_check /opt/stack/neutron/neutron/db/agents_db.py:322}}
May 28 02:59:06.911463 np0000001589 neutron-periodic-workers[91963]: DEBUG oslo.service.backend._threading.loopingcall [None req-323a357d-9ff1-4a62-85b9-b3bfe8111616 None None] Fixed interval looping call 'neutron.plugins.ml2.plugin.AgentDbMixin.agent_health_check' sleeping for 37.00 seconds {{(pid=91963) _run_loop /opt/stack/data/venv/lib/python3.12/site-packages/oslo_service/backend/_threading/loopingcall.py:125}}
May 28 02:59:16.909890 np0000001589 neutron-periodic-workers[91963]: DEBUG dbcounter [-] [91963] Writing DB stats neutron:SELECT=1 {{(pid=91963) stat_writer /opt/stack/data/venv/lib/python3.12/site-packages/dbcounter.py:115}}
May 28 02:59:22.885971 np0000001589 neutron-periodic-workers[91959]: DEBUG oslo.service.backend._threading.loopingcall [None req-a1da4e43-9df0-4768-afd9-d6162df1f894 None None] Fixed interval looping call 'neutron.plugins.ml2.plugin.DhcpAgentSchedulerDbMixin.remove_networks_from_down_agents' sleeping for 36.99 seconds {{(pid=91959) _run_loop /opt/stack/data/venv/lib/python3.12/site-packages/oslo_service/backend/_threading/loopingcall.py:125}}
May 28 02:59:32.885151 np0000001589 neutron-periodic-workers[91959]: DEBUG dbcounter [-] [91959] Writing DB stats neutron:SELECT=3 {{(pid=91959) stat_writer /opt/stack/data/venv/lib/python3.12/site-packages/dbcounter.py:115}}
May 28 02:59:43.916047 np0000001589 neutron-periodic-workers[91963]: DEBUG neutron.db.agents_db [None req-323a357d-9ff1-4a62-85b9-b3bfe8111616 None None] Agent healthcheck: found 0 active agents {{(pid=91963) agent_health_check /opt/stack/neutron/neutron/db/agents_db.py:322}}
May 28 02:59:43.916455 np0000001589 neutron-periodic-workers[91963]: DEBUG oslo.service.backend._threading.loopingcall [None req-323a357d-9ff1-4a62-85b9-b3bfe8111616 None None] Fixed interval looping call 'neutron.plugins.ml2.plugin.AgentDbMixin.agent_health_check' sleeping for 37.00 seconds {{(pid=91963) _run_loop /opt/stack/data/venv/lib/python3.12/site-packages/oslo_service/backend/_threading/loopingcall.py:125}}
May 28 02:59:53.914392 np0000001589 neutron-periodic-workers[91963]: DEBUG dbcounter [-] [91963] Writing DB stats neutron:SELECT=1 {{(pid=91963) stat_writer /opt/stack/data/venv/lib/python3.12/site-packages/dbcounter.py:115}}
May 28 02:59:59.885460 np0000001589 neutron-periodic-workers[91959]: DEBUG oslo.service.backend._threading.loopingcall [None req-a1da4e43-9df0-4768-afd9-d6162df1f894 None None] Fixed interval looping call 'neutron.plugins.ml2.plugin.DhcpAgentSchedulerDbMixin.remove_networks_from_down_agents' sleeping for 36.99 seconds {{(pid=91959) _run_loop /opt/stack/data/venv/lib/python3.12/site-packages/oslo_service/backend/_threading/loopingcall.py:125}}
May 28 03:00:09.884555 np0000001589 neutron-periodic-workers[91959]: DEBUG dbcounter [-] [91959] Writing DB stats neutron:SELECT=3 {{(pid=91959) stat_writer /opt/stack/data/venv/lib/python3.12/site-packages/dbcounter.py:115}}
May 28 03:00:20.923497 np0000001589 neutron-periodic-workers[91963]: DEBUG neutron.db.agents_db [None req-323a357d-9ff1-4a62-85b9-b3bfe8111616 None None] Agent healthcheck: found 0 active agents {{(pid=91963) agent_health_check /opt/stack/neutron/neutron/db/agents_db.py:322}}
May 28 03:00:20.924022 np0000001589 neutron-periodic-workers[91963]: DEBUG oslo.service.backend._threading.loopingcall [None req-323a357d-9ff1-4a62-85b9-b3bfe8111616 None None] Fixed interval looping call 'neutron.plugins.ml2.plugin.AgentDbMixin.agent_health_check' sleeping for 36.99 seconds {{(pid=91963) _run_loop /opt/stack/data/venv/lib/python3.12/site-packages/oslo_service/backend/_threading/loopingcall.py:125}}
May 28 03:00:30.919480 np0000001589 neutron-periodic-workers[91963]: DEBUG dbcounter [-] [91963] Writing DB stats neutron:SELECT=1 {{(pid=91963) stat_writer /opt/stack/data/venv/lib/python3.12/site-packages/dbcounter.py:115}}
May 28 03:00:36.902426 np0000001589 neutron-periodic-workers[91959]: DEBUG oslo.service.backend._threading.loopingcall [None req-a1da4e43-9df0-4768-afd9-d6162df1f894 None None] Fixed interval looping call 'neutron.plugins.ml2.plugin.DhcpAgentSchedulerDbMixin.remove_networks_from_down_agents' sleeping for 36.97 seconds {{(pid=91959) _run_loop /opt/stack/data/venv/lib/python3.12/site-packages/oslo_service/backend/_threading/loopingcall.py:125}}
May 28 03:00:46.897111 np0000001589 neutron-periodic-workers[91959]: DEBUG dbcounter [-] [91959] Writing DB stats neutron:SELECT=3 {{(pid=91959) stat_writer /opt/stack/data/venv/lib/python3.12/site-packages/dbcounter.py:115}}
May 28 03:00:50.930293 np0000001589 neutron-periodic-workers[91976]: DEBUG oslo.service.backend._threading.loopingcall [None req-7a443787-28bf-499e-9cd8-9a9c8cb2bc55 None None] Fixed interval looping call 'neutron.db.quota.driver_nolock.DbQuotaNoLockDriver._remove_expired_reservations' sleeping for 119.98 seconds {{(pid=91976) _run_loop /opt/stack/data/venv/lib/python3.12/site-packages/oslo_service/backend/_threading/loopingcall.py:125}}
May 28 03:00:57.918061 np0000001589 neutron-periodic-workers[91963]: DEBUG neutron.db.agents_db [None req-323a357d-9ff1-4a62-85b9-b3bfe8111616 None None] Agent healthcheck: found 0 active agents {{(pid=91963) agent_health_check /opt/stack/neutron/neutron/db/agents_db.py:322}}
May 28 03:00:57.918567 np0000001589 neutron-periodic-workers[91963]: DEBUG oslo.service.backend._threading.loopingcall [None req-323a357d-9ff1-4a62-85b9-b3bfe8111616 None None] Fixed interval looping call 'neutron.plugins.ml2.plugin.AgentDbMixin.agent_health_check' sleeping for 37.00 seconds {{(pid=91963) _run_loop /opt/stack/data/venv/lib/python3.12/site-packages/oslo_service/backend/_threading/loopingcall.py:125}}
May 28 03:01:00.929652 np0000001589 neutron-periodic-workers[91976]: DEBUG dbcounter [-] [91976] Writing DB stats neutron:DELETE=1 {{(pid=91976) stat_writer /opt/stack/data/venv/lib/python3.12/site-packages/dbcounter.py:115}}
May 28 03:01:07.916642 np0000001589 neutron-periodic-workers[91963]: DEBUG dbcounter [-] [91963] Writing DB stats neutron:SELECT=1 {{(pid=91963) stat_writer /opt/stack/data/venv/lib/python3.12/site-packages/dbcounter.py:115}}
May 28 03:01:13.880011 np0000001589 neutron-periodic-workers[91959]: DEBUG oslo.service.backend._threading.loopingcall [None req-a1da4e43-9df0-4768-afd9-d6162df1f894 None None] Fixed interval looping call 'neutron.plugins.ml2.plugin.DhcpAgentSchedulerDbMixin.remove_networks_from_down_agents' sleeping for 36.99 seconds {{(pid=91959) _run_loop /opt/stack/data/venv/lib/python3.12/site-packages/oslo_service/backend/_threading/loopingcall.py:125}}
May 28 03:01:23.880285 np0000001589 neutron-periodic-workers[91959]: DEBUG dbcounter [-] [91959] Writing DB stats neutron:SELECT=3 {{(pid=91959) stat_writer /opt/stack/data/venv/lib/python3.12/site-packages/dbcounter.py:115}}
May 28 03:01:34.921636 np0000001589 neutron-periodic-workers[91963]: DEBUG neutron.db.agents_db [None req-323a357d-9ff1-4a62-85b9-b3bfe8111616 None None] Agent healthcheck: found 0 active agents {{(pid=91963) agent_health_check /opt/stack/neutron/neutron/db/agents_db.py:322}}
May 28 03:01:34.922507 np0000001589 neutron-periodic-workers[91963]: DEBUG oslo.service.backend._threading.loopingcall [None req-323a357d-9ff1-4a62-85b9-b3bfe8111616 None None] Fixed interval looping call 'neutron.plugins.ml2.plugin.AgentDbMixin.agent_health_check' sleeping for 37.00 seconds {{(pid=91963) _run_loop /opt/stack/data/venv/lib/python3.12/site-packages/oslo_service/backend/_threading/loopingcall.py:125}}
May 28 03:01:44.920621 np0000001589 neutron-periodic-workers[91963]: DEBUG dbcounter [-] [91963] Writing DB stats neutron:SELECT=1 {{(pid=91963) stat_writer /opt/stack/data/venv/lib/python3.12/site-packages/dbcounter.py:115}}
May 28 03:01:50.883002 np0000001589 neutron-periodic-workers[91959]: DEBUG oslo.service.backend._threading.loopingcall [None req-a1da4e43-9df0-4768-afd9-d6162df1f894 None None] Fixed interval looping call 'neutron.plugins.ml2.plugin.DhcpAgentSchedulerDbMixin.remove_networks_from_down_agents' sleeping for 36.99 seconds {{(pid=91959) _run_loop /opt/stack/data/venv/lib/python3.12/site-packages/oslo_service/backend/_threading/loopingcall.py:125}}
May 28 03:02:00.879404 np0000001589 neutron-periodic-workers[91959]: DEBUG dbcounter [-] [91959] Writing DB stats neutron:SELECT=3 {{(pid=91959) stat_writer /opt/stack/data/venv/lib/python3.12/site-packages/dbcounter.py:115}}
May 28 03:02:11.927278 np0000001589 neutron-periodic-workers[91963]: DEBUG neutron.db.agents_db [None req-323a357d-9ff1-4a62-85b9-b3bfe8111616 None None] Agent healthcheck: found 0 active agents {{(pid=91963) agent_health_check /opt/stack/neutron/neutron/db/agents_db.py:322}}
May 28 03:02:11.927716 np0000001589 neutron-periodic-workers[91963]: DEBUG oslo.service.backend._threading.loopingcall [None req-323a357d-9ff1-4a62-85b9-b3bfe8111616 None None] Fixed interval looping call 'neutron.plugins.ml2.plugin.AgentDbMixin.agent_health_check' sleeping for 36.99 seconds {{(pid=91963) _run_loop /opt/stack/data/venv/lib/python3.12/site-packages/oslo_service/backend/_threading/loopingcall.py:125}}
May 28 03:02:21.928389 np0000001589 neutron-periodic-workers[91963]: DEBUG dbcounter [-] [91963] Writing DB stats neutron:SELECT=1 {{(pid=91963) stat_writer /opt/stack/data/venv/lib/python3.12/site-packages/dbcounter.py:115}}
May 28 03:02:27.878746 np0000001589 neutron-periodic-workers[91959]: DEBUG oslo.service.backend._threading.loopingcall [None req-a1da4e43-9df0-4768-afd9-d6162df1f894 None None] Fixed interval looping call 'neutron.plugins.ml2.plugin.DhcpAgentSchedulerDbMixin.remove_networks_from_down_agents' sleeping for 36.99 seconds {{(pid=91959) _run_loop /opt/stack/data/venv/lib/python3.12/site-packages/oslo_service/backend/_threading/loopingcall.py:125}}
May 28 03:02:37.878018 np0000001589 neutron-periodic-workers[91959]: DEBUG dbcounter [-] [91959] Writing DB stats neutron:SELECT=3 {{(pid=91959) stat_writer /opt/stack/data/venv/lib/python3.12/site-packages/dbcounter.py:115}}
May 28 03:02:48.927799 np0000001589 neutron-periodic-workers[91963]: DEBUG neutron.db.agents_db [None req-323a357d-9ff1-4a62-85b9-b3bfe8111616 None None] Agent healthcheck: found 0 active agents {{(pid=91963) agent_health_check /opt/stack/neutron/neutron/db/agents_db.py:322}}
May 28 03:02:48.928271 np0000001589 neutron-periodic-workers[91963]: DEBUG oslo.service.backend._threading.loopingcall [None req-323a357d-9ff1-4a62-85b9-b3bfe8111616 None None] Fixed interval looping call 'neutron.plugins.ml2.plugin.AgentDbMixin.agent_health_check' sleeping for 36.99 seconds {{(pid=91963) _run_loop /opt/stack/data/venv/lib/python3.12/site-packages/oslo_service/backend/_threading/loopingcall.py:125}}
May 28 03:02:50.914259 np0000001589 neutron-periodic-workers[91976]: DEBUG oslo.service.backend._threading.loopingcall [None req-7a443787-28bf-499e-9cd8-9a9c8cb2bc55 None None] Fixed interval looping call 'neutron.db.quota.driver_nolock.DbQuotaNoLockDriver._remove_expired_reservations' sleeping for 120.00 seconds {{(pid=91976) _run_loop /opt/stack/data/venv/lib/python3.12/site-packages/oslo_service/backend/_threading/loopingcall.py:125}}
May 28 03:02:58.923174 np0000001589 neutron-periodic-workers[91963]: DEBUG dbcounter [-] [91963] Writing DB stats neutron:SELECT=1 {{(pid=91963) stat_writer /opt/stack/data/venv/lib/python3.12/site-packages/dbcounter.py:115}}
May 28 03:03:00.913668 np0000001589 neutron-periodic-workers[91976]: DEBUG dbcounter [-] [91976] Writing DB stats neutron:DELETE=1 {{(pid=91976) stat_writer /opt/stack/data/venv/lib/python3.12/site-packages/dbcounter.py:115}}
May 28 03:03:04.878400 np0000001589 neutron-periodic-workers[91959]: DEBUG oslo.service.backend._threading.loopingcall [None req-a1da4e43-9df0-4768-afd9-d6162df1f894 None None] Fixed interval looping call 'neutron.plugins.ml2.plugin.DhcpAgentSchedulerDbMixin.remove_networks_from_down_agents' sleeping for 36.99 seconds {{(pid=91959) _run_loop /opt/stack/data/venv/lib/python3.12/site-packages/oslo_service/backend/_threading/loopingcall.py:125}}
May 28 03:03:04.936997 np0000001589 neutron-periodic-workers[91988]: DEBUG oslo.service.backend._threading.loopingcall [None req-1accea9a-81a1-4b19-b90c-3f86315a175f None None] Fixed interval looping call 'neutron.services.ovn_l3.plugin.L3_NAT_dbonly_mixin._clean_garbage' sleeping for 299.99 seconds {{(pid=91988) _run_loop /opt/stack/data/venv/lib/python3.12/site-packages/oslo_service/backend/_threading/loopingcall.py:125}}
May 28 03:03:14.877491 np0000001589 neutron-periodic-workers[91959]: DEBUG dbcounter [-] [91959] Writing DB stats neutron:SELECT=3 {{(pid=91959) stat_writer /opt/stack/data/venv/lib/python3.12/site-packages/dbcounter.py:115}}
May 28 03:03:14.932460 np0000001589 neutron-periodic-workers[91988]: DEBUG dbcounter [-] [91988] Writing DB stats neutron:SELECT=1 {{(pid=91988) stat_writer /opt/stack/data/venv/lib/python3.12/site-packages/dbcounter.py:115}}
May 28 03:03:25.921617 np0000001589 neutron-periodic-workers[91963]: DEBUG neutron.db.agents_db [None req-323a357d-9ff1-4a62-85b9-b3bfe8111616 None None] Agent healthcheck: found 0 active agents {{(pid=91963) agent_health_check /opt/stack/neutron/neutron/db/agents_db.py:322}}
May 28 03:03:25.922107 np0000001589 neutron-periodic-workers[91963]: DEBUG oslo.service.backend._threading.loopingcall [None req-323a357d-9ff1-4a62-85b9-b3bfe8111616 None None] Fixed interval looping call 'neutron.plugins.ml2.plugin.AgentDbMixin.agent_health_check' sleeping for 37.00 seconds {{(pid=91963) _run_loop /opt/stack/data/venv/lib/python3.12/site-packages/oslo_service/backend/_threading/loopingcall.py:125}}
May 28 03:03:35.921643 np0000001589 neutron-periodic-workers[91963]: DEBUG dbcounter [-] [91963] Writing DB stats neutron:SELECT=1 {{(pid=91963) stat_writer /opt/stack/data/venv/lib/python3.12/site-packages/dbcounter.py:115}}
May 28 03:03:41.880092 np0000001589 neutron-periodic-workers[91959]: DEBUG oslo.service.backend._threading.loopingcall [None req-a1da4e43-9df0-4768-afd9-d6162df1f894 None None] Fixed interval looping call 'neutron.plugins.ml2.plugin.DhcpAgentSchedulerDbMixin.remove_networks_from_down_agents' sleeping for 36.99 seconds {{(pid=91959) _run_loop /opt/stack/data/venv/lib/python3.12/site-packages/oslo_service/backend/_threading/loopingcall.py:125}}
May 28 03:03:51.878101 np0000001589 neutron-periodic-workers[91959]: DEBUG dbcounter [-] [91959] Writing DB stats neutron:SELECT=3 {{(pid=91959) stat_writer /opt/stack/data/venv/lib/python3.12/site-packages/dbcounter.py:115}}
May 28 03:04:02.926135 np0000001589 neutron-periodic-workers[91963]: DEBUG neutron.db.agents_db [None req-323a357d-9ff1-4a62-85b9-b3bfe8111616 None None] Agent healthcheck: found 0 active agents {{(pid=91963) agent_health_check /opt/stack/neutron/neutron/db/agents_db.py:322}}
May 28 03:04:02.926135 np0000001589 neutron-periodic-workers[91963]: DEBUG oslo.service.backend._threading.loopingcall [None req-323a357d-9ff1-4a62-85b9-b3bfe8111616 None None] Fixed interval looping call 'neutron.plugins.ml2.plugin.AgentDbMixin.agent_health_check' sleeping for 37.00 seconds {{(pid=91963) _run_loop /opt/stack/data/venv/lib/python3.12/site-packages/oslo_service/backend/_threading/loopingcall.py:125}}
May 28 03:04:12.924844 np0000001589 neutron-periodic-workers[91963]: DEBUG dbcounter [-] [91963] Writing DB stats neutron:SELECT=1 {{(pid=91963) stat_writer /opt/stack/data/venv/lib/python3.12/site-packages/dbcounter.py:115}}
May 28 03:04:18.878488 np0000001589 neutron-periodic-workers[91959]: DEBUG oslo.service.backend._threading.loopingcall [None req-a1da4e43-9df0-4768-afd9-d6162df1f894 None None] Fixed interval looping call 'neutron.plugins.ml2.plugin.DhcpAgentSchedulerDbMixin.remove_networks_from_down_agents' sleeping for 36.99 seconds {{(pid=91959) _run_loop /opt/stack/data/venv/lib/python3.12/site-packages/oslo_service/backend/_threading/loopingcall.py:125}}
May 28 03:04:28.878019 np0000001589 neutron-periodic-workers[91959]: DEBUG dbcounter [-] [91959] Writing DB stats neutron:SELECT=3 {{(pid=91959) stat_writer /opt/stack/data/venv/lib/python3.12/site-packages/dbcounter.py:115}}
May 28 03:04:39.932400 np0000001589 neutron-periodic-workers[91963]: DEBUG neutron.db.agents_db [None req-323a357d-9ff1-4a62-85b9-b3bfe8111616 None None] Agent healthcheck: found 0 active agents {{(pid=91963) agent_health_check /opt/stack/neutron/neutron/db/agents_db.py:322}}
May 28 03:04:39.932747 np0000001589 neutron-periodic-workers[91963]: DEBUG oslo.service.backend._threading.loopingcall [None req-323a357d-9ff1-4a62-85b9-b3bfe8111616 None None] Fixed interval looping call 'neutron.plugins.ml2.plugin.AgentDbMixin.agent_health_check' sleeping for 36.99 seconds {{(pid=91963) _run_loop /opt/stack/data/venv/lib/python3.12/site-packages/oslo_service/backend/_threading/loopingcall.py:125}}
May 28 03:04:49.928852 np0000001589 neutron-periodic-workers[91963]: DEBUG dbcounter [-] [91963] Writing DB stats neutron:SELECT=1 {{(pid=91963) stat_writer /opt/stack/data/venv/lib/python3.12/site-packages/dbcounter.py:115}}
May 28 03:04:50.918798 np0000001589 neutron-periodic-workers[91976]: DEBUG oslo.service.backend._threading.loopingcall [None req-7a443787-28bf-499e-9cd8-9a9c8cb2bc55 None None] Fixed interval looping call 'neutron.db.quota.driver_nolock.DbQuotaNoLockDriver._remove_expired_reservations' sleeping for 120.00 seconds {{(pid=91976) _run_loop /opt/stack/data/venv/lib/python3.12/site-packages/oslo_service/backend/_threading/loopingcall.py:125}}
May 28 03:04:55.875629 np0000001589 neutron-periodic-workers[91959]: DEBUG oslo.service.backend._threading.loopingcall [None req-a1da4e43-9df0-4768-afd9-d6162df1f894 None None] Fixed interval looping call 'neutron.plugins.ml2.plugin.DhcpAgentSchedulerDbMixin.remove_networks_from_down_agents' sleeping for 36.99 seconds {{(pid=91959) _run_loop /opt/stack/data/venv/lib/python3.12/site-packages/oslo_service/backend/_threading/loopingcall.py:125}}
May 28 03:05:00.917336 np0000001589 neutron-periodic-workers[91976]: DEBUG dbcounter [-] [91976] Writing DB stats neutron:DELETE=1 {{(pid=91976) stat_writer /opt/stack/data/venv/lib/python3.12/site-packages/dbcounter.py:115}}
May 28 03:05:05.874645 np0000001589 neutron-periodic-workers[91959]: DEBUG dbcounter [-] [91959] Writing DB stats neutron:SELECT=3 {{(pid=91959) stat_writer /opt/stack/data/venv/lib/python3.12/site-packages/dbcounter.py:115}}
May 28 03:05:16.926469 np0000001589 neutron-periodic-workers[91963]: DEBUG neutron.db.agents_db [None req-323a357d-9ff1-4a62-85b9-b3bfe8111616 None None] Agent healthcheck: found 0 active agents {{(pid=91963) agent_health_check /opt/stack/neutron/neutron/db/agents_db.py:322}}
May 28 03:05:16.926806 np0000001589 neutron-periodic-workers[91963]: DEBUG oslo.service.backend._threading.loopingcall [None req-323a357d-9ff1-4a62-85b9-b3bfe8111616 None None] Fixed interval looping call 'neutron.plugins.ml2.plugin.AgentDbMixin.agent_health_check' sleeping for 37.00 seconds {{(pid=91963) _run_loop /opt/stack/data/venv/lib/python3.12/site-packages/oslo_service/backend/_threading/loopingcall.py:125}}
May 28 03:05:26.925163 np0000001589 neutron-periodic-workers[91963]: DEBUG dbcounter [-] [91963] Writing DB stats neutron:SELECT=1 {{(pid=91963) stat_writer /opt/stack/data/venv/lib/python3.12/site-packages/dbcounter.py:115}}
May 28 03:05:32.873045 np0000001589 neutron-periodic-workers[91959]: DEBUG oslo.service.backend._threading.loopingcall [None req-a1da4e43-9df0-4768-afd9-d6162df1f894 None None] Fixed interval looping call 'neutron.plugins.ml2.plugin.DhcpAgentSchedulerDbMixin.remove_networks_from_down_agents' sleeping for 36.99 seconds {{(pid=91959) _run_loop /opt/stack/data/venv/lib/python3.12/site-packages/oslo_service/backend/_threading/loopingcall.py:125}}
May 28 03:05:42.872288 np0000001589 neutron-periodic-workers[91959]: DEBUG dbcounter [-] [91959] Writing DB stats neutron:SELECT=3 {{(pid=91959) stat_writer /opt/stack/data/venv/lib/python3.12/site-packages/dbcounter.py:115}}
May 28 03:05:53.930486 np0000001589 neutron-periodic-workers[91963]: DEBUG neutron.db.agents_db [None req-323a357d-9ff1-4a62-85b9-b3bfe8111616 None None] Agent healthcheck: found 0 active agents {{(pid=91963) agent_health_check /opt/stack/neutron/neutron/db/agents_db.py:322}}
May 28 03:05:53.930882 np0000001589 neutron-periodic-workers[91963]: DEBUG oslo.service.backend._threading.loopingcall [None req-323a357d-9ff1-4a62-85b9-b3bfe8111616 None None] Fixed interval looping call 'neutron.plugins.ml2.plugin.AgentDbMixin.agent_health_check' sleeping for 37.00 seconds {{(pid=91963) _run_loop /opt/stack/data/venv/lib/python3.12/site-packages/oslo_service/backend/_threading/loopingcall.py:125}}
May 28 03:06:03.929073 np0000001589 neutron-periodic-workers[91963]: DEBUG dbcounter [-] [91963] Writing DB stats neutron:SELECT=1 {{(pid=91963) stat_writer /opt/stack/data/venv/lib/python3.12/site-packages/dbcounter.py:115}}
May 28 03:06:09.869688 np0000001589 neutron-periodic-workers[91959]: DEBUG oslo.service.backend._threading.loopingcall [None req-a1da4e43-9df0-4768-afd9-d6162df1f894 None None] Fixed interval looping call 'neutron.plugins.ml2.plugin.DhcpAgentSchedulerDbMixin.remove_networks_from_down_agents' sleeping for 36.99 seconds {{(pid=91959) _run_loop /opt/stack/data/venv/lib/python3.12/site-packages/oslo_service/backend/_threading/loopingcall.py:125}}
May 28 03:06:19.869751 np0000001589 neutron-periodic-workers[91959]: DEBUG dbcounter [-] [91959] Writing DB stats neutron:SELECT=3 {{(pid=91959) stat_writer /opt/stack/data/venv/lib/python3.12/site-packages/dbcounter.py:115}}
May 28 03:06:30.934789 np0000001589 neutron-periodic-workers[91963]: DEBUG neutron.db.agents_db [None req-323a357d-9ff1-4a62-85b9-b3bfe8111616 None None] Agent healthcheck: found 0 active agents {{(pid=91963) agent_health_check /opt/stack/neutron/neutron/db/agents_db.py:322}}
May 28 03:06:30.935128 np0000001589 neutron-periodic-workers[91963]: DEBUG oslo.service.backend._threading.loopingcall [None req-323a357d-9ff1-4a62-85b9-b3bfe8111616 None None] Fixed interval looping call 'neutron.plugins.ml2.plugin.AgentDbMixin.agent_health_check' sleeping for 37.00 seconds {{(pid=91963) _run_loop /opt/stack/data/venv/lib/python3.12/site-packages/oslo_service/backend/_threading/loopingcall.py:125}}
May 28 03:06:40.933409 np0000001589 neutron-periodic-workers[91963]: DEBUG dbcounter [-] [91963] Writing DB stats neutron:SELECT=1 {{(pid=91963) stat_writer /opt/stack/data/venv/lib/python3.12/site-packages/dbcounter.py:115}}
May 28 03:06:46.867010 np0000001589 neutron-periodic-workers[91959]: DEBUG oslo.service.backend._threading.loopingcall [None req-a1da4e43-9df0-4768-afd9-d6162df1f894 None None] Fixed interval looping call 'neutron.plugins.ml2.plugin.DhcpAgentSchedulerDbMixin.remove_networks_from_down_agents' sleeping for 36.99 seconds {{(pid=91959) _run_loop /opt/stack/data/venv/lib/python3.12/site-packages/oslo_service/backend/_threading/loopingcall.py:125}}
May 28 03:06:50.922533 np0000001589 neutron-periodic-workers[91976]: DEBUG oslo.service.backend._threading.loopingcall [None req-7a443787-28bf-499e-9cd8-9a9c8cb2bc55 None None] Fixed interval looping call 'neutron.db.quota.driver_nolock.DbQuotaNoLockDriver._remove_expired_reservations' sleeping for 120.00 seconds {{(pid=91976) _run_loop /opt/stack/data/venv/lib/python3.12/site-packages/oslo_service/backend/_threading/loopingcall.py:125}}
May 28 03:06:56.868434 np0000001589 neutron-periodic-workers[91959]: DEBUG dbcounter [-] [91959] Writing DB stats neutron:SELECT=3 {{(pid=91959) stat_writer /opt/stack/data/venv/lib/python3.12/site-packages/dbcounter.py:115}}
May 28 03:07:00.921395 np0000001589 neutron-periodic-workers[91976]: DEBUG dbcounter [-] [91976] Writing DB stats neutron:DELETE=1 {{(pid=91976) stat_writer /opt/stack/data/venv/lib/python3.12/site-packages/dbcounter.py:115}}
May 28 03:07:07.939670 np0000001589 neutron-periodic-workers[91963]: DEBUG neutron.db.agents_db [None req-323a357d-9ff1-4a62-85b9-b3bfe8111616 None None] Agent healthcheck: found 0 active agents {{(pid=91963) agent_health_check /opt/stack/neutron/neutron/db/agents_db.py:322}}
May 28 03:07:07.940045 np0000001589 neutron-periodic-workers[91963]: DEBUG oslo.service.backend._threading.loopingcall [None req-323a357d-9ff1-4a62-85b9-b3bfe8111616 None None] Fixed interval looping call 'neutron.plugins.ml2.plugin.AgentDbMixin.agent_health_check' sleeping for 37.00 seconds {{(pid=91963) _run_loop /opt/stack/data/venv/lib/python3.12/site-packages/oslo_service/backend/_threading/loopingcall.py:125}}
May 28 03:07:17.937666 np0000001589 neutron-periodic-workers[91963]: DEBUG dbcounter [-] [91963] Writing DB stats neutron:SELECT=1 {{(pid=91963) stat_writer /opt/stack/data/venv/lib/python3.12/site-packages/dbcounter.py:115}}
May 28 03:07:23.864627 np0000001589 neutron-periodic-workers[91959]: DEBUG oslo.service.backend._threading.loopingcall [None req-a1da4e43-9df0-4768-afd9-d6162df1f894 None None] Fixed interval looping call 'neutron.plugins.ml2.plugin.DhcpAgentSchedulerDbMixin.remove_networks_from_down_agents' sleeping for 36.99 seconds {{(pid=91959) _run_loop /opt/stack/data/venv/lib/python3.12/site-packages/oslo_service/backend/_threading/loopingcall.py:125}}
May 28 03:07:33.864022 np0000001589 neutron-periodic-workers[91959]: DEBUG dbcounter [-] [91959] Writing DB stats neutron:SELECT=3 {{(pid=91959) stat_writer /opt/stack/data/venv/lib/python3.12/site-packages/dbcounter.py:115}}
May 28 03:07:44.945972 np0000001589 neutron-periodic-workers[91963]: DEBUG neutron.db.agents_db [None req-323a357d-9ff1-4a62-85b9-b3bfe8111616 None None] Agent healthcheck: found 0 active agents {{(pid=91963) agent_health_check /opt/stack/neutron/neutron/db/agents_db.py:322}}
May 28 03:07:44.946434 np0000001589 neutron-periodic-workers[91963]: DEBUG oslo.service.backend._threading.loopingcall [None req-323a357d-9ff1-4a62-85b9-b3bfe8111616 None None] Fixed interval looping call 'neutron.plugins.ml2.plugin.AgentDbMixin.agent_health_check' sleeping for 36.99 seconds {{(pid=91963) _run_loop /opt/stack/data/venv/lib/python3.12/site-packages/oslo_service/backend/_threading/loopingcall.py:125}}
May 28 03:07:54.944504 np0000001589 neutron-periodic-workers[91963]: DEBUG dbcounter [-] [91963] Writing DB stats neutron:SELECT=1 {{(pid=91963) stat_writer /opt/stack/data/venv/lib/python3.12/site-packages/dbcounter.py:115}}
May 28 03:08:00.862443 np0000001589 neutron-periodic-workers[91959]: DEBUG oslo.service.backend._threading.loopingcall [None req-a1da4e43-9df0-4768-afd9-d6162df1f894 None None] Fixed interval looping call 'neutron.plugins.ml2.plugin.DhcpAgentSchedulerDbMixin.remove_networks_from_down_agents' sleeping for 36.99 seconds {{(pid=91959) _run_loop /opt/stack/data/venv/lib/python3.12/site-packages/oslo_service/backend/_threading/loopingcall.py:125}}
