Aug 14 01:24:09.155494 np0000007298 devstack@g-api.service[99788]: DEBUG glance.api.middleware.version_negotiation [None req-3c7941ca-82c0-4b55-8b71-13687a429d71 tempest-ServerStableDeviceRescueTest-1975487036 tempest-ServerStableDeviceRescueTest-1975487036-project-member] new path /v2/images/f7f76768-3655-409a-94ba-d644cafbe8a4 {{(pid=99788) process_request /opt/stack/glance/glance/api/middleware/version_negotiation.py:70}}
Aug 14 01:24:09.166284 np0000007298 devstack@g-api.service[99788]: [pid: 99788|app: 0|req: 103/293] 127.0.0.1 () {40 vars in 834 bytes} [Fri Aug 14 01:24:09 2026] GET /v2/images/f7f76768-3655-409a-94ba-d644cafbe8a4 => generated 648 bytes in 12 msecs (HTTP/1.1 200) 4 headers in 157 bytes (1 switches on core 0)
Aug 14 01:24:09.544329 np0000007298 devstack@g-api.service[99786]: DEBUG glance.location [None req-0e4ffdae-ac7f-4a9e-909d-0b53e25f5ede tempest-TestImageHashVerification-1553436844 tempest-TestImageHashVerification-1553436844-project-member] Enabling in-flight format inspection for raw {{(pid=99786) set_data /opt/stack/glance/glance/location.py:596}}
Aug 14 01:24:09.545222 np0000007298 devstack@g-api.service[99786]: DEBUG glance_store.backend [None req-0e4ffdae-ac7f-4a9e-909d-0b53e25f5ede tempest-TestImageHashVerification-1553436844 tempest-TestImageHashVerification-1553436844-project-member] Attempting to import store swift {{(pid=99786) _load_store /opt/stack/data/venv/lib/python3.12/site-packages/glance_store/backend.py:215}}
Aug 14 01:24:09.546282 np0000007298 devstack@g-api.service[99786]: DEBUG glance_store.capabilities [None req-0e4ffdae-ac7f-4a9e-909d-0b53e25f5ede tempest-TestImageHashVerification-1553436844 tempest-TestImageHashVerification-1553436844-project-member] Store glance_store._drivers.swift.store.SingleTenantStore doesn't support updating dynamic storage capabilities. Please overwrite 'update_capabilities' method of the store to implement updating logics if needed. {{(pid=99786) update_capabilities /opt/stack/data/venv/lib/python3.12/site-packages/glance_store/capabilities.py:91}}
Aug 14 01:24:09.546424 np0000007298 devstack@g-api.service[99786]: DEBUG glance_store.driver [None req-0e4ffdae-ac7f-4a9e-909d-0b53e25f5ede tempest-TestImageHashVerification-1553436844 tempest-TestImageHashVerification-1553436844-project-member] Late loading location class glance_store._drivers.swift.store.StoreLocation {{(pid=99786) get_store_location_class /opt/stack/data/venv/lib/python3.12/site-packages/glance_store/driver.py:134}}
Aug 14 01:24:09.546572 np0000007298 devstack@g-api.service[99786]: DEBUG glance_store.location [None req-0e4ffdae-ac7f-4a9e-909d-0b53e25f5ede tempest-TestImageHashVerification-1553436844 tempest-TestImageHashVerification-1553436844-project-member] Registering scheme swift+https with {'store': , 'location_class': , 'store_entry': 'swift'} {{(pid=99786) register_scheme_map /opt/stack/data/venv/lib/python3.12/site-packages/glance_store/location.py:146}}
Aug 14 01:24:09.546687 np0000007298 devstack@g-api.service[99786]: DEBUG glance_store.location [None req-0e4ffdae-ac7f-4a9e-909d-0b53e25f5ede tempest-TestImageHashVerification-1553436844 tempest-TestImageHashVerification-1553436844-project-member] Registering scheme swift+https with {'store': , 'location_class': , 'store_entry': 'swift'} {{(pid=99786) register_scheme_map /opt/stack/data/venv/lib/python3.12/site-packages/glance_store/location.py:146}}
Aug 14 01:24:09.546788 np0000007298 devstack@g-api.service[99786]: DEBUG glance_store.location [None req-0e4ffdae-ac7f-4a9e-909d-0b53e25f5ede tempest-TestImageHashVerification-1553436844 tempest-TestImageHashVerification-1553436844-project-member] Registering scheme swift with {'store': , 'location_class': , 'store_entry': 'swift'} {{(pid=99786) register_scheme_map /opt/stack/data/venv/lib/python3.12/site-packages/glance_store/location.py:146}}
Aug 14 01:24:09.546919 np0000007298 devstack@g-api.service[99786]: DEBUG glance_store.location [None req-0e4ffdae-ac7f-4a9e-909d-0b53e25f5ede tempest-TestImageHashVerification-1553436844 tempest-TestImageHashVerification-1553436844-project-member] Registering scheme swift+https with {'store': , 'location_class': , 'store_entry': 'swift'} {{(pid=99786) register_scheme_map /opt/stack/data/venv/lib/python3.12/site-packages/glance_store/location.py:146}}
Aug 14 01:24:09.547028 np0000007298 devstack@g-api.service[99786]: DEBUG glance_store.location [None req-0e4ffdae-ac7f-4a9e-909d-0b53e25f5ede tempest-TestImageHashVerification-1553436844 tempest-TestImageHashVerification-1553436844-project-member] Registering scheme swift with {'store': , 'location_class': , 'store_entry': 'swift'} {{(pid=99786) register_scheme_map /opt/stack/data/venv/lib/python3.12/site-packages/glance_store/location.py:146}}
Aug 14 01:24:09.547133 np0000007298 devstack@g-api.service[99786]: DEBUG glance_store.location [None req-0e4ffdae-ac7f-4a9e-909d-0b53e25f5ede tempest-TestImageHashVerification-1553436844 tempest-TestImageHashVerification-1553436844-project-member] Registering scheme swift+http with {'store': , 'location_class': , 'store_entry': 'swift'} {{(pid=99786) register_scheme_map /opt/stack/data/venv/lib/python3.12/site-packages/glance_store/location.py:146}}
Aug 14 01:24:09.547208 np0000007298 devstack@g-api.service[99786]: DEBUG glance_store.location [None req-0e4ffdae-ac7f-4a9e-909d-0b53e25f5ede tempest-TestImageHashVerification-1553436844 tempest-TestImageHashVerification-1553436844-project-member] Registering scheme swift+https with {'store': , 'location_class': , 'store_entry': 'swift'} {{(pid=99786) register_scheme_map /opt/stack/data/venv/lib/python3.12/site-packages/glance_store/location.py:146}}
Aug 14 01:24:09.547263 np0000007298 devstack@g-api.service[99786]: DEBUG glance_store.location [None req-0e4ffdae-ac7f-4a9e-909d-0b53e25f5ede tempest-TestImageHashVerification-1553436844 tempest-TestImageHashVerification-1553436844-project-member] Registering scheme swift with {'store': , 'location_class': , 'store_entry': 'swift'} {{(pid=99786) register_scheme_map /opt/stack/data/venv/lib/python3.12/site-packages/glance_store/location.py:146}}
Aug 14 01:24:09.547418 np0000007298 devstack@g-api.service[99786]: DEBUG glance_store.location [None req-0e4ffdae-ac7f-4a9e-909d-0b53e25f5ede tempest-TestImageHashVerification-1553436844 tempest-TestImageHashVerification-1553436844-project-member] Registering scheme swift+http with {'store': , 'location_class': , 'store_entry': 'swift'} {{(pid=99786) register_scheme_map /opt/stack/data/venv/lib/python3.12/site-packages/glance_store/location.py:146}}
Aug 14 01:24:09.547511 np0000007298 devstack@g-api.service[99786]: DEBUG glance_store.location [None req-0e4ffdae-ac7f-4a9e-909d-0b53e25f5ede tempest-TestImageHashVerification-1553436844 tempest-TestImageHashVerification-1553436844-project-member] Registering scheme swift+config with {'store': , 'location_class': , 'store_entry': 'swift'} {{(pid=99786) register_scheme_map /opt/stack/data/venv/lib/python3.12/site-packages/glance_store/location.py:146}}
Aug 14 01:24:09.632337 np0000007298 devstack@g-api.service[99786]: DEBUG swiftclient [None req-0e4ffdae-ac7f-4a9e-909d-0b53e25f5ede tempest-TestImageHashVerification-1553436844 tempest-TestImageHashVerification-1553436844-project-member] REQ: curl -i https://10.4.3.17:8080/v1/AUTH_a16c83abc2144b4299187f46429fc3c7/glance -I -H "X-Auth-Token: gAAAAABqfm45bgry..." {{(pid=99786) http_log /opt/stack/data/venv/lib/python3.12/site-packages/swiftclient/client.py:160}}
Aug 14 01:24:09.632469 np0000007298 devstack@g-api.service[99786]: DEBUG swiftclient [None req-0e4ffdae-ac7f-4a9e-909d-0b53e25f5ede tempest-TestImageHashVerification-1553436844 tempest-TestImageHashVerification-1553436844-project-member] RESP STATUS: 204 No Content {{(pid=99786) http_log /opt/stack/data/venv/lib/python3.12/site-packages/swiftclient/client.py:161}}
Aug 14 01:24:09.632653 np0000007298 devstack@g-api.service[99786]: DEBUG swiftclient [None req-0e4ffdae-ac7f-4a9e-909d-0b53e25f5ede tempest-TestImageHashVerification-1553436844 tempest-TestImageHashVerification-1553436844-project-member] RESP HEADERS: {'Date': 'Fri, 14 Aug 2026 01:24:09 GMT', 'Server': 'Apache/2.4.58 (Ubuntu)', 'Content-Type': 'text/plain; charset=utf-8', 'X-Container-Object-Count': '5', 'X-Container-Bytes-Used': '118292480', 'X-Timestamp': '1786670294.56146', 'Last-Modified': 'Fri, 14 Aug 2026 01:18:15 GMT', 'Accept-Ranges': 'bytes', 'X-Storage-Policy': 'Policy-0', 'X-Container-Sharding': 'False', 'Vary': 'Accept', 'X-Trans-Id': 'tx59ff6d8109cc43e18db27-006a7e6e39', 'X-Openstack-Request-Id': 'tx59ff6d8109cc43e18db27-006a7e6e39', 'Connection': 'close'} {{(pid=99786) http_log /opt/stack/data/venv/lib/python3.12/site-packages/swiftclient/client.py:162}}
Aug 14 01:24:09.632827 np0000007298 devstack@g-api.service[99786]: DEBUG glance_store._drivers.swift.store [None req-0e4ffdae-ac7f-4a9e-909d-0b53e25f5ede tempest-TestImageHashVerification-1553436844 tempest-TestImageHashVerification-1553436844-project-member] Adding image object 'f7f76768-3655-409a-94ba-d644cafbe8a4' to Swift {{(pid=99786) add /opt/stack/data/venv/lib/python3.12/site-packages/glance_store/_drivers/swift/store.py:970}}
Aug 14 01:24:09.632929 np0000007298 devstack@g-api.service[99786]: DEBUG glance_store._drivers.swift.store [None req-0e4ffdae-ac7f-4a9e-909d-0b53e25f5ede tempest-TestImageHashVerification-1553436844 tempest-TestImageHashVerification-1553436844-project-member] Cannot determine image size because it is either not provided in the request or chunked-transfer encoding is used. Adding image as a segmented object to Swift. {{(pid=99786) add /opt/stack/data/venv/lib/python3.12/site-packages/glance_store/_drivers/swift/store.py:994}}
Aug 14 01:24:09.638349 np0000007298 devstack@g-api.service[99786]: DEBUG oslo_utils.imageutils.format_inspector [None req-0e4ffdae-ac7f-4a9e-909d-0b53e25f5ede tempest-TestImageHashVerification-1553436844 tempest-TestImageHashVerification-1553436844-project-member] Format inspector for vmdk does not match, excluding from consideration (Signature KDMV not found: b'\x00\x00\x00\x00') {{(pid=99786) _process_chunk /opt/stack/data/venv/lib/python3.12/site-packages/oslo_utils/imageutils/format_inspector.py:1758}}
Aug 14 01:24:09.640519 np0000007298 devstack@g-api.service[99786]: DEBUG oslo_utils.imageutils.format_inspector [None req-0e4ffdae-ac7f-4a9e-909d-0b53e25f5ede tempest-TestImageHashVerification-1553436844 tempest-TestImageHashVerification-1553436844-project-member] Format inspector for vhdx does not match, excluding from consideration (Region signature not found at 30000) {{(pid=99786) _process_chunk /opt/stack/data/venv/lib/python3.12/site-packages/oslo_utils/imageutils/format_inspector.py:1758}}
Aug 14 01:24:10.180331 np0000007298 devstack@g-api.service[99787]: DEBUG glance.api.middleware.version_negotiation [None req-3c7941ca-82c0-4b55-8b71-13687a429d71 tempest-ServerStableDeviceRescueTest-1975487036 tempest-ServerStableDeviceRescueTest-1975487036-project-member] Determining version of request: GET /v2/images/f7f76768-3655-409a-94ba-d644cafbe8a4 Accept: application/json {{(pid=99787) process_request /opt/stack/glance/glance/api/middleware/version_negotiation.py:44}}
Aug 14 01:24:10.180852 np0000007298 devstack@g-api.service[99787]: DEBUG glance.api.middleware.version_negotiation [None req-3c7941ca-82c0-4b55-8b71-13687a429d71 tempest-ServerStableDeviceRescueTest-1975487036 tempest-ServerStableDeviceRescueTest-1975487036-project-member] Using url versioning {{(pid=99787) process_request /opt/stack/glance/glance/api/middleware/version_negotiation.py:57}}
Aug 14 01:24:10.181547 np0000007298 devstack@g-api.service[99787]: DEBUG glance.api.middleware.version_negotiation [None req-3c7941ca-82c0-4b55-8b71-13687a429d71 tempest-ServerStableDeviceRescueTest-1975487036 tempest-ServerStableDeviceRescueTest-1975487036-project-member] Matched version: v2 {{(pid=99787) process_request /opt/stack/glance/glance/api/middleware/version_negotiation.py:69}}
Aug 14 01:24:10.181767 np0000007298 devstack@g-api.service[99787]: DEBUG glance.api.middleware.version_negotiation [None req-3c7941ca-82c0-4b55-8b71-13687a429d71 tempest-ServerStableDeviceRescueTest-1975487036 tempest-ServerStableDeviceRescueTest-1975487036-project-member] new path /v2/images/f7f76768-3655-409a-94ba-d644cafbe8a4 {{(pid=99787) process_request /opt/stack/glance/glance/api/middleware/version_negotiation.py:70}}
Aug 14 01:24:10.207288 np0000007298 devstack@g-api.service[99787]: [pid: 99787|app: 0|req: 97/294] 127.0.0.1 () {40 vars in 834 bytes} [Fri Aug 14 01:24:10 2026] GET /v2/images/f7f76768-3655-409a-94ba-d644cafbe8a4 => generated 648 bytes in 27 msecs (HTTP/1.1 200) 4 headers in 157 bytes (1 switches on core 0)
Aug 14 01:24:11.222224 np0000007298 devstack@g-api.service[99788]: DEBUG glance.api.middleware.version_negotiation [None req-b53f2830-e04c-4881-bb02-f6e9ab9920b4 tempest-TestImageHashVerification-1553436844 tempest-TestImageHashVerification-1553436844-project-member] Determining version of request: GET /v2/images/f7f76768-3655-409a-94ba-d644cafbe8a4 Accept: application/json {{(pid=99788) process_request /opt/stack/glance/glance/api/middleware/version_negotiation.py:44}}
Aug 14 01:24:11.223490 np0000007298 devstack@g-api.service[99788]: DEBUG glance.api.middleware.version_negotiation [None req-b53f2830-e04c-4881-bb02-f6e9ab9920b4 tempest-TestImageHashVerification-1553436844 tempest-TestImageHashVerification-1553436844-project-member] Using url versioning {{(pid=99788) process_request /opt/stack/glance/glance/api/middleware/version_negotiation.py:57}}
Aug 14 01:24:11.224848 np0000007298 devstack@g-api.service[99788]: DEBUG glance.api.middleware.version_negotiation [None req-b53f2830-e04c-4881-bb02-f6e9ab9920b4 tempest-TestImageHashVerification-1553436844 tempest-TestImageHashVerification-1553436844-project-member] Matched version: v2 {{(pid=99788) process_request /opt/stack/glance/glance/api/middleware/version_negotiation.py:69}}
Aug 14 01:24:11.224848 np0000007298 devstack@g-api.service[99788]: DEBUG glance.api.middleware.version_negotiation [None req-b53f2830-e04c-4881-bb02-f6e9ab9920b4 tempest-TestImageHashVerification-1553436844 tempest-TestImageHashVerification-1553436844-project-member] new path /v2/images/f7f76768-3655-409a-94ba-d644cafbe8a4 {{(pid=99788) process_request /opt/stack/glance/glance/api/middleware/version_negotiation.py:70}}
Aug 14 01:24:11.243352 np0000007298 devstack@g-api.service[99788]: [pid: 99788|app: 0|req: 104/295] 127.0.0.1 () {40 vars in 834 bytes} [Fri Aug 14 01:24:11 2026] GET /v2/images/f7f76768-3655-409a-94ba-d644cafbe8a4 => generated 648 bytes in 21 msecs (HTTP/1.1 200) 4 headers in 157 bytes (1 switches on core 0)
Aug 14 01:24:12.008809 np0000007298 devstack@g-api.service[99786]: DEBUG swiftclient [None req-0e4ffdae-ac7f-4a9e-909d-0b53e25f5ede tempest-TestImageHashVerification-1553436844 tempest-TestImageHashVerification-1553436844-project-member] REQ: curl -i https://10.4.3.17:8080/v1/AUTH_a16c83abc2144b4299187f46429fc3c7/glance/f7f76768-3655-409a-94ba-d644cafbe8a4-00001 -X PUT -H "X-Auth-Token: gAAAAABqfm45bgry..." {{(pid=99786) http_log /opt/stack/data/venv/lib/python3.12/site-packages/swiftclient/client.py:160}}
Aug 14 01:24:12.008809 np0000007298 devstack@g-api.service[99786]: DEBUG swiftclient [None req-0e4ffdae-ac7f-4a9e-909d-0b53e25f5ede tempest-TestImageHashVerification-1553436844 tempest-TestImageHashVerification-1553436844-project-member] RESP STATUS: 201 Created {{(pid=99786) http_log /opt/stack/data/venv/lib/python3.12/site-packages/swiftclient/client.py:161}}
Aug 14 01:24:12.008809 np0000007298 devstack@g-api.service[99786]: DEBUG swiftclient [None req-0e4ffdae-ac7f-4a9e-909d-0b53e25f5ede tempest-TestImageHashVerification-1553436844 tempest-TestImageHashVerification-1553436844-project-member] RESP HEADERS: {'Date': 'Fri, 14 Aug 2026 01:24:12 GMT', 'Server': 'Apache/2.4.58 (Ubuntu)', 'Content-Type': 'text/html; charset=UTF-8', 'Content-Length': '0', 'Etag': 'eda9a9889837ac4bc81d6387d92c1bec', 'Last-Modified': 'Fri, 14 Aug 2026 01:24:10 GMT', 'X-Trans-Id': 'txd322ebf1b6cf40879454e-006a7e6e39', 'X-Openstack-Request-Id': 'txd322ebf1b6cf40879454e-006a7e6e39', 'Connection': 'close'} {{(pid=99786) http_log /opt/stack/data/venv/lib/python3.12/site-packages/swiftclient/client.py:162}}
Aug 14 01:24:12.008809 np0000007298 devstack@g-api.service[99786]: DEBUG glance_store._drivers.swift.store [None req-0e4ffdae-ac7f-4a9e-909d-0b53e25f5ede tempest-TestImageHashVerification-1553436844 tempest-TestImageHashVerification-1553436844-project-member] Wrote chunk f7f76768-3655-409a-94ba-d644cafbe8a4-00001 (1/?) of length 204800000 to Swift returning MD5 of content: eda9a9889837ac4bc81d6387d92c1bec {{(pid=99786) add /opt/stack/data/venv/lib/python3.12/site-packages/glance_store/_drivers/swift/store.py:1059}}
Aug 14 01:24:12.253704 np0000007298 devstack@g-api.service[99787]: DEBUG glance.api.middleware.version_negotiation [None req-54ecf4ef-a1f2-4b52-b787-aa6700081c3f tempest-TestImageHashVerification-1553436844 tempest-TestImageHashVerification-1553436844-project-member] Determining version of request: GET /v2/images/f7f76768-3655-409a-94ba-d644cafbe8a4 Accept: application/json {{(pid=99787) process_request /opt/stack/glance/glance/api/middleware/version_negotiation.py:44}}
Aug 14 01:24:12.254924 np0000007298 devstack@g-api.service[99787]: DEBUG glance.api.middleware.version_negotiation [None req-54ecf4ef-a1f2-4b52-b787-aa6700081c3f tempest-TestImageHashVerification-1553436844 tempest-TestImageHashVerification-1553436844-project-member] Using url versioning {{(pid=99787) process_request /opt/stack/glance/glance/api/middleware/version_negotiation.py:57}}
Aug 14 01:24:12.256634 np0000007298 devstack@g-api.service[99787]: DEBUG glance.api.middleware.version_negotiation [None req-54ecf4ef-a1f2-4b52-b787-aa6700081c3f tempest-TestImageHashVerification-1553436844 tempest-TestImageHashVerification-1553436844-project-member] Matched version: v2 {{(pid=99787) process_request /opt/stack/glance/glance/api/middleware/version_negotiation.py:69}}
Aug 14 01:24:12.258924 np0000007298 devstack@g-api.service[99787]: DEBUG glance.api.middleware.version_negotiation [None req-54ecf4ef-a1f2-4b52-b787-aa6700081c3f tempest-TestImageHashVerification-1553436844 tempest-TestImageHashVerification-1553436844-project-member] new path /v2/images/f7f76768-3655-409a-94ba-d644cafbe8a4 {{(pid=99787) process_request /opt/stack/glance/glance/api/middleware/version_negotiation.py:70}}
Aug 14 01:24:12.275332 np0000007298 devstack@g-api.service[99787]: [pid: 99787|app: 0|req: 98/296] 127.0.0.1 () {40 vars in 834 bytes} [Fri Aug 14 01:24:12 2026] GET /v2/images/f7f76768-3655-409a-94ba-d644cafbe8a4 => generated 648 bytes in 22 msecs (HTTP/1.1 200) 4 headers in 157 bytes (1 switches on core 0)
Aug 14 01:24:13.292468 np0000007298 devstack@g-api.service[99788]: DEBUG glance.api.middleware.version_negotiation [None req-7344bcbb-580e-4895-a98c-beecdd3cd150 tempest-TestImageHashVerification-1553436844 tempest-TestImageHashVerification-1553436844-project-member] Determining version of request: GET /v2/images/f7f76768-3655-409a-94ba-d644cafbe8a4 Accept: application/json {{(pid=99788) process_request /opt/stack/glance/glance/api/middleware/version_negotiation.py:44}}
Aug 14 01:24:13.292468 np0000007298 devstack@g-api.service[99788]: DEBUG glance.api.middleware.version_negotiation [None req-7344bcbb-580e-4895-a98c-beecdd3cd150 tempest-TestImageHashVerification-1553436844 tempest-TestImageHashVerification-1553436844-project-member] Using url versioning {{(pid=99788) process_request /opt/stack/glance/glance/api/middleware/version_negotiation.py:57}}
Aug 14 01:24:13.292882 np0000007298 devstack@g-api.service[99788]: DEBUG glance.api.middleware.version_negotiation [None req-7344bcbb-580e-4895-a98c-beecdd3cd150 tempest-TestImageHashVerification-1553436844 tempest-TestImageHashVerification-1553436844-project-member] Matched version: v2 {{(pid=99788) process_request /opt/stack/glance/glance/api/middleware/version_negotiation.py:69}}
Aug 14 01:24:13.292882 np0000007298 devstack@g-api.service[99788]: DEBUG glance.api.middleware.version_negotiation [None req-7344bcbb-580e-4895-a98c-beecdd3cd150 tempest-TestImageHashVerification-1553436844 tempest-TestImageHashVerification-1553436844-project-member] new path /v2/images/f7f76768-3655-409a-94ba-d644cafbe8a4 {{(pid=99788) process_request /opt/stack/glance/glance/api/middleware/version_negotiation.py:70}}
Aug 14 01:24:13.318153 np0000007298 devstack@g-api.service[99788]: [pid: 99788|app: 0|req: 105/297] 127.0.0.1 () {40 vars in 834 bytes} [Fri Aug 14 01:24:13 2026] GET /v2/images/f7f76768-3655-409a-94ba-d644cafbe8a4 => generated 648 bytes in 26 msecs (HTTP/1.1 200) 4 headers in 157 bytes (1 switches on core 0)
Aug 14 01:24:14.331671 np0000007298 devstack@g-api.service[99787]: DEBUG glance.api.middleware.version_negotiation [None req-09faa825-fd12-42ea-ad0f-017bc815a97f tempest-TestImageHashVerification-1553436844 tempest-TestImageHashVerification-1553436844-project-member] Determining version of request: GET /v2/images/f7f76768-3655-409a-94ba-d644cafbe8a4 Accept: application/json {{(pid=99787) process_request /opt/stack/glance/glance/api/middleware/version_negotiation.py:44}}
Aug 14 01:24:14.331671 np0000007298 devstack@g-api.service[99787]: DEBUG glance.api.middleware.version_negotiation [None req-09faa825-fd12-42ea-ad0f-017bc815a97f tempest-TestImageHashVerification-1553436844 tempest-TestImageHashVerification-1553436844-project-member] Using url versioning {{(pid=99787) process_request /opt/stack/glance/glance/api/middleware/version_negotiation.py:57}}
Aug 14 01:24:14.331671 np0000007298 devstack@g-api.service[99787]: DEBUG glance.api.middleware.version_negotiation [None req-09faa825-fd12-42ea-ad0f-017bc815a97f tempest-TestImageHashVerification-1553436844 tempest-TestImageHashVerification-1553436844-project-member] Matched version: v2 {{(pid=99787) process_request /opt/stack/glance/glance/api/middleware/version_negotiation.py:69}}
Aug 14 01:24:14.331671 np0000007298 devstack@g-api.service[99787]: DEBUG glance.api.middleware.version_negotiation [None req-09faa825-fd12-42ea-ad0f-017bc815a97f tempest-TestImageHashVerification-1553436844 tempest-TestImageHashVerification-1553436844-project-member] new path /v2/images/f7f76768-3655-409a-94ba-d644cafbe8a4 {{(pid=99787) process_request /opt/stack/glance/glance/api/middleware/version_negotiation.py:70}}
Aug 14 01:24:14.346353 np0000007298 devstack@g-api.service[99787]: [pid: 99787|app: 0|req: 99/298] 127.0.0.1 () {40 vars in 834 bytes} [Fri Aug 14 01:24:14 2026] GET /v2/images/f7f76768-3655-409a-94ba-d644cafbe8a4 => generated 648 bytes in 18 msecs (HTTP/1.1 200) 4 headers in 157 bytes (1 switches on core 0)
Aug 14 01:24:14.499000 np0000007298 devstack@g-api.service[99786]: DEBUG swiftclient [None req-0e4ffdae-ac7f-4a9e-909d-0b53e25f5ede tempest-TestImageHashVerification-1553436844 tempest-TestImageHashVerification-1553436844-project-member] REQ: curl -i https://10.4.3.17:8080/v1/AUTH_a16c83abc2144b4299187f46429fc3c7/glance/f7f76768-3655-409a-94ba-d644cafbe8a4-00002 -X PUT -H "X-Auth-Token: gAAAAABqfm45bgry..." {{(pid=99786) http_log /opt/stack/data/venv/lib/python3.12/site-packages/swiftclient/client.py:160}}
Aug 14 01:24:14.499283 np0000007298 devstack@g-api.service[99786]: DEBUG swiftclient [None req-0e4ffdae-ac7f-4a9e-909d-0b53e25f5ede tempest-TestImageHashVerification-1553436844 tempest-TestImageHashVerification-1553436844-project-member] RESP STATUS: 201 Created {{(pid=99786) http_log /opt/stack/data/venv/lib/python3.12/site-packages/swiftclient/client.py:161}}
Aug 14 01:24:14.499283 np0000007298 devstack@g-api.service[99786]: DEBUG swiftclient [None req-0e4ffdae-ac7f-4a9e-909d-0b53e25f5ede tempest-TestImageHashVerification-1553436844 tempest-TestImageHashVerification-1553436844-project-member] RESP HEADERS: {'Date': 'Fri, 14 Aug 2026 01:24:14 GMT', 'Server': 'Apache/2.4.58 (Ubuntu)', 'Content-Type': 'text/html; charset=UTF-8', 'Content-Length': '0', 'Etag': 'eda9a9889837ac4bc81d6387d92c1bec', 'Last-Modified': 'Fri, 14 Aug 2026 01:24:13 GMT', 'X-Trans-Id': 'txd3e5229cae684dbf8c042-006a7e6e3c', 'X-Openstack-Request-Id': 'txd3e5229cae684dbf8c042-006a7e6e3c', 'Connection': 'close'} {{(pid=99786) http_log /opt/stack/data/venv/lib/python3.12/site-packages/swiftclient/client.py:162}}
Aug 14 01:24:14.499397 np0000007298 devstack@g-api.service[99786]: DEBUG glance_store._drivers.swift.store [None req-0e4ffdae-ac7f-4a9e-909d-0b53e25f5ede tempest-TestImageHashVerification-1553436844 tempest-TestImageHashVerification-1553436844-project-member] Wrote chunk f7f76768-3655-409a-94ba-d644cafbe8a4-00002 (2/?) of length 204800000 to Swift returning MD5 of content: eda9a9889837ac4bc81d6387d92c1bec {{(pid=99786) add /opt/stack/data/venv/lib/python3.12/site-packages/glance_store/_drivers/swift/store.py:1059}}
Aug 14 01:24:15.357242 np0000007298 devstack@g-api.service[99788]: DEBUG glance.api.middleware.version_negotiation [None req-72d959f8-afb5-4363-a98a-edddc8c4248a tempest-TestImageHashVerification-1553436844 tempest-TestImageHashVerification-1553436844-project-member] Determining version of request: GET /v2/images/f7f76768-3655-409a-94ba-d644cafbe8a4 Accept: application/json {{(pid=99788) process_request /opt/stack/glance/glance/api/middleware/version_negotiation.py:44}}
Aug 14 01:24:15.360195 np0000007298 devstack@g-api.service[99788]: DEBUG glance.api.middleware.version_negotiation [None req-72d959f8-afb5-4363-a98a-edddc8c4248a tempest-TestImageHashVerification-1553436844 tempest-TestImageHashVerification-1553436844-project-member] Using url versioning {{(pid=99788) process_request /opt/stack/glance/glance/api/middleware/version_negotiation.py:57}}
Aug 14 01:24:15.360195 np0000007298 devstack@g-api.service[99788]: DEBUG glance.api.middleware.version_negotiation [None req-72d959f8-afb5-4363-a98a-edddc8c4248a tempest-TestImageHashVerification-1553436844 tempest-TestImageHashVerification-1553436844-project-member] Matched version: v2 {{(pid=99788) process_request /opt/stack/glance/glance/api/middleware/version_negotiation.py:69}}
Aug 14 01:24:15.360195 np0000007298 devstack@g-api.service[99788]: DEBUG glance.api.middleware.version_negotiation [None req-72d959f8-afb5-4363-a98a-edddc8c4248a tempest-TestImageHashVerification-1553436844 tempest-TestImageHashVerification-1553436844-project-member] new path /v2/images/f7f76768-3655-409a-94ba-d644cafbe8a4 {{(pid=99788) process_request /opt/stack/glance/glance/api/middleware/version_negotiation.py:70}}
Aug 14 01:24:15.382228 np0000007298 devstack@g-api.service[99788]: [pid: 99788|app: 0|req: 106/299] 127.0.0.1 () {40 vars in 834 bytes} [Fri Aug 14 01:24:15 2026] GET /v2/images/f7f76768-3655-409a-94ba-d644cafbe8a4 => generated 648 bytes in 25 msecs (HTTP/1.1 200) 4 headers in 157 bytes (1 switches on core 0)
Aug 14 01:24:16.392278 np0000007298 devstack@g-api.service[99787]: DEBUG glance.api.middleware.version_negotiation [None req-4fd3e522-5fdb-4637-a685-20de3b77c6c3 tempest-TestImageHashVerification-1553436844 tempest-TestImageHashVerification-1553436844-project-member] Determining version of request: GET /v2/images/f7f76768-3655-409a-94ba-d644cafbe8a4 Accept: application/json {{(pid=99787) process_request /opt/stack/glance/glance/api/middleware/version_negotiation.py:44}}
Aug 14 01:24:16.392808 np0000007298 devstack@g-api.service[99787]: DEBUG glance.api.middleware.version_negotiation [None req-4fd3e522-5fdb-4637-a685-20de3b77c6c3 tempest-TestImageHashVerification-1553436844 tempest-TestImageHashVerification-1553436844-project-member] Using url versioning {{(pid=99787) process_request /opt/stack/glance/glance/api/middleware/version_negotiation.py:57}}
Aug 14 01:24:16.392808 np0000007298 devstack@g-api.service[99787]: DEBUG glance.api.middleware.version_negotiation [None req-4fd3e522-5fdb-4637-a685-20de3b77c6c3 tempest-TestImageHashVerification-1553436844 tempest-TestImageHashVerification-1553436844-project-member] Matched version: v2 {{(pid=99787) process_request /opt/stack/glance/glance/api/middleware/version_negotiation.py:69}}
Aug 14 01:24:16.393936 np0000007298 devstack@g-api.service[99787]: DEBUG glance.api.middleware.version_negotiation [None req-4fd3e522-5fdb-4637-a685-20de3b77c6c3 tempest-TestImageHashVerification-1553436844 tempest-TestImageHashVerification-1553436844-project-member] new path /v2/images/f7f76768-3655-409a-94ba-d644cafbe8a4 {{(pid=99787) process_request /opt/stack/glance/glance/api/middleware/version_negotiation.py:70}}
Aug 14 01:24:16.415691 np0000007298 devstack@g-api.service[99787]: [pid: 99787|app: 0|req: 100/300] 127.0.0.1 () {40 vars in 834 bytes} [Fri Aug 14 01:24:16 2026] GET /v2/images/f7f76768-3655-409a-94ba-d644cafbe8a4 => generated 648 bytes in 23 msecs (HTTP/1.1 200) 4 headers in 157 bytes (1 switches on core 0)
Aug 14 01:24:17.178460 np0000007298 devstack@g-api.service[99786]: DEBUG swiftclient [None req-0e4ffdae-ac7f-4a9e-909d-0b53e25f5ede tempest-TestImageHashVerification-1553436844 tempest-TestImageHashVerification-1553436844-project-member] REQ: curl -i https://10.4.3.17:8080/v1/AUTH_a16c83abc2144b4299187f46429fc3c7/glance/f7f76768-3655-409a-94ba-d644cafbe8a4-00003 -X PUT -H "X-Auth-Token: gAAAAABqfm45bgry..." {{(pid=99786) http_log /opt/stack/data/venv/lib/python3.12/site-packages/swiftclient/client.py:160}}
Aug 14 01:24:17.178745 np0000007298 devstack@g-api.service[99786]: DEBUG swiftclient [None req-0e4ffdae-ac7f-4a9e-909d-0b53e25f5ede tempest-TestImageHashVerification-1553436844 tempest-TestImageHashVerification-1553436844-project-member] RESP STATUS: 201 Created {{(pid=99786) http_log /opt/stack/data/venv/lib/python3.12/site-packages/swiftclient/client.py:161}}
Aug 14 01:24:17.178745 np0000007298 devstack@g-api.service[99786]: DEBUG swiftclient [None req-0e4ffdae-ac7f-4a9e-909d-0b53e25f5ede tempest-TestImageHashVerification-1553436844 tempest-TestImageHashVerification-1553436844-project-member] RESP HEADERS: {'Date': 'Fri, 14 Aug 2026 01:24:17 GMT', 'Server': 'Apache/2.4.58 (Ubuntu)', 'Content-Type': 'text/html; charset=UTF-8', 'Content-Length': '0', 'Etag': 'eda9a9889837ac4bc81d6387d92c1bec', 'Last-Modified': 'Fri, 14 Aug 2026 01:24:15 GMT', 'X-Trans-Id': 'txc1fb42fa711b4b1b9d71d-006a7e6e3e', 'X-Openstack-Request-Id': 'txc1fb42fa711b4b1b9d71d-006a7e6e3e', 'Connection': 'close'} {{(pid=99786) http_log /opt/stack/data/venv/lib/python3.12/site-packages/swiftclient/client.py:162}}
Aug 14 01:24:17.178858 np0000007298 devstack@g-api.service[99786]: DEBUG glance_store._drivers.swift.store [None req-0e4ffdae-ac7f-4a9e-909d-0b53e25f5ede tempest-TestImageHashVerification-1553436844 tempest-TestImageHashVerification-1553436844-project-member] Wrote chunk f7f76768-3655-409a-94ba-d644cafbe8a4-00003 (3/?) of length 204800000 to Swift returning MD5 of content: eda9a9889837ac4bc81d6387d92c1bec {{(pid=99786) add /opt/stack/data/venv/lib/python3.12/site-packages/glance_store/_drivers/swift/store.py:1059}}
Aug 14 01:24:17.426192 np0000007298 devstack@g-api.service[99788]: DEBUG glance.api.middleware.version_negotiation [None req-b2ca52fd-0628-4829-a26e-f68e5c640bb0 tempest-TestImageHashVerification-1553436844 tempest-TestImageHashVerification-1553436844-project-member] Determining version of request: GET /v2/images/f7f76768-3655-409a-94ba-d644cafbe8a4 Accept: application/json {{(pid=99788) process_request /opt/stack/glance/glance/api/middleware/version_negotiation.py:44}}
Aug 14 01:24:17.426693 np0000007298 devstack@g-api.service[99788]: DEBUG glance.api.middleware.version_negotiation [None req-b2ca52fd-0628-4829-a26e-f68e5c640bb0 tempest-TestImageHashVerification-1553436844 tempest-TestImageHashVerification-1553436844-project-member] Using url versioning {{(pid=99788) process_request /opt/stack/glance/glance/api/middleware/version_negotiation.py:57}}
Aug 14 01:24:17.426693 np0000007298 devstack@g-api.service[99788]: DEBUG glance.api.middleware.version_negotiation [None req-b2ca52fd-0628-4829-a26e-f68e5c640bb0 tempest-TestImageHashVerification-1553436844 tempest-TestImageHashVerification-1553436844-project-member] Matched version: v2 {{(pid=99788) process_request /opt/stack/glance/glance/api/middleware/version_negotiation.py:69}}
Aug 14 01:24:17.426770 np0000007298 devstack@g-api.service[99788]: DEBUG glance.api.middleware.version_negotiation [None req-b2ca52fd-0628-4829-a26e-f68e5c640bb0 tempest-TestImageHashVerification-1553436844 tempest-TestImageHashVerification-1553436844-project-member] new path /v2/images/f7f76768-3655-409a-94ba-d644cafbe8a4 {{(pid=99788) process_request /opt/stack/glance/glance/api/middleware/version_negotiation.py:70}}
Aug 14 01:24:17.439753 np0000007298 devstack@g-api.service[99788]: [pid: 99788|app: 0|req: 107/301] 127.0.0.1 () {40 vars in 834 bytes} [Fri Aug 14 01:24:17 2026] GET /v2/images/f7f76768-3655-409a-94ba-d644cafbe8a4 => generated 648 bytes in 14 msecs (HTTP/1.1 200) 4 headers in 157 bytes (1 switches on core 0)
Aug 14 01:24:18.449044 np0000007298 devstack@g-api.service[99787]: DEBUG glance.api.middleware.version_negotiation [None req-07d73ce5-9bde-40f0-9a94-63701be3e228 tempest-TestImageHashVerification-1553436844 tempest-TestImageHashVerification-1553436844-project-member] Determining version of request: GET /v2/images/f7f76768-3655-409a-94ba-d644cafbe8a4 Accept: application/json {{(pid=99787) process_request /opt/stack/glance/glance/api/middleware/version_negotiation.py:44}}
Aug 14 01:24:18.449580 np0000007298 devstack@g-api.service[99787]: DEBUG glance.api.middleware.version_negotiation [None req-07d73ce5-9bde-40f0-9a94-63701be3e228 tempest-TestImageHashVerification-1553436844 tempest-TestImageHashVerification-1553436844-project-member] Using url versioning {{(pid=99787) process_request /opt/stack/glance/glance/api/middleware/version_negotiation.py:57}}
Aug 14 01:24:18.449580 np0000007298 devstack@g-api.service[99787]: DEBUG glance.api.middleware.version_negotiation [None req-07d73ce5-9bde-40f0-9a94-63701be3e228 tempest-TestImageHashVerification-1553436844 tempest-TestImageHashVerification-1553436844-project-member] Matched version: v2 {{(pid=99787) process_request /opt/stack/glance/glance/api/middleware/version_negotiation.py:69}}
Aug 14 01:24:18.449580 np0000007298 devstack@g-api.service[99787]: DEBUG glance.api.middleware.version_negotiation [None req-07d73ce5-9bde-40f0-9a94-63701be3e228 tempest-TestImageHashVerification-1553436844 tempest-TestImageHashVerification-1553436844-project-member] new path /v2/images/f7f76768-3655-409a-94ba-d644cafbe8a4 {{(pid=99787) process_request /opt/stack/glance/glance/api/middleware/version_negotiation.py:70}}
Aug 14 01:24:18.466216 np0000007298 devstack@g-api.service[99787]: [pid: 99787|app: 0|req: 101/302] 127.0.0.1 () {40 vars in 834 bytes} [Fri Aug 14 01:24:18 2026] GET /v2/images/f7f76768-3655-409a-94ba-d644cafbe8a4 => generated 648 bytes in 17 msecs (HTTP/1.1 200) 4 headers in 157 bytes (1 switches on core 0)
Aug 14 01:24:19.155356 np0000007298 devstack@g-api.service[99786]: DEBUG swiftclient [None req-0e4ffdae-ac7f-4a9e-909d-0b53e25f5ede tempest-TestImageHashVerification-1553436844 tempest-TestImageHashVerification-1553436844-project-member] REQ: curl -i https://10.4.3.17:8080/v1/AUTH_a16c83abc2144b4299187f46429fc3c7/glance/f7f76768-3655-409a-94ba-d644cafbe8a4-00004 -X PUT -H "X-Auth-Token: gAAAAABqfm45bgry..." {{(pid=99786) http_log /opt/stack/data/venv/lib/python3.12/site-packages/swiftclient/client.py:160}}
Aug 14 01:24:19.155750 np0000007298 devstack@g-api.service[99786]: DEBUG swiftclient [None req-0e4ffdae-ac7f-4a9e-909d-0b53e25f5ede tempest-TestImageHashVerification-1553436844 tempest-TestImageHashVerification-1553436844-project-member] RESP STATUS: 201 Created {{(pid=99786) http_log /opt/stack/data/venv/lib/python3.12/site-packages/swiftclient/client.py:161}}
Aug 14 01:24:19.155750 np0000007298 devstack@g-api.service[99786]: DEBUG swiftclient [None req-0e4ffdae-ac7f-4a9e-909d-0b53e25f5ede tempest-TestImageHashVerification-1553436844 tempest-TestImageHashVerification-1553436844-project-member] RESP HEADERS: {'Date': 'Fri, 14 Aug 2026 01:24:19 GMT', 'Server': 'Apache/2.4.58 (Ubuntu)', 'Content-Type': 'text/html; charset=UTF-8', 'Content-Length': '0', 'Etag': 'eda9a9889837ac4bc81d6387d92c1bec', 'Last-Modified': 'Fri, 14 Aug 2026 01:24:18 GMT', 'X-Trans-Id': 'tx47d42cac5f024d5d84d83-006a7e6e41', 'X-Openstack-Request-Id': 'tx47d42cac5f024d5d84d83-006a7e6e41', 'Connection': 'close'} {{(pid=99786) http_log /opt/stack/data/venv/lib/python3.12/site-packages/swiftclient/client.py:162}}
Aug 14 01:24:19.155885 np0000007298 devstack@g-api.service[99786]: DEBUG glance_store._drivers.swift.store [None req-0e4ffdae-ac7f-4a9e-909d-0b53e25f5ede tempest-TestImageHashVerification-1553436844 tempest-TestImageHashVerification-1553436844-project-member] Wrote chunk f7f76768-3655-409a-94ba-d644cafbe8a4-00004 (4/?) of length 204800000 to Swift returning MD5 of content: eda9a9889837ac4bc81d6387d92c1bec {{(pid=99786) add /opt/stack/data/venv/lib/python3.12/site-packages/glance_store/_drivers/swift/store.py:1059}}
Aug 14 01:24:19.481909 np0000007298 devstack@g-api.service[99788]: DEBUG glance.api.middleware.version_negotiation [None req-0679867a-436c-4a72-aa6e-6c8e9e39b444 tempest-TestImageHashVerification-1553436844 tempest-TestImageHashVerification-1553436844-project-member] Determining version of request: GET /v2/images/f7f76768-3655-409a-94ba-d644cafbe8a4 Accept: application/json {{(pid=99788) process_request /opt/stack/glance/glance/api/middleware/version_negotiation.py:44}}
Aug 14 01:24:19.483413 np0000007298 devstack@g-api.service[99788]: DEBUG glance.api.middleware.version_negotiation [None req-0679867a-436c-4a72-aa6e-6c8e9e39b444 tempest-TestImageHashVerification-1553436844 tempest-TestImageHashVerification-1553436844-project-member] Using url versioning {{(pid=99788) process_request /opt/stack/glance/glance/api/middleware/version_negotiation.py:57}}
Aug 14 01:24:19.483413 np0000007298 devstack@g-api.service[99788]: DEBUG glance.api.middleware.version_negotiation [None req-0679867a-436c-4a72-aa6e-6c8e9e39b444 tempest-TestImageHashVerification-1553436844 tempest-TestImageHashVerification-1553436844-project-member] Matched version: v2 {{(pid=99788) process_request /opt/stack/glance/glance/api/middleware/version_negotiation.py:69}}
Aug 14 01:24:19.483413 np0000007298 devstack@g-api.service[99788]: DEBUG glance.api.middleware.version_negotiation [None req-0679867a-436c-4a72-aa6e-6c8e9e39b444 tempest-TestImageHashVerification-1553436844 tempest-TestImageHashVerification-1553436844-project-member] new path /v2/images/f7f76768-3655-409a-94ba-d644cafbe8a4 {{(pid=99788) process_request /opt/stack/glance/glance/api/middleware/version_negotiation.py:70}}
Aug 14 01:24:19.495994 np0000007298 devstack@g-api.service[99788]: [pid: 99788|app: 0|req: 108/303] 127.0.0.1 () {40 vars in 834 bytes} [Fri Aug 14 01:24:19 2026] GET /v2/images/f7f76768-3655-409a-94ba-d644cafbe8a4 => generated 648 bytes in 14 msecs (HTTP/1.1 200) 4 headers in 157 bytes (1 switches on core 0)
Aug 14 01:24:19.541771 np0000007298 devstack@g-api.service[99786]: DEBUG dbcounter [-] [99786] Writing DB stats glance:SELECT=42,glance:UPDATE=3,glance:INSERT=2 {{(pid=99786) stat_writer /opt/stack/data/venv/lib/python3.12/site-packages/dbcounter.py:115}}
Aug 14 01:24:20.505346 np0000007298 devstack@g-api.service[99787]: DEBUG glance.api.middleware.version_negotiation [None req-a6d9af0f-938f-4a77-9cde-af9e070951c2 tempest-TestImageHashVerification-1553436844 tempest-TestImageHashVerification-1553436844-project-member] Determining version of request: GET /v2/images/f7f76768-3655-409a-94ba-d644cafbe8a4 Accept: application/json {{(pid=99787) process_request /opt/stack/glance/glance/api/middleware/version_negotiation.py:44}}
Aug 14 01:24:20.505897 np0000007298 devstack@g-api.service[99787]: DEBUG glance.api.middleware.version_negotiation [None req-a6d9af0f-938f-4a77-9cde-af9e070951c2 tempest-TestImageHashVerification-1553436844 tempest-TestImageHashVerification-1553436844-project-member] Using url versioning {{(pid=99787) process_request /opt/stack/glance/glance/api/middleware/version_negotiation.py:57}}
Aug 14 01:24:20.505897 np0000007298 devstack@g-api.service[99787]: DEBUG glance.api.middleware.version_negotiation [None req-a6d9af0f-938f-4a77-9cde-af9e070951c2 tempest-TestImageHashVerification-1553436844 tempest-TestImageHashVerification-1553436844-project-member] Matched version: v2 {{(pid=99787) process_request /opt/stack/glance/glance/api/middleware/version_negotiation.py:69}}
Aug 14 01:24:20.505897 np0000007298 devstack@g-api.service[99787]: DEBUG glance.api.middleware.version_negotiation [None req-a6d9af0f-938f-4a77-9cde-af9e070951c2 tempest-TestImageHashVerification-1553436844 tempest-TestImageHashVerification-1553436844-project-member] new path /v2/images/f7f76768-3655-409a-94ba-d644cafbe8a4 {{(pid=99787) process_request /opt/stack/glance/glance/api/middleware/version_negotiation.py:70}}
Aug 14 01:24:20.518878 np0000007298 devstack@g-api.service[99787]: [pid: 99787|app: 0|req: 102/304] 127.0.0.1 () {40 vars in 834 bytes} [Fri Aug 14 01:24:20 2026] GET /v2/images/f7f76768-3655-409a-94ba-d644cafbe8a4 => generated 648 bytes in 14 msecs (HTTP/1.1 200) 4 headers in 157 bytes (1 switches on core 0)
Aug 14 01:24:21.211703 np0000007298 devstack@g-api.service[99786]: DEBUG swiftclient [None req-0e4ffdae-ac7f-4a9e-909d-0b53e25f5ede tempest-TestImageHashVerification-1553436844 tempest-TestImageHashVerification-1553436844-project-member] REQ: curl -i https://10.4.3.17:8080/v1/AUTH_a16c83abc2144b4299187f46429fc3c7/glance/f7f76768-3655-409a-94ba-d644cafbe8a4-00005 -X PUT -H "X-Auth-Token: gAAAAABqfm45bgry..." {{(pid=99786) http_log /opt/stack/data/venv/lib/python3.12/site-packages/swiftclient/client.py:160}}
Aug 14 01:24:21.212131 np0000007298 devstack@g-api.service[99786]: DEBUG swiftclient [None req-0e4ffdae-ac7f-4a9e-909d-0b53e25f5ede tempest-TestImageHashVerification-1553436844 tempest-TestImageHashVerification-1553436844-project-member] RESP STATUS: 201 Created {{(pid=99786) http_log /opt/stack/data/venv/lib/python3.12/site-packages/swiftclient/client.py:161}}
Aug 14 01:24:21.212131 np0000007298 devstack@g-api.service[99786]: DEBUG swiftclient [None req-0e4ffdae-ac7f-4a9e-909d-0b53e25f5ede tempest-TestImageHashVerification-1553436844 tempest-TestImageHashVerification-1553436844-project-member] RESP HEADERS: {'Date': 'Fri, 14 Aug 2026 01:24:21 GMT', 'Server': 'Apache/2.4.58 (Ubuntu)', 'Content-Type': 'text/html; charset=UTF-8', 'Content-Length': '0', 'Etag': 'eda9a9889837ac4bc81d6387d92c1bec', 'Last-Modified': 'Fri, 14 Aug 2026 01:24:20 GMT', 'X-Trans-Id': 'tx10bf4ec5db2c4a209cf9e-006a7e6e43', 'X-Openstack-Request-Id': 'tx10bf4ec5db2c4a209cf9e-006a7e6e43', 'Connection': 'close'} {{(pid=99786) http_log /opt/stack/data/venv/lib/python3.12/site-packages/swiftclient/client.py:162}}
Aug 14 01:24:21.212313 np0000007298 devstack@g-api.service[99786]: DEBUG glance_store._drivers.swift.store [None req-0e4ffdae-ac7f-4a9e-909d-0b53e25f5ede tempest-TestImageHashVerification-1553436844 tempest-TestImageHashVerification-1553436844-project-member] Wrote chunk f7f76768-3655-409a-94ba-d644cafbe8a4-00005 (5/?) of length 204800000 to Swift returning MD5 of content: eda9a9889837ac4bc81d6387d92c1bec {{(pid=99786) add /opt/stack/data/venv/lib/python3.12/site-packages/glance_store/_drivers/swift/store.py:1059}}
Aug 14 01:24:21.530503 np0000007298 devstack@g-api.service[99788]: DEBUG glance.api.middleware.version_negotiation [None req-45d1f328-c98c-4111-a09e-edbdf056635b tempest-TestImageHashVerification-1553436844 tempest-TestImageHashVerification-1553436844-project-member] Determining version of request: GET /v2/images/f7f76768-3655-409a-94ba-d644cafbe8a4 Accept: application/json {{(pid=99788) process_request /opt/stack/glance/glance/api/middleware/version_negotiation.py:44}}
Aug 14 01:24:21.530503 np0000007298 devstack@g-api.service[99788]: DEBUG glance.api.middleware.version_negotiation [None req-45d1f328-c98c-4111-a09e-edbdf056635b tempest-TestImageHashVerification-1553436844 tempest-TestImageHashVerification-1553436844-project-member] Using url versioning {{(pid=99788) process_request /opt/stack/glance/glance/api/middleware/version_negotiation.py:57}}
Aug 14 01:24:21.530503 np0000007298 devstack@g-api.service[99788]: DEBUG glance.api.middleware.version_negotiation [None req-45d1f328-c98c-4111-a09e-edbdf056635b tempest-TestImageHashVerification-1553436844 tempest-TestImageHashVerification-1553436844-project-member] Matched version: v2 {{(pid=99788) process_request /opt/stack/glance/glance/api/middleware/version_negotiation.py:69}}
Aug 14 01:24:21.530503 np0000007298 devstack@g-api.service[99788]: DEBUG glance.api.middleware.version_negotiation [None req-45d1f328-c98c-4111-a09e-edbdf056635b tempest-TestImageHashVerification-1553436844 tempest-TestImageHashVerification-1553436844-project-member] new path /v2/images/f7f76768-3655-409a-94ba-d644cafbe8a4 {{(pid=99788) process_request /opt/stack/glance/glance/api/middleware/version_negotiation.py:70}}
Aug 14 01:24:21.545698 np0000007298 devstack@g-api.service[99788]: [pid: 99788|app: 0|req: 109/305] 127.0.0.1 () {40 vars in 834 bytes} [Fri Aug 14 01:24:21 2026] GET /v2/images/f7f76768-3655-409a-94ba-d644cafbe8a4 => generated 648 bytes in 16 msecs (HTTP/1.1 200) 4 headers in 157 bytes (1 switches on core 0)
Aug 14 01:24:21.739048 np0000007298 devstack@g-api.service[99786]: DEBUG swiftclient [None req-0e4ffdae-ac7f-4a9e-909d-0b53e25f5ede tempest-TestImageHashVerification-1553436844 tempest-TestImageHashVerification-1553436844-project-member] REQ: curl -i https://10.4.3.17:8080/v1/AUTH_a16c83abc2144b4299187f46429fc3c7/glance/f7f76768-3655-409a-94ba-d644cafbe8a4-00006 -X PUT -H "X-Auth-Token: gAAAAABqfm45bgry..." {{(pid=99786) http_log /opt/stack/data/venv/lib/python3.12/site-packages/swiftclient/client.py:160}}
Aug 14 01:24:21.739160 np0000007298 devstack@g-api.service[99786]: DEBUG swiftclient [None req-0e4ffdae-ac7f-4a9e-909d-0b53e25f5ede tempest-TestImageHashVerification-1553436844 tempest-TestImageHashVerification-1553436844-project-member] RESP STATUS: 201 Created {{(pid=99786) http_log /opt/stack/data/venv/lib/python3.12/site-packages/swiftclient/client.py:161}}
Aug 14 01:24:21.739353 np0000007298 devstack@g-api.service[99786]: DEBUG swiftclient [None req-0e4ffdae-ac7f-4a9e-909d-0b53e25f5ede tempest-TestImageHashVerification-1553436844 tempest-TestImageHashVerification-1553436844-project-member] RESP HEADERS: {'Date': 'Fri, 14 Aug 2026 01:24:21 GMT', 'Server': 'Apache/2.4.58 (Ubuntu)', 'Content-Type': 'text/html; charset=UTF-8', 'Content-Length': '0', 'Etag': '708761f3b8777ec77058e63da08eeeb6', 'Last-Modified': 'Fri, 14 Aug 2026 01:24:22 GMT', 'X-Trans-Id': 'tx6149a6fe58b8444b905d8-006a7e6e45', 'X-Openstack-Request-Id': 'tx6149a6fe58b8444b905d8-006a7e6e45', 'Connection': 'close'} {{(pid=99786) http_log /opt/stack/data/venv/lib/python3.12/site-packages/swiftclient/client.py:162}}
Aug 14 01:24:21.739981 np0000007298 devstack@g-api.service[99786]: DEBUG glance_store._drivers.swift.store [None req-0e4ffdae-ac7f-4a9e-909d-0b53e25f5ede tempest-TestImageHashVerification-1553436844 tempest-TestImageHashVerification-1553436844-project-member] Wrote chunk f7f76768-3655-409a-94ba-d644cafbe8a4-00006 (6/?) of length 49741824 to Swift returning MD5 of content: 708761f3b8777ec77058e63da08eeeb6 {{(pid=99786) add /opt/stack/data/venv/lib/python3.12/site-packages/glance_store/_drivers/swift/store.py:1059}}
Aug 14 01:24:21.739981 np0000007298 devstack@g-api.service[99786]: DEBUG glance_store._drivers.swift.store [None req-0e4ffdae-ac7f-4a9e-909d-0b53e25f5ede tempest-TestImageHashVerification-1553436844 tempest-TestImageHashVerification-1553436844-project-member] Not writing zero-length chunk. {{(pid=99786) add /opt/stack/data/venv/lib/python3.12/site-packages/glance_store/_drivers/swift/store.py:1028}}
Aug 14 01:24:21.776187 np0000007298 devstack@g-api.service[99786]: DEBUG swiftclient [None req-0e4ffdae-ac7f-4a9e-909d-0b53e25f5ede tempest-TestImageHashVerification-1553436844 tempest-TestImageHashVerification-1553436844-project-member] REQ: curl -i https://10.4.3.17:8080/v1/AUTH_a16c83abc2144b4299187f46429fc3c7/glance/f7f76768-3655-409a-94ba-d644cafbe8a4 -X PUT -H "X-Object-Manifest: glance/f7f76768-3655-409a-94ba-d644cafbe8a4-" -H "X-Auth-Token: gAAAAABqfm45bgry..." -H "Content-Length: 0" {{(pid=99786) http_log /opt/stack/data/venv/lib/python3.12/site-packages/swiftclient/client.py:160}}
Aug 14 01:24:21.776335 np0000007298 devstack@g-api.service[99786]: DEBUG swiftclient [None req-0e4ffdae-ac7f-4a9e-909d-0b53e25f5ede tempest-TestImageHashVerification-1553436844 tempest-TestImageHashVerification-1553436844-project-member] RESP STATUS: 201 Created {{(pid=99786) http_log /opt/stack/data/venv/lib/python3.12/site-packages/swiftclient/client.py:161}}
Aug 14 01:24:21.776401 np0000007298 devstack@g-api.service[99786]: DEBUG swiftclient [None req-0e4ffdae-ac7f-4a9e-909d-0b53e25f5ede tempest-TestImageHashVerification-1553436844 tempest-TestImageHashVerification-1553436844-project-member] RESP HEADERS: {'Date': 'Fri, 14 Aug 2026 01:24:21 GMT', 'Server': 'Apache/2.4.58 (Ubuntu)', 'Content-Type': 'text/html; charset=UTF-8', 'Content-Length': '0', 'Etag': 'd41d8cd98f00b204e9800998ecf8427e', 'Last-Modified': 'Fri, 14 Aug 2026 01:24:22 GMT', 'X-Trans-Id': 'tx7fbe0611b6a74b4292ce0-006a7e6e45', 'X-Openstack-Request-Id': 'tx7fbe0611b6a74b4292ce0-006a7e6e45', 'Connection': 'close'} {{(pid=99786) http_log /opt/stack/data/venv/lib/python3.12/site-packages/swiftclient/client.py:162}}
Aug 14 01:24:21.776826 np0000007298 devstack@g-api.service[99786]: INFO glance.location [None req-0e4ffdae-ac7f-4a9e-909d-0b53e25f5ede tempest-TestImageHashVerification-1553436844 tempest-TestImageHashVerification-1553436844-project-member] Image format matched and virtual size computed: 1073741824
