Aug 14 01:18:07.977272 np0000007298 devstack@g-api.service[99786]: DEBUG glance.common.config [None req-2ce8930c-8a93-4d14-b67a-befc47b9520d None None] barbican_service_user.keyfile = None {{(pid=99786) log_opt_values /opt/stack/data/venv/lib/python3.12/site-packages/oslo_config/cfg.py:3560}}
Aug 14 01:18:07.977476 np0000007298 devstack@g-api.service[99788]: DEBUG glance.common.config [None req-2b3c9bf9-c369-4278-9dce-02e30565a468 None None] barbican.auth_endpoint = http://localhost/identity/v3 {{(pid=99788) log_opt_values /opt/stack/data/venv/lib/python3.12/site-packages/oslo_config/cfg.py:3560}}
Aug 14 01:18:07.977539 np0000007298 devstack@g-api.service[99786]: DEBUG glance.common.config [None req-2ce8930c-8a93-4d14-b67a-befc47b9520d None None] barbican_service_user.split_loggers = False {{(pid=99786) log_opt_values /opt/stack/data/venv/lib/python3.12/site-packages/oslo_config/cfg.py:3560}}
Aug 14 01:18:07.977539 np0000007298 devstack@g-api.service[99786]: DEBUG glance.common.config [None req-2ce8930c-8a93-4d14-b67a-befc47b9520d None None] barbican_service_user.timeout = None {{(pid=99786) log_opt_values /opt/stack/data/venv/lib/python3.12/site-packages/oslo_config/cfg.py:3560}}
Aug 14 01:18:07.977592 np0000007298 devstack@g-api.service[99788]: DEBUG glance.common.config [None req-2b3c9bf9-c369-4278-9dce-02e30565a468 None None] barbican.barbican_api_version = None {{(pid=99788) log_opt_values /opt/stack/data/venv/lib/python3.12/site-packages/oslo_config/cfg.py:3560}}
Aug 14 01:18:07.977618 np0000007298 devstack@g-api.service[99786]: DEBUG glance.common.config [None req-2ce8930c-8a93-4d14-b67a-befc47b9520d None None] database.asyncio_connection = **** {{(pid=99786) log_opt_values /opt/stack/data/venv/lib/python3.12/site-packages/oslo_config/cfg.py:3560}}
Aug 14 01:18:07.977677 np0000007298 devstack@g-api.service[99788]: DEBUG glance.common.config [None req-2b3c9bf9-c369-4278-9dce-02e30565a468 None None] barbican.barbican_endpoint = None {{(pid=99788) log_opt_values /opt/stack/data/venv/lib/python3.12/site-packages/oslo_config/cfg.py:3560}}
Aug 14 01:18:07.977713 np0000007298 devstack@g-api.service[99786]: DEBUG glance.common.config [None req-2ce8930c-8a93-4d14-b67a-befc47b9520d None None] database.asyncio_slave_connection = **** {{(pid=99786) log_opt_values /opt/stack/data/venv/lib/python3.12/site-packages/oslo_config/cfg.py:3560}}
Aug 14 01:18:07.977773 np0000007298 devstack@g-api.service[99786]: DEBUG glance.common.config [None req-2ce8930c-8a93-4d14-b67a-befc47b9520d None None] database.backend = sqlalchemy {{(pid=99786) log_opt_values /opt/stack/data/venv/lib/python3.12/site-packages/oslo_config/cfg.py:3560}}
Aug 14 01:18:07.977802 np0000007298 devstack@g-api.service[99788]: DEBUG glance.common.config [None req-2b3c9bf9-c369-4278-9dce-02e30565a468 None None] barbican.barbican_endpoint_type = public {{(pid=99788) log_opt_values /opt/stack/data/venv/lib/python3.12/site-packages/oslo_config/cfg.py:3560}}
Aug 14 01:18:07.977898 np0000007298 devstack@g-api.service[99786]: DEBUG glance.common.config [None req-2ce8930c-8a93-4d14-b67a-befc47b9520d None None] database.connection = **** {{(pid=99786) log_opt_values /opt/stack/data/venv/lib/python3.12/site-packages/oslo_config/cfg.py:3560}}
Aug 14 01:18:07.977926 np0000007298 devstack@g-api.service[99788]: DEBUG glance.common.config [None req-2b3c9bf9-c369-4278-9dce-02e30565a468 None None] barbican.barbican_region_name = None {{(pid=99788) log_opt_values /opt/stack/data/venv/lib/python3.12/site-packages/oslo_config/cfg.py:3560}}
Aug 14 01:18:07.978024 np0000007298 devstack@g-api.service[99786]: DEBUG glance.common.config [None req-2ce8930c-8a93-4d14-b67a-befc47b9520d None None] database.connection_debug = 0 {{(pid=99786) log_opt_values /opt/stack/data/venv/lib/python3.12/site-packages/oslo_config/cfg.py:3560}}
Aug 14 01:18:07.978055 np0000007298 devstack@g-api.service[99788]: DEBUG glance.common.config [None req-2b3c9bf9-c369-4278-9dce-02e30565a468 None None] barbican.cafile = None {{(pid=99788) log_opt_values /opt/stack/data/venv/lib/python3.12/site-packages/oslo_config/cfg.py:3560}}
Aug 14 01:18:07.978120 np0000007298 devstack@g-api.service[99786]: DEBUG glance.common.config [None req-2ce8930c-8a93-4d14-b67a-befc47b9520d None None] database.connection_parameters = {{(pid=99786) log_opt_values /opt/stack/data/venv/lib/python3.12/site-packages/oslo_config/cfg.py:3560}}
Aug 14 01:18:07.978158 np0000007298 devstack@g-api.service[99788]: DEBUG glance.common.config [None req-2b3c9bf9-c369-4278-9dce-02e30565a468 None None] barbican.certfile = None {{(pid=99788) log_opt_values /opt/stack/data/venv/lib/python3.12/site-packages/oslo_config/cfg.py:3560}}
Aug 14 01:18:07.978209 np0000007298 devstack@g-api.service[99786]: DEBUG glance.common.config [None req-2ce8930c-8a93-4d14-b67a-befc47b9520d None None] database.connection_recycle_time = 3600 {{(pid=99786) log_opt_values /opt/stack/data/venv/lib/python3.12/site-packages/oslo_config/cfg.py:3560}}
Aug 14 01:18:07.978290 np0000007298 devstack@g-api.service[99788]: DEBUG glance.common.config [None req-2b3c9bf9-c369-4278-9dce-02e30565a468 None None] barbican.collect_timing = False {{(pid=99788) log_opt_values /opt/stack/data/venv/lib/python3.12/site-packages/oslo_config/cfg.py:3560}}
Aug 14 01:18:07.978322 np0000007298 devstack@g-api.service[99786]: DEBUG glance.common.config [None req-2ce8930c-8a93-4d14-b67a-befc47b9520d None None] database.connection_trace = False {{(pid=99786) log_opt_values /opt/stack/data/venv/lib/python3.12/site-packages/oslo_config/cfg.py:3560}}
Aug 14 01:18:07.978420 np0000007298 devstack@g-api.service[99786]: DEBUG glance.common.config [None req-2ce8930c-8a93-4d14-b67a-befc47b9520d None None] database.db_inc_retry_interval = True {{(pid=99786) log_opt_values /opt/stack/data/venv/lib/python3.12/site-packages/oslo_config/cfg.py:3560}}
Aug 14 01:18:07.978449 np0000007298 devstack@g-api.service[99788]: DEBUG glance.common.config [None req-2b3c9bf9-c369-4278-9dce-02e30565a468 None None] barbican.insecure = False {{(pid=99788) log_opt_values /opt/stack/data/venv/lib/python3.12/site-packages/oslo_config/cfg.py:3560}}
Aug 14 01:18:07.978510 np0000007298 devstack@g-api.service[99786]: DEBUG glance.common.config [None req-2ce8930c-8a93-4d14-b67a-befc47b9520d None None] database.db_max_retries = 20 {{(pid=99786) log_opt_values /opt/stack/data/venv/lib/python3.12/site-packages/oslo_config/cfg.py:3560}}
Aug 14 01:18:07.978562 np0000007298 devstack@g-api.service[99788]: DEBUG glance.common.config [None req-2b3c9bf9-c369-4278-9dce-02e30565a468 None None] barbican.keyfile = None {{(pid=99788) log_opt_values /opt/stack/data/venv/lib/python3.12/site-packages/oslo_config/cfg.py:3560}}
Aug 14 01:18:07.978590 np0000007298 devstack@g-api.service[99786]: DEBUG glance.common.config [None req-2ce8930c-8a93-4d14-b67a-befc47b9520d None None] database.db_max_retry_interval = 10 {{(pid=99786) log_opt_values /opt/stack/data/venv/lib/python3.12/site-packages/oslo_config/cfg.py:3560}}
Aug 14 01:18:07.978705 np0000007298 devstack@g-api.service[99788]: DEBUG glance.common.config [None req-2b3c9bf9-c369-4278-9dce-02e30565a468 None None] barbican.number_of_retries = 60 {{(pid=99788) log_opt_values /opt/stack/data/venv/lib/python3.12/site-packages/oslo_config/cfg.py:3560}}
Aug 14 01:18:07.978733 np0000007298 devstack@g-api.service[99786]: DEBUG glance.common.config [None req-2ce8930c-8a93-4d14-b67a-befc47b9520d None None] database.db_retry_interval = 1 {{(pid=99786) log_opt_values /opt/stack/data/venv/lib/python3.12/site-packages/oslo_config/cfg.py:3560}}
Aug 14 01:18:07.978809 np0000007298 devstack@g-api.service[99786]: DEBUG glance.common.config [None req-2ce8930c-8a93-4d14-b67a-befc47b9520d None None] database.max_overflow = 50 {{(pid=99786) log_opt_values /opt/stack/data/venv/lib/python3.12/site-packages/oslo_config/cfg.py:3560}}
Aug 14 01:18:07.978836 np0000007298 devstack@g-api.service[99788]: DEBUG glance.common.config [None req-2b3c9bf9-c369-4278-9dce-02e30565a468 None None] barbican.retry_delay = 1 {{(pid=99788) log_opt_values /opt/stack/data/venv/lib/python3.12/site-packages/oslo_config/cfg.py:3560}}
Aug 14 01:18:07.978936 np0000007298 devstack@g-api.service[99786]: DEBUG glance.common.config [None req-2ce8930c-8a93-4d14-b67a-befc47b9520d None None] database.max_pool_size = 5 {{(pid=99786) log_opt_values /opt/stack/data/venv/lib/python3.12/site-packages/oslo_config/cfg.py:3560}}
Aug 14 01:18:07.978968 np0000007298 devstack@g-api.service[99788]: DEBUG glance.common.config [None req-2b3c9bf9-c369-4278-9dce-02e30565a468 None None] barbican.send_service_user_token = False {{(pid=99788) log_opt_values /opt/stack/data/venv/lib/python3.12/site-packages/oslo_config/cfg.py:3560}}
Aug 14 01:18:07.979044 np0000007298 devstack@g-api.service[99786]: DEBUG glance.common.config [None req-2ce8930c-8a93-4d14-b67a-befc47b9520d None None] database.max_retries = 10 {{(pid=99786) log_opt_values /opt/stack/data/venv/lib/python3.12/site-packages/oslo_config/cfg.py:3560}}
Aug 14 01:18:07.979074 np0000007298 devstack@g-api.service[99788]: DEBUG glance.common.config [None req-2b3c9bf9-c369-4278-9dce-02e30565a468 None None] barbican.split_loggers = False {{(pid=99788) log_opt_values /opt/stack/data/venv/lib/python3.12/site-packages/oslo_config/cfg.py:3560}}
Aug 14 01:18:07.979141 np0000007298 devstack@g-api.service[99786]: DEBUG glance.common.config [None req-2ce8930c-8a93-4d14-b67a-befc47b9520d None None] database.mysql_sql_mode = TRADITIONAL {{(pid=99786) log_opt_values /opt/stack/data/venv/lib/python3.12/site-packages/oslo_config/cfg.py:3560}}
Aug 14 01:18:07.979200 np0000007298 devstack@g-api.service[99788]: DEBUG glance.common.config [None req-2b3c9bf9-c369-4278-9dce-02e30565a468 None None] barbican.timeout = None {{(pid=99788) log_opt_values /opt/stack/data/venv/lib/python3.12/site-packages/oslo_config/cfg.py:3560}}
Aug 14 01:18:07.979267 np0000007298 devstack@g-api.service[99786]: DEBUG glance.common.config [None req-2ce8930c-8a93-4d14-b67a-befc47b9520d None None] database.mysql_wsrep_sync_wait = None {{(pid=99786) log_opt_values /opt/stack/data/venv/lib/python3.12/site-packages/oslo_config/cfg.py:3560}}
Aug 14 01:18:07.979329 np0000007298 devstack@g-api.service[99788]: DEBUG glance.common.config [None req-2b3c9bf9-c369-4278-9dce-02e30565a468 None None] barbican.verify_ssl = True {{(pid=99788) log_opt_values /opt/stack/data/venv/lib/python3.12/site-packages/oslo_config/cfg.py:3560}}
Aug 14 01:18:07.979416 np0000007298 devstack@g-api.service[99786]: DEBUG glance.common.config [None req-2ce8930c-8a93-4d14-b67a-befc47b9520d None None] database.pool_timeout = None {{(pid=99786) log_opt_values /opt/stack/data/venv/lib/python3.12/site-packages/oslo_config/cfg.py:3560}}
Aug 14 01:18:07.979465 np0000007298 devstack@g-api.service[99788]: DEBUG glance.common.config [None req-2b3c9bf9-c369-4278-9dce-02e30565a468 None None] barbican.verify_ssl_path = None {{(pid=99788) log_opt_values /opt/stack/data/venv/lib/python3.12/site-packages/oslo_config/cfg.py:3560}}
Aug 14 01:18:07.979504 np0000007298 devstack@g-api.service[99786]: DEBUG glance.common.config [None req-2ce8930c-8a93-4d14-b67a-befc47b9520d None None] database.retry_interval = 10 {{(pid=99786) log_opt_values /opt/stack/data/venv/lib/python3.12/site-packages/oslo_config/cfg.py:3560}}
Aug 14 01:18:07.979591 np0000007298 devstack@g-api.service[99786]: DEBUG glance.common.config [None req-2ce8930c-8a93-4d14-b67a-befc47b9520d None None] database.slave_connection = **** {{(pid=99786) log_opt_values /opt/stack/data/venv/lib/python3.12/site-packages/oslo_config/cfg.py:3560}}
Aug 14 01:18:07.979623 np0000007298 devstack@g-api.service[99788]: DEBUG glance.common.config [None req-2b3c9bf9-c369-4278-9dce-02e30565a468 None None] barbican_service_user.auth_section = None {{(pid=99788) log_opt_values /opt/stack/data/venv/lib/python3.12/site-packages/oslo_config/cfg.py:3560}}
Aug 14 01:18:07.979700 np0000007298 devstack@g-api.service[99786]: DEBUG glance.common.config [None req-2ce8930c-8a93-4d14-b67a-befc47b9520d None None] database.sqlite_synchronous = True {{(pid=99786) log_opt_values /opt/stack/data/venv/lib/python3.12/site-packages/oslo_config/cfg.py:3560}}
Aug 14 01:18:07.979737 np0000007298 devstack@g-api.service[99788]: DEBUG glance.common.config [None req-2b3c9bf9-c369-4278-9dce-02e30565a468 None None] barbican_service_user.auth_type = None {{(pid=99788) log_opt_values /opt/stack/data/venv/lib/python3.12/site-packages/oslo_config/cfg.py:3560}}
Aug 14 01:18:07.979804 np0000007298 devstack@g-api.service[99786]: DEBUG glance.common.config [None req-2ce8930c-8a93-4d14-b67a-befc47b9520d None None] database.synchronous_reader = True {{(pid=99786) log_opt_values /opt/stack/data/venv/lib/python3.12/site-packages/oslo_config/cfg.py:3560}}
Aug 14 01:18:07.979865 np0000007298 devstack@g-api.service[99788]: DEBUG glance.common.config [None req-2b3c9bf9-c369-4278-9dce-02e30565a468 None None] barbican_service_user.cafile = None {{(pid=99788) log_opt_values /opt/stack/data/venv/lib/python3.12/site-packages/oslo_config/cfg.py:3560}}
Aug 14 01:18:07.979941 np0000007298 devstack@g-api.service[99786]: DEBUG glance.common.config [None req-2ce8930c-8a93-4d14-b67a-befc47b9520d None None] database.use_db_reconnect = False {{(pid=99786) log_opt_values /opt/stack/data/venv/lib/python3.12/site-packages/oslo_config/cfg.py:3560}}
Aug 14 01:18:07.979991 np0000007298 devstack@g-api.service[99788]: DEBUG glance.common.config [None req-2b3c9bf9-c369-4278-9dce-02e30565a468 None None] barbican_service_user.certfile = None {{(pid=99788) log_opt_values /opt/stack/data/venv/lib/python3.12/site-packages/oslo_config/cfg.py:3560}}
Aug 14 01:18:07.980051 np0000007298 devstack@g-api.service[99786]: DEBUG glance.common.config [None req-2ce8930c-8a93-4d14-b67a-befc47b9520d None None] healthcheck.allowed_source_ranges = [] {{(pid=99786) log_opt_values /opt/stack/data/venv/lib/python3.12/site-packages/oslo_config/cfg.py:3560}}
Aug 14 01:18:07.980118 np0000007298 devstack@g-api.service[99788]: DEBUG glance.common.config [None req-2b3c9bf9-c369-4278-9dce-02e30565a468 None None] barbican_service_user.collect_timing = False {{(pid=99788) log_opt_values /opt/stack/data/venv/lib/python3.12/site-packages/oslo_config/cfg.py:3560}}
Aug 14 01:18:07.980145 np0000007298 devstack@g-api.service[99786]: DEBUG glance.common.config [None req-2ce8930c-8a93-4d14-b67a-befc47b9520d None None] healthcheck.backends = ['disable_by_file'] {{(pid=99786) log_opt_values /opt/stack/data/venv/lib/python3.12/site-packages/oslo_config/cfg.py:3560}}
Aug 14 01:18:07.980222 np0000007298 devstack@g-api.service[99786]: DEBUG glance.common.config [None req-2ce8930c-8a93-4d14-b67a-befc47b9520d None None] healthcheck.detailed = False {{(pid=99786) log_opt_values /opt/stack/data/venv/lib/python3.12/site-packages/oslo_config/cfg.py:3560}}
Aug 14 01:18:07.980261 np0000007298 devstack@g-api.service[99788]: DEBUG glance.common.config [None req-2b3c9bf9-c369-4278-9dce-02e30565a468 None None] barbican_service_user.insecure = False {{(pid=99788) log_opt_values /opt/stack/data/venv/lib/python3.12/site-packages/oslo_config/cfg.py:3560}}
Aug 14 01:18:07.980354 np0000007298 devstack@g-api.service[99786]: DEBUG glance.common.config [None req-2ce8930c-8a93-4d14-b67a-befc47b9520d None None] healthcheck.disable_by_file_path = None {{(pid=99786) log_opt_values /opt/stack/data/venv/lib/python3.12/site-packages/oslo_config/cfg.py:3560}}
Aug 14 01:18:07.980403 np0000007298 devstack@g-api.service[99788]: DEBUG glance.common.config [None req-2b3c9bf9-c369-4278-9dce-02e30565a468 None None] barbican_service_user.keyfile = None {{(pid=99788) log_opt_values /opt/stack/data/venv/lib/python3.12/site-packages/oslo_config/cfg.py:3560}}
Aug 14 01:18:07.980505 np0000007298 devstack@g-api.service[99788]: DEBUG glance.common.config [None req-2b3c9bf9-c369-4278-9dce-02e30565a468 None None] barbican_service_user.split_loggers = False {{(pid=99788) log_opt_values /opt/stack/data/venv/lib/python3.12/site-packages/oslo_config/cfg.py:3560}}
Aug 14 01:18:07.980533 np0000007298 devstack@g-api.service[99786]: DEBUG glance.common.config [None req-2ce8930c-8a93-4d14-b67a-befc47b9520d None None] healthcheck.ignore_proxied_requests = False {{(pid=99786) log_opt_values /opt/stack/data/venv/lib/python3.12/site-packages/oslo_config/cfg.py:3560}}
Aug 14 01:18:07.980620 np0000007298 devstack@g-api.service[99786]: DEBUG glance.common.config [None req-2ce8930c-8a93-4d14-b67a-befc47b9520d None None] ******************************************************************************** {{(pid=99786) log_opt_values /opt/stack/data/venv/lib/python3.12/site-packages/oslo_config/cfg.py:3567}}
Aug 14 01:18:07.980655 np0000007298 devstack@g-api.service[99788]: DEBUG glance.common.config [None req-2b3c9bf9-c369-4278-9dce-02e30565a468 None None] barbican_service_user.timeout = None {{(pid=99788) log_opt_values /opt/stack/data/venv/lib/python3.12/site-packages/oslo_config/cfg.py:3560}}
Aug 14 01:18:07.980771 np0000007298 devstack@g-api.service[99788]: DEBUG glance.common.config [None req-2b3c9bf9-c369-4278-9dce-02e30565a468 None None] database.asyncio_connection = **** {{(pid=99788) log_opt_values /opt/stack/data/venv/lib/python3.12/site-packages/oslo_config/cfg.py:3560}}
Aug 14 01:18:07.980815 np0000007298 devstack@g-api.service[99786]: WSGI app 0 (mountpoint='') ready in 2 seconds on interpreter 0x7028320a4668 pid: 99786 (default app)
Aug 14 01:18:07.980895 np0000007298 devstack@g-api.service[99788]: DEBUG glance.common.config [None req-2b3c9bf9-c369-4278-9dce-02e30565a468 None None] database.asyncio_slave_connection = **** {{(pid=99788) log_opt_values /opt/stack/data/venv/lib/python3.12/site-packages/oslo_config/cfg.py:3560}}
Aug 14 01:18:07.981028 np0000007298 devstack@g-api.service[99788]: DEBUG glance.common.config [None req-2b3c9bf9-c369-4278-9dce-02e30565a468 None None] database.backend = sqlalchemy {{(pid=99788) log_opt_values /opt/stack/data/venv/lib/python3.12/site-packages/oslo_config/cfg.py:3560}}
Aug 14 01:18:07.981158 np0000007298 devstack@g-api.service[99788]: DEBUG glance.common.config [None req-2b3c9bf9-c369-4278-9dce-02e30565a468 None None] database.connection = **** {{(pid=99788) log_opt_values /opt/stack/data/venv/lib/python3.12/site-packages/oslo_config/cfg.py:3560}}
Aug 14 01:18:07.981284 np0000007298 devstack@g-api.service[99788]: DEBUG glance.common.config [None req-2b3c9bf9-c369-4278-9dce-02e30565a468 None None] database.connection_debug = 0 {{(pid=99788) log_opt_values /opt/stack/data/venv/lib/python3.12/site-packages/oslo_config/cfg.py:3560}}
Aug 14 01:18:07.981354 np0000007298 devstack@g-api.service[99786]: DEBUG glance.api.middleware.version_negotiation [None req-2ce8930c-8a93-4d14-b67a-befc47b9520d None None] Determining version of request: GET / Accept: */* {{(pid=99786) process_request /opt/stack/glance/glance/api/middleware/version_negotiation.py:44}}
Aug 14 01:18:07.981429 np0000007298 devstack@g-api.service[99788]: DEBUG glance.common.config [None req-2b3c9bf9-c369-4278-9dce-02e30565a468 None None] database.connection_parameters = {{(pid=99788) log_opt_values /opt/stack/data/venv/lib/python3.12/site-packages/oslo_config/cfg.py:3560}}
Aug 14 01:18:07.981559 np0000007298 devstack@g-api.service[99788]: DEBUG glance.common.config [None req-2b3c9bf9-c369-4278-9dce-02e30565a468 None None] database.connection_recycle_time = 3600 {{(pid=99788) log_opt_values /opt/stack/data/venv/lib/python3.12/site-packages/oslo_config/cfg.py:3560}}
Aug 14 01:18:07.981593 np0000007298 devstack@g-api.service[99786]: DEBUG glance.api.middleware.version_negotiation [None req-2ce8930c-8a93-4d14-b67a-befc47b9520d None None] Using url versioning {{(pid=99786) process_request /opt/stack/glance/glance/api/middleware/version_negotiation.py:57}}
Aug 14 01:18:07.981693 np0000007298 devstack@g-api.service[99788]: DEBUG glance.common.config [None req-2b3c9bf9-c369-4278-9dce-02e30565a468 None None] database.connection_trace = False {{(pid=99788) log_opt_values /opt/stack/data/venv/lib/python3.12/site-packages/oslo_config/cfg.py:3560}}
Aug 14 01:18:07.981816 np0000007298 devstack@g-api.service[99788]: DEBUG glance.common.config [None req-2b3c9bf9-c369-4278-9dce-02e30565a468 None None] database.db_inc_retry_interval = True {{(pid=99788) log_opt_values /opt/stack/data/venv/lib/python3.12/site-packages/oslo_config/cfg.py:3560}}
Aug 14 01:18:07.981843 np0000007298 devstack@g-api.service[99786]: DEBUG glance.api.middleware.version_negotiation [None req-2ce8930c-8a93-4d14-b67a-befc47b9520d None None] Unknown version. Returning version choices. {{(pid=99786) process_request /opt/stack/glance/glance/api/middleware/version_negotiation.py:64}}
Aug 14 01:18:07.981940 np0000007298 devstack@g-api.service[99788]: DEBUG glance.common.config [None req-2b3c9bf9-c369-4278-9dce-02e30565a468 None None] database.db_max_retries = 20 {{(pid=99788) log_opt_values /opt/stack/data/venv/lib/python3.12/site-packages/oslo_config/cfg.py:3560}}
Aug 14 01:18:07.982063 np0000007298 devstack@g-api.service[99788]: DEBUG glance.common.config [None req-2b3c9bf9-c369-4278-9dce-02e30565a468 None None] database.db_max_retry_interval = 10 {{(pid=99788) log_opt_values /opt/stack/data/venv/lib/python3.12/site-packages/oslo_config/cfg.py:3560}}
Aug 14 01:18:07.982183 np0000007298 devstack@g-api.service[99788]: DEBUG glance.common.config [None req-2b3c9bf9-c369-4278-9dce-02e30565a468 None None] database.db_retry_interval = 1 {{(pid=99788) log_opt_values /opt/stack/data/venv/lib/python3.12/site-packages/oslo_config/cfg.py:3560}}
Aug 14 01:18:07.982307 np0000007298 devstack@g-api.service[99788]: DEBUG glance.common.config [None req-2b3c9bf9-c369-4278-9dce-02e30565a468 None None] database.max_overflow = 50 {{(pid=99788) log_opt_values /opt/stack/data/venv/lib/python3.12/site-packages/oslo_config/cfg.py:3560}}
Aug 14 01:18:07.982446 np0000007298 devstack@g-api.service[99788]: DEBUG glance.common.config [None req-2b3c9bf9-c369-4278-9dce-02e30565a468 None None] database.max_pool_size = 5 {{(pid=99788) log_opt_values /opt/stack/data/venv/lib/python3.12/site-packages/oslo_config/cfg.py:3560}}
Aug 14 01:18:07.982569 np0000007298 devstack@g-api.service[99788]: DEBUG glance.common.config [None req-2b3c9bf9-c369-4278-9dce-02e30565a468 None None] database.max_retries = 10 {{(pid=99788) log_opt_values /opt/stack/data/venv/lib/python3.12/site-packages/oslo_config/cfg.py:3560}}
Aug 14 01:18:07.982707 np0000007298 devstack@g-api.service[99786]: [pid: 99786|app: 0|req: 1/1] 127.0.0.1 () {34 vars in 451 bytes} [Fri Aug 14 01:18:07 2026] GET / => generated 1501 bytes in 1 msecs (HTTP/1.1 300) 3 headers in 106 bytes (1 switches on core 0)
Aug 14 01:18:07.983028 np0000007298 devstack@g-api.service[99788]: DEBUG glance.common.config [None req-2b3c9bf9-c369-4278-9dce-02e30565a468 None None] database.mysql_sql_mode = TRADITIONAL {{(pid=99788) log_opt_values /opt/stack/data/venv/lib/python3.12/site-packages/oslo_config/cfg.py:3560}}
Aug 14 01:18:07.983161 np0000007298 devstack@g-api.service[99788]: DEBUG glance.common.config [None req-2b3c9bf9-c369-4278-9dce-02e30565a468 None None] database.mysql_wsrep_sync_wait = None {{(pid=99788) log_opt_values /opt/stack/data/venv/lib/python3.12/site-packages/oslo_config/cfg.py:3560}}
Aug 14 01:18:07.983283 np0000007298 devstack@g-api.service[99788]: DEBUG glance.common.config [None req-2b3c9bf9-c369-4278-9dce-02e30565a468 None None] database.pool_timeout = None {{(pid=99788) log_opt_values /opt/stack/data/venv/lib/python3.12/site-packages/oslo_config/cfg.py:3560}}
Aug 14 01:18:07.983428 np0000007298 devstack@g-api.service[99788]: DEBUG glance.common.config [None req-2b3c9bf9-c369-4278-9dce-02e30565a468 None None] database.retry_interval = 10 {{(pid=99788) log_opt_values /opt/stack/data/venv/lib/python3.12/site-packages/oslo_config/cfg.py:3560}}
Aug 14 01:18:07.983564 np0000007298 devstack@g-api.service[99788]: DEBUG glance.common.config [None req-2b3c9bf9-c369-4278-9dce-02e30565a468 None None] database.slave_connection = **** {{(pid=99788) log_opt_values /opt/stack/data/venv/lib/python3.12/site-packages/oslo_config/cfg.py:3560}}
Aug 14 01:18:07.983704 np0000007298 devstack@g-api.service[99788]: DEBUG glance.common.config [None req-2b3c9bf9-c369-4278-9dce-02e30565a468 None None] database.sqlite_synchronous = True {{(pid=99788) log_opt_values /opt/stack/data/venv/lib/python3.12/site-packages/oslo_config/cfg.py:3560}}
Aug 14 01:18:07.983830 np0000007298 devstack@g-api.service[99788]: DEBUG glance.common.config [None req-2b3c9bf9-c369-4278-9dce-02e30565a468 None None] database.synchronous_reader = True {{(pid=99788) log_opt_values /opt/stack/data/venv/lib/python3.12/site-packages/oslo_config/cfg.py:3560}}
Aug 14 01:18:07.983952 np0000007298 devstack@g-api.service[99788]: DEBUG glance.common.config [None req-2b3c9bf9-c369-4278-9dce-02e30565a468 None None] database.use_db_reconnect = False {{(pid=99788) log_opt_values /opt/stack/data/venv/lib/python3.12/site-packages/oslo_config/cfg.py:3560}}
Aug 14 01:18:07.984094 np0000007298 devstack@g-api.service[99788]: DEBUG glance.common.config [None req-2b3c9bf9-c369-4278-9dce-02e30565a468 None None] healthcheck.allowed_source_ranges = [] {{(pid=99788) log_opt_values /opt/stack/data/venv/lib/python3.12/site-packages/oslo_config/cfg.py:3560}}
Aug 14 01:18:07.984206 np0000007298 devstack@g-api.service[99788]: DEBUG glance.common.config [None req-2b3c9bf9-c369-4278-9dce-02e30565a468 None None] healthcheck.backends = ['disable_by_file'] {{(pid=99788) log_opt_values /opt/stack/data/venv/lib/python3.12/site-packages/oslo_config/cfg.py:3560}}
Aug 14 01:18:07.984337 np0000007298 devstack@g-api.service[99788]: DEBUG glance.common.config [None req-2b3c9bf9-c369-4278-9dce-02e30565a468 None None] healthcheck.detailed = False {{(pid=99788) log_opt_values /opt/stack/data/venv/lib/python3.12/site-packages/oslo_config/cfg.py:3560}}
Aug 14 01:18:07.984480 np0000007298 devstack@g-api.service[99788]: DEBUG glance.common.config [None req-2b3c9bf9-c369-4278-9dce-02e30565a468 None None] healthcheck.disable_by_file_path = None {{(pid=99788) log_opt_values /opt/stack/data/venv/lib/python3.12/site-packages/oslo_config/cfg.py:3560}}
Aug 14 01:18:07.984610 np0000007298 devstack@g-api.service[99788]: DEBUG glance.common.config [None req-2b3c9bf9-c369-4278-9dce-02e30565a468 None None] healthcheck.ignore_proxied_requests = False {{(pid=99788) log_opt_values /opt/stack/data/venv/lib/python3.12/site-packages/oslo_config/cfg.py:3560}}
Aug 14 01:18:07.984712 np0000007298 devstack@g-api.service[99788]: DEBUG glance.common.config [None req-2b3c9bf9-c369-4278-9dce-02e30565a468 None None] ******************************************************************************** {{(pid=99788) log_opt_values /opt/stack/data/venv/lib/python3.12/site-packages/oslo_config/cfg.py:3567}}
Aug 14 01:18:07.984843 np0000007298 devstack@g-api.service[99788]: WSGI app 0 (mountpoint='') ready in 2 seconds on interpreter 0x7028320a4668 pid: 99788 (default app)
Aug 14 01:18:08.007105 np0000007298 devstack@g-api.service[99787]: DEBUG dbcounter [-] [99787] Writer thread running {{(pid=99787) stat_writer /opt/stack/data/venv/lib/python3.12/site-packages/dbcounter.py:102}}
Aug 14 01:18:08.011086 np0000007298 devstack@g-api.service[99787]: DEBUG glance.image_cache.drivers.centralized_db [None req-fb204e6c-1564-44c7-92a5-0fddd20dee18 None None] Node reference is already recorded, ignoring it {{(pid=99787) configure /opt/stack/glance/glance/image_cache/drivers/centralized_db.py:71}}
Aug 14 01:18:08.017767 np0000007298 devstack@g-api.service[99787]: INFO glance.image_cache [None req-fb204e6c-1564-44c7-92a5-0fddd20dee18 None None] Image cache loaded driver 'centralized_db'.
Aug 14 01:18:08.026674 np0000007298 devstack@g-api.service[99787]: DEBUG glance.image_cache.drivers.centralized_db [None req-fb204e6c-1564-44c7-92a5-0fddd20dee18 None None] Node reference is already recorded, ignoring it {{(pid=99787) configure /opt/stack/glance/glance/image_cache/drivers/centralized_db.py:71}}
Aug 14 01:18:08.033147 np0000007298 devstack@g-api.service[99787]: DEBUG glance.api.v2.cached_images [None req-fb204e6c-1564-44c7-92a5-0fddd20dee18 None None] Started cache worker thread {{(pid=99787) __init__ /opt/stack/glance/glance/api/v2/cached_images.py:71}}
Aug 14 01:18:08.033905 np0000007298 devstack@g-api.service[99787]: INFO glance.image_cache [None req-fb204e6c-1564-44c7-92a5-0fddd20dee18 None None] Image cache loaded driver 'centralized_db'.
Aug 14 01:18:08.042047 np0000007298 devstack@g-api.service[99787]: DEBUG glance.image_cache.drivers.centralized_db [None req-fb204e6c-1564-44c7-92a5-0fddd20dee18 None None] Node reference is already recorded, ignoring it {{(pid=99787) configure /opt/stack/glance/glance/image_cache/drivers/centralized_db.py:71}}
Aug 14 01:18:08.049609 np0000007298 devstack@g-api.service[99787]: INFO glance.api.middleware.cache_manage [None req-fb204e6c-1564-44c7-92a5-0fddd20dee18 None None] Initialized image cache management middleware
Aug 14 01:18:08.049823 np0000007298 devstack@g-api.service[99787]: INFO glance.image_cache [None req-fb204e6c-1564-44c7-92a5-0fddd20dee18 None None] Image cache loaded driver 'centralized_db'.
Aug 14 01:18:08.057881 np0000007298 devstack@g-api.service[99787]: DEBUG glance.image_cache.drivers.centralized_db [None req-fb204e6c-1564-44c7-92a5-0fddd20dee18 None None] Node reference is already recorded, ignoring it {{(pid=99787) configure /opt/stack/glance/glance/image_cache/drivers/centralized_db.py:71}}
Aug 14 01:18:08.061920 np0000007298 devstack@g-api.service[99787]: INFO glance.api.middleware.cache [None req-fb204e6c-1564-44c7-92a5-0fddd20dee18 None None] Initialized image cache middleware
Aug 14 01:18:08.074043 np0000007298 devstack@g-api.service[99787]: DEBUG glance.common.config [None req-fb204e6c-1564-44c7-92a5-0fddd20dee18 None None] ******************************************************************************** {{(pid=99787) log_opt_values /opt/stack/data/venv/lib/python3.12/site-packages/oslo_config/cfg.py:3533}}
Aug 14 01:18:08.074043 np0000007298 devstack@g-api.service[99787]: DEBUG glance.common.config [None req-fb204e6c-1564-44c7-92a5-0fddd20dee18 None None] Configuration options gathered from: {{(pid=99787) log_opt_values /opt/stack/data/venv/lib/python3.12/site-packages/oslo_config/cfg.py:3534}}
Aug 14 01:18:08.074192 np0000007298 devstack@g-api.service[99787]: DEBUG glance.common.config [None req-fb204e6c-1564-44c7-92a5-0fddd20dee18 None None] command line args: [] {{(pid=99787) log_opt_values /opt/stack/data/venv/lib/python3.12/site-packages/oslo_config/cfg.py:3535}}
Aug 14 01:18:08.074300 np0000007298 devstack@g-api.service[99787]: DEBUG glance.common.config [None req-fb204e6c-1564-44c7-92a5-0fddd20dee18 None None] config files: ['/etc/glance/glance-image-import.conf', '/etc/glance/glance-api.conf'] {{(pid=99787) log_opt_values /opt/stack/data/venv/lib/python3.12/site-packages/oslo_config/cfg.py:3536}}
Aug 14 01:18:08.074403 np0000007298 devstack@g-api.service[99787]: DEBUG glance.common.config [None req-fb204e6c-1564-44c7-92a5-0fddd20dee18 None None] ================================================================================ {{(pid=99787) log_opt_values /opt/stack/data/venv/lib/python3.12/site-packages/oslo_config/cfg.py:3541}}
Aug 14 01:18:08.074547 np0000007298 devstack@g-api.service[99787]: DEBUG glance.common.config [None req-fb204e6c-1564-44c7-92a5-0fddd20dee18 None None] allow_anonymous_access = False {{(pid=99787) log_opt_values /opt/stack/data/venv/lib/python3.12/site-packages/oslo_config/cfg.py:3549}}
Aug 14 01:18:08.074638 np0000007298 devstack@g-api.service[99787]: DEBUG glance.common.config [None req-fb204e6c-1564-44c7-92a5-0fddd20dee18 None None] api_limit_max = 1000 {{(pid=99787) log_opt_values /opt/stack/data/venv/lib/python3.12/site-packages/oslo_config/cfg.py:3549}}
Aug 14 01:18:08.074750 np0000007298 devstack@g-api.service[99787]: DEBUG glance.common.config [None req-fb204e6c-1564-44c7-92a5-0fddd20dee18 None None] config_dir = [] {{(pid=99787) log_opt_values /opt/stack/data/venv/lib/python3.12/site-packages/oslo_config/cfg.py:3549}}
Aug 14 01:18:08.074819 np0000007298 devstack@g-api.service[99787]: DEBUG glance.common.config [None req-fb204e6c-1564-44c7-92a5-0fddd20dee18 None None] config_file = ['/etc/glance/glance-image-import.conf', '/etc/glance/glance-api.conf'] {{(pid=99787) log_opt_values /opt/stack/data/venv/lib/python3.12/site-packages/oslo_config/cfg.py:3549}}
Aug 14 01:18:08.074928 np0000007298 devstack@g-api.service[99787]: DEBUG glance.common.config [None req-fb204e6c-1564-44c7-92a5-0fddd20dee18 None None] config_source = [] {{(pid=99787) log_opt_values /opt/stack/data/venv/lib/python3.12/site-packages/oslo_config/cfg.py:3549}}
Aug 14 01:18:08.075028 np0000007298 devstack@g-api.service[99787]: DEBUG glance.common.config [None req-fb204e6c-1564-44c7-92a5-0fddd20dee18 None None] control_exchange = glance {{(pid=99787) log_opt_values /opt/stack/data/venv/lib/python3.12/site-packages/oslo_config/cfg.py:3549}}
Aug 14 01:18:08.075095 np0000007298 devstack@g-api.service[99787]: DEBUG glance.common.config [None req-fb204e6c-1564-44c7-92a5-0fddd20dee18 None None] debug = True {{(pid=99787) log_opt_values /opt/stack/data/venv/lib/python3.12/site-packages/oslo_config/cfg.py:3549}}
Aug 14 01:18:08.075330 np0000007298 devstack@g-api.service[99787]: DEBUG glance.common.config [None req-fb204e6c-1564-44c7-92a5-0fddd20dee18 None None] default_log_levels = ['amqp=WARN', 'boto=WARN', 'sqlalchemy=WARN', 'suds=INFO', 'oslo.messaging=INFO', 'oslo_messaging=INFO', 'iso8601=WARN', 'requests.packages.urllib3.connectionpool=WARN', 'urllib3.connectionpool=WARN', 'websocket=WARN', 'requests.packages.urllib3.util.retry=WARN', 'urllib3.util.retry=WARN', 'keystonemiddleware=WARN', 'routes.middleware=WARN', 'stevedore=WARN', 'taskflow=WARN', 'keystoneauth=WARN', 'oslo.cache=INFO', 'oslo_policy=INFO', 'dogpile.core.dogpile=INFO'] {{(pid=99787) log_opt_values /opt/stack/data/venv/lib/python3.12/site-packages/oslo_config/cfg.py:3549}}
Aug 14 01:18:08.075479 np0000007298 devstack@g-api.service[99787]: DEBUG glance.common.config [None req-fb204e6c-1564-44c7-92a5-0fddd20dee18 None None] default_publisher_id = image.localhost {{(pid=99787) log_opt_values /opt/stack/data/venv/lib/python3.12/site-packages/oslo_config/cfg.py:3549}}
Aug 14 01:18:08.075621 np0000007298 devstack@g-api.service[99787]: DEBUG glance.common.config [None req-fb204e6c-1564-44c7-92a5-0fddd20dee18 None None] delayed_delete = False {{(pid=99787) log_opt_values /opt/stack/data/venv/lib/python3.12/site-packages/oslo_config/cfg.py:3549}}
Aug 14 01:18:08.075767 np0000007298 devstack@g-api.service[99787]: DEBUG glance.common.config [None req-fb204e6c-1564-44c7-92a5-0fddd20dee18 None None] digest_algorithm = sha256 {{(pid=99787) log_opt_values /opt/stack/data/venv/lib/python3.12/site-packages/oslo_config/cfg.py:3549}}
Aug 14 01:18:08.075908 np0000007298 devstack@g-api.service[99787]: DEBUG glance.common.config [None req-fb204e6c-1564-44c7-92a5-0fddd20dee18 None None] disabled_notifications = [] {{(pid=99787) log_opt_values /opt/stack/data/venv/lib/python3.12/site-packages/oslo_config/cfg.py:3549}}
Aug 14 01:18:08.076042 np0000007298 devstack@g-api.service[99787]: DEBUG glance.common.config [None req-fb204e6c-1564-44c7-92a5-0fddd20dee18 None None] do_secure_hash = True {{(pid=99787) log_opt_values /opt/stack/data/venv/lib/python3.12/site-packages/oslo_config/cfg.py:3549}}
Aug 14 01:18:08.076228 np0000007298 devstack@g-api.service[99787]: DEBUG glance.common.config [None req-fb204e6c-1564-44c7-92a5-0fddd20dee18 None None] enabled_backends = None {{(pid=99787) log_opt_values /opt/stack/data/venv/lib/python3.12/site-packages/oslo_config/cfg.py:3549}}
Aug 14 01:18:08.076292 np0000007298 devstack@g-api.service[99787]: DEBUG glance.common.config [None req-fb204e6c-1564-44c7-92a5-0fddd20dee18 None None] enabled_import_methods = ['glance-direct', 'web-download', 'copy-image'] {{(pid=99787) log_opt_values /opt/stack/data/venv/lib/python3.12/site-packages/oslo_config/cfg.py:3549}}
Aug 14 01:18:08.076425 np0000007298 devstack@g-api.service[99787]: DEBUG glance.common.config [None req-fb204e6c-1564-44c7-92a5-0fddd20dee18 None None] fatal_deprecations = False {{(pid=99787) log_opt_values /opt/stack/data/venv/lib/python3.12/site-packages/oslo_config/cfg.py:3549}}
Aug 14 01:18:08.076551 np0000007298 devstack@g-api.service[99787]: DEBUG glance.common.config [None req-fb204e6c-1564-44c7-92a5-0fddd20dee18 None None] hashing_algorithm = sha512 {{(pid=99787) log_opt_values /opt/stack/data/venv/lib/python3.12/site-packages/oslo_config/cfg.py:3549}}
Aug 14 01:18:08.076686 np0000007298 devstack@g-api.service[99787]: DEBUG glance.common.config [None req-fb204e6c-1564-44c7-92a5-0fddd20dee18 None None] http_retries = 3 {{(pid=99787) log_opt_values /opt/stack/data/venv/lib/python3.12/site-packages/oslo_config/cfg.py:3549}}
Aug 14 01:18:08.076790 np0000007298 devstack@g-api.service[99787]: DEBUG glance.common.config [None req-fb204e6c-1564-44c7-92a5-0fddd20dee18 None None] image_cache_dir = /opt/stack/data/glance/cache/ {{(pid=99787) log_opt_values /opt/stack/data/venv/lib/python3.12/site-packages/oslo_config/cfg.py:3549}}
Aug 14 01:18:08.076886 np0000007298 devstack@g-api.service[99787]: DEBUG glance.common.config [None req-fb204e6c-1564-44c7-92a5-0fddd20dee18 None None] image_cache_driver = centralized_db {{(pid=99787) log_opt_values /opt/stack/data/venv/lib/python3.12/site-packages/oslo_config/cfg.py:3549}}
Aug 14 01:18:08.076994 np0000007298 devstack@g-api.service[99787]: DEBUG glance.common.config [None req-fb204e6c-1564-44c7-92a5-0fddd20dee18 None None] image_cache_max_size = 10737418240 {{(pid=99787) log_opt_values /opt/stack/data/venv/lib/python3.12/site-packages/oslo_config/cfg.py:3549}}
Aug 14 01:18:08.077086 np0000007298 devstack@g-api.service[99787]: DEBUG glance.common.config [None req-fb204e6c-1564-44c7-92a5-0fddd20dee18 None None] image_cache_sqlite_db = cache.db {{(pid=99787) log_opt_values /opt/stack/data/venv/lib/python3.12/site-packages/oslo_config/cfg.py:3549}}
Aug 14 01:18:08.077176 np0000007298 devstack@g-api.service[99787]: DEBUG glance.common.config [None req-fb204e6c-1564-44c7-92a5-0fddd20dee18 None None] image_cache_stall_time = 86400 {{(pid=99787) log_opt_values /opt/stack/data/venv/lib/python3.12/site-packages/oslo_config/cfg.py:3549}}
Aug 14 01:18:08.077274 np0000007298 devstack@g-api.service[99787]: DEBUG glance.common.config [None req-fb204e6c-1564-44c7-92a5-0fddd20dee18 None None] image_location_quota = 10 {{(pid=99787) log_opt_values /opt/stack/data/venv/lib/python3.12/site-packages/oslo_config/cfg.py:3549}}
Aug 14 01:18:08.077403 np0000007298 devstack@g-api.service[99787]: DEBUG glance.common.config [None req-fb204e6c-1564-44c7-92a5-0fddd20dee18 None None] image_member_quota = 128 {{(pid=99787) log_opt_values /opt/stack/data/venv/lib/python3.12/site-packages/oslo_config/cfg.py:3549}}
Aug 14 01:18:08.077507 np0000007298 devstack@g-api.service[99787]: DEBUG glance.common.config [None req-fb204e6c-1564-44c7-92a5-0fddd20dee18 None None] image_property_quota = 128 {{(pid=99787) log_opt_values /opt/stack/data/venv/lib/python3.12/site-packages/oslo_config/cfg.py:3549}}
Aug 14 01:18:08.077596 np0000007298 devstack@g-api.service[99787]: DEBUG glance.common.config [None req-fb204e6c-1564-44c7-92a5-0fddd20dee18 None None] image_size_cap = 1099511627776 {{(pid=99787) log_opt_values /opt/stack/data/venv/lib/python3.12/site-packages/oslo_config/cfg.py:3549}}
Aug 14 01:18:08.077691 np0000007298 devstack@g-api.service[99787]: DEBUG glance.common.config [None req-fb204e6c-1564-44c7-92a5-0fddd20dee18 None None] image_tag_quota = 128 {{(pid=99787) log_opt_values /opt/stack/data/venv/lib/python3.12/site-packages/oslo_config/cfg.py:3549}}
Aug 14 01:18:08.078475 np0000007298 devstack@g-api.service[99787]: DEBUG glance.common.config [None req-fb204e6c-1564-44c7-92a5-0fddd20dee18 None None] instance_format = [instance: %(uuid)s] {{(pid=99787) log_opt_values /opt/stack/data/venv/lib/python3.12/site-packages/oslo_config/cfg.py:3549}}
Aug 14 01:18:08.078475 np0000007298 devstack@g-api.service[99787]: DEBUG glance.common.config [None req-fb204e6c-1564-44c7-92a5-0fddd20dee18 None None] instance_uuid_format = [instance: %(uuid)s] {{(pid=99787) log_opt_values /opt/stack/data/venv/lib/python3.12/site-packages/oslo_config/cfg.py:3549}}
Aug 14 01:18:08.078475 np0000007298 devstack@g-api.service[99787]: DEBUG glance.common.config [None req-fb204e6c-1564-44c7-92a5-0fddd20dee18 None None] limit_param_default = 25 {{(pid=99787) log_opt_values /opt/stack/data/venv/lib/python3.12/site-packages/oslo_config/cfg.py:3549}}
Aug 14 01:18:08.078475 np0000007298 devstack@g-api.service[99787]: DEBUG glance.common.config [None req-fb204e6c-1564-44c7-92a5-0fddd20dee18 None None] log_color = False {{(pid=99787) log_opt_values /opt/stack/data/venv/lib/python3.12/site-packages/oslo_config/cfg.py:3549}}
Aug 14 01:18:08.078475 np0000007298 devstack@g-api.service[99787]: DEBUG glance.common.config [None req-fb204e6c-1564-44c7-92a5-0fddd20dee18 None None] log_config_append = None {{(pid=99787) log_opt_values /opt/stack/data/venv/lib/python3.12/site-packages/oslo_config/cfg.py:3549}}
Aug 14 01:18:08.078475 np0000007298 devstack@g-api.service[99787]: DEBUG glance.common.config [None req-fb204e6c-1564-44c7-92a5-0fddd20dee18 None None] log_date_format = %Y-%m-%d %H:%M:%S {{(pid=99787) log_opt_values /opt/stack/data/venv/lib/python3.12/site-packages/oslo_config/cfg.py:3549}}
Aug 14 01:18:08.078475 np0000007298 devstack@g-api.service[99787]: DEBUG glance.common.config [None req-fb204e6c-1564-44c7-92a5-0fddd20dee18 None None] log_dir = None {{(pid=99787) log_opt_values /opt/stack/data/venv/lib/python3.12/site-packages/oslo_config/cfg.py:3549}}
Aug 14 01:18:08.078815 np0000007298 devstack@g-api.service[99787]: DEBUG glance.common.config [None req-fb204e6c-1564-44c7-92a5-0fddd20dee18 None None] log_file = None {{(pid=99787) log_opt_values /opt/stack/data/venv/lib/python3.12/site-packages/oslo_config/cfg.py:3549}}
Aug 14 01:18:08.078815 np0000007298 devstack@g-api.service[99787]: DEBUG glance.common.config [None req-fb204e6c-1564-44c7-92a5-0fddd20dee18 None None] log_rotate_interval = 1 {{(pid=99787) log_opt_values /opt/stack/data/venv/lib/python3.12/site-packages/oslo_config/cfg.py:3549}}
Aug 14 01:18:08.078815 np0000007298 devstack@g-api.service[99787]: DEBUG glance.common.config [None req-fb204e6c-1564-44c7-92a5-0fddd20dee18 None None] log_rotate_interval_type = days {{(pid=99787) log_opt_values /opt/stack/data/venv/lib/python3.12/site-packages/oslo_config/cfg.py:3549}}
Aug 14 01:18:08.078815 np0000007298 devstack@g-api.service[99787]: DEBUG glance.common.config [None req-fb204e6c-1564-44c7-92a5-0fddd20dee18 None None] log_rotation_type = none {{(pid=99787) log_opt_values /opt/stack/data/venv/lib/python3.12/site-packages/oslo_config/cfg.py:3549}}
Aug 14 01:18:08.078815 np0000007298 devstack@g-api.service[99787]: DEBUG glance.common.config [None req-fb204e6c-1564-44c7-92a5-0fddd20dee18 None None] logging_context_format_string = %(color)s%(levelname)s %(name)s [%(global_request_id)s %(request_id)s %(project_name)s %(user_name)s%(color)s] %(instance)s%(color)s%(message)s {{(pid=99787) log_opt_values /opt/stack/data/venv/lib/python3.12/site-packages/oslo_config/cfg.py:3549}}
Aug 14 01:18:08.079009 np0000007298 devstack@g-api.service[99787]: DEBUG glance.common.config [None req-fb204e6c-1564-44c7-92a5-0fddd20dee18 None None] logging_debug_format_suffix = {{(pid=%(process)d) %(funcName)s %(pathname)s:%(lineno)d}} {{(pid=99787) log_opt_values /opt/stack/data/venv/lib/python3.12/site-packages/oslo_config/cfg.py:3549}}
Aug 14 01:18:08.079009 np0000007298 devstack@g-api.service[99787]: DEBUG glance.common.config [None req-fb204e6c-1564-44c7-92a5-0fddd20dee18 None None] logging_default_format_string = %(color)s%(levelname)s %(name)s [-%(color)s] %(instance)s%(color)s%(message)s {{(pid=99787) log_opt_values /opt/stack/data/venv/lib/python3.12/site-packages/oslo_config/cfg.py:3549}}
Aug 14 01:18:08.079190 np0000007298 devstack@g-api.service[99787]: DEBUG glance.common.config [None req-fb204e6c-1564-44c7-92a5-0fddd20dee18 None None] logging_exception_prefix = ERROR %(name)s %(instance)s {{(pid=99787) log_opt_values /opt/stack/data/venv/lib/python3.12/site-packages/oslo_config/cfg.py:3549}}
Aug 14 01:18:08.079190 np0000007298 devstack@g-api.service[99787]: DEBUG glance.common.config [None req-fb204e6c-1564-44c7-92a5-0fddd20dee18 None None] logging_user_identity_format = %(user)s %(project)s %(domain)s %(system_scope)s %(user_domain)s %(project_domain)s {{(pid=99787) log_opt_values /opt/stack/data/venv/lib/python3.12/site-packages/oslo_config/cfg.py:3549}}
Aug 14 01:18:08.079274 np0000007298 devstack@g-api.service[99787]: DEBUG glance.common.config [None req-fb204e6c-1564-44c7-92a5-0fddd20dee18 None None] max_logfile_count = 30 {{(pid=99787) log_opt_values /opt/stack/data/venv/lib/python3.12/site-packages/oslo_config/cfg.py:3549}}
Aug 14 01:18:08.079322 np0000007298 devstack@g-api.service[99787]: DEBUG glance.common.config [None req-fb204e6c-1564-44c7-92a5-0fddd20dee18 None None] max_logfile_size_mb = 200 {{(pid=99787) log_opt_values /opt/stack/data/venv/lib/python3.12/site-packages/oslo_config/cfg.py:3549}}
Aug 14 01:18:08.079437 np0000007298 devstack@g-api.service[99787]: DEBUG glance.common.config [None req-fb204e6c-1564-44c7-92a5-0fddd20dee18 None None] max_request_id_length = 64 {{(pid=99787) log_opt_values /opt/stack/data/venv/lib/python3.12/site-packages/oslo_config/cfg.py:3549}}
Aug 14 01:18:08.079560 np0000007298 devstack@g-api.service[99787]: DEBUG glance.common.config [None req-fb204e6c-1564-44c7-92a5-0fddd20dee18 None None] metadata_encryption_key = **** {{(pid=99787) log_opt_values /opt/stack/data/venv/lib/python3.12/site-packages/oslo_config/cfg.py:3549}}
Aug 14 01:18:08.079672 np0000007298 devstack@g-api.service[99787]: DEBUG glance.common.config [None req-fb204e6c-1564-44c7-92a5-0fddd20dee18 None None] node_staging_uri = file:///tmp/staging/ {{(pid=99787) log_opt_values /opt/stack/data/venv/lib/python3.12/site-packages/oslo_config/cfg.py:3549}}
Aug 14 01:18:08.079759 np0000007298 devstack@g-api.service[99787]: DEBUG glance.common.config [None req-fb204e6c-1564-44c7-92a5-0fddd20dee18 None None] property_protection_file = None {{(pid=99787) log_opt_values /opt/stack/data/venv/lib/python3.12/site-packages/oslo_config/cfg.py:3549}}
Aug 14 01:18:08.079897 np0000007298 devstack@g-api.service[99787]: DEBUG glance.common.config [None req-fb204e6c-1564-44c7-92a5-0fddd20dee18 None None] property_protection_rule_format = roles {{(pid=99787) log_opt_values /opt/stack/data/venv/lib/python3.12/site-packages/oslo_config/cfg.py:3549}}
Aug 14 01:18:08.080038 np0000007298 devstack@g-api.service[99787]: DEBUG glance.common.config [None req-fb204e6c-1564-44c7-92a5-0fddd20dee18 None None] public_endpoint = https://10.4.3.17/image {{(pid=99787) log_opt_values /opt/stack/data/venv/lib/python3.12/site-packages/oslo_config/cfg.py:3549}}
Aug 14 01:18:08.080143 np0000007298 devstack@g-api.service[99787]: DEBUG glance.common.config [None req-fb204e6c-1564-44c7-92a5-0fddd20dee18 None None] publish_errors = False {{(pid=99787) log_opt_values /opt/stack/data/venv/lib/python3.12/site-packages/oslo_config/cfg.py:3549}}
Aug 14 01:18:08.080233 np0000007298 devstack@g-api.service[99787]: DEBUG glance.common.config [None req-fb204e6c-1564-44c7-92a5-0fddd20dee18 None None] pydev_worker_debug_host = None {{(pid=99787) log_opt_values /opt/stack/data/venv/lib/python3.12/site-packages/oslo_config/cfg.py:3549}}
Aug 14 01:18:08.080327 np0000007298 devstack@g-api.service[99787]: DEBUG glance.common.config [None req-fb204e6c-1564-44c7-92a5-0fddd20dee18 None None] pydev_worker_debug_port = 5678 {{(pid=99787) log_opt_values /opt/stack/data/venv/lib/python3.12/site-packages/oslo_config/cfg.py:3549}}
Aug 14 01:18:08.080451 np0000007298 devstack@g-api.service[99787]: DEBUG glance.common.config [None req-fb204e6c-1564-44c7-92a5-0fddd20dee18 None None] rate_limit_burst = 0 {{(pid=99787) log_opt_values /opt/stack/data/venv/lib/python3.12/site-packages/oslo_config/cfg.py:3549}}
Aug 14 01:18:08.080551 np0000007298 devstack@g-api.service[99787]: DEBUG glance.common.config [None req-fb204e6c-1564-44c7-92a5-0fddd20dee18 None None] rate_limit_except_level = CRITICAL {{(pid=99787) log_opt_values /opt/stack/data/venv/lib/python3.12/site-packages/oslo_config/cfg.py:3549}}
Aug 14 01:18:08.080639 np0000007298 devstack@g-api.service[99787]: DEBUG glance.common.config [None req-fb204e6c-1564-44c7-92a5-0fddd20dee18 None None] rate_limit_interval = 0 {{(pid=99787) log_opt_values /opt/stack/data/venv/lib/python3.12/site-packages/oslo_config/cfg.py:3549}}
Aug 14 01:18:08.080744 np0000007298 devstack@g-api.service[99787]: DEBUG glance.common.config [None req-fb204e6c-1564-44c7-92a5-0fddd20dee18 None None] scrub_pool_size = 1 {{(pid=99787) log_opt_values /opt/stack/data/venv/lib/python3.12/site-packages/oslo_config/cfg.py:3549}}
Aug 14 01:18:08.080831 np0000007298 devstack@g-api.service[99787]: DEBUG glance.common.config [None req-fb204e6c-1564-44c7-92a5-0fddd20dee18 None None] scrub_time = 0 {{(pid=99787) log_opt_values /opt/stack/data/venv/lib/python3.12/site-packages/oslo_config/cfg.py:3549}}
Aug 14 01:18:08.080916 np0000007298 devstack@g-api.service[99787]: DEBUG glance.common.config [None req-fb204e6c-1564-44c7-92a5-0fddd20dee18 None None] shell_completion = None {{(pid=99787) log_opt_values /opt/stack/data/venv/lib/python3.12/site-packages/oslo_config/cfg.py:3549}}
Aug 14 01:18:08.081044 np0000007298 devstack@g-api.service[99787]: DEBUG glance.common.config [None req-fb204e6c-1564-44c7-92a5-0fddd20dee18 None None] show_image_direct_url = False {{(pid=99787) log_opt_values /opt/stack/data/venv/lib/python3.12/site-packages/oslo_config/cfg.py:3549}}
