Aug 14 01:17:14.533561 np0000007298 devstack@neutron-api.service[87607]: DEBUG ovsdbapp.backend.ovs_idl [None req-565d2dac-7e08-4dd5-88d7-b56a88d027ef None None] Created lookup_table index Chassis.name {{(pid=87607) autocreate_indices /opt/stack/data/venv/lib/python3.12/site-packages/ovsdbapp/backend/ovs_idl/__init__.py:87}}
Aug 14 01:17:14.533804 np0000007298 devstack@neutron-api.service[87607]: DEBUG ovsdbapp.backend.ovs_idl [None req-565d2dac-7e08-4dd5-88d7-b56a88d027ef None None] Created lookup_table index Port_Binding.logical_port {{(pid=87607) autocreate_indices /opt/stack/data/venv/lib/python3.12/site-packages/ovsdbapp/backend/ovs_idl/__init__.py:87}}
Aug 14 01:17:14.533984 np0000007298 devstack@neutron-api.service[87607]: DEBUG ovsdbapp.backend.ovs_idl [None req-565d2dac-7e08-4dd5-88d7-b56a88d027ef None None] Created schema index Chassis_Private.name {{(pid=87607) autocreate_indices /opt/stack/data/venv/lib/python3.12/site-packages/ovsdbapp/backend/ovs_idl/__init__.py:106}}
Aug 14 01:17:14.534124 np0000007298 devstack@neutron-api.service[87607]: DEBUG ovsdbapp.backend.ovs_idl [None req-565d2dac-7e08-4dd5-88d7-b56a88d027ef None None] Created schema index Datapath_Binding.tunnel_key {{(pid=87607) autocreate_indices /opt/stack/data/venv/lib/python3.12/site-packages/ovsdbapp/backend/ovs_idl/__init__.py:106}}
Aug 14 01:17:14.536530 np0000007298 devstack@neutron-api.service[87606]: DEBUG neutron.common.ovn.hash_ring_manager [None req-55ddca51-78be-49c8-a1cb-dcc3e2c434e8 None None] Allow caching, nodes 3>=3 {{(pid=87606) _wait_startup_before_caching /opt/stack/neutron/neutron/common/ovn/hash_ring_manager.py:71}}
Aug 14 01:17:14.536952 np0000007298 devstack@neutron-api.service[87607]: INFO ovsdbapp.backend.ovs_idl.vlog [None req-565d2dac-7e08-4dd5-88d7-b56a88d027ef None None] ssl:10.4.3.17:6642: connecting...
Aug 14 01:17:14.542631 np0000007298 devstack@neutron-api.service[87606]: DEBUG neutron.common.ovn.hash_ring_manager [None req-55ddca51-78be-49c8-a1cb-dcc3e2c434e8 None None] Hash Ring loaded. 3 active nodes. 0 offline nodes {{(pid=87606) _load_hash_ring /opt/stack/neutron/neutron/common/ovn/hash_ring_manager.py:110}}
Aug 14 01:17:14.543103 np0000007298 devstack@neutron-api.service[87607]: INFO ovsdbapp.backend.ovs_idl.vlog [None req-565d2dac-7e08-4dd5-88d7-b56a88d027ef None None] ssl:10.4.3.17:6642: connected
Aug 14 01:17:14.543460 np0000007298 devstack@neutron-api.service[87606]: DEBUG ovsdbapp.backend.ovs_idl.event [None req-55ddca51-78be-49c8-a1cb-dcc3e2c434e8 None None] Matched CREATE: ChassisOVNAgentWriteEvent(events=('create', 'update'), table='Chassis_Private', conditions=None, old_conditions=None), priority=20 to row=Chassis_Private(uuid=7d44e09f-28b1-4822-b212-dfc818a2cc13, chassis=2ee0854b-52ba-4009-851a-27132b8e4be3, external_ids={'neutron:ovn-bridge': 'br-int', 'neutron:ovn-neutron-agent-id': '5affe6f6-8172-575c-bccf-2425a5588905', 'neutron:ovn-neutron-agent-sb-cfg': '0'}, name='1b83255e-9cc0-42f5-96ec-727b3202780f', nb_cfg=0, nb_cfg_timestamp=0) old= {{(pid=87606) matches /opt/stack/data/venv/lib/python3.12/site-packages/ovsdbapp/backend/ovs_idl/event.py:55}}
Aug 14 01:17:14.543942 np0000007298 devstack@neutron-api.service[87606]: DEBUG ovsdbapp.backend.ovs_idl.event [None req-55ddca51-78be-49c8-a1cb-dcc3e2c434e8 None None] Matched CREATE: ChassisAgentWriteEvent(events=('create', 'update'), table='Chassis_Private', conditions=None, old_conditions=None), priority=20 to row=Chassis_Private(uuid=7d44e09f-28b1-4822-b212-dfc818a2cc13, chassis=2ee0854b-52ba-4009-851a-27132b8e4be3, external_ids={'neutron:ovn-bridge': 'br-int', 'neutron:ovn-neutron-agent-id': '5affe6f6-8172-575c-bccf-2425a5588905', 'neutron:ovn-neutron-agent-sb-cfg': '0'}, name='1b83255e-9cc0-42f5-96ec-727b3202780f', nb_cfg=0, nb_cfg_timestamp=0) old= {{(pid=87606) matches /opt/stack/data/venv/lib/python3.12/site-packages/ovsdbapp/backend/ovs_idl/event.py:55}}
Aug 14 01:17:14.544230 np0000007298 devstack@neutron-api.service[87606]: DEBUG neutron.plugins.ml2.drivers.ovn.mech_driver.ovsdb.ovsdb_monitor [None req-55ddca51-78be-49c8-a1cb-dcc3e2c434e8 None None] Hash Ring: Node dbcda0a36b165617bf38d3085f2c2e4e (host: np0000007298) handling event "create" for row 7d44e09f-28b1-4822-b212-dfc818a2cc13 (table: Chassis_Private) {{(pid=87606) notify /opt/stack/neutron/neutron/plugins/ml2/drivers/ovn/mech_driver/ovsdb/ovsdb_monitor.py:1099}}
Aug 14 01:17:14.546871 np0000007298 devstack@neutron-api.service[87606]: INFO neutron.plugins.ml2.drivers.ovn.mech_driver.mech_driver [None req-55ddca51-78be-49c8-a1cb-dcc3e2c434e8 None None] WorkerService process has finished the post initialization
Aug 14 01:17:14.547293 np0000007298 devstack@neutron-api.service[87606]: DEBUG oslo_concurrency.processutils [None req-55ddca51-78be-49c8-a1cb-dcc3e2c434e8 None None] Running cmd (subprocess): ovsdb-client transact ssl:10.4.3.17:6641 --timeout 180 -p /opt/stack/data/CA/int-ca/private/devstack-cert.key -c /opt/stack/data/CA/int-ca/devstack-cert.crt -C /opt/stack/data/CA/int-ca/ca-chain.pem ["OVN_Northbound", {"op": "wait", "timeout": 0, "table": "Port_Group", "where": [["name", "==", "pvlan_pg_drop"]], "until": "==", "rows": []}, {"op": "insert", "table": "ACL", "row": {"action": "drop", "direction": "to-lport", "match": "outport == @pvlan_pg_drop && ip", "priority": 1010}, "uuid-name": "pvlandroptoport"}, {"op": "insert", "table": "ACL", "row": {"action": "drop", "direction": "from-lport", "match": "inport == @pvlan_pg_drop && ip", "priority": 1010}, "uuid-name": "pvlandropfromport"}, {"op": "insert", "table": "Port_Group", "row": {"name": "pvlan_pg_drop", "acls": ["set", [["named-uuid", "pvlandroptoport"], ["named-uuid", "pvlandropfromport"]]]}}] {{(pid=87606) execute /opt/stack/data/venv/lib/python3.12/site-packages/oslo_concurrency/processutils.py:440}}
Aug 14 01:17:14.575000 np0000007298 devstack@neutron-api.service[87607]: DEBUG neutron.common.ovn.hash_ring_manager [None req-565d2dac-7e08-4dd5-88d7-b56a88d027ef None None] Allow caching, nodes 3>=3 {{(pid=87607) _wait_startup_before_caching /opt/stack/neutron/neutron/common/ovn/hash_ring_manager.py:71}}
Aug 14 01:17:14.576508 np0000007298 devstack@neutron-api.service[87606]: DEBUG oslo_concurrency.processutils [None req-55ddca51-78be-49c8-a1cb-dcc3e2c434e8 None None] CMD "ovsdb-client transact ssl:10.4.3.17:6641 --timeout 180 -p /opt/stack/data/CA/int-ca/private/devstack-cert.key -c /opt/stack/data/CA/int-ca/devstack-cert.crt -C /opt/stack/data/CA/int-ca/ca-chain.pem ["OVN_Northbound", {"op": "wait", "timeout": 0, "table": "Port_Group", "where": [["name", "==", "pvlan_pg_drop"]], "until": "==", "rows": []}, {"op": "insert", "table": "ACL", "row": {"action": "drop", "direction": "to-lport", "match": "outport == @pvlan_pg_drop && ip", "priority": 1010}, "uuid-name": "pvlandroptoport"}, {"op": "insert", "table": "ACL", "row": {"action": "drop", "direction": "from-lport", "match": "inport == @pvlan_pg_drop && ip", "priority": 1010}, "uuid-name": "pvlandropfromport"}, {"op": "insert", "table": "Port_Group", "row": {"name": "pvlan_pg_drop", "acls": ["set", [["named-uuid", "pvlandroptoport"], ["named-uuid", "pvlandropfromport"]]]}}]" returned: 0 in 0.029s {{(pid=87606) execute /opt/stack/data/venv/lib/python3.12/site-packages/oslo_concurrency/processutils.py:468}}
Aug 14 01:17:14.579473 np0000007298 devstack@neutron-api.service[87606]: WSGI app 0 (mountpoint='') ready in 8 seconds on interpreter 0x74b12f6a4668 pid: 87606 (default app)
Aug 14 01:17:14.582646 np0000007298 devstack@neutron-api.service[87607]: DEBUG neutron.common.ovn.hash_ring_manager [None req-565d2dac-7e08-4dd5-88d7-b56a88d027ef None None] Hash Ring loaded. 3 active nodes. 0 offline nodes {{(pid=87607) _load_hash_ring /opt/stack/neutron/neutron/common/ovn/hash_ring_manager.py:110}}
Aug 14 01:17:14.583258 np0000007298 devstack@neutron-api.service[87607]: DEBUG ovsdbapp.backend.ovs_idl.event [None req-565d2dac-7e08-4dd5-88d7-b56a88d027ef None None] Matched CREATE: ChassisAgentWriteEvent(events=('create', 'update'), table='Chassis_Private', conditions=None, old_conditions=None), priority=20 to row=Chassis_Private(uuid=7d44e09f-28b1-4822-b212-dfc818a2cc13, chassis=2ee0854b-52ba-4009-851a-27132b8e4be3, external_ids={'neutron:ovn-bridge': 'br-int', 'neutron:ovn-neutron-agent-id': '5affe6f6-8172-575c-bccf-2425a5588905', 'neutron:ovn-neutron-agent-sb-cfg': '0'}, name='1b83255e-9cc0-42f5-96ec-727b3202780f', nb_cfg=0, nb_cfg_timestamp=0) old= {{(pid=87607) matches /opt/stack/data/venv/lib/python3.12/site-packages/ovsdbapp/backend/ovs_idl/event.py:55}}
Aug 14 01:17:14.583674 np0000007298 devstack@neutron-api.service[87607]: DEBUG ovsdbapp.backend.ovs_idl.event [None req-565d2dac-7e08-4dd5-88d7-b56a88d027ef None None] Matched CREATE: ChassisOVNAgentWriteEvent(events=('create', 'update'), table='Chassis_Private', conditions=None, old_conditions=None), priority=20 to row=Chassis_Private(uuid=7d44e09f-28b1-4822-b212-dfc818a2cc13, chassis=2ee0854b-52ba-4009-851a-27132b8e4be3, external_ids={'neutron:ovn-bridge': 'br-int', 'neutron:ovn-neutron-agent-id': '5affe6f6-8172-575c-bccf-2425a5588905', 'neutron:ovn-neutron-agent-sb-cfg': '0'}, name='1b83255e-9cc0-42f5-96ec-727b3202780f', nb_cfg=0, nb_cfg_timestamp=0) old= {{(pid=87607) matches /opt/stack/data/venv/lib/python3.12/site-packages/ovsdbapp/backend/ovs_idl/event.py:55}}
Aug 14 01:17:14.585897 np0000007298 devstack@neutron-api.service[87607]: INFO neutron.plugins.ml2.drivers.ovn.mech_driver.mech_driver [None req-565d2dac-7e08-4dd5-88d7-b56a88d027ef None None] WorkerService process has finished the post initialization
Aug 14 01:17:14.586284 np0000007298 devstack@neutron-api.service[87607]: DEBUG oslo_concurrency.processutils [None req-565d2dac-7e08-4dd5-88d7-b56a88d027ef None None] Running cmd (subprocess): ovsdb-client transact ssl:10.4.3.17:6641 --timeout 180 -p /opt/stack/data/CA/int-ca/private/devstack-cert.key -c /opt/stack/data/CA/int-ca/devstack-cert.crt -C /opt/stack/data/CA/int-ca/ca-chain.pem ["OVN_Northbound", {"op": "wait", "timeout": 0, "table": "Port_Group", "where": [["name", "==", "pvlan_pg_drop"]], "until": "==", "rows": []}, {"op": "insert", "table": "ACL", "row": {"action": "drop", "direction": "to-lport", "match": "outport == @pvlan_pg_drop && ip", "priority": 1010}, "uuid-name": "pvlandroptoport"}, {"op": "insert", "table": "ACL", "row": {"action": "drop", "direction": "from-lport", "match": "inport == @pvlan_pg_drop && ip", "priority": 1010}, "uuid-name": "pvlandropfromport"}, {"op": "insert", "table": "Port_Group", "row": {"name": "pvlan_pg_drop", "acls": ["set", [["named-uuid", "pvlandroptoport"], ["named-uuid", "pvlandropfromport"]]]}}] {{(pid=87607) execute /opt/stack/data/venv/lib/python3.12/site-packages/oslo_concurrency/processutils.py:440}}
Aug 14 01:17:14.619160 np0000007298 devstack@neutron-api.service[87607]: DEBUG oslo_concurrency.processutils [None req-565d2dac-7e08-4dd5-88d7-b56a88d027ef None None] CMD "ovsdb-client transact ssl:10.4.3.17:6641 --timeout 180 -p /opt/stack/data/CA/int-ca/private/devstack-cert.key -c /opt/stack/data/CA/int-ca/devstack-cert.crt -C /opt/stack/data/CA/int-ca/ca-chain.pem ["OVN_Northbound", {"op": "wait", "timeout": 0, "table": "Port_Group", "where": [["name", "==", "pvlan_pg_drop"]], "until": "==", "rows": []}, {"op": "insert", "table": "ACL", "row": {"action": "drop", "direction": "to-lport", "match": "outport == @pvlan_pg_drop && ip", "priority": 1010}, "uuid-name": "pvlandroptoport"}, {"op": "insert", "table": "ACL", "row": {"action": "drop", "direction": "from-lport", "match": "inport == @pvlan_pg_drop && ip", "priority": 1010}, "uuid-name": "pvlandropfromport"}, {"op": "insert", "table": "Port_Group", "row": {"name": "pvlan_pg_drop", "acls": ["set", [["named-uuid", "pvlandroptoport"], ["named-uuid", "pvlandropfromport"]]]}}]" returned: 0 in 0.033s {{(pid=87607) execute /opt/stack/data/venv/lib/python3.12/site-packages/oslo_concurrency/processutils.py:468}}
Aug 14 01:17:14.621511 np0000007298 devstack@neutron-api.service[87607]: WSGI app 0 (mountpoint='') ready in 8 seconds on interpreter 0x74b12f6a4668 pid: 87607 (default app)
Aug 14 01:17:15.359090 np0000007298 devstack@neutron-api.service[87606]: DEBUG neutron.plugins.ml2.drivers.ovn.mech_driver.ovsdb.ovsdb_monitor [-] Hash Ring: Node dbcda0a36b165617bf38d3085f2c2e4e (host: np0000007298) handling event "update" for row fd145b50-21e9-4e27-a460-ca6b283879e5 (table: Connection) {{(pid=87606) notify /opt/stack/neutron/neutron/plugins/ml2/drivers/ovn/mech_driver/ovsdb/ovsdb_monitor.py:1099}}
Aug 14 01:17:15.360584 np0000007298 devstack@neutron-api.service[87608]: DEBUG neutron.common.ovn.hash_ring_manager [-] Allow caching, nodes 3>=3 {{(pid=87608) _wait_startup_before_caching /opt/stack/neutron/neutron/common/ovn/hash_ring_manager.py:71}}
Aug 14 01:17:15.360996 np0000007298 devstack@neutron-api.service[87608]: DEBUG neutron.plugins.ml2.drivers.ovn.mech_driver.ovsdb.ovsdb_monitor [-] Hash Ring: Node 694c191d49ea5155af178b33f4500b01 (host: np0000007298) handling event "update" for row fd145b50-21e9-4e27-a460-ca6b283879e5 (table: Connection) {{(pid=87608) notify /opt/stack/neutron/neutron/plugins/ml2/drivers/ovn/mech_driver/ovsdb/ovsdb_monitor.py:1099}}
Aug 14 01:17:17.858906 np0000007298 devstack@neutron-api.service[87608]: DEBUG neutron.plugins.ml2.drivers.ovn.mech_driver.ovsdb.ovsdb_monitor [-] Hash Ring: Node 694c191d49ea5155af178b33f4500b01 (host: np0000007298) handling event "update" for row fd145b50-21e9-4e27-a460-ca6b283879e5 (table: Connection) {{(pid=87608) notify /opt/stack/neutron/neutron/plugins/ml2/drivers/ovn/mech_driver/ovsdb/ovsdb_monitor.py:1099}}
Aug 14 01:17:17.860330 np0000007298 devstack@neutron-api.service[87606]: DEBUG neutron.plugins.ml2.drivers.ovn.mech_driver.ovsdb.ovsdb_monitor [-] Hash Ring: Node dbcda0a36b165617bf38d3085f2c2e4e (host: np0000007298) handling event "update" for row fd145b50-21e9-4e27-a460-ca6b283879e5 (table: Connection) {{(pid=87606) notify /opt/stack/neutron/neutron/plugins/ml2/drivers/ovn/mech_driver/ovsdb/ovsdb_monitor.py:1099}}
Aug 14 01:17:18.942346 np0000007298 devstack@neutron-api.service[87608]: DEBUG neutron.api.wsgi [None req-90ece402-a21a-4cbc-8ade-967b879da9bb admin admin] Missing Content-Type {{(pid=87608) get_content_type /opt/stack/neutron/neutron/api/wsgi.py:80}}
Aug 14 01:17:18.942907 np0000007298 devstack@neutron-api.service[87608]: DEBUG neutron.api.wsgi [None req-90ece402-a21a-4cbc-8ade-967b879da9bb admin admin] https://10.4.3.17/networking/v2.0/extensions returned with HTTP 200 {{(pid=87608) __call__ /opt/stack/neutron/neutron/api/wsgi.py:540}}
Aug 14 01:17:18.943354 np0000007298 devstack@neutron-api.service[87608]: [pid: 87608|app: 0|req: 2/2] 10.4.3.17 () {64 vars in 1285 bytes} [Fri Aug 14 01:17:18 2026] GET /networking/v2.0/extensions => generated 16171 bytes in 661 msecs (HTTP/1.1 200) 4 headers in 159 bytes (1 switches on core 0)
Aug 14 01:17:19.383621 np0000007298 devstack@neutron-api.service[87606]: DEBUG neutron.api.v2.base [None req-f7113557-4cd1-4ad2-97fa-f0515a6a02b0 admin admin] Request body: {'subnetpool': {'default_prefixlen': 26, 'name': 'shared-default-subnetpool-v4', 'is_default': True, 'shared': True, 'prefixes': ['10.1.0.0/20']}} {{(pid=87606) prepare_request_body /opt/stack/neutron/neutron/api/v2/base.py:727}}
Aug 14 01:17:19.623749 np0000007298 devstack@neutron-api.service[87606]: DEBUG neutron.policy [None req-f7113557-4cd1-4ad2-97fa-f0515a6a02b0 admin admin] Loaded default policies from ['neutron'] under neutron.policies entry points {{(pid=87606) register_rules /opt/stack/neutron/neutron/policy.py:65}}
Aug 14 01:17:19.780934 np0000007298 devstack@neutron-api.service[87606]: DEBUG neutron_lib.callbacks.manager [None req-f7113557-4cd1-4ad2-97fa-f0515a6a02b0 admin admin] Publish callbacks ['neutron.objects.securitygroup.RbacNeutronDbObjectMixin.validate_rbac_policy_change-1633945654351', 'neutron.objects.address_group.RbacNeutronDbObjectMixin.validate_rbac_policy_change-1633945763258', 'neutron.objects.network.RbacNeutronDbObjectMixin.validate_rbac_policy_change-1633946667240', 'neutron.objects.qos.policy.RbacNeutronDbObjectMixin.validate_rbac_policy_change-1633946672400', 'neutron.objects.subnetpool.RbacNeutronDbObjectMixin.validate_rbac_policy_change-1633946647722', 'neutron.objects.address_scope.RbacNeutronDbObjectMixin.validate_rbac_policy_change-1633946644490', 'neutron.plugins.ml2.plugin.External_net_db_mixin._process_ext_policy_create-38951', 'neutron.plugins.ml2.plugin.NeutronDbPluginV2.validate_network_rbac_policy_change-57627'] for rbac-policy (None), before_create {{(pid=87606) _notify_loop /opt/stack/data/venv/lib/python3.12/site-packages/neutron_lib/callbacks/manager.py:184}}
Aug 14 01:17:19.826314 np0000007298 devstack@neutron-api.service[87606]: DEBUG neutron_lib.callbacks.manager [None req-f7113557-4cd1-4ad2-97fa-f0515a6a02b0 admin admin] Publish callbacks [] for subnetpool (None), before_response {{(pid=87606) _notify_loop /opt/stack/data/venv/lib/python3.12/site-packages/neutron_lib/callbacks/manager.py:184}}
Aug 14 01:17:19.826871 np0000007298 devstack@neutron-api.service[87606]: [pid: 87606|app: 0|req: 1/3] 10.4.3.17 () {68 vars in 1329 bytes} [Fri Aug 14 01:17:19 2026] POST /networking/v2.0/subnetpools => generated 533 bytes in 543 msecs (HTTP/1.1 201) 4 headers in 162 bytes (1 switches on core 0)
Aug 14 01:17:20.220706 np0000007298 devstack@neutron-api.service[87607]: DEBUG neutron.api.v2.base [None req-63d56b30-5208-4a37-be53-847b6d783d35 admin admin] Request body: {'subnetpool': {'default_prefixlen': 64, 'name': 'shared-default-subnetpool-v6', 'is_default': True, 'shared': True, 'prefixes': ['fd90:7e21:1f3b::/56']}} {{(pid=87607) prepare_request_body /opt/stack/neutron/neutron/api/v2/base.py:727}}
Aug 14 01:17:20.386037 np0000007298 devstack@neutron-api.service[87607]: DEBUG neutron.policy [None req-63d56b30-5208-4a37-be53-847b6d783d35 admin admin] Loaded default policies from ['neutron'] under neutron.policies entry points {{(pid=87607) register_rules /opt/stack/neutron/neutron/policy.py:65}}
Aug 14 01:17:20.528046 np0000007298 devstack@neutron-api.service[87607]: DEBUG neutron_lib.callbacks.manager [None req-63d56b30-5208-4a37-be53-847b6d783d35 admin admin] Publish callbacks ['neutron.objects.securitygroup.RbacNeutronDbObjectMixin.validate_rbac_policy_change-1633946625324', 'neutron.objects.address_group.RbacNeutronDbObjectMixin.validate_rbac_policy_change-1633946586328', 'neutron.objects.network.RbacNeutronDbObjectMixin.validate_rbac_policy_change-1633946669952', 'neutron.objects.qos.policy.RbacNeutronDbObjectMixin.validate_rbac_policy_change-1633946677338', 'neutron.objects.subnetpool.RbacNeutronDbObjectMixin.validate_rbac_policy_change-1633946656222', 'neutron.objects.address_scope.RbacNeutronDbObjectMixin.validate_rbac_policy_change-1633946690896', 'neutron.plugins.ml2.plugin.External_net_db_mixin._process_ext_policy_create-1528400', 'neutron.plugins.ml2.plugin.NeutronDbPluginV2.validate_network_rbac_policy_change-1513064'] for rbac-policy (None), before_create {{(pid=87607) _notify_loop /opt/stack/data/venv/lib/python3.12/site-packages/neutron_lib/callbacks/manager.py:184}}
Aug 14 01:17:20.570804 np0000007298 devstack@neutron-api.service[87607]: DEBUG neutron_lib.callbacks.manager [None req-63d56b30-5208-4a37-be53-847b6d783d35 admin admin] Publish callbacks [] for subnetpool (None), before_response {{(pid=87607) _notify_loop /opt/stack/data/venv/lib/python3.12/site-packages/neutron_lib/callbacks/manager.py:184}}
Aug 14 01:17:20.571354 np0000007298 devstack@neutron-api.service[87607]: [pid: 87607|app: 0|req: 1/4] 10.4.3.17 () {68 vars in 1329 bytes} [Fri Aug 14 01:17:20 2026] POST /networking/v2.0/subnetpools => generated 543 bytes in 448 msecs (HTTP/1.1 201) 4 headers in 162 bytes (1 switches on core 0)
Aug 14 01:17:20.851798 np0000007298 devstack@neutron-api.service[87608]: DEBUG neutron.api.v2.base [None req-4a170583-b31d-43aa-a12c-b40e47004fc5 admin admin] Request body: {'network': {'name': 'private', 'admin_state_up': True}} {{(pid=87608) prepare_request_body /opt/stack/neutron/neutron/api/v2/base.py:727}}
Aug 14 01:17:20.883209 np0000007298 devstack@neutron-api.service[87608]: DEBUG neutron.pecan_wsgi.hooks.quota_enforcement [None req-4a170583-b31d-43aa-a12c-b40e47004fc5 admin admin] Made reservation on behalf of 43306b718ac042d2bec1c021bc8e9b7f for: {'network': 1} {{(pid=87608) before /opt/stack/neutron/neutron/pecan_wsgi/hooks/quota_enforcement.py:66}}
Aug 14 01:17:21.060420 np0000007298 devstack@neutron-api.service[87608]: DEBUG neutron.policy [None req-4a170583-b31d-43aa-a12c-b40e47004fc5 admin admin] Loaded default policies from ['neutron'] under neutron.policies entry points {{(pid=87608) register_rules /opt/stack/neutron/neutron/policy.py:65}}
Aug 14 01:17:21.175864 np0000007298 devstack@neutron-api.service[87608]: DEBUG neutron_lib.callbacks.manager [None req-4a170583-b31d-43aa-a12c-b40e47004fc5 admin admin] Publish callbacks ['neutron.plugins.ml2.plugin.SecurityGroupDbMixin._ensure_default_security_group_handler-829704'] for network (None), before_create {{(pid=87608) _notify_loop /opt/stack/data/venv/lib/python3.12/site-packages/neutron_lib/callbacks/manager.py:184}}
Aug 14 01:17:21.200410 np0000007298 devstack@neutron-api.service[87608]: DEBUG neutron_lib.callbacks.manager [None req-4a170583-b31d-43aa-a12c-b40e47004fc5 admin admin] Publish callbacks [] for security_group (None), before_create {{(pid=87608) _notify_loop /opt/stack/data/venv/lib/python3.12/site-packages/neutron_lib/callbacks/manager.py:184}}
Aug 14 01:17:21.338684 np0000007298 devstack@neutron-api.service[87608]: DEBUG neutron_lib.callbacks.manager [None req-4a170583-b31d-43aa-a12c-b40e47004fc5 admin admin] Publish callbacks ['neutron.plugins.ml2.drivers.ovn.mech_driver.mech_driver.OVNMechanismDriver._create_security_group_precommit-459205'] for security_group (98e05448-43a7-4bb7-8d9f-089642298f04), precommit_create {{(pid=87608) _notify_loop /opt/stack/data/venv/lib/python3.12/site-packages/neutron_lib/callbacks/manager.py:184}}
Aug 14 01:17:21.338912 np0000007298 devstack@neutron-api.service[87608]: DEBUG neutron.db.ovn_revision_numbers_db [None req-4a170583-b31d-43aa-a12c-b40e47004fc5 admin admin] create_initial_revision uuid=98e05448-43a7-4bb7-8d9f-089642298f04, type=security_groups, rev=-1 {{(pid=87608) create_initial_revision /opt/stack/neutron/neutron/db/ovn_revision_numbers_db.py:98}}
Aug 14 01:17:21.342220 np0000007298 devstack@neutron-api.service[87608]: DEBUG neutron.db.ovn_revision_numbers_db [None req-4a170583-b31d-43aa-a12c-b40e47004fc5 admin admin] create_initial_revision uuid=2138dd6d-ca5a-4b1e-99a7-093a961494c2, type=security_group_rules, rev=-1 {{(pid=87608) create_initial_revision /opt/stack/neutron/neutron/db/ovn_revision_numbers_db.py:98}}
Aug 14 01:17:21.343586 np0000007298 devstack@neutron-api.service[87608]: DEBUG neutron.db.ovn_revision_numbers_db [None req-4a170583-b31d-43aa-a12c-b40e47004fc5 admin admin] create_initial_revision uuid=22a25468-4116-485a-bb3e-130619856b31, type=security_group_rules, rev=-1 {{(pid=87608) create_initial_revision /opt/stack/neutron/neutron/db/ovn_revision_numbers_db.py:98}}
Aug 14 01:17:21.344857 np0000007298 devstack@neutron-api.service[87608]: DEBUG neutron.db.ovn_revision_numbers_db [None req-4a170583-b31d-43aa-a12c-b40e47004fc5 admin admin] create_initial_revision uuid=47dd85f7-021c-4e2a-9516-c67c3dfbf885, type=security_group_rules, rev=-1 {{(pid=87608) create_initial_revision /opt/stack/neutron/neutron/db/ovn_revision_numbers_db.py:98}}
Aug 14 01:17:21.346083 np0000007298 devstack@neutron-api.service[87608]: DEBUG neutron.db.ovn_revision_numbers_db [None req-4a170583-b31d-43aa-a12c-b40e47004fc5 admin admin] create_initial_revision uuid=c14b0841-5cf7-403e-9321-efdcfe4b3801, type=security_group_rules, rev=-1 {{(pid=87608) create_initial_revision /opt/stack/neutron/neutron/db/ovn_revision_numbers_db.py:98}}
Aug 14 01:17:21.351189 np0000007298 devstack@neutron-api.service[87608]: DEBUG neutron_lib.callbacks.manager [None req-4a170583-b31d-43aa-a12c-b40e47004fc5 admin admin] Publish callbacks ['neutron.plugins.ml2.drivers.ovn.mech_driver.mech_driver.OVNMechanismDriver._create_security_group-459211', 'neutron.plugins.ml2.ovo_rpc._ObjectChangeHandler.handle_event-15946807'] for security_group (98e05448-43a7-4bb7-8d9f-089642298f04), after_create {{(pid=87608) _notify_loop /opt/stack/data/venv/lib/python3.12/site-packages/neutron_lib/callbacks/manager.py:184}}
Aug 14 01:17:21.352017 np0000007298 devstack@neutron-api.service[87608]: DEBUG ovsdbapp.backend.ovs_idl.transaction [-] Running txn n=1 command(idx=0): PgAddCommand(_result=None, name=pg_98e05448_43a7_4bb7_8d9f_089642298f04, may_exist=False, columns={'acls': [], 'external_ids': {'neutron:security_group_id': '98e05448-43a7-4bb7-8d9f-089642298f04'}}) {{(pid=87608) do_commit /opt/stack/data/venv/lib/python3.12/site-packages/ovsdbapp/backend/ovs_idl/transaction.py:89}}
Aug 14 01:17:21.353092 np0000007298 devstack@neutron-api.service[87608]: DEBUG ovsdbapp.backend.ovs_idl.transaction [-] Running txn n=1 command(idx=1): PgAclAddCommand(_result=None, entity=pg_98e05448_43a7_4bb7_8d9f_089642298f04, direction=to-lport, priority=1002, match=outport == @pg_98e05448_43a7_4bb7_8d9f_089642298f04 && ip6 && ip6.src == $pg_98e05448_43a7_4bb7_8d9f_089642298f04_ip6, action=allow-related, log=False, may_exist=True, severity=[], name=[], meter=[], external_ids={'neutron:security_group_rule_id': '2138dd6d-ca5a-4b1e-99a7-093a961494c2'}) {{(pid=87608) do_commit /opt/stack/data/venv/lib/python3.12/site-packages/ovsdbapp/backend/ovs_idl/transaction.py:89}}
Aug 14 01:17:21.353465 np0000007298 devstack@neutron-api.service[87608]: DEBUG ovsdbapp.backend.ovs_idl.transaction [-] Running txn n=1 command(idx=2): PgAclAddCommand(_result=None, entity=pg_98e05448_43a7_4bb7_8d9f_089642298f04, direction=from-lport, priority=1002, match=inport == @pg_98e05448_43a7_4bb7_8d9f_089642298f04 && ip4, action=allow-related, log=False, may_exist=True, severity=[], name=[], meter=[], external_ids={'neutron:security_group_rule_id': '22a25468-4116-485a-bb3e-130619856b31'}) {{(pid=87608) do_commit /opt/stack/data/venv/lib/python3.12/site-packages/ovsdbapp/backend/ovs_idl/transaction.py:89}}
Aug 14 01:17:21.353772 np0000007298 devstack@neutron-api.service[87608]: DEBUG ovsdbapp.backend.ovs_idl.transaction [-] Running txn n=1 command(idx=3): PgAclAddCommand(_result=None, entity=pg_98e05448_43a7_4bb7_8d9f_089642298f04, direction=to-lport, priority=1002, match=outport == @pg_98e05448_43a7_4bb7_8d9f_089642298f04 && ip4 && ip4.src == $pg_98e05448_43a7_4bb7_8d9f_089642298f04_ip4, action=allow-related, log=False, may_exist=True, severity=[], name=[], meter=[], external_ids={'neutron:security_group_rule_id': '47dd85f7-021c-4e2a-9516-c67c3dfbf885'}) {{(pid=87608) do_commit /opt/stack/data/venv/lib/python3.12/site-packages/ovsdbapp/backend/ovs_idl/transaction.py:89}}
Aug 14 01:17:21.353999 np0000007298 devstack@neutron-api.service[87608]: DEBUG ovsdbapp.backend.ovs_idl.transaction [-] Running txn n=1 command(idx=4): PgAclAddCommand(_result=None, entity=pg_98e05448_43a7_4bb7_8d9f_089642298f04, direction=from-lport, priority=1002, match=inport == @pg_98e05448_43a7_4bb7_8d9f_089642298f04 && ip6, action=allow-related, log=False, may_exist=True, severity=[], name=[], meter=[], external_ids={'neutron:security_group_rule_id': 'c14b0841-5cf7-403e-9321-efdcfe4b3801'}) {{(pid=87608) do_commit /opt/stack/data/venv/lib/python3.12/site-packages/ovsdbapp/backend/ovs_idl/transaction.py:89}}
Aug 14 01:17:21.358822 np0000007298 devstack@neutron-api.service[87608]: DEBUG neutron.plugins.ml2.drivers.ovn.mech_driver.ovsdb.ovsdb_monitor [-] Hash Ring: Node 694c191d49ea5155af178b33f4500b01 (host: np0000007298) handling event "create" for row 21f7857b-22a6-4a96-8b72-0b0aa56aaf01 (table: ACL) {{(pid=87608) notify /opt/stack/neutron/neutron/plugins/ml2/drivers/ovn/mech_driver/ovsdb/ovsdb_monitor.py:1099}}
Aug 14 01:17:21.360314 np0000007298 devstack@neutron-api.service[87608]: DEBUG neutron.plugins.ml2.drivers.ovn.mech_driver.ovsdb.ovsdb_monitor [-] Hash Ring: Node 694c191d49ea5155af178b33f4500b01 (host: np0000007298) handling event "create" for row 22ea9aff-e5a0-4d40-9d33-6cfdc28ecb57 (table: ACL) {{(pid=87608) notify /opt/stack/neutron/neutron/plugins/ml2/drivers/ovn/mech_driver/ovsdb/ovsdb_monitor.py:1099}}
Aug 14 01:17:21.360314 np0000007298 devstack@neutron-api.service[87608]: DEBUG neutron.plugins.ml2.drivers.ovn.mech_driver.ovsdb.ovsdb_monitor [-] Hash Ring: Node 694c191d49ea5155af178b33f4500b01 (host: np0000007298) handling event "create" for row 5a9bc6ab-d9a4-45aa-9ba5-9330233fe0b4 (table: ACL) {{(pid=87608) notify /opt/stack/neutron/neutron/plugins/ml2/drivers/ovn/mech_driver/ovsdb/ovsdb_monitor.py:1099}}
Aug 14 01:17:21.360314 np0000007298 devstack@neutron-api.service[87608]: DEBUG neutron.plugins.ml2.drivers.ovn.mech_driver.ovsdb.ovsdb_monitor [-] Hash Ring: Node 694c191d49ea5155af178b33f4500b01 (host: np0000007298) handling event "create" for row 76e6f9a4-5dcf-4a21-b521-198b3ea09161 (table: ACL) {{(pid=87608) notify /opt/stack/neutron/neutron/plugins/ml2/drivers/ovn/mech_driver/ovsdb/ovsdb_monitor.py:1099}}
Aug 14 01:17:21.360314 np0000007298 devstack@neutron-api.service[87608]: DEBUG neutron.plugins.ml2.drivers.ovn.mech_driver.ovsdb.ovsdb_monitor [-] Hash Ring: Node 694c191d49ea5155af178b33f4500b01 (host: np0000007298) handling event "create" for row 56c7e820-8263-4d0c-b5d4-88a83dd80809 (table: Port_Group) {{(pid=87608) notify /opt/stack/neutron/neutron/plugins/ml2/drivers/ovn/mech_driver/ovsdb/ovsdb_monitor.py:1099}}
Aug 14 01:17:21.360731 np0000007298 devstack@neutron-api.service[87607]: DEBUG neutron.plugins.ml2.drivers.ovn.mech_driver.ovsdb.ovsdb_monitor [-] Hash Ring: Node ba9d0552f2c15d4db665efde988a1f7e (host: np0000007298) handling event "create" for row 22ea9aff-e5a0-4d40-9d33-6cfdc28ecb57 (table: ACL) {{(pid=87607) notify /opt/stack/neutron/neutron/plugins/ml2/drivers/ovn/mech_driver/ovsdb/ovsdb_monitor.py:1099}}
Aug 14 01:17:21.361232 np0000007298 devstack@neutron-api.service[87607]: DEBUG neutron.plugins.ml2.drivers.ovn.mech_driver.ovsdb.ovsdb_monitor [-] Hash Ring: Node ba9d0552f2c15d4db665efde988a1f7e (host: np0000007298) handling event "create" for row 5a9bc6ab-d9a4-45aa-9ba5-9330233fe0b4 (table: ACL) {{(pid=87607) notify /opt/stack/neutron/neutron/plugins/ml2/drivers/ovn/mech_driver/ovsdb/ovsdb_monitor.py:1099}}
Aug 14 01:17:21.361232 np0000007298 devstack@neutron-api.service[87607]: DEBUG neutron.plugins.ml2.drivers.ovn.mech_driver.ovsdb.ovsdb_monitor [-] Hash Ring: Node ba9d0552f2c15d4db665efde988a1f7e (host: np0000007298) handling event "create" for row 76e6f9a4-5dcf-4a21-b521-198b3ea09161 (table: ACL) {{(pid=87607) notify /opt/stack/neutron/neutron/plugins/ml2/drivers/ovn/mech_driver/ovsdb/ovsdb_monitor.py:1099}}
Aug 14 01:17:21.361232 np0000007298 devstack@neutron-api.service[87607]: DEBUG neutron.plugins.ml2.drivers.ovn.mech_driver.ovsdb.ovsdb_monitor [-] Hash Ring: Node ba9d0552f2c15d4db665efde988a1f7e (host: np0000007298) handling event "create" for row 56c7e820-8263-4d0c-b5d4-88a83dd80809 (table: Port_Group) {{(pid=87607) notify /opt/stack/neutron/neutron/plugins/ml2/drivers/ovn/mech_driver/ovsdb/ovsdb_monitor.py:1099}}
Aug 14 01:17:21.393730 np0000007298 devstack@neutron-api.service[87608]: INFO neutron.db.ovn_revision_numbers_db [None req-4a170583-b31d-43aa-a12c-b40e47004fc5 admin admin] Successfully bumped revision number for resource 98e05448-43a7-4bb7-8d9f-089642298f04 (type: security_groups) to 1
Aug 14 01:17:21.411174 np0000007298 devstack@neutron-api.service[87608]: INFO neutron.db.ovn_revision_numbers_db [None req-4a170583-b31d-43aa-a12c-b40e47004fc5 admin admin] Successfully bumped revision number for resource 2138dd6d-ca5a-4b1e-99a7-093a961494c2 (type: security_group_rules) to 0
Aug 14 01:17:21.427202 np0000007298 devstack@neutron-api.service[87608]: INFO neutron.db.ovn_revision_numbers_db [None req-4a170583-b31d-43aa-a12c-b40e47004fc5 admin admin] Successfully bumped revision number for resource 22a25468-4116-485a-bb3e-130619856b31 (type: security_group_rules) to 0
Aug 14 01:17:21.443125 np0000007298 devstack@neutron-api.service[87608]: INFO neutron.db.ovn_revision_numbers_db [None req-4a170583-b31d-43aa-a12c-b40e47004fc5 admin admin] Successfully bumped revision number for resource 47dd85f7-021c-4e2a-9516-c67c3dfbf885 (type: security_group_rules) to 0
Aug 14 01:17:21.457638 np0000007298 devstack@neutron-api.service[87608]: INFO neutron.db.ovn_revision_numbers_db [None req-4a170583-b31d-43aa-a12c-b40e47004fc5 admin admin] Successfully bumped revision number for resource c14b0841-5cf7-403e-9321-efdcfe4b3801 (type: security_group_rules) to 0
Aug 14 01:17:21.491196 np0000007298 devstack@neutron-api.service[87608]: DEBUG neutron.api.rpc.handlers.resources_rpc [None req-4a170583-b31d-43aa-a12c-b40e47004fc5 admin admin] Pushing event updated for resources: {'SecurityGroup': ['ID=98e05448-43a7-4bb7-8d9f-089642298f04,revision_number=1']} {{(pid=87608) push /opt/stack/neutron/neutron/api/rpc/handlers/resources_rpc.py:237}}
Aug 14 01:17:21.499876 np0000007298 devstack@neutron-api.service[87608]: DEBUG ovsdbapp.backend.ovs_idl.transaction [-] Running txn n=1 command(idx=0): CheckLivenessCommand(_result=None) {{(pid=87608) do_commit /opt/stack/data/venv/lib/python3.12/site-packages/ovsdbapp/backend/ovs_idl/transaction.py:89}}
Aug 14 01:17:21.502857 np0000007298 devstack@neutron-api.service[87608]: DEBUG neutron.plugins.ml2.drivers.ovn.mech_driver.ovsdb.ovsdb_monitor [-] Hash Ring: Node 694c191d49ea5155af178b33f4500b01 (host: np0000007298) handling event "update" for row 85f023ff-7b9a-4f56-913c-76fb84b0e351 (table: NB_Global) {{(pid=87608) notify /opt/stack/neutron/neutron/plugins/ml2/drivers/ovn/mech_driver/ovsdb/ovsdb_monitor.py:1099}}
Aug 14 01:17:21.504540 np0000007298 devstack@neutron-api.service[87608]: DEBUG neutron.plugins.ml2.drivers.ovn.mech_driver.ovsdb.ovsdb_monitor [-] Hash Ring: Node 694c191d49ea5155af178b33f4500b01 (host: np0000007298) handling event "update" for row 85f023ff-7b9a-4f56-913c-76fb84b0e351 (table: NB_Global) {{(pid=87608) notify /opt/stack/neutron/neutron/plugins/ml2/drivers/ovn/mech_driver/ovsdb/ovsdb_monitor.py:1099}}
Aug 14 01:17:21.507982 np0000007298 devstack@neutron-api.service[87607]: DEBUG ovsdbapp.backend.ovs_idl.event [-] Matched UPDATE: ChassisAgentWriteEvent(events=('create', 'update'), table='Chassis_Private', conditions=None, old_conditions=None), priority=20 to row=Chassis_Private(uuid=7d44e09f-28b1-4822-b212-dfc818a2cc13, chassis=2ee0854b-52ba-4009-851a-27132b8e4be3, external_ids={'neutron:ovn-bridge': 'br-int', 'neutron:ovn-neutron-agent-id': '5affe6f6-8172-575c-bccf-2425a5588905', 'neutron:ovn-neutron-agent-sb-cfg': '0'}, name='1b83255e-9cc0-42f5-96ec-727b3202780f', nb_cfg=1, nb_cfg_timestamp=1786670241503) old=Chassis_Private(uuid=7d44e09f-28b1-4822-b212-dfc818a2cc13, nb_cfg=0, nb_cfg_timestamp=0) {{(pid=87607) matches /opt/stack/data/venv/lib/python3.12/site-packages/ovsdbapp/backend/ovs_idl/event.py:55}}
Aug 14 01:17:21.508324 np0000007298 devstack@neutron-api.service[87608]: DEBUG neutron.api.rpc.callbacks.version_manager [None req-4a170583-b31d-43aa-a12c-b40e47004fc5 admin admin] Tracked resource versions report:
Aug 14 01:17:21.508324 np0000007298 devstack@neutron-api.service[87608]: pushed versions:
Aug 14 01:17:21.508324 np0000007298 devstack@neutron-api.service[87608]: { 'AddressGroup': {'1.2'},
Aug 14 01:17:21.508324 np0000007298 devstack@neutron-api.service[87608]: 'Agent': {'1.1'},
Aug 14 01:17:21.508324 np0000007298 devstack@neutron-api.service[87608]: 'ConntrackHelper': {'1.0'},
Aug 14 01:17:21.508324 np0000007298 devstack@neutron-api.service[87608]: 'LocalIPAssociation': {'1.0'},
Aug 14 01:17:21.508324 np0000007298 devstack@neutron-api.service[87608]: 'Log': {'1.0'},
Aug 14 01:17:21.508324 np0000007298 devstack@neutron-api.service[87608]: 'NDPProxy': {'1.0'},
Aug 14 01:17:21.508324 np0000007298 devstack@neutron-api.service[87608]: 'Network': {'1.3'},
Aug 14 01:17:21.508324 np0000007298 devstack@neutron-api.service[87608]: 'Port': {'1.11'},
Aug 14 01:17:21.508324 np0000007298 devstack@neutron-api.service[87608]: 'PortForwarding': {'1.3'},
Aug 14 01:17:21.508324 np0000007298 devstack@neutron-api.service[87608]: 'QosPolicy': {'1.10'},
Aug 14 01:17:21.508324 np0000007298 devstack@neutron-api.service[87608]: 'SecurityGroup': {'1.6'},
Aug 14 01:17:21.508324 np0000007298 devstack@neutron-api.service[87608]: 'SecurityGroupRule': {'1.3'},
Aug 14 01:17:21.508324 np0000007298 devstack@neutron-api.service[87608]: 'SubPort': {'1.0'},
Aug 14 01:17:21.508324 np0000007298 devstack@neutron-api.service[87608]: 'Subnet': {'1.2'},
Aug 14 01:17:21.508324 np0000007298 devstack@neutron-api.service[87608]: 'Trunk': {'1.1'}}
Aug 14 01:17:21.508324 np0000007298 devstack@neutron-api.service[87608]: consumer versions:
Aug 14 01:17:21.508324 np0000007298 devstack@neutron-api.service[87608]: {}
Aug 14 01:17:21.508324 np0000007298 devstack@neutron-api.service[87608]: {{(pid=87608) report /opt/stack/neutron/neutron/api/rpc/callbacks/version_manager.py:183}}
Aug 14 01:17:21.509252 np0000007298 devstack@neutron-api.service[87606]: DEBUG ovsdbapp.backend.ovs_idl.event [-] Matched UPDATE: ChassisAgentWriteEvent(events=('create', 'update'), table='Chassis_Private', conditions=None, old_conditions=None), priority=20 to row=Chassis_Private(uuid=7d44e09f-28b1-4822-b212-dfc818a2cc13, chassis=2ee0854b-52ba-4009-851a-27132b8e4be3, external_ids={'neutron:ovn-bridge': 'br-int', 'neutron:ovn-neutron-agent-id': '5affe6f6-8172-575c-bccf-2425a5588905', 'neutron:ovn-neutron-agent-sb-cfg': '0'}, name='1b83255e-9cc0-42f5-96ec-727b3202780f', nb_cfg=1, nb_cfg_timestamp=1786670241503) old=Chassis_Private(uuid=7d44e09f-28b1-4822-b212-dfc818a2cc13, nb_cfg=0, nb_cfg_timestamp=0) {{(pid=87606) matches /opt/stack/data/venv/lib/python3.12/site-packages/ovsdbapp/backend/ovs_idl/event.py:55}}
Aug 14 01:17:21.509792 np0000007298 devstack@neutron-api.service[87606]: DEBUG neutron.plugins.ml2.drivers.ovn.mech_driver.ovsdb.ovsdb_monitor [-] Hash Ring: Node dbcda0a36b165617bf38d3085f2c2e4e (host: np0000007298) handling event "update" for row 7d44e09f-28b1-4822-b212-dfc818a2cc13 (table: Chassis_Private) {{(pid=87606) notify /opt/stack/neutron/neutron/plugins/ml2/drivers/ovn/mech_driver/ovsdb/ovsdb_monitor.py:1099}}
Aug 14 01:17:21.516519 np0000007298 devstack@neutron-api.service[87608]: DEBUG ovsdbapp.backend.ovs_idl.event [-] Matched UPDATE: ChassisAgentWriteEvent(events=('create', 'update'), table='Chassis_Private', conditions=None, old_conditions=None), priority=20 to row=Chassis_Private(uuid=7d44e09f-28b1-4822-b212-dfc818a2cc13, chassis=2ee0854b-52ba-4009-851a-27132b8e4be3, external_ids={'neutron:ovn-bridge': 'br-int', 'neutron:ovn-neutron-agent-id': '5affe6f6-8172-575c-bccf-2425a5588905', 'neutron:ovn-neutron-agent-sb-cfg': '0'}, name='1b83255e-9cc0-42f5-96ec-727b3202780f', nb_cfg=1, nb_cfg_timestamp=1786670241503) old=Chassis_Private(uuid=7d44e09f-28b1-4822-b212-dfc818a2cc13, nb_cfg=0, nb_cfg_timestamp=0) {{(pid=87608) matches /opt/stack/data/venv/lib/python3.12/site-packages/ovsdbapp/backend/ovs_idl/event.py:55}}
Aug 14 01:17:21.516654 np0000007298 devstack@neutron-api.service[87607]: DEBUG ovsdbapp.backend.ovs_idl.event [-] Matched UPDATE: ChassisOVNAgentWriteEvent(events=('create', 'update'), table='Chassis_Private', conditions=None, old_conditions=None), priority=20 to row=Chassis_Private(uuid=7d44e09f-28b1-4822-b212-dfc818a2cc13, chassis=2ee0854b-52ba-4009-851a-27132b8e4be3, external_ids={'neutron:ovn-bridge': 'br-int', 'neutron:ovn-neutron-agent-id': '5affe6f6-8172-575c-bccf-2425a5588905', 'neutron:ovn-neutron-agent-sb-cfg': '1'}, name='1b83255e-9cc0-42f5-96ec-727b3202780f', nb_cfg=1, nb_cfg_timestamp=1786670241503) old=Chassis_Private(uuid=7d44e09f-28b1-4822-b212-dfc818a2cc13, external_ids={'neutron:ovn-bridge': 'br-int', 'neutron:ovn-neutron-agent-id': '5affe6f6-8172-575c-bccf-2425a5588905', 'neutron:ovn-neutron-agent-sb-cfg': '0'}) {{(pid=87607) matches /opt/stack/data/venv/lib/python3.12/site-packages/ovsdbapp/backend/ovs_idl/event.py:55}}
Aug 14 01:17:21.516910 np0000007298 devstack@neutron-api.service[87606]: DEBUG ovsdbapp.backend.ovs_idl.event [-] Matched UPDATE: ChassisOVNAgentWriteEvent(events=('create', 'update'), table='Chassis_Private', conditions=None, old_conditions=None), priority=20 to row=Chassis_Private(uuid=7d44e09f-28b1-4822-b212-dfc818a2cc13, chassis=2ee0854b-52ba-4009-851a-27132b8e4be3, external_ids={'neutron:ovn-bridge': 'br-int', 'neutron:ovn-neutron-agent-id': '5affe6f6-8172-575c-bccf-2425a5588905', 'neutron:ovn-neutron-agent-sb-cfg': '1'}, name='1b83255e-9cc0-42f5-96ec-727b3202780f', nb_cfg=1, nb_cfg_timestamp=1786670241503) old=Chassis_Private(uuid=7d44e09f-28b1-4822-b212-dfc818a2cc13, external_ids={'neutron:ovn-bridge': 'br-int', 'neutron:ovn-neutron-agent-id': '5affe6f6-8172-575c-bccf-2425a5588905', 'neutron:ovn-neutron-agent-sb-cfg': '0'}) {{(pid=87606) matches /opt/stack/data/venv/lib/python3.12/site-packages/ovsdbapp/backend/ovs_idl/event.py:55}}
Aug 14 01:17:21.517535 np0000007298 devstack@neutron-api.service[87606]: DEBUG neutron.plugins.ml2.drivers.ovn.mech_driver.ovsdb.ovsdb_monitor [-] Hash Ring: Node dbcda0a36b165617bf38d3085f2c2e4e (host: np0000007298) handling event "update" for row 7d44e09f-28b1-4822-b212-dfc818a2cc13 (table: Chassis_Private) {{(pid=87606) notify /opt/stack/neutron/neutron/plugins/ml2/drivers/ovn/mech_driver/ovsdb/ovsdb_monitor.py:1099}}
Aug 14 01:17:21.518822 np0000007298 devstack@neutron-api.service[87608]: DEBUG neutron.plugins.ml2.drivers.ovn.mech_driver.ovsdb.ovsdb_monitor [-] Hash Ring: Node 694c191d49ea5155af178b33f4500b01 (host: np0000007298) handling event "update" for row 85f023ff-7b9a-4f56-913c-76fb84b0e351 (table: NB_Global) {{(pid=87608) notify /opt/stack/neutron/neutron/plugins/ml2/drivers/ovn/mech_driver/ovsdb/ovsdb_monitor.py:1099}}
Aug 14 01:17:21.519769 np0000007298 devstack@neutron-api.service[87608]: DEBUG neutron.plugins.ml2.drivers.ovn.mech_driver.ovsdb.ovsdb_monitor [-] Hash Ring: Node 694c191d49ea5155af178b33f4500b01 (host: np0000007298) handling event "update" for row 85f023ff-7b9a-4f56-913c-76fb84b0e351 (table: NB_Global) {{(pid=87608) notify /opt/stack/neutron/neutron/plugins/ml2/drivers/ovn/mech_driver/ovsdb/ovsdb_monitor.py:1099}}
Aug 14 01:17:21.523720 np0000007298 devstack@neutron-api.service[87608]: DEBUG neutron.common.ovn.hash_ring_manager [-] Allow caching, nodes 3>=3 {{(pid=87608) _wait_startup_before_caching /opt/stack/neutron/neutron/common/ovn/hash_ring_manager.py:71}}
Aug 14 01:17:21.523900 np0000007298 devstack@neutron-api.service[87608]: DEBUG neutron.plugins.ml2.drivers.ovn.mech_driver.ovsdb.ovsdb_monitor [-] Hash Ring: Node 694c191d49ea5155af178b33f4500b01 (host: np0000007298) handling event "update" for row 7d44e09f-28b1-4822-b212-dfc818a2cc13 (table: Chassis_Private) {{(pid=87608) notify /opt/stack/neutron/neutron/plugins/ml2/drivers/ovn/mech_driver/ovsdb/ovsdb_monitor.py:1099}}
Aug 14 01:17:21.525494 np0000007298 devstack@neutron-api.service[87608]: DEBUG ovsdbapp.backend.ovs_idl.event [-] Matched UPDATE: ChassisOVNAgentWriteEvent(events=('create', 'update'), table='Chassis_Private', conditions=None, old_conditions=None), priority=20 to row=Chassis_Private(uuid=7d44e09f-28b1-4822-b212-dfc818a2cc13, chassis=2ee0854b-52ba-4009-851a-27132b8e4be3, external_ids={'neutron:ovn-bridge': 'br-int', 'neutron:ovn-neutron-agent-id': '5affe6f6-8172-575c-bccf-2425a5588905', 'neutron:ovn-neutron-agent-sb-cfg': '1'}, name='1b83255e-9cc0-42f5-96ec-727b3202780f', nb_cfg=1, nb_cfg_timestamp=1786670241503) old=Chassis_Private(uuid=7d44e09f-28b1-4822-b212-dfc818a2cc13, external_ids={'neutron:ovn-bridge': 'br-int', 'neutron:ovn-neutron-agent-id': '5affe6f6-8172-575c-bccf-2425a5588905', 'neutron:ovn-neutron-agent-sb-cfg': '0'}) {{(pid=87608) matches /opt/stack/data/venv/lib/python3.12/site-packages/ovsdbapp/backend/ovs_idl/event.py:55}}
Aug 14 01:17:21.525803 np0000007298 devstack@neutron-api.service[87608]: DEBUG neutron.plugins.ml2.drivers.ovn.mech_driver.ovsdb.ovsdb_monitor [-] Hash Ring: Node 694c191d49ea5155af178b33f4500b01 (host: np0000007298) handling event "update" for row 7d44e09f-28b1-4822-b212-dfc818a2cc13 (table: Chassis_Private) {{(pid=87608) notify /opt/stack/neutron/neutron/plugins/ml2/drivers/ovn/mech_driver/ovsdb/ovsdb_monitor.py:1099}}
Aug 14 01:17:21.569031 np0000007298 devstack@neutron-api.service[87608]: DEBUG neutron.plugins.ml2.drivers.helpers [None req-4a170583-b31d-43aa-a12c-b40e47004fc5 admin admin] geneve segment allocate from pool success with {'geneve_vni': 41227} {{(pid=87608) allocate_partially_specified_segment /opt/stack/neutron/neutron/plugins/ml2/drivers/helpers.py:142}}
Aug 14 01:17:21.581099 np0000007298 devstack@neutron-api.service[87608]: DEBUG neutron_lib.callbacks.manager [None req-4a170583-b31d-43aa-a12c-b40e47004fc5 admin admin] Publish callbacks ['neutron.services.segments.db._add_segment_host_mapping_for_segment-8019014839330', 'neutron.plugins.ml2.plugin.Ml2Plugin._handle_segment_change-37282'] for segment (859b957e-c1ff-4a97-a363-87c5efa9abbf), precommit_create {{(pid=87608) _notify_loop /opt/stack/data/venv/lib/python3.12/site-packages/neutron_lib/callbacks/manager.py:184}}
Aug 14 01:17:21.581303 np0000007298 devstack@neutron-api.service[87608]: INFO neutron.db.segments_db [None req-4a170583-b31d-43aa-a12c-b40e47004fc5 admin admin] Added segment 859b957e-c1ff-4a97-a363-87c5efa9abbf of type geneve for network 9ba693d7-8b99-4513-9df8-d8bf511ddaec
Aug 14 01:17:21.627079 np0000007298 devstack@neutron-api.service[87608]: DEBUG neutron_lib.callbacks.manager [None req-4a170583-b31d-43aa-a12c-b40e47004fc5 admin admin] Publish callbacks ['neutron.services.auto_allocate.db._ensure_external_network_default_value_callback-8019013701202'] for network (9ba693d7-8b99-4513-9df8-d8bf511ddaec), precommit_create {{(pid=87608) _notify_loop /opt/stack/data/venv/lib/python3.12/site-packages/neutron_lib/callbacks/manager.py:184}}
Aug 14 01:17:21.648951 np0000007298 devstack@neutron-api.service[87608]: DEBUG neutron.plugins.ml2.drivers.ovn.mech_driver.mech_driver [None req-4a170583-b31d-43aa-a12c-b40e47004fc5 admin admin] Validating network segment with type geneve, segmentation ID 41227, physical network None {{(pid=87608) _validate_network_segments /opt/stack/neutron/neutron/plugins/ml2/drivers/ovn/mech_driver/mech_driver.py:624}}
Aug 14 01:17:21.649149 np0000007298 devstack@neutron-api.service[87608]: DEBUG neutron.db.ovn_revision_numbers_db [None req-4a170583-b31d-43aa-a12c-b40e47004fc5 admin admin] create_initial_revision uuid=9ba693d7-8b99-4513-9df8-d8bf511ddaec, type=networks, rev=-1 {{(pid=87608) create_initial_revision /opt/stack/neutron/neutron/db/ovn_revision_numbers_db.py:98}}
Aug 14 01:17:21.671438 np0000007298 devstack@neutron-api.service[87608]: DEBUG neutron_lib.callbacks.manager [None req-4a170583-b31d-43aa-a12c-b40e47004fc5 admin admin] Publish callbacks ['neutron.plugins.ml2.ovo_rpc._ObjectChangeHandler.handle_event-15946948'] for network (9ba693d7-8b99-4513-9df8-d8bf511ddaec), after_create {{(pid=87608) _notify_loop /opt/stack/data/venv/lib/python3.12/site-packages/neutron_lib/callbacks/manager.py:184}}
Aug 14 01:17:21.750282 np0000007298 devstack@neutron-api.service[87608]: DEBUG neutron.api.rpc.handlers.resources_rpc [None req-4a170583-b31d-43aa-a12c-b40e47004fc5 admin admin] Pushing event updated for resources: {'Network': ['ID=9ba693d7-8b99-4513-9df8-d8bf511ddaec,revision_number=1']} {{(pid=87608) push /opt/stack/neutron/neutron/api/rpc/handlers/resources_rpc.py:237}}
Aug 14 01:17:21.765794 np0000007298 devstack@neutron-api.service[87608]: DEBUG ovsdbapp.backend.ovs_idl.transaction [-] Running txn n=1 command(idx=0): AddNetworkCommand(_result=None, network_uuid=9ba693d7-8b99-4513-9df8-d8bf511ddaec, may_exist=True, columns={'external_ids': {'neutron:network_name': 'private', 'neutron:mtu': '1372', 'neutron:revision_number': '1', 'neutron:availability_zone_hints': '', 'neutron:provnet-network-type': 'geneve'}, 'other_config': {'mcast_snoop': 'false', 'mcast_flood_unregistered': 'false', 'vlan-passthru': 'false'}}) {{(pid=87608) do_commit /opt/stack/data/venv/lib/python3.12/site-packages/ovsdbapp/backend/ovs_idl/transaction.py:89}}
Aug 14 01:17:21.765993 np0000007298 devstack@neutron-api.service[87608]: DEBUG neutron.common.ovn.utils [-] OVS persist_uuid supported=True {{(pid=87608) ovs_persist_uuid_supported /opt/stack/neutron/neutron/common/ovn/utils.py:1565}}
Aug 14 01:17:21.768174 np0000007298 devstack@neutron-api.service[87608]: DEBUG neutron.plugins.ml2.drivers.ovn.mech_driver.ovsdb.ovsdb_monitor [-] Hash Ring: Node 694c191d49ea5155af178b33f4500b01 (host: np0000007298) handling event "create" for row 9ba693d7-8b99-4513-9df8-d8bf511ddaec (table: Logical_Switch) {{(pid=87608) notify /opt/stack/neutron/neutron/plugins/ml2/drivers/ovn/mech_driver/ovsdb/ovsdb_monitor.py:1099}}
Aug 14 01:17:21.771047 np0000007298 devstack@neutron-api.service[87606]: DEBUG neutron.plugins.ml2.drivers.ovn.mech_driver.ovsdb.ovsdb_monitor [-] Hash Ring: Node dbcda0a36b165617bf38d3085f2c2e4e (host: np0000007298) handling event "create" for row 9ba693d7-8b99-4513-9df8-d8bf511ddaec (table: Logical_Switch) {{(pid=87606) notify /opt/stack/neutron/neutron/plugins/ml2/drivers/ovn/mech_driver/ovsdb/ovsdb_monitor.py:1099}}
Aug 14 01:17:21.780198 np0000007298 devstack@neutron-api.service[87608]: DEBUG neutron.plugins.ml2.drivers.ovn.mech_driver.ovsdb.ovsdb_monitor [-] Hash Ring: Node 694c191d49ea5155af178b33f4500b01 (host: np0000007298) handling event "create" for row 63515a32-15ed-466f-ad92-de86223466d9 (table: Datapath_Binding) {{(pid=87608) notify /opt/stack/neutron/neutron/plugins/ml2/drivers/ovn/mech_driver/ovsdb/ovsdb_monitor.py:1099}}
