Jun 18 12:58:17.835968 np0000003140 devstack@neutron-api.service[89987]: DEBUG neutron.common.ovn.hash_ring_manager [None req-bcff972d-d565-466b-8b50-18462f7ee67c None None] Hash Ring loaded. 3 active nodes. 0 offline nodes {{(pid=89987) _load_hash_ring /opt/stack/neutron/neutron/common/ovn/hash_ring_manager.py:110}}
Jun 18 12:58:17.837348 np0000003140 devstack@neutron-api.service[89988]: DEBUG neutron.common.ovn.hash_ring_manager [None req-37753778-c29f-4edf-8a50-45a53789914b None None] Hash Ring loaded. 3 active nodes. 0 offline nodes {{(pid=89988) _load_hash_ring /opt/stack/neutron/neutron/common/ovn/hash_ring_manager.py:110}}
Jun 18 12:58:17.837888 np0000003140 devstack@neutron-api.service[89988]: DEBUG neutron.plugins.ml2.drivers.ovn.mech_driver.ovsdb.ovsdb_monitor [None req-37753778-c29f-4edf-8a50-45a53789914b None None] Hash Ring: Node cd6c8c6fbef454d5ba528c0080fe043c (host: np0000003140) handling event "update" for row 197662d7-4466-4396-83b6-4b09286f7210 (table: NB_Global) {{(pid=89988) notify /opt/stack/neutron/neutron/plugins/ml2/drivers/ovn/mech_driver/ovsdb/ovsdb_monitor.py:1015}}
Jun 18 12:58:17.837888 np0000003140 devstack@neutron-api.service[89988]: DEBUG neutron.common.ovn.hash_ring_manager [-] Hash Ring loaded. 3 active nodes. 0 offline nodes {{(pid=89988) _load_hash_ring /opt/stack/neutron/neutron/common/ovn/hash_ring_manager.py:110}}
Jun 18 12:58:17.839028 np0000003140 devstack@neutron-api.service[89988]: DEBUG neutron.plugins.ml2.drivers.ovn.mech_driver.ovsdb.ovsdb_monitor [None req-37753778-c29f-4edf-8a50-45a53789914b None None] Hash Ring: Node cd6c8c6fbef454d5ba528c0080fe043c (host: np0000003140) handling event "update" for row 197662d7-4466-4396-83b6-4b09286f7210 (table: NB_Global) {{(pid=89988) notify /opt/stack/neutron/neutron/plugins/ml2/drivers/ovn/mech_driver/ovsdb/ovsdb_monitor.py:1015}}
Jun 18 12:58:17.839623 np0000003140 devstack@neutron-api.service[89988]: DEBUG neutron.plugins.ml2.drivers.ovn.mech_driver.ovsdb.ovsdb_monitor [None req-37753778-c29f-4edf-8a50-45a53789914b None None] Hash Ring: Node cd6c8c6fbef454d5ba528c0080fe043c (host: np0000003140) handling event "update" for row 197662d7-4466-4396-83b6-4b09286f7210 (table: NB_Global) {{(pid=89988) notify /opt/stack/neutron/neutron/plugins/ml2/drivers/ovn/mech_driver/ovsdb/ovsdb_monitor.py:1015}}
Jun 18 12:58:17.839795 np0000003140 devstack@neutron-api.service[89989]: DEBUG neutron.common.ovn.hash_ring_manager [None req-e86ce06b-bf74-444f-bbe6-c2763f3cebdc None None] Hash Ring loaded. 3 active nodes. 0 offline nodes {{(pid=89989) _load_hash_ring /opt/stack/neutron/neutron/common/ovn/hash_ring_manager.py:110}}
Jun 18 12:58:17.839795 np0000003140 devstack@neutron-api.service[89989]: DEBUG neutron.plugins.ml2.drivers.ovn.mech_driver.ovsdb.ovsdb_monitor [None req-e86ce06b-bf74-444f-bbe6-c2763f3cebdc None None] Hash Ring: Node 98af5b31601150859a27625130f964bc (host: np0000003140) handling event "update" for row 998c09d9-8a7b-4182-b5f7-c8f9e3f4a083 (table: Chassis_Private) {{(pid=89989) notify /opt/stack/neutron/neutron/plugins/ml2/drivers/ovn/mech_driver/ovsdb/ovsdb_monitor.py:1015}}
Jun 18 12:58:17.839889 np0000003140 devstack@neutron-api.service[89988]: DEBUG neutron.plugins.ml2.drivers.ovn.mech_driver.ovsdb.ovsdb_monitor [None req-37753778-c29f-4edf-8a50-45a53789914b None None] Hash Ring: Node cd6c8c6fbef454d5ba528c0080fe043c (host: np0000003140) handling event "update" for row 197662d7-4466-4396-83b6-4b09286f7210 (table: NB_Global) {{(pid=89988) notify /opt/stack/neutron/neutron/plugins/ml2/drivers/ovn/mech_driver/ovsdb/ovsdb_monitor.py:1015}}
Jun 18 12:58:17.841439 np0000003140 devstack@neutron-api.service[89988]: DEBUG neutron.api.rpc.callbacks.version_manager [None req-7f878aa7-bc27-4e34-8ca2-77f55136ed6d admin admin] Tracked resource versions report:
Jun 18 12:58:17.841439 np0000003140 devstack@neutron-api.service[89988]: pushed versions:
Jun 18 12:58:17.841439 np0000003140 devstack@neutron-api.service[89988]: { 'AddressGroup': {'1.2'},
Jun 18 12:58:17.841439 np0000003140 devstack@neutron-api.service[89988]: 'Agent': {'1.1'},
Jun 18 12:58:17.841439 np0000003140 devstack@neutron-api.service[89988]: 'ConntrackHelper': {'1.0'},
Jun 18 12:58:17.841439 np0000003140 devstack@neutron-api.service[89988]: 'LocalIPAssociation': {'1.0'},
Jun 18 12:58:17.841439 np0000003140 devstack@neutron-api.service[89988]: 'Log': {'1.0'},
Jun 18 12:58:17.841439 np0000003140 devstack@neutron-api.service[89988]: 'NDPProxy': {'1.0'},
Jun 18 12:58:17.841439 np0000003140 devstack@neutron-api.service[89988]: 'Network': {'1.3'},
Jun 18 12:58:17.841439 np0000003140 devstack@neutron-api.service[89988]: 'Port': {'1.11'},
Jun 18 12:58:17.841439 np0000003140 devstack@neutron-api.service[89988]: 'PortForwarding': {'1.3'},
Jun 18 12:58:17.841439 np0000003140 devstack@neutron-api.service[89988]: 'QosPolicy': {'1.10'},
Jun 18 12:58:17.841439 np0000003140 devstack@neutron-api.service[89988]: 'SecurityGroup': {'1.6'},
Jun 18 12:58:17.841439 np0000003140 devstack@neutron-api.service[89988]: 'SecurityGroupRule': {'1.3'},
Jun 18 12:58:17.841439 np0000003140 devstack@neutron-api.service[89988]: 'SubPort': {'1.0'},
Jun 18 12:58:17.841439 np0000003140 devstack@neutron-api.service[89988]: 'Subnet': {'1.2'},
Jun 18 12:58:17.841439 np0000003140 devstack@neutron-api.service[89988]: 'Trunk': {'1.1'}}
Jun 18 12:58:17.841439 np0000003140 devstack@neutron-api.service[89988]: consumer versions:
Jun 18 12:58:17.841439 np0000003140 devstack@neutron-api.service[89988]: { OVN Neutron agent@np0000003140: {},
Jun 18 12:58:17.841439 np0000003140 devstack@neutron-api.service[89988]: OVN Controller Gateway agent@np0000003140: {}}
Jun 18 12:58:17.841439 np0000003140 devstack@neutron-api.service[89988]: {{(pid=89988) report /opt/stack/neutron/neutron/api/rpc/callbacks/version_manager.py:183}}
Jun 18 12:58:17.848305 np0000003140 devstack@neutron-api.service[89988]: DEBUG ovsdbapp.backend.ovs_idl.transaction [None req-37753778-c29f-4edf-8a50-45a53789914b None None] Running txn n=1 command(idx=0): AddNetworkCommand(_result=None, network_uuid=bad45ce7-7982-4569-a03c-f1ddb9e2a791, may_exist=True, columns={'external_ids': {'neutron:network_name': 'shared', 'neutron:mtu': '1372', 'neutron:revision_number': '1', 'neutron:availability_zone_hints': '', 'neutron:provnet-network-type': 'geneve'}, 'other_config': {'mcast_snoop': 'false', 'mcast_flood_unregistered': 'false', 'vlan-passthru': 'false'}}) {{(pid=89988) do_commit /opt/stack/data/venv/lib/python3.12/site-packages/ovsdbapp/backend/ovs_idl/transaction.py:89}}
Jun 18 12:58:17.850830 np0000003140 devstack@neutron-api.service[89987]: DEBUG neutron.plugins.ml2.drivers.ovn.mech_driver.ovsdb.ovsdb_monitor [None req-bcff972d-d565-466b-8b50-18462f7ee67c None None] Hash Ring: Node 21217f0292c954cba676137b326bca59 (host: np0000003140) handling event "create" for row bad45ce7-7982-4569-a03c-f1ddb9e2a791 (table: Logical_Switch) {{(pid=89987) notify /opt/stack/neutron/neutron/plugins/ml2/drivers/ovn/mech_driver/ovsdb/ovsdb_monitor.py:1015}}
Jun 18 12:58:17.853133 np0000003140 devstack@neutron-api.service[89989]: DEBUG neutron.plugins.ml2.drivers.ovn.mech_driver.ovsdb.ovsdb_monitor [None req-e86ce06b-bf74-444f-bbe6-c2763f3cebdc None None] Hash Ring: Node 98af5b31601150859a27625130f964bc (host: np0000003140) handling event "create" for row 2ba32fcb-eb6b-446f-83a8-b3fa158818a8 (table: Datapath_Binding) {{(pid=89989) notify /opt/stack/neutron/neutron/plugins/ml2/drivers/ovn/mech_driver/ovsdb/ovsdb_monitor.py:1015}}
Jun 18 12:58:17.868922 np0000003140 devstack@neutron-api.service[89988]: INFO neutron.db.ovn_revision_numbers_db [None req-7f878aa7-bc27-4e34-8ca2-77f55136ed6d admin admin] Successfully bumped revision number for resource bad45ce7-7982-4569-a03c-f1ddb9e2a791 (type: networks) to 1
Jun 18 12:58:17.879167 np0000003140 devstack@neutron-api.service[89988]: DEBUG neutron_lib.callbacks.manager [None req-7f878aa7-bc27-4e34-8ca2-77f55136ed6d admin admin] Publish callbacks ['neutron.plugins.ml2.plugin.SecurityGroupDbMixin._ensure_default_security_group_handler-507188'] for port (None), before_create {{(pid=89988) _notify_loop /opt/stack/data/venv/lib/python3.12/site-packages/neutron_lib/callbacks/manager.py:184}}
Jun 18 12:58:17.940495 np0000003140 devstack@neutron-api.service[89988]: DEBUG neutron_lib.callbacks.manager [None req-7f878aa7-bc27-4e34-8ca2-77f55136ed6d admin admin] Publish callbacks ['neutron.plugins.ml2.drivers.ovn.mech_driver.mech_driver.OVNMechanismDriver._validate_allowed_address_pairs-1902258'] for allowed_address_pair (bfc2e526-5bee-49ce-bc0d-3461efa3b55d), before_create {{(pid=89988) _notify_loop /opt/stack/data/venv/lib/python3.12/site-packages/neutron_lib/callbacks/manager.py:184}}
Jun 18 12:58:17.941172 np0000003140 devstack@neutron-api.service[89988]: DEBUG neutron_lib.callbacks.manager [None req-7f878aa7-bc27-4e34-8ca2-77f55136ed6d admin admin] Publish callbacks [] for port (bfc2e526-5bee-49ce-bc0d-3461efa3b55d), precommit_create {{(pid=89988) _notify_loop /opt/stack/data/venv/lib/python3.12/site-packages/neutron_lib/callbacks/manager.py:184}}
Jun 18 12:58:17.941355 np0000003140 devstack@neutron-api.service[89988]: DEBUG neutron.plugins.ml2.drivers.ovn.mech_driver.mech_driver [None req-7f878aa7-bc27-4e34-8ca2-77f55136ed6d admin admin] No provisioning block for port bfc2e526-5bee-49ce-bc0d-3461efa3b55d since it does not have a host {{(pid=89988) _is_port_provisioning_required /opt/stack/neutron/neutron/plugins/ml2/drivers/ovn/mech_driver/mech_driver.py:896}}
Jun 18 12:58:17.941454 np0000003140 devstack@neutron-api.service[89988]: DEBUG neutron.db.ovn_revision_numbers_db [None req-7f878aa7-bc27-4e34-8ca2-77f55136ed6d admin admin] create_initial_revision uuid=bfc2e526-5bee-49ce-bc0d-3461efa3b55d, type=ports, rev=-1 {{(pid=89988) create_initial_revision /opt/stack/neutron/neutron/db/ovn_revision_numbers_db.py:98}}
Jun 18 12:58:17.966312 np0000003140 devstack@neutron-api.service[89988]: DEBUG neutron_lib.callbacks.manager [None req-7f878aa7-bc27-4e34-8ca2-77f55136ed6d admin admin] Publish callbacks ['neutron.plugins.ml2.ovo_rpc._ObjectChangeHandler.handle_event-2812205'] for port (bfc2e526-5bee-49ce-bc0d-3461efa3b55d), after_create {{(pid=89988) _notify_loop /opt/stack/data/venv/lib/python3.12/site-packages/neutron_lib/callbacks/manager.py:184}}
Jun 18 12:58:17.995768 np0000003140 devstack@neutron-api.service[89988]: DEBUG neutron.api.rpc.handlers.resources_rpc [None req-7f878aa7-bc27-4e34-8ca2-77f55136ed6d admin admin] Pushing event updated for resources: {'Port': ['ID=bfc2e526-5bee-49ce-bc0d-3461efa3b55d,revision_number=1']} {{(pid=89988) push /opt/stack/neutron/neutron/api/rpc/handlers/resources_rpc.py:237}}
Jun 18 12:58:18.000922 np0000003140 devstack@neutron-api.service[89988]: DEBUG neutron.plugins.ml2.drivers.ovn.mech_driver.ovsdb.commands [None req-7f878aa7-bc27-4e34-8ca2-77f55136ed6d admin admin] Converting tag [] to a tag_request {{(pid=89988) _tag_column_to_tag_request /opt/stack/neutron/neutron/plugins/ml2/drivers/ovn/mech_driver/ovsdb/commands.py:205}}
Jun 18 12:58:18.001739 np0000003140 devstack@neutron-api.service[89988]: DEBUG ovsdbapp.backend.ovs_idl.transaction [None req-37753778-c29f-4edf-8a50-45a53789914b None None] Running txn n=1 command(idx=0): AddLSwitchPortCommand(_result=None, lport=bfc2e526-5bee-49ce-bc0d-3461efa3b55d, lswitch=neutron-bad45ce7-7982-4569-a03c-f1ddb9e2a791, may_exist=True, network_uuid=bad45ce7-7982-4569-a03c-f1ddb9e2a791, columns={'addresses': ['fa:16:3e:45:fb:60'], 'external_ids': {'neutron:port_name': '', 'neutron:device_id': 'ovnmeta-bad45ce7-7982-4569-a03c-f1ddb9e2a791', 'neutron:project_id': '767fcf01bd6d4779b8fdb6b0357449fd', 'neutron:cidrs': '', 'neutron:device_owner': 'network:distributed', 'neutron:subnet_pool_addr_scope4': '', 'neutron:subnet_pool_addr_scope6': '', 'neutron:network_name': 'neutron-bad45ce7-7982-4569-a03c-f1ddb9e2a791', 'neutron:security_group_ids': '', 'neutron:revision_number': '1', 'neutron:vnic_type': 'normal', 'neutron:port_capabilities': '', 'neutron:mtu': '1372'}, 'parent_name': [], 'enabled': True, 'options': {}, 'type': 'localport', 'port_security': [], 'dhcpv4_options': [], 'dhcpv6_options': [], 'tag_request': []}) {{(pid=89988) do_commit /opt/stack/data/venv/lib/python3.12/site-packages/ovsdbapp/backend/ovs_idl/transaction.py:89}}
Jun 18 12:58:18.002331 np0000003140 devstack@neutron-api.service[89988]: DEBUG ovsdbapp.backend.ovs_idl.transaction [None req-37753778-c29f-4edf-8a50-45a53789914b None None] Running txn n=1 command(idx=1): QoSDelCommand(_result=None, switch=neutron-bad45ce7-7982-4569-a03c-f1ddb9e2a791, conditions=[('direction', '=', 'to-lport'), ('priority', '=', 2002), ('match', '=', 'outport == "bfc2e526-5bee-49ce-bc0d-3461efa3b55d"')], if_exists=True) {{(pid=89988) do_commit /opt/stack/data/venv/lib/python3.12/site-packages/ovsdbapp/backend/ovs_idl/transaction.py:89}}
Jun 18 12:58:18.002547 np0000003140 devstack@neutron-api.service[89988]: DEBUG ovsdbapp.backend.ovs_idl.transaction [None req-37753778-c29f-4edf-8a50-45a53789914b None None] Running txn n=1 command(idx=2): QoSDelCommand(_result=None, switch=neutron-bad45ce7-7982-4569-a03c-f1ddb9e2a791, conditions=[('direction', '=', 'from-lport'), ('priority', '=', 2002), ('match', '=', 'inport == "bfc2e526-5bee-49ce-bc0d-3461efa3b55d"')], if_exists=True) {{(pid=89988) do_commit /opt/stack/data/venv/lib/python3.12/site-packages/ovsdbapp/backend/ovs_idl/transaction.py:89}}
Jun 18 12:58:18.005400 np0000003140 devstack@neutron-api.service[89988]: DEBUG neutron.plugins.ml2.drivers.ovn.mech_driver.ovsdb.ovsdb_monitor [None req-37753778-c29f-4edf-8a50-45a53789914b None None] Hash Ring: Node cd6c8c6fbef454d5ba528c0080fe043c (host: np0000003140) handling event "create" for row bf81acf1-9ad7-4501-b584-8b968027ba39 (table: Logical_Switch_Port) {{(pid=89988) notify /opt/stack/neutron/neutron/plugins/ml2/drivers/ovn/mech_driver/ovsdb/ovsdb_monitor.py:1015}}
Jun 18 12:58:18.005536 np0000003140 devstack@neutron-api.service[89987]: DEBUG neutron.plugins.ml2.drivers.ovn.mech_driver.ovsdb.ovsdb_monitor [None req-bcff972d-d565-466b-8b50-18462f7ee67c None None] Hash Ring: Node 21217f0292c954cba676137b326bca59 (host: np0000003140) handling event "update" for row bad45ce7-7982-4569-a03c-f1ddb9e2a791 (table: Logical_Switch) {{(pid=89987) notify /opt/stack/neutron/neutron/plugins/ml2/drivers/ovn/mech_driver/ovsdb/ovsdb_monitor.py:1015}}
Jun 18 12:58:18.006573 np0000003140 devstack@neutron-api.service[89988]: DEBUG ovsdbapp.backend.ovs_idl.event [None req-37753778-c29f-4edf-8a50-45a53789914b None None] Matched CREATE: LogicalSwitchPortCreateEvent(events=('create',), table='Logical_Switch_Port', conditions=[], old_conditions=None), priority=20 to row=Logical_Switch_Port(uuid=bf81acf1-9ad7-4501-b584-8b968027ba39, addresses=['fa:16:3e:45:fb:60'], dhcpv4_options=[], dhcpv6_options=[], dynamic_addresses=[], enabled=True, external_ids={'neutron:cidrs': '', 'neutron:device_id': 'ovnmeta-bad45ce7-7982-4569-a03c-f1ddb9e2a791', 'neutron:device_owner': 'network:distributed', 'neutron:mtu': '1372', 'neutron:network_name': 'neutron-bad45ce7-7982-4569-a03c-f1ddb9e2a791', 'neutron:port_capabilities': '', 'neutron:port_name': '', 'neutron:project_id': '767fcf01bd6d4779b8fdb6b0357449fd', 'neutron:revision_number': '1', 'neutron:security_group_ids': '', 'neutron:subnet_pool_addr_scope4': '', 'neutron:subnet_pool_addr_scope6': '', 'neutron:vnic_type': 'normal'}, ha_chassis_group=[], mirror_rules=[], name='bfc2e526-5bee-49ce-bc0d-3461efa3b55d', options={}, parent_name=[], port_security=[], tag=[], tag_request=[], type='localport', up=[]) old= {{(pid=89988) matches /opt/stack/data/venv/lib/python3.12/site-packages/ovsdbapp/backend/ovs_idl/event.py:55}}
Jun 18 12:58:18.007703 np0000003140 devstack@neutron-api.service[89988]: INFO neutron.plugins.ml2.drivers.ovn.mech_driver.mech_driver [None req-49748c6b-edcc-4738-9bd5-a44a65ed3e6d None None] OVN reports status down for port: bfc2e526-5bee-49ce-bc0d-3461efa3b55d
Jun 18 12:58:18.007969 np0000003140 devstack@neutron-api.service[89989]: DEBUG neutron.plugins.ml2.drivers.ovn.mech_driver.ovsdb.ovsdb_monitor [None req-e86ce06b-bf74-444f-bbe6-c2763f3cebdc None None] Hash Ring: Node 98af5b31601150859a27625130f964bc (host: np0000003140) handling event "create" for row 8b158a7e-bf37-4ee5-a169-ab84c011f15e (table: Port_Binding) {{(pid=89989) notify /opt/stack/neutron/neutron/plugins/ml2/drivers/ovn/mech_driver/ovsdb/ovsdb_monitor.py:1015}}
Jun 18 12:58:18.009420 np0000003140 devstack@neutron-api.service[89988]: DEBUG neutron.plugins.ml2.drivers.ovn.mech_driver.ovsdb.ovsdb_monitor [None req-37753778-c29f-4edf-8a50-45a53789914b None None] Hash Ring: Node cd6c8c6fbef454d5ba528c0080fe043c (host: np0000003140) handling event "update" for row bf81acf1-9ad7-4501-b584-8b968027ba39 (table: Logical_Switch_Port) {{(pid=89988) notify /opt/stack/neutron/neutron/plugins/ml2/drivers/ovn/mech_driver/ovsdb/ovsdb_monitor.py:1015}}
Jun 18 12:58:18.047468 np0000003140 devstack@neutron-api.service[89988]: INFO neutron.db.ovn_revision_numbers_db [None req-7f878aa7-bc27-4e34-8ca2-77f55136ed6d admin admin] Successfully bumped revision number for resource bfc2e526-5bee-49ce-bc0d-3461efa3b55d (type: ports) to 1
Jun 18 12:58:18.048358 np0000003140 devstack@neutron-api.service[89988]: DEBUG neutron.db.provisioning_blocks [None req-49748c6b-edcc-4738-9bd5-a44a65ed3e6d None None] Transition to ACTIVE for port object bfc2e526-5bee-49ce-bc0d-3461efa3b55d will not be triggered until provisioned by entity L2. {{(pid=89988) add_provisioning_component /opt/stack/neutron/neutron/db/provisioning_blocks.py:74}}
Jun 18 12:58:18.054534 np0000003140 devstack@neutron-api.service[89988]: DEBUG neutron.pecan_wsgi.hooks.policy_enforcement [None req-7f878aa7-bc27-4e34-8ca2-77f55136ed6d admin admin] Attributes excluded by policy engine: ['standard_attr_id'] {{(pid=89988) _exclude_attributes_by_policy /opt/stack/neutron/neutron/pecan_wsgi/hooks/policy_enforcement.py:259}}
Jun 18 12:58:18.055289 np0000003140 devstack@neutron-api.service[89988]: DEBUG neutron_lib.callbacks.manager [None req-7f878aa7-bc27-4e34-8ca2-77f55136ed6d admin admin] Publish callbacks [] for network (None), before_response {{(pid=89988) _notify_loop /opt/stack/data/venv/lib/python3.12/site-packages/neutron_lib/callbacks/manager.py:184}}
Jun 18 12:58:18.071753 np0000003140 devstack@neutron-api.service[89988]: [pid: 89988|app: 0|req: 12/37] 10.4.3.60 () {68 vars in 1319 bytes} [Thu Jun 18 12:58:17 2026] POST /networking/v2.0/networks => generated 679 bytes in 396 msecs (HTTP/1.1 201) 4 headers in 162 bytes (1 switches on core 0)
Jun 18 12:58:18.074510 np0000003140 devstack@neutron-api.service[89988]: DEBUG neutron.plugins.ml2.plugin [None req-49748c6b-edcc-4738-9bd5-a44a65ed3e6d None None] Current status of the port bfc2e526-5bee-49ce-bc0d-3461efa3b55d is: DOWN; New status is: DOWN {{(pid=89988) _update_individual_port_db_status /opt/stack/neutron/neutron/plugins/ml2/plugin.py:2470}}
Jun 18 12:58:18.075495 np0000003140 devstack@neutron-api.service[89988]: DEBUG ovsdbapp.backend.ovs_idl.transaction [None req-37753778-c29f-4edf-8a50-45a53789914b None None] Running txn n=1 command(idx=0): DbRemoveCommand(_result=None, table=Logical_Switch_Port, record=bfc2e526-5bee-49ce-bc0d-3461efa3b55d, column=external_ids, values=('neutron:host_id',), keyvalues={}, if_exists=True) {{(pid=89988) do_commit /opt/stack/data/venv/lib/python3.12/site-packages/ovsdbapp/backend/ovs_idl/transaction.py:89}}
Jun 18 12:58:18.254458 np0000003140 devstack@neutron-api.service[89987]: INFO neutron.pecan_wsgi.hooks.translation [None req-9b7ce750-5a0d-4b39-b8a8-bc23f445254b admin admin] GET failed (client error): The resource could not be found.
Jun 18 12:58:18.255112 np0000003140 devstack@neutron-api.service[89987]: [pid: 89987|app: 0|req: 14/38] 10.4.3.60 () {64 vars in 1287 bytes} [Thu Jun 18 12:58:18 2026] GET /networking/v2.0/networks/shared => generated 108 bytes in 7 msecs (HTTP/1.1 404) 4 headers in 164 bytes (1 switches on core 0)
Jun 18 12:58:18.281410 np0000003140 devstack@neutron-api.service[89989]: DEBUG neutron.pecan_wsgi.hooks.policy_enforcement [None req-85471c7e-027d-4b8b-a86d-2446511bc26d admin admin] Attributes excluded by policy engine: ['standard_attr_id'] {{(pid=89989) _exclude_attributes_by_policy /opt/stack/neutron/neutron/pecan_wsgi/hooks/policy_enforcement.py:259}}
Jun 18 12:58:18.282498 np0000003140 devstack@neutron-api.service[89989]: [pid: 89989|app: 0|req: 13/39] 10.4.3.60 () {64 vars in 1302 bytes} [Thu Jun 18 12:58:18 2026] GET /networking/v2.0/networks?name=shared => generated 663 bytes in 21 msecs (HTTP/1.1 200) 4 headers in 157 bytes (1 switches on core 0)
Jun 18 12:58:18.293701 np0000003140 devstack@neutron-api.service[89988]: DEBUG neutron.api.v2.base [None req-ddefb28a-5561-4e3f-86d1-e970af6439c8 admin admin] Request body: {'subnet': {'network_id': 'bad45ce7-7982-4569-a03c-f1ddb9e2a791', 'description': 'shared-subnet', 'ip_version': 4, 'cidr': '192.168.233.0/24', 'name': 'shared-subnet'}} {{(pid=89988) prepare_request_body /opt/stack/neutron/neutron/api/v2/base.py:727}}
Jun 18 12:58:18.303938 np0000003140 devstack@neutron-api.service[89988]: DEBUG neutron.pecan_wsgi.hooks.quota_enforcement [None req-ddefb28a-5561-4e3f-86d1-e970af6439c8 admin admin] Made reservation on behalf of 767fcf01bd6d4779b8fdb6b0357449fd for: {'subnet': 1} {{(pid=89988) before /opt/stack/neutron/neutron/pecan_wsgi/hooks/quota_enforcement.py:66}}
Jun 18 12:58:18.306039 np0000003140 devstack@neutron-api.service[89988]: DEBUG neutron_lib.callbacks.manager [None req-ddefb28a-5561-4e3f-86d1-e970af6439c8 admin admin] Publish callbacks [] for subnet (None), before_create {{(pid=89988) _notify_loop /opt/stack/data/venv/lib/python3.12/site-packages/neutron_lib/callbacks/manager.py:184}}
Jun 18 12:58:18.372952 np0000003140 devstack@neutron-api.service[89988]: DEBUG neutron.db.ovn_revision_numbers_db [None req-ddefb28a-5561-4e3f-86d1-e970af6439c8 admin admin] create_initial_revision uuid=634d36fd-5389-429b-99c9-57fe5b7f75a2, type=subnets, rev=-1 {{(pid=89988) create_initial_revision /opt/stack/neutron/neutron/db/ovn_revision_numbers_db.py:98}}
Jun 18 12:58:18.377178 np0000003140 devstack@neutron-api.service[89988]: DEBUG neutron_lib.callbacks.manager [None req-ddefb28a-5561-4e3f-86d1-e970af6439c8 admin admin] Publish callbacks ['neutron.plugins.ml2.ovo_rpc._ObjectChangeHandler.handle_event-2812273'] for subnet (634d36fd-5389-429b-99c9-57fe5b7f75a2), after_create {{(pid=89988) _notify_loop /opt/stack/data/venv/lib/python3.12/site-packages/neutron_lib/callbacks/manager.py:184}}
Jun 18 12:58:18.392372 np0000003140 devstack@neutron-api.service[89988]: DEBUG neutron.api.rpc.handlers.resources_rpc [None req-ddefb28a-5561-4e3f-86d1-e970af6439c8 admin admin] Pushing event updated for resources: {'Subnet': ['ID=634d36fd-5389-429b-99c9-57fe5b7f75a2,revision_number=0']} {{(pid=89988) push /opt/stack/neutron/neutron/api/rpc/handlers/resources_rpc.py:237}}
Jun 18 12:58:18.460511 np0000003140 devstack@neutron-api.service[89988]: DEBUG neutron_lib.callbacks.manager [None req-ddefb28a-5561-4e3f-86d1-e970af6439c8 admin admin] Publish callbacks ['neutron.plugins.ml2.plugin.SecurityGroupDbMixin._ensure_default_security_group_handler-507188', 'neutron.services.ovn_l3.plugin.OVNL3RouterPlugin._port_update-8064801646422', 'neutron.db.l3_db.L3_NAT_dbonly_mixin._prevent_internal_ip_change_for_fip-8064802574530'] for port (bfc2e526-5bee-49ce-bc0d-3461efa3b55d), before_update {{(pid=89988) _notify_loop /opt/stack/data/venv/lib/python3.12/site-packages/neutron_lib/callbacks/manager.py:184}}
Jun 18 12:58:18.547919 np0000003140 devstack@neutron-api.service[89988]: DEBUG neutron.db.db_base_plugin_common [None req-ddefb28a-5561-4e3f-86d1-e970af6439c8 admin admin] Allocated IP 192.168.233.2 (bad45ce7-7982-4569-a03c-f1ddb9e2a791/634d36fd-5389-429b-99c9-57fe5b7f75a2/bfc2e526-5bee-49ce-bc0d-3461efa3b55d) {{(pid=89988) _store_ip_allocation /opt/stack/neutron/neutron/db/db_base_plugin_common.py:131}}
Jun 18 12:58:18.610236 np0000003140 devstack@neutron-api.service[89988]: DEBUG neutron_lib.callbacks.manager [None req-ddefb28a-5561-4e3f-86d1-e970af6439c8 admin admin] Publish callbacks [] for port (bfc2e526-5bee-49ce-bc0d-3461efa3b55d), precommit_update {{(pid=89988) _notify_loop /opt/stack/data/venv/lib/python3.12/site-packages/neutron_lib/callbacks/manager.py:184}}
Jun 18 12:58:18.610432 np0000003140 devstack@neutron-api.service[89988]: DEBUG neutron.plugins.ml2.drivers.ovn.mech_driver.mech_driver [None req-ddefb28a-5561-4e3f-86d1-e970af6439c8 admin admin] No provisioning block for port bfc2e526-5bee-49ce-bc0d-3461efa3b55d since it does not have a host {{(pid=89988) _is_port_provisioning_required /opt/stack/neutron/neutron/plugins/ml2/drivers/ovn/mech_driver/mech_driver.py:896}}
Jun 18 12:58:18.620732 np0000003140 devstack@neutron-api.service[89988]: DEBUG neutron_lib.callbacks.manager [None req-ddefb28a-5561-4e3f-86d1-e970af6439c8 admin admin] Publish callbacks ['neutron.plugins.ml2.ovo_rpc._ObjectChangeHandler.handle_event-2812205', 'neutron.services.ovn_l3.plugin.OVNL3RouterPlugin._port_update-8064801646422'] for port (bfc2e526-5bee-49ce-bc0d-3461efa3b55d), after_update {{(pid=89988) _notify_loop /opt/stack/data/venv/lib/python3.12/site-packages/neutron_lib/callbacks/manager.py:184}}
Jun 18 12:58:18.659465 np0000003140 devstack@neutron-api.service[89988]: DEBUG neutron.api.rpc.handlers.resources_rpc [None req-ddefb28a-5561-4e3f-86d1-e970af6439c8 admin admin] Pushing event updated for resources: {'Port': ['ID=bfc2e526-5bee-49ce-bc0d-3461efa3b55d,revision_number=2']} {{(pid=89988) push /opt/stack/neutron/neutron/api/rpc/handlers/resources_rpc.py:237}}
Jun 18 12:58:18.755202 np0000003140 devstack@neutron-api.service[89988]: DEBUG neutron.plugins.ml2.drivers.ovn.mech_driver.ovsdb.commands [None req-ddefb28a-5561-4e3f-86d1-e970af6439c8 admin admin] Converting tag [] to a tag_request {{(pid=89988) _tag_column_to_tag_request /opt/stack/neutron/neutron/plugins/ml2/drivers/ovn/mech_driver/ovsdb/commands.py:205}}
Jun 18 12:58:18.755784 np0000003140 devstack@neutron-api.service[89988]: DEBUG ovsdbapp.backend.ovs_idl.transaction [None req-37753778-c29f-4edf-8a50-45a53789914b None None] Running txn n=1 command(idx=0): CheckRevisionNumberCommand(_result=None, name=bfc2e526-5bee-49ce-bc0d-3461efa3b55d, resource={'id': 'bfc2e526-5bee-49ce-bc0d-3461efa3b55d', 'name': '', 'network_id': 'bad45ce7-7982-4569-a03c-f1ddb9e2a791', 'project_id': '767fcf01bd6d4779b8fdb6b0357449fd', 'mac_address': 'fa:16:3e:45:fb:60', 'admin_state_up': True, 'status': 'DOWN', 'device_id': 'ovnmeta-bad45ce7-7982-4569-a03c-f1ddb9e2a791', 'device_owner': 'network:distributed', 'standard_attr_id': 28, 'fixed_ips': [{'subnet_id': '634d36fd-5389-429b-99c9-57fe5b7f75a2', 'ip_address': '192.168.233.2'}], 'allowed_address_pairs': [], 'extra_dhcp_opts': [], 'security_groups': [], 'description': '', 'binding:vnic_type': 'normal', 'binding:profile': {}, 'binding:host_id': '', 'binding:vif_type': 'unbound', 'binding:vif_details': {}, 'port_security_enabled': False, 'tags': [], 'created_at': '2026-06-18T12:58:17Z', 'updated_at': '2026-06-18T12:58:18Z', 'revision_number': 2, 'tenant_id': '767fcf01bd6d4779b8fdb6b0357449fd', 'network': {'id': 'bad45ce7-7982-4569-a03c-f1ddb9e2a791', 'name': 'shared', 'tenant_id': '767fcf01bd6d4779b8fdb6b0357449fd', 'project_id': '767fcf01bd6d4779b8fdb6b0357449fd', 'admin_state_up': True, 'mtu': 1372, 'status': 'ACTIVE', 'subnets': ['634d36fd-5389-429b-99c9-57fe5b7f75a2'], 'standard_attr_id': 26, 'shared': True, 'availability_zone_hints': [], 'availability_zones': [], 'ipv4_address_scope': None, 'ipv6_address_scope': None, 'router:external': False, 'qinq': False, 'vlan_transparent': False, 'description': '', 'port_security_enabled': True, 'tags': [], 'created_at': '2026-06-18T12:58:17Z', 'updated_at': '2026-06-18T12:58:18Z', 'revision_number': 2, 'provider:network_type': 'geneve', 'provider:physical_network': None, 'provider:segmentation_id': 57193}}, resource_type=ports, if_exists=True) {{(pid=89988) do_commit /opt/stack/data/venv/lib/python3.12/site-packages/ovsdbapp/backend/ovs_idl/transaction.py:89}}
Jun 18 12:58:18.756127 np0000003140 devstack@neutron-api.service[89988]: DEBUG ovsdbapp.backend.ovs_idl.transaction [None req-37753778-c29f-4edf-8a50-45a53789914b None None] Running txn n=1 command(idx=1): AddDHCPOptionsCommand(_result=None, columns={'cidr': '192.168.233.0/24', 'options': {'server_id': '192.168.233.1', 'lease_time': '43200', 'mtu': '1372', 'router': '192.168.233.1', 'server_mac': 'fa:16:3e:b0:f7:f6', 'dns_server': '{127.0.0.53}', 'classless_static_route': '{169.254.169.254/32,192.168.233.2, 0.0.0.0/0,192.168.233.1}'}, 'external_ids': {'subnet_id': '634d36fd-5389-429b-99c9-57fe5b7f75a2', 'neutron:network_id': 'bad45ce7-7982-4569-a03c-f1ddb9e2a791', 'neutron:revision_number': '0'}}, may_exist=True, subnet_id=634d36fd-5389-429b-99c9-57fe5b7f75a2, port_id=None, new_insert=False) {{(pid=89988) do_commit /opt/stack/data/venv/lib/python3.12/site-packages/ovsdbapp/backend/ovs_idl/transaction.py:89}}
Jun 18 12:58:18.756400 np0000003140 devstack@neutron-api.service[89988]: DEBUG ovsdbapp.backend.ovs_idl.transaction [None req-37753778-c29f-4edf-8a50-45a53789914b None None] Running txn n=1 command(idx=2): SetLSwitchPortCommand(_result=None, lport=bfc2e526-5bee-49ce-bc0d-3461efa3b55d, external_ids_update=None, columns={'external_ids': {'neutron:port_name': '', 'neutron:device_id': 'ovnmeta-bad45ce7-7982-4569-a03c-f1ddb9e2a791', 'neutron:project_id': '767fcf01bd6d4779b8fdb6b0357449fd', 'neutron:cidrs': '192.168.233.2/24', 'neutron:device_owner': 'network:distributed', 'neutron:subnet_pool_addr_scope4': '', 'neutron:subnet_pool_addr_scope6': '', 'neutron:network_name': 'neutron-bad45ce7-7982-4569-a03c-f1ddb9e2a791', 'neutron:security_group_ids': '', 'neutron:revision_number': '2', 'neutron:vnic_type': 'normal', 'neutron:port_capabilities': '', 'neutron:mtu': '1372'}, 'parent_name': [], 'options': {}, 'enabled': True, 'port_security': [], 'dhcpv4_options': [], 'dhcpv6_options': [], 'type': 'localport', 'addresses': ['fa:16:3e:45:fb:60 192.168.233.2'], 'ha_chassis_group': [], 'tag_request': []}, if_exists=False) {{(pid=89988) do_commit /opt/stack/data/venv/lib/python3.12/site-packages/ovsdbapp/backend/ovs_idl/transaction.py:89}}
Jun 18 12:58:18.756949 np0000003140 devstack@neutron-api.service[89988]: DEBUG ovsdbapp.backend.ovs_idl.transaction [None req-37753778-c29f-4edf-8a50-45a53789914b None None] Running txn n=1 command(idx=3): PgDelPortCommand(_result=None, port_group=neutron_pg_drop, lsp=['bfc2e526-5bee-49ce-bc0d-3461efa3b55d'], if_exists=False) {{(pid=89988) do_commit /opt/stack/data/venv/lib/python3.12/site-packages/ovsdbapp/backend/ovs_idl/transaction.py:89}}
Jun 18 12:58:18.760011 np0000003140 devstack@neutron-api.service[89988]: DEBUG neutron.plugins.ml2.drivers.ovn.mech_driver.ovsdb.ovsdb_monitor [None req-37753778-c29f-4edf-8a50-45a53789914b None None] Hash Ring: Node cd6c8c6fbef454d5ba528c0080fe043c (host: np0000003140) handling event "create" for row 9dca1164-0763-4714-a643-9be3b42a7d4c (table: DHCP_Options) {{(pid=89988) notify /opt/stack/neutron/neutron/plugins/ml2/drivers/ovn/mech_driver/ovsdb/ovsdb_monitor.py:1015}}
Jun 18 12:58:18.760273 np0000003140 devstack@neutron-api.service[89988]: DEBUG neutron.plugins.ml2.drivers.ovn.mech_driver.ovsdb.ovsdb_monitor [None req-37753778-c29f-4edf-8a50-45a53789914b None None] Hash Ring: Node cd6c8c6fbef454d5ba528c0080fe043c (host: np0000003140) handling event "update" for row bf81acf1-9ad7-4501-b584-8b968027ba39 (table: Logical_Switch_Port) {{(pid=89988) notify /opt/stack/neutron/neutron/plugins/ml2/drivers/ovn/mech_driver/ovsdb/ovsdb_monitor.py:1015}}
Jun 18 12:58:18.762816 np0000003140 devstack@neutron-api.service[89989]: DEBUG neutron.plugins.ml2.drivers.ovn.mech_driver.ovsdb.ovsdb_monitor [None req-e86ce06b-bf74-444f-bbe6-c2763f3cebdc None None] Hash Ring: Node 98af5b31601150859a27625130f964bc (host: np0000003140) handling event "update" for row 8b158a7e-bf37-4ee5-a169-ab84c011f15e (table: Port_Binding) {{(pid=89989) notify /opt/stack/neutron/neutron/plugins/ml2/drivers/ovn/mech_driver/ovsdb/ovsdb_monitor.py:1015}}
Jun 18 12:58:18.788954 np0000003140 devstack@neutron-api.service[89988]: INFO neutron.db.ovn_revision_numbers_db [None req-ddefb28a-5561-4e3f-86d1-e970af6439c8 admin admin] Successfully bumped revision number for resource bfc2e526-5bee-49ce-bc0d-3461efa3b55d (type: ports) to 2
Jun 18 12:58:18.799193 np0000003140 devstack@neutron-api.service[89988]: DEBUG neutron.plugins.ml2.plugin [None req-ddefb28a-5561-4e3f-86d1-e970af6439c8 admin admin] In _notify_port_updated(), no bound segment for port bfc2e526-5bee-49ce-bc0d-3461efa3b55d on network bad45ce7-7982-4569-a03c-f1ddb9e2a791 {{(pid=89988) _notify_port_updated /opt/stack/neutron/neutron/plugins/ml2/plugin.py:1038}}
Jun 18 12:58:18.816297 np0000003140 devstack@neutron-api.service[89988]: INFO neutron.db.ovn_revision_numbers_db [None req-ddefb28a-5561-4e3f-86d1-e970af6439c8 admin admin] Successfully bumped revision number for resource 634d36fd-5389-429b-99c9-57fe5b7f75a2 (type: subnets) to 0
Jun 18 12:58:18.817482 np0000003140 devstack@neutron-api.service[89988]: DEBUG neutron.pecan_wsgi.hooks.policy_enforcement [None req-ddefb28a-5561-4e3f-86d1-e970af6439c8 admin admin] Attributes excluded by policy engine: ['standard_attr_id', 'shared', 'network'] {{(pid=89988) _exclude_attributes_by_policy /opt/stack/neutron/neutron/pecan_wsgi/hooks/policy_enforcement.py:259}}
Jun 18 12:58:18.817786 np0000003140 devstack@neutron-api.service[89988]: DEBUG neutron_lib.callbacks.manager [None req-ddefb28a-5561-4e3f-86d1-e970af6439c8 admin admin] Publish callbacks [] for subnet (None), before_response {{(pid=89988) _notify_loop /opt/stack/data/venv/lib/python3.12/site-packages/neutron_lib/callbacks/manager.py:184}}
Jun 18 12:58:18.828416 np0000003140 devstack@neutron-api.service[89988]: [pid: 89988|app: 0|req: 13/40] 10.4.3.60 () {68 vars in 1317 bytes} [Thu Jun 18 12:58:18 2026] POST /networking/v2.0/subnets => generated 665 bytes in 537 msecs (HTTP/1.1 201) 4 headers in 162 bytes (1 switches on core 0)
Jun 18 12:58:19.827415 np0000003140 devstack@neutron-api.service[89989]: DEBUG neutron.plugins.ml2.drivers.ovn.mech_driver.ovsdb.ovsdb_monitor [None req-e86ce06b-bf74-444f-bbe6-c2763f3cebdc None None] ChassisOVNAgentWriteEvent : Matched Chassis_Private, update, None None {{(pid=89989) matches /opt/stack/neutron/neutron/plugins/ml2/drivers/ovn/mech_driver/ovsdb/ovsdb_monitor.py:64}}
Jun 18 12:58:19.828061 np0000003140 devstack@neutron-api.service[89988]: DEBUG neutron.plugins.ml2.drivers.ovn.mech_driver.ovsdb.ovsdb_monitor [-] ChassisOVNAgentWriteEvent : Matched Chassis_Private, update, None None {{(pid=89988) matches /opt/stack/neutron/neutron/plugins/ml2/drivers/ovn/mech_driver/ovsdb/ovsdb_monitor.py:64}}
Jun 18 12:58:19.828485 np0000003140 devstack@neutron-api.service[89987]: DEBUG neutron.plugins.ml2.drivers.ovn.mech_driver.ovsdb.ovsdb_monitor [None req-0e389bce-8f40-413d-a97a-e7b3329fbbdb None None] ChassisOVNAgentWriteEvent : Matched Chassis_Private, update, None None {{(pid=89987) matches /opt/stack/neutron/neutron/plugins/ml2/drivers/ovn/mech_driver/ovsdb/ovsdb_monitor.py:64}}
Jun 18 12:58:19.829017 np0000003140 devstack@neutron-api.service[89989]: DEBUG neutron.plugins.ml2.drivers.ovn.mech_driver.ovsdb.ovsdb_monitor [None req-e86ce06b-bf74-444f-bbe6-c2763f3cebdc None None] Hash Ring: Node 98af5b31601150859a27625130f964bc (host: np0000003140) handling event "update" for row 998c09d9-8a7b-4182-b5f7-c8f9e3f4a083 (table: Chassis_Private) {{(pid=89989) notify /opt/stack/neutron/neutron/plugins/ml2/drivers/ovn/mech_driver/ovsdb/ovsdb_monitor.py:1015}}
Jun 18 12:58:26.333511 np0000003140 devstack@neutron-api.service[89987]: DEBUG futurist.periodics [-] Submitting periodic callback 'neutron.plugins.ml2.drivers.ovn.mech_driver.ovsdb.maintenance.HashRingHealthCheckPeriodics.touch_hash_ring_node' {{(pid=89987) _process_scheduled /opt/stack/data/venv/lib/python3.12/site-packages/futurist/periodics.py:784}}
Jun 18 12:58:26.333989 np0000003140 devstack@neutron-api.service[89987]: DEBUG neutron.plugins.ml2.drivers.ovn.mech_driver.ovsdb.maintenance [-] Touching Hash Ring node "21217f0292c954cba676137b326bca59" from periodic health check thread {{(pid=89987) touch_hash_ring_node /opt/stack/neutron/neutron/plugins/ml2/drivers/ovn/mech_driver/ovsdb/maintenance.py:1419}}
Jun 18 12:58:27.335111 np0000003140 devstack@neutron-api.service[89989]: DEBUG futurist.periodics [-] Submitting periodic callback 'neutron.plugins.ml2.drivers.ovn.mech_driver.ovsdb.maintenance.HashRingHealthCheckPeriodics.touch_hash_ring_node' {{(pid=89989) _process_scheduled /opt/stack/data/venv/lib/python3.12/site-packages/futurist/periodics.py:784}}
Jun 18 12:58:27.335564 np0000003140 devstack@neutron-api.service[89989]: DEBUG neutron.plugins.ml2.drivers.ovn.mech_driver.ovsdb.maintenance [-] Touching Hash Ring node "98af5b31601150859a27625130f964bc" from periodic health check thread {{(pid=89989) touch_hash_ring_node /opt/stack/neutron/neutron/plugins/ml2/drivers/ovn/mech_driver/ovsdb/maintenance.py:1419}}
Jun 18 12:58:27.380633 np0000003140 devstack@neutron-api.service[89988]: DEBUG futurist.periodics [-] Submitting periodic callback 'neutron.plugins.ml2.drivers.ovn.mech_driver.ovsdb.maintenance.HashRingHealthCheckPeriodics.touch_hash_ring_node' {{(pid=89988) _process_scheduled /opt/stack/data/venv/lib/python3.12/site-packages/futurist/periodics.py:784}}
Jun 18 12:58:27.381006 np0000003140 devstack@neutron-api.service[89988]: DEBUG neutron.plugins.ml2.drivers.ovn.mech_driver.ovsdb.maintenance [-] Touching Hash Ring node "cd6c8c6fbef454d5ba528c0080fe043c" from periodic health check thread {{(pid=89988) touch_hash_ring_node /opt/stack/neutron/neutron/plugins/ml2/drivers/ovn/mech_driver/ovsdb/maintenance.py:1419}}
Jun 18 12:58:36.339967 np0000003140 devstack@neutron-api.service[89987]: DEBUG dbcounter [-] [89987] Writing DB stats neutron:UPDATE=2,neutron:SELECT=8 {{(pid=89987) stat_writer /opt/stack/data/venv/lib/python3.12/site-packages/dbcounter.py:115}}
Jun 18 12:58:37.343617 np0000003140 devstack@neutron-api.service[89989]: DEBUG dbcounter [-] [89989] Writing DB stats neutron:UPDATE=2,neutron:SELECT=33 {{(pid=89989) stat_writer /opt/stack/data/venv/lib/python3.12/site-packages/dbcounter.py:115}}
Jun 18 12:58:37.386906 np0000003140 devstack@neutron-api.service[89988]: DEBUG dbcounter [-] [89988] Writing DB stats neutron:UPDATE=16,neutron:SELECT=391,neutron:INSERT=26,neutron:DELETE=4 {{(pid=89988) stat_writer /opt/stack/data/venv/lib/python3.12/site-packages/dbcounter.py:115}}
Jun 18 12:58:41.334092 np0000003140 devstack@neutron-api.service[89987]: DEBUG futurist.periodics [-] Submitting periodic callback 'neutron.plugins.ml2.drivers.ovn.mech_driver.ovsdb.maintenance.HashRingHealthCheckPeriodics.touch_hash_ring_node' {{(pid=89987) _process_scheduled /opt/stack/data/venv/lib/python3.12/site-packages/futurist/periodics.py:784}}
Jun 18 12:58:41.335603 np0000003140 devstack@neutron-api.service[89987]: DEBUG neutron.plugins.ml2.drivers.ovn.mech_driver.ovsdb.maintenance [-] Touching Hash Ring node "21217f0292c954cba676137b326bca59" from periodic health check thread {{(pid=89987) touch_hash_ring_node /opt/stack/neutron/neutron/plugins/ml2/drivers/ovn/mech_driver/ovsdb/maintenance.py:1419}}
Jun 18 12:58:42.335706 np0000003140 devstack@neutron-api.service[89989]: DEBUG futurist.periodics [-] Submitting periodic callback 'neutron.plugins.ml2.drivers.ovn.mech_driver.ovsdb.maintenance.HashRingHealthCheckPeriodics.touch_hash_ring_node' {{(pid=89989) _process_scheduled /opt/stack/data/venv/lib/python3.12/site-packages/futurist/periodics.py:784}}
Jun 18 12:58:42.336534 np0000003140 devstack@neutron-api.service[89989]: DEBUG neutron.plugins.ml2.drivers.ovn.mech_driver.ovsdb.maintenance [-] Touching Hash Ring node "98af5b31601150859a27625130f964bc" from periodic health check thread {{(pid=89989) touch_hash_ring_node /opt/stack/neutron/neutron/plugins/ml2/drivers/ovn/mech_driver/ovsdb/maintenance.py:1419}}
Jun 18 12:58:42.381137 np0000003140 devstack@neutron-api.service[89988]: DEBUG futurist.periodics [-] Submitting periodic callback 'neutron.plugins.ml2.drivers.ovn.mech_driver.ovsdb.maintenance.HashRingHealthCheckPeriodics.touch_hash_ring_node' {{(pid=89988) _process_scheduled /opt/stack/data/venv/lib/python3.12/site-packages/futurist/periodics.py:784}}
Jun 18 12:58:42.381587 np0000003140 devstack@neutron-api.service[89988]: DEBUG neutron.plugins.ml2.drivers.ovn.mech_driver.ovsdb.maintenance [-] Touching Hash Ring node "cd6c8c6fbef454d5ba528c0080fe043c" from periodic health check thread {{(pid=89988) touch_hash_ring_node /opt/stack/neutron/neutron/plugins/ml2/drivers/ovn/mech_driver/ovsdb/maintenance.py:1419}}
Jun 18 12:58:51.341797 np0000003140 devstack@neutron-api.service[89987]: DEBUG dbcounter [-] [89987] Writing DB stats neutron:UPDATE=1,neutron:SELECT=1 {{(pid=89987) stat_writer /opt/stack/data/venv/lib/python3.12/site-packages/dbcounter.py:115}}
Jun 18 12:58:52.342796 np0000003140 devstack@neutron-api.service[89989]: DEBUG dbcounter [-] [89989] Writing DB stats neutron:UPDATE=1,neutron:SELECT=1 {{(pid=89989) stat_writer /opt/stack/data/venv/lib/python3.12/site-packages/dbcounter.py:115}}
Jun 18 12:58:52.388116 np0000003140 devstack@neutron-api.service[89988]: DEBUG dbcounter [-] [89988] Writing DB stats neutron:UPDATE=1,neutron:SELECT=1 {{(pid=89988) stat_writer /opt/stack/data/venv/lib/python3.12/site-packages/dbcounter.py:115}}
Jun 18 12:58:56.335609 np0000003140 devstack@neutron-api.service[89987]: DEBUG futurist.periodics [-] Submitting periodic callback 'neutron.plugins.ml2.drivers.ovn.mech_driver.ovsdb.maintenance.HashRingHealthCheckPeriodics.touch_hash_ring_node' {{(pid=89987) _process_scheduled /opt/stack/data/venv/lib/python3.12/site-packages/futurist/periodics.py:784}}
Jun 18 12:58:56.336165 np0000003140 devstack@neutron-api.service[89987]: DEBUG neutron.plugins.ml2.drivers.ovn.mech_driver.ovsdb.maintenance [-] Touching Hash Ring node "21217f0292c954cba676137b326bca59" from periodic health check thread {{(pid=89987) touch_hash_ring_node /opt/stack/neutron/neutron/plugins/ml2/drivers/ovn/mech_driver/ovsdb/maintenance.py:1419}}
Jun 18 12:58:57.336685 np0000003140 devstack@neutron-api.service[89989]: DEBUG futurist.periodics [-] Submitting periodic callback 'neutron.plugins.ml2.drivers.ovn.mech_driver.ovsdb.maintenance.HashRingHealthCheckPeriodics.touch_hash_ring_node' {{(pid=89989) _process_scheduled /opt/stack/data/venv/lib/python3.12/site-packages/futurist/periodics.py:784}}
Jun 18 12:58:57.337155 np0000003140 devstack@neutron-api.service[89989]: DEBUG neutron.plugins.ml2.drivers.ovn.mech_driver.ovsdb.maintenance [-] Touching Hash Ring node "98af5b31601150859a27625130f964bc" from periodic health check thread {{(pid=89989) touch_hash_ring_node /opt/stack/neutron/neutron/plugins/ml2/drivers/ovn/mech_driver/ovsdb/maintenance.py:1419}}
Jun 18 12:58:57.381660 np0000003140 devstack@neutron-api.service[89988]: DEBUG futurist.periodics [-] Submitting periodic callback 'neutron.plugins.ml2.drivers.ovn.mech_driver.ovsdb.maintenance.HashRingHealthCheckPeriodics.touch_hash_ring_node' {{(pid=89988) _process_scheduled /opt/stack/data/venv/lib/python3.12/site-packages/futurist/periodics.py:784}}
Jun 18 12:58:57.382114 np0000003140 devstack@neutron-api.service[89988]: DEBUG neutron.plugins.ml2.drivers.ovn.mech_driver.ovsdb.maintenance [-] Touching Hash Ring node "cd6c8c6fbef454d5ba528c0080fe043c" from periodic health check thread {{(pid=89988) touch_hash_ring_node /opt/stack/neutron/neutron/plugins/ml2/drivers/ovn/mech_driver/ovsdb/maintenance.py:1419}}
Jun 18 12:58:59.717142 np0000003140 devstack@neutron-api.service[89987]: DEBUG neutron.api.wsgi [None req-b0c00270-9e2e-43b0-ab12-76e1ba881697 tempest-verify_tempest_config-1391680946 tempest-verify_tempest_config-1391680946-project-member] https://10.4.3.60/networking/v2.0/extensions returned with HTTP 200 {{(pid=89987) __call__ /opt/stack/neutron/neutron/api/wsgi.py:540}}
Jun 18 12:58:59.717569 np0000003140 devstack@neutron-api.service[89987]: [pid: 89987|app: 0|req: 15/41] 10.4.3.60 () {66 vars in 1254 bytes} [Thu Jun 18 12:58:59 2026] GET /networking/v2.0/extensions => generated 15873 bytes in 3 msecs (HTTP/1.1 200) 4 headers in 159 bytes (1 switches on core 0)
Jun 18 12:59:00.360021 np0000003140 devstack@neutron-api.service[89989]: DEBUG neutron_lib.callbacks.manager [None req-ae6151a8-e4d5-47ff-9262-daacaea1be14 admin admin] Publish callbacks [] for security_group (None), before_create {{(pid=89989) _notify_loop /opt/stack/data/venv/lib/python3.12/site-packages/neutron_lib/callbacks/manager.py:184}}
Jun 18 12:59:00.472167 np0000003140 devstack@neutron-api.service[89989]: DEBUG neutron_lib.callbacks.manager [None req-ae6151a8-e4d5-47ff-9262-daacaea1be14 admin admin] Publish callbacks ['neutron.plugins.ml2.drivers.ovn.mech_driver.mech_driver.OVNMechanismDriver._create_security_group_precommit-1910804'] for security_group (aea5d49c-7035-4643-a761-2ff88e539a4d), precommit_create {{(pid=89989) _notify_loop /opt/stack/data/venv/lib/python3.12/site-packages/neutron_lib/callbacks/manager.py:184}}
Jun 18 12:59:00.472167 np0000003140 devstack@neutron-api.service[89989]: DEBUG neutron.db.ovn_revision_numbers_db [None req-ae6151a8-e4d5-47ff-9262-daacaea1be14 admin admin] create_initial_revision uuid=aea5d49c-7035-4643-a761-2ff88e539a4d, type=security_groups, rev=-1 {{(pid=89989) create_initial_revision /opt/stack/neutron/neutron/db/ovn_revision_numbers_db.py:98}}
Jun 18 12:59:00.473874 np0000003140 devstack@neutron-api.service[89989]: DEBUG neutron.db.ovn_revision_numbers_db [None req-ae6151a8-e4d5-47ff-9262-daacaea1be14 admin admin] create_initial_revision uuid=0a48f332-b592-4e83-b1eb-44a24d69b940, type=security_group_rules, rev=-1 {{(pid=89989) create_initial_revision /opt/stack/neutron/neutron/db/ovn_revision_numbers_db.py:98}}
Jun 18 12:59:00.474985 np0000003140 devstack@neutron-api.service[89989]: DEBUG neutron.db.ovn_revision_numbers_db [None req-ae6151a8-e4d5-47ff-9262-daacaea1be14 admin admin] create_initial_revision uuid=2885b735-c249-4306-b56b-2d93b5cdc8bf, type=security_group_rules, rev=-1 {{(pid=89989) create_initial_revision /opt/stack/neutron/neutron/db/ovn_revision_numbers_db.py:98}}
Jun 18 12:59:00.475532 np0000003140 devstack@neutron-api.service[89989]: DEBUG neutron.db.ovn_revision_numbers_db [None req-ae6151a8-e4d5-47ff-9262-daacaea1be14 admin admin] create_initial_revision uuid=a962f56e-a153-4e59-91f6-25966a3974bc, type=security_group_rules, rev=-1 {{(pid=89989) create_initial_revision /opt/stack/neutron/neutron/db/ovn_revision_numbers_db.py:98}}
Jun 18 12:59:00.476543 np0000003140 devstack@neutron-api.service[89989]: DEBUG neutron.db.ovn_revision_numbers_db [None req-ae6151a8-e4d5-47ff-9262-daacaea1be14 admin admin] create_initial_revision uuid=df12519b-f96d-42b7-842c-e4b463c72920, type=security_group_rules, rev=-1 {{(pid=89989) create_initial_revision /opt/stack/neutron/neutron/db/ovn_revision_numbers_db.py:98}}
Jun 18 12:59:00.480356 np0000003140 devstack@neutron-api.service[89989]: DEBUG neutron_lib.callbacks.manager [None req-ae6151a8-e4d5-47ff-9262-daacaea1be14 admin admin] Publish callbacks ['neutron.plugins.ml2.drivers.ovn.mech_driver.mech_driver.OVNMechanismDriver._create_security_group-1910810', 'neutron.plugins.ml2.ovo_rpc._ObjectChangeHandler.handle_event-2785892'] for security_group (aea5d49c-7035-4643-a761-2ff88e539a4d), after_create {{(pid=89989) _notify_loop /opt/stack/data/venv/lib/python3.12/site-packages/neutron_lib/callbacks/manager.py:184}}
Jun 18 12:59:00.481126 np0000003140 devstack@neutron-api.service[89989]: DEBUG ovsdbapp.backend.ovs_idl.transaction [None req-a473b611-8dd8-48cd-9c8b-aeac4050a120 None None] Running txn n=1 command(idx=0): PgAddCommand(_result=None, name=pg_aea5d49c_7035_4643_a761_2ff88e539a4d, may_exist=False, columns={'acls': [], 'external_ids': {'neutron:security_group_id': 'aea5d49c-7035-4643-a761-2ff88e539a4d'}}) {{(pid=89989) do_commit /opt/stack/data/venv/lib/python3.12/site-packages/ovsdbapp/backend/ovs_idl/transaction.py:89}}
Jun 18 12:59:00.482041 np0000003140 devstack@neutron-api.service[89989]: DEBUG ovsdbapp.backend.ovs_idl.transaction [None req-a473b611-8dd8-48cd-9c8b-aeac4050a120 None None] Running txn n=1 command(idx=1): PgAclAddCommand(_result=None, entity=pg_aea5d49c_7035_4643_a761_2ff88e539a4d, direction=from-lport, priority=1002, match=inport == @pg_aea5d49c_7035_4643_a761_2ff88e539a4d && ip4, action=allow-related, log=False, may_exist=True, severity=[], name=[], meter=[], external_ids={'neutron:security_group_rule_id': '0a48f332-b592-4e83-b1eb-44a24d69b940'}) {{(pid=89989) do_commit /opt/stack/data/venv/lib/python3.12/site-packages/ovsdbapp/backend/ovs_idl/transaction.py:89}}
Jun 18 12:59:00.482041 np0000003140 devstack@neutron-api.service[89989]: DEBUG ovsdbapp.backend.ovs_idl.transaction [None req-a473b611-8dd8-48cd-9c8b-aeac4050a120 None None] Running txn n=1 command(idx=2): PgAclAddCommand(_result=None, entity=pg_aea5d49c_7035_4643_a761_2ff88e539a4d, direction=from-lport, priority=1002, match=inport == @pg_aea5d49c_7035_4643_a761_2ff88e539a4d && ip6, action=allow-related, log=False, may_exist=True, severity=[], name=[], meter=[], external_ids={'neutron:security_group_rule_id': '2885b735-c249-4306-b56b-2d93b5cdc8bf'}) {{(pid=89989) do_commit /opt/stack/data/venv/lib/python3.12/site-packages/ovsdbapp/backend/ovs_idl/transaction.py:89}}
