May 21 00:57:06.767879 np0000001121 nova-scheduler[95593]: DEBUG cotyledon.oslo_config_glue [-] oslo_messaging_notifications.transport_url = **** {{(pid=95593) log_opt_values /opt/stack/data/venv/lib/python3.12/site-packages/oslo_config/cfg.py:3256}}
May 21 00:57:06.767879 np0000001121 nova-scheduler[95593]: DEBUG cotyledon.oslo_config_glue [-] oslo_limit.auth_section = None {{(pid=95593) log_opt_values /opt/stack/data/venv/lib/python3.12/site-packages/oslo_config/cfg.py:3256}}
May 21 00:57:06.767879 np0000001121 nova-scheduler[95593]: DEBUG cotyledon.oslo_config_glue [-] oslo_limit.auth_type = None {{(pid=95593) log_opt_values /opt/stack/data/venv/lib/python3.12/site-packages/oslo_config/cfg.py:3256}}
May 21 00:57:06.767879 np0000001121 nova-scheduler[95593]: DEBUG cotyledon.oslo_config_glue [-] oslo_limit.cafile = None {{(pid=95593) log_opt_values /opt/stack/data/venv/lib/python3.12/site-packages/oslo_config/cfg.py:3256}}
May 21 00:57:06.767879 np0000001121 nova-scheduler[95593]: DEBUG cotyledon.oslo_config_glue [-] oslo_limit.certfile = None {{(pid=95593) log_opt_values /opt/stack/data/venv/lib/python3.12/site-packages/oslo_config/cfg.py:3256}}
May 21 00:57:06.767879 np0000001121 nova-scheduler[95593]: DEBUG cotyledon.oslo_config_glue [-] oslo_limit.collect_timing = False {{(pid=95593) log_opt_values /opt/stack/data/venv/lib/python3.12/site-packages/oslo_config/cfg.py:3256}}
May 21 00:57:06.768046 np0000001121 nova-scheduler[95593]: DEBUG cotyledon.oslo_config_glue [-] oslo_limit.connect_retries = None {{(pid=95593) log_opt_values /opt/stack/data/venv/lib/python3.12/site-packages/oslo_config/cfg.py:3256}}
May 21 00:57:06.768046 np0000001121 nova-scheduler[95593]: DEBUG cotyledon.oslo_config_glue [-] oslo_limit.connect_retry_delay = None {{(pid=95593) log_opt_values /opt/stack/data/venv/lib/python3.12/site-packages/oslo_config/cfg.py:3256}}
May 21 00:57:06.768046 np0000001121 nova-scheduler[95593]: DEBUG cotyledon.oslo_config_glue [-] oslo_limit.endpoint_id = None {{(pid=95593) log_opt_values /opt/stack/data/venv/lib/python3.12/site-packages/oslo_config/cfg.py:3256}}
May 21 00:57:06.768046 np0000001121 nova-scheduler[95593]: DEBUG cotyledon.oslo_config_glue [-] oslo_limit.endpoint_interface = public {{(pid=95593) log_opt_values /opt/stack/data/venv/lib/python3.12/site-packages/oslo_config/cfg.py:3256}}
May 21 00:57:06.768046 np0000001121 nova-scheduler[95593]: DEBUG cotyledon.oslo_config_glue [-] oslo_limit.endpoint_override = None {{(pid=95593) log_opt_values /opt/stack/data/venv/lib/python3.12/site-packages/oslo_config/cfg.py:3256}}
May 21 00:57:06.768046 np0000001121 nova-scheduler[95593]: DEBUG cotyledon.oslo_config_glue [-] oslo_limit.endpoint_region_name = None {{(pid=95593) log_opt_values /opt/stack/data/venv/lib/python3.12/site-packages/oslo_config/cfg.py:3256}}
May 21 00:57:06.768046 np0000001121 nova-scheduler[95593]: DEBUG cotyledon.oslo_config_glue [-] oslo_limit.endpoint_service_name = None {{(pid=95593) log_opt_values /opt/stack/data/venv/lib/python3.12/site-packages/oslo_config/cfg.py:3256}}
May 21 00:57:06.768046 np0000001121 nova-scheduler[95593]: DEBUG cotyledon.oslo_config_glue [-] oslo_limit.endpoint_service_type = None {{(pid=95593) log_opt_values /opt/stack/data/venv/lib/python3.12/site-packages/oslo_config/cfg.py:3256}}
May 21 00:57:06.768046 np0000001121 nova-scheduler[95593]: DEBUG cotyledon.oslo_config_glue [-] oslo_limit.insecure = False {{(pid=95593) log_opt_values /opt/stack/data/venv/lib/python3.12/site-packages/oslo_config/cfg.py:3256}}
May 21 00:57:06.768233 np0000001121 nova-scheduler[95593]: DEBUG cotyledon.oslo_config_glue [-] oslo_limit.keyfile = None {{(pid=95593) log_opt_values /opt/stack/data/venv/lib/python3.12/site-packages/oslo_config/cfg.py:3256}}
May 21 00:57:06.768233 np0000001121 nova-scheduler[95593]: DEBUG cotyledon.oslo_config_glue [-] oslo_limit.max_version = None {{(pid=95593) log_opt_values /opt/stack/data/venv/lib/python3.12/site-packages/oslo_config/cfg.py:3256}}
May 21 00:57:06.768233 np0000001121 nova-scheduler[95593]: DEBUG cotyledon.oslo_config_glue [-] oslo_limit.min_version = None {{(pid=95593) log_opt_values /opt/stack/data/venv/lib/python3.12/site-packages/oslo_config/cfg.py:3256}}
May 21 00:57:06.768233 np0000001121 nova-scheduler[95593]: DEBUG cotyledon.oslo_config_glue [-] oslo_limit.region_name = None {{(pid=95593) log_opt_values /opt/stack/data/venv/lib/python3.12/site-packages/oslo_config/cfg.py:3256}}
May 21 00:57:06.768233 np0000001121 nova-scheduler[95593]: DEBUG cotyledon.oslo_config_glue [-] oslo_limit.retriable_status_codes = None {{(pid=95593) log_opt_values /opt/stack/data/venv/lib/python3.12/site-packages/oslo_config/cfg.py:3256}}
May 21 00:57:06.768233 np0000001121 nova-scheduler[95593]: DEBUG cotyledon.oslo_config_glue [-] oslo_limit.service_name = None {{(pid=95593) log_opt_values /opt/stack/data/venv/lib/python3.12/site-packages/oslo_config/cfg.py:3256}}
May 21 00:57:06.768233 np0000001121 nova-scheduler[95593]: DEBUG cotyledon.oslo_config_glue [-] oslo_limit.service_type = None {{(pid=95593) log_opt_values /opt/stack/data/venv/lib/python3.12/site-packages/oslo_config/cfg.py:3256}}
May 21 00:57:06.768233 np0000001121 nova-scheduler[95593]: DEBUG cotyledon.oslo_config_glue [-] oslo_limit.split_loggers = False {{(pid=95593) log_opt_values /opt/stack/data/venv/lib/python3.12/site-packages/oslo_config/cfg.py:3256}}
May 21 00:57:06.768233 np0000001121 nova-scheduler[95593]: DEBUG cotyledon.oslo_config_glue [-] oslo_limit.status_code_retries = None {{(pid=95593) log_opt_values /opt/stack/data/venv/lib/python3.12/site-packages/oslo_config/cfg.py:3256}}
May 21 00:57:06.768421 np0000001121 nova-scheduler[95593]: DEBUG cotyledon.oslo_config_glue [-] oslo_limit.status_code_retry_delay = None {{(pid=95593) log_opt_values /opt/stack/data/venv/lib/python3.12/site-packages/oslo_config/cfg.py:3256}}
May 21 00:57:06.768421 np0000001121 nova-scheduler[95593]: DEBUG cotyledon.oslo_config_glue [-] oslo_limit.timeout = None {{(pid=95593) log_opt_values /opt/stack/data/venv/lib/python3.12/site-packages/oslo_config/cfg.py:3256}}
May 21 00:57:06.768421 np0000001121 nova-scheduler[95593]: DEBUG cotyledon.oslo_config_glue [-] oslo_limit.valid_interfaces = None {{(pid=95593) log_opt_values /opt/stack/data/venv/lib/python3.12/site-packages/oslo_config/cfg.py:3256}}
May 21 00:57:06.768421 np0000001121 nova-scheduler[95593]: DEBUG cotyledon.oslo_config_glue [-] oslo_limit.version = None {{(pid=95593) log_opt_values /opt/stack/data/venv/lib/python3.12/site-packages/oslo_config/cfg.py:3256}}
May 21 00:57:06.768421 np0000001121 nova-scheduler[95593]: DEBUG cotyledon.oslo_config_glue [-] oslo_reports.file_event_handler = None {{(pid=95593) log_opt_values /opt/stack/data/venv/lib/python3.12/site-packages/oslo_config/cfg.py:3256}}
May 21 00:57:06.768421 np0000001121 nova-scheduler[95593]: DEBUG cotyledon.oslo_config_glue [-] oslo_reports.file_event_handler_interval = 1 {{(pid=95593) log_opt_values /opt/stack/data/venv/lib/python3.12/site-packages/oslo_config/cfg.py:3256}}
May 21 00:57:06.768421 np0000001121 nova-scheduler[95593]: DEBUG cotyledon.oslo_config_glue [-] oslo_reports.log_dir = None {{(pid=95593) log_opt_values /opt/stack/data/venv/lib/python3.12/site-packages/oslo_config/cfg.py:3256}}
May 21 00:57:06.768421 np0000001121 nova-scheduler[95593]: DEBUG cotyledon.oslo_config_glue [-] ******************************************************************************** {{(pid=95593) log_opt_values /opt/stack/data/venv/lib/python3.12/site-packages/oslo_config/cfg.py:3263}}
May 21 00:57:06.768421 np0000001121 nova-scheduler[95593]: DEBUG cotyledon._service_worker [-] Run service ServiceWrapper(2) [95593] {{(pid=95593) wait_forever /opt/stack/data/venv/lib/python3.12/site-packages/cotyledon/_service_worker.py:218}}
May 21 00:57:06.768587 np0000001121 nova-scheduler[95593]: INFO nova.service [-] Starting scheduler node (version 33.1.0)
May 21 00:57:06.768608 np0000001121 nova-scheduler[95558]: INFO dbcounter [None req-681b04b4-572a-42ce-9432-10e1b8909f7e None None] Registered counter for database nova_cell0
May 21 00:57:06.768632 np0000001121 nova-scheduler[95593]: INFO dbcounter [None req-7020e098-ec1c-4a62-9298-a5ad0b2f9af7 None None] Registered counter for database nova_cell0
May 21 00:57:06.775890 np0000001121 nova-scheduler[95558]: DEBUG oslo_db.sqlalchemy.engines [None req-681b04b4-572a-42ce-9432-10e1b8909f7e None None] MySQL server mode set to STRICT_TRANS_TABLES,STRICT_ALL_TABLES,NO_ZERO_IN_DATE,NO_ZERO_DATE,ERROR_FOR_DIVISION_BY_ZERO,TRADITIONAL,NO_ENGINE_SUBSTITUTION {{(pid=95558) _check_effective_sql_mode /opt/stack/data/venv/lib/python3.12/site-packages/oslo_db/sqlalchemy/engines.py:325}}
May 21 00:57:06.779784 np0000001121 nova-scheduler[95593]: DEBUG oslo_db.sqlalchemy.engines [None req-7020e098-ec1c-4a62-9298-a5ad0b2f9af7 None None] MySQL server mode set to STRICT_TRANS_TABLES,STRICT_ALL_TABLES,NO_ZERO_IN_DATE,NO_ZERO_DATE,ERROR_FOR_DIVISION_BY_ZERO,TRADITIONAL,NO_ENGINE_SUBSTITUTION {{(pid=95593) _check_effective_sql_mode /opt/stack/data/venv/lib/python3.12/site-packages/oslo_db/sqlalchemy/engines.py:325}}
May 21 00:57:06.781226 np0000001121 nova-scheduler[95556]: DEBUG nova.service [None req-31ede68c-d965-419b-a7a5-32618c5fa792 None None] Creating RPC server for service: nova-scheduler on topic: scheduler {{(pid=95556) start /opt/stack/nova/nova/service.py:195}}
May 21 00:57:06.787799 np0000001121 nova-scheduler[95558]: DEBUG dbcounter [-] [95558] Writer thread running {{(pid=95558) stat_writer /opt/stack/data/venv/lib/python3.12/site-packages/dbcounter.py:102}}
May 21 00:57:06.791412 np0000001121 nova-scheduler[95558]: DEBUG nova.service [None req-681b04b4-572a-42ce-9432-10e1b8909f7e None None] Creating RPC server for service: nova-scheduler on topic: scheduler {{(pid=95558) start /opt/stack/nova/nova/service.py:195}}
May 21 00:57:06.792380 np0000001121 nova-scheduler[95593]: DEBUG dbcounter [-] [95593] Writer thread running {{(pid=95593) stat_writer /opt/stack/data/venv/lib/python3.12/site-packages/dbcounter.py:102}}
May 21 00:57:06.795473 np0000001121 nova-scheduler[95593]: DEBUG nova.service [None req-7020e098-ec1c-4a62-9298-a5ad0b2f9af7 None None] Creating RPC server for service: nova-scheduler on topic: scheduler {{(pid=95593) start /opt/stack/nova/nova/service.py:195}}
May 21 00:57:06.811051 np0000001121 nova-scheduler[95556]: DEBUG nova.service [None req-31ede68c-d965-419b-a7a5-32618c5fa792 None None] Join ServiceGroup membership for this service scheduler {{(pid=95556) start /opt/stack/nova/nova/service.py:221}}
May 21 00:57:06.811217 np0000001121 nova-scheduler[95556]: DEBUG nova.servicegroup.drivers.db [None req-31ede68c-d965-419b-a7a5-32618c5fa792 None None] DB_Driver: join new ServiceGroup member np0000001121 to the scheduler group, service = {{(pid=95556) join /opt/stack/nova/nova/servicegroup/drivers/db.py:44}}
May 21 00:57:06.813232 np0000001121 nova-scheduler[95593]: DEBUG nova.service [None req-7020e098-ec1c-4a62-9298-a5ad0b2f9af7 None None] Join ServiceGroup membership for this service scheduler {{(pid=95593) start /opt/stack/nova/nova/service.py:221}}
May 21 00:57:06.813438 np0000001121 nova-scheduler[95593]: DEBUG nova.servicegroup.drivers.db [None req-7020e098-ec1c-4a62-9298-a5ad0b2f9af7 None None] DB_Driver: join new ServiceGroup member np0000001121 to the scheduler group, service = {{(pid=95593) join /opt/stack/nova/nova/servicegroup/drivers/db.py:44}}
May 21 00:57:06.819755 np0000001121 nova-scheduler[95558]: DEBUG nova.service [None req-681b04b4-572a-42ce-9432-10e1b8909f7e None None] Join ServiceGroup membership for this service scheduler {{(pid=95558) start /opt/stack/nova/nova/service.py:221}}
May 21 00:57:06.819909 np0000001121 nova-scheduler[95558]: DEBUG nova.servicegroup.drivers.db [None req-681b04b4-572a-42ce-9432-10e1b8909f7e None None] DB_Driver: join new ServiceGroup member np0000001121 to the scheduler group, service = {{(pid=95558) join /opt/stack/nova/nova/servicegroup/drivers/db.py:44}}
May 21 00:57:11.829000 np0000001121 nova-scheduler[95556]: DEBUG oslo.service.backend._threading.loopingcall [-] Fixed interval looping call 'nova.servicegroup.drivers.db.DbDriver._report_state' sleeping for 119.98 seconds {{(pid=95556) _run_loop /opt/stack/data/venv/lib/python3.12/site-packages/oslo_service/backend/_threading/loopingcall.py:125}}
May 21 00:57:11.829599 np0000001121 nova-scheduler[95593]: DEBUG oslo.service.backend._threading.loopingcall [-] Fixed interval looping call 'nova.servicegroup.drivers.db.DbDriver._report_state' sleeping for 119.99 seconds {{(pid=95593) _run_loop /opt/stack/data/venv/lib/python3.12/site-packages/oslo_service/backend/_threading/loopingcall.py:125}}
May 21 00:57:11.832616 np0000001121 nova-scheduler[95558]: DEBUG oslo.service.backend._threading.loopingcall [-] Fixed interval looping call 'nova.servicegroup.drivers.db.DbDriver._report_state' sleeping for 119.99 seconds {{(pid=95558) _run_loop /opt/stack/data/venv/lib/python3.12/site-packages/oslo_service/backend/_threading/loopingcall.py:125}}
May 21 00:57:15.455666 np0000001121 nova-scheduler[94360]: DEBUG dbcounter [-] [94360] Writing DB stats nova_api:SELECT=3 {{(pid=94360) stat_writer /opt/stack/data/venv/lib/python3.12/site-packages/dbcounter.py:115}}
May 21 00:57:15.548881 np0000001121 nova-scheduler[94360]: DEBUG dbcounter [-] [94360] Writing DB stats nova_cell0:SELECT=1 {{(pid=94360) stat_writer /opt/stack/data/venv/lib/python3.12/site-packages/dbcounter.py:115}}
May 21 00:57:15.554144 np0000001121 nova-scheduler[94360]: DEBUG dbcounter [-] [94360] Writing DB stats nova_cell1:SELECT=1 {{(pid=94360) stat_writer /opt/stack/data/venv/lib/python3.12/site-packages/dbcounter.py:115}}
May 21 00:57:21.822234 np0000001121 nova-scheduler[95556]: DEBUG dbcounter [-] [95556] Writing DB stats nova_cell0:SELECT=4,nova_cell0:INSERT=1,nova_cell0:UPDATE=1 {{(pid=95556) stat_writer /opt/stack/data/venv/lib/python3.12/site-packages/dbcounter.py:115}}
May 21 00:57:21.825621 np0000001121 nova-scheduler[95593]: DEBUG dbcounter [-] [95593] Writing DB stats nova_cell0:SELECT=3,nova_cell0:UPDATE=1 {{(pid=95593) stat_writer /opt/stack/data/venv/lib/python3.12/site-packages/dbcounter.py:115}}
May 21 00:57:21.829894 np0000001121 nova-scheduler[95558]: DEBUG dbcounter [-] [95558] Writing DB stats nova_cell0:SELECT=3 {{(pid=95558) stat_writer /opt/stack/data/venv/lib/python3.12/site-packages/dbcounter.py:115}}
May 21 00:57:40.813512 np0000001121 nova-scheduler[95556]: DEBUG oslo.service.backend._threading.loopingcall [None req-86354b24-1fa8-41f2-a2e4-2eb70cb93996 None None] Dynamic interval looping call 'nova.service.Service.periodic_tasks' sleeping for 60.00 seconds {{(pid=95556) _run_loop /opt/stack/data/venv/lib/python3.12/site-packages/oslo_service/backend/_threading/loopingcall.py:125}}
May 21 00:57:48.815550 np0000001121 nova-scheduler[95593]: DEBUG oslo.service.backend._threading.loopingcall [None req-e9a39b47-9d75-4571-b8a1-c51fa9e2802a None None] Dynamic interval looping call 'nova.service.Service.periodic_tasks' sleeping for 60.00 seconds {{(pid=95593) _run_loop /opt/stack/data/venv/lib/python3.12/site-packages/oslo_service/backend/_threading/loopingcall.py:125}}
May 21 00:57:53.821678 np0000001121 nova-scheduler[95558]: DEBUG oslo.service.backend._threading.loopingcall [None req-94461fe4-05d4-4e7e-8521-1855c3474123 None None] Dynamic interval looping call 'nova.service.Service.periodic_tasks' sleeping for 60.00 seconds {{(pid=95558) _run_loop /opt/stack/data/venv/lib/python3.12/site-packages/oslo_service/backend/_threading/loopingcall.py:125}}
May 21 00:58:40.814004 np0000001121 nova-scheduler[95556]: DEBUG oslo.service.backend._threading.loopingcall [None req-86354b24-1fa8-41f2-a2e4-2eb70cb93996 None None] Dynamic interval looping call 'nova.service.Service.periodic_tasks' sleeping for 60.00 seconds {{(pid=95556) _run_loop /opt/stack/data/venv/lib/python3.12/site-packages/oslo_service/backend/_threading/loopingcall.py:125}}
May 21 00:58:48.816069 np0000001121 nova-scheduler[95593]: DEBUG oslo.service.backend._threading.loopingcall [None req-e9a39b47-9d75-4571-b8a1-c51fa9e2802a None None] Dynamic interval looping call 'nova.service.Service.periodic_tasks' sleeping for 60.00 seconds {{(pid=95593) _run_loop /opt/stack/data/venv/lib/python3.12/site-packages/oslo_service/backend/_threading/loopingcall.py:125}}
May 21 00:58:53.822209 np0000001121 nova-scheduler[95558]: DEBUG oslo.service.backend._threading.loopingcall [None req-94461fe4-05d4-4e7e-8521-1855c3474123 None None] Dynamic interval looping call 'nova.service.Service.periodic_tasks' sleeping for 60.00 seconds {{(pid=95558) _run_loop /opt/stack/data/venv/lib/python3.12/site-packages/oslo_service/backend/_threading/loopingcall.py:125}}
May 21 00:59:11.815839 np0000001121 nova-scheduler[95556]: DEBUG oslo.service.backend._threading.loopingcall [-] Fixed interval looping call 'nova.servicegroup.drivers.db.DbDriver._report_state' sleeping for 119.99 seconds {{(pid=95556) _run_loop /opt/stack/data/venv/lib/python3.12/site-packages/oslo_service/backend/_threading/loopingcall.py:125}}
May 21 00:59:11.822790 np0000001121 nova-scheduler[95593]: DEBUG oslo.service.backend._threading.loopingcall [-] Fixed interval looping call 'nova.servicegroup.drivers.db.DbDriver._report_state' sleeping for 120.00 seconds {{(pid=95593) _run_loop /opt/stack/data/venv/lib/python3.12/site-packages/oslo_service/backend/_threading/loopingcall.py:125}}
May 21 00:59:11.825888 np0000001121 nova-scheduler[95558]: DEBUG oslo.service.backend._threading.loopingcall [-] Fixed interval looping call 'nova.servicegroup.drivers.db.DbDriver._report_state' sleeping for 120.00 seconds {{(pid=95558) _run_loop /opt/stack/data/venv/lib/python3.12/site-packages/oslo_service/backend/_threading/loopingcall.py:125}}
May 21 00:59:21.811933 np0000001121 nova-scheduler[95556]: DEBUG dbcounter [-] [95556] Writing DB stats nova_cell0:SELECT=1,nova_cell0:UPDATE=1 {{(pid=95556) stat_writer /opt/stack/data/venv/lib/python3.12/site-packages/dbcounter.py:115}}
May 21 00:59:21.821260 np0000001121 nova-scheduler[95593]: DEBUG dbcounter [-] [95593] Writing DB stats nova_cell0:SELECT=1 {{(pid=95593) stat_writer /opt/stack/data/venv/lib/python3.12/site-packages/dbcounter.py:115}}
May 21 00:59:21.824409 np0000001121 nova-scheduler[95558]: DEBUG dbcounter [-] [95558] Writing DB stats nova_cell0:SELECT=1 {{(pid=95558) stat_writer /opt/stack/data/venv/lib/python3.12/site-packages/dbcounter.py:115}}
May 21 00:59:40.814550 np0000001121 nova-scheduler[95556]: DEBUG oslo.service.backend._threading.loopingcall [None req-86354b24-1fa8-41f2-a2e4-2eb70cb93996 None None] Dynamic interval looping call 'nova.service.Service.periodic_tasks' sleeping for 60.00 seconds {{(pid=95556) _run_loop /opt/stack/data/venv/lib/python3.12/site-packages/oslo_service/backend/_threading/loopingcall.py:125}}
May 21 00:59:48.816614 np0000001121 nova-scheduler[95593]: DEBUG oslo.service.backend._threading.loopingcall [None req-e9a39b47-9d75-4571-b8a1-c51fa9e2802a None None] Dynamic interval looping call 'nova.service.Service.periodic_tasks' sleeping for 60.00 seconds {{(pid=95593) _run_loop /opt/stack/data/venv/lib/python3.12/site-packages/oslo_service/backend/_threading/loopingcall.py:125}}
May 21 00:59:53.822806 np0000001121 nova-scheduler[95558]: DEBUG oslo.service.backend._threading.loopingcall [None req-94461fe4-05d4-4e7e-8521-1855c3474123 None None] Dynamic interval looping call 'nova.service.Service.periodic_tasks' sleeping for 60.00 seconds {{(pid=95558) _run_loop /opt/stack/data/venv/lib/python3.12/site-packages/oslo_service/backend/_threading/loopingcall.py:125}}
May 21 00:59:55.736877 np0000001121 nova-scheduler[95556]: DEBUG nova.scheduler.manager [None req-b6338175-f8e4-4966-8a1b-9995c9477c7d tempest-ServerStableDeviceRescueTest-1835777487 tempest-ServerStableDeviceRescueTest-1835777487-project-member] Starting to schedule for instances: ['485c74ba-b2b9-40e3-a9e4-9fc285a71e65'] {{(pid=95556) select_destinations /opt/stack/nova/nova/scheduler/manager.py:210}}
May 21 00:59:55.737568 np0000001121 nova-scheduler[95556]: DEBUG nova.scheduler.request_filter [None req-b6338175-f8e4-4966-8a1b-9995c9477c7d tempest-ServerStableDeviceRescueTest-1835777487 tempest-ServerStableDeviceRescueTest-1835777487-project-member] compute_status_filter request filter added forbidden trait COMPUTE_STATUS_DISABLED {{(pid=95556) compute_status_filter /opt/stack/nova/nova/scheduler/request_filter.py:253}}
May 21 00:59:55.737739 np0000001121 nova-scheduler[95556]: DEBUG nova.scheduler.request_filter [None req-b6338175-f8e4-4966-8a1b-9995c9477c7d tempest-ServerStableDeviceRescueTest-1835777487 tempest-ServerStableDeviceRescueTest-1835777487-project-member] Request filter 'compute_status_filter' took 0.0 seconds {{(pid=95556) wrapper /opt/stack/nova/nova/scheduler/request_filter.py:46}}
May 21 00:59:55.738453 np0000001121 nova-scheduler[95556]: DEBUG nova.scheduler.request_filter [None req-b6338175-f8e4-4966-8a1b-9995c9477c7d tempest-ServerStableDeviceRescueTest-1835777487 tempest-ServerStableDeviceRescueTest-1835777487-project-member] Request filter 'accelerators_filter' took 0.0 seconds {{(pid=95556) wrapper /opt/stack/nova/nova/scheduler/request_filter.py:46}}
May 21 00:59:55.738722 np0000001121 nova-scheduler[95556]: DEBUG nova.scheduler.request_filter [None req-b6338175-f8e4-4966-8a1b-9995c9477c7d tempest-ServerStableDeviceRescueTest-1835777487 tempest-ServerStableDeviceRescueTest-1835777487-project-member] Request filter 'packed_virtqueue_filter' took 0.0 seconds {{(pid=95556) wrapper /opt/stack/nova/nova/scheduler/request_filter.py:46}}
May 21 00:59:55.739124 np0000001121 nova-scheduler[95556]: DEBUG nova.scheduler.request_filter [None req-b6338175-f8e4-4966-8a1b-9995c9477c7d tempest-ServerStableDeviceRescueTest-1835777487 tempest-ServerStableDeviceRescueTest-1835777487-project-member] Request filter 'remote_managed_ports_filter' took 0.0 seconds {{(pid=95556) wrapper /opt/stack/nova/nova/scheduler/request_filter.py:46}}
May 21 00:59:55.739242 np0000001121 nova-scheduler[95556]: DEBUG nova.scheduler.request_filter [None req-b6338175-f8e4-4966-8a1b-9995c9477c7d tempest-ServerStableDeviceRescueTest-1835777487 tempest-ServerStableDeviceRescueTest-1835777487-project-member] ephemeral_encryption_filter skipped {{(pid=95556) ephemeral_encryption_filter /opt/stack/nova/nova/scheduler/request_filter.py:426}}
May 21 00:59:55.739708 np0000001121 nova-scheduler[95556]: DEBUG nova.scheduler.request_filter [None req-b6338175-f8e4-4966-8a1b-9995c9477c7d tempest-ServerStableDeviceRescueTest-1835777487 tempest-ServerStableDeviceRescueTest-1835777487-project-member] virtio_sound_filter skipped {{(pid=95556) virtio_sound_filter /opt/stack/nova/nova/scheduler/request_filter.py:460}}
May 21 00:59:55.739859 np0000001121 nova-scheduler[95556]: DEBUG nova.scheduler.request_filter [None req-b6338175-f8e4-4966-8a1b-9995c9477c7d tempest-ServerStableDeviceRescueTest-1835777487 tempest-ServerStableDeviceRescueTest-1835777487-project-member] tpm_secret_security_filter skipped {{(pid=95556) tpm_secret_security_filter /opt/stack/nova/nova/scheduler/request_filter.py:477}}
May 21 00:59:56.449442 np0000001121 nova-scheduler[95556]: INFO nova.utils [None req-b6338175-f8e4-4966-8a1b-9995c9477c7d tempest-ServerStableDeviceRescueTest-1835777487 tempest-ServerStableDeviceRescueTest-1835777487-project-member] The cell worker thread pool ForkProcess-1.cell_worker is initialized
May 21 00:59:56.449934 np0000001121 nova-scheduler[95556]: DEBUG oslo_concurrency.lockutils [None req-b6338175-f8e4-4966-8a1b-9995c9477c7d tempest-ServerStableDeviceRescueTest-1835777487 tempest-ServerStableDeviceRescueTest-1835777487-project-member] Acquiring lock "f88a2e75-504b-4526-9be0-e48cbc6ef13c" by "nova.context.set_target_cell..get_or_set_cached_cell_and_set_connections" {{(pid=95556) inner /opt/stack/data/venv/lib/python3.12/site-packages/oslo_concurrency/lockutils.py:511}}
May 21 00:59:56.450250 np0000001121 nova-scheduler[95556]: DEBUG oslo_concurrency.lockutils [None req-b6338175-f8e4-4966-8a1b-9995c9477c7d tempest-ServerStableDeviceRescueTest-1835777487 tempest-ServerStableDeviceRescueTest-1835777487-project-member] Lock "f88a2e75-504b-4526-9be0-e48cbc6ef13c" acquired by "nova.context.set_target_cell..get_or_set_cached_cell_and_set_connections" :: waited 0.000s {{(pid=95556) inner /opt/stack/data/venv/lib/python3.12/site-packages/oslo_concurrency/lockutils.py:524}}
May 21 00:59:56.452249 np0000001121 nova-scheduler[95556]: DEBUG oslo_concurrency.lockutils [None req-b6338175-f8e4-4966-8a1b-9995c9477c7d tempest-ServerStableDeviceRescueTest-1835777487 tempest-ServerStableDeviceRescueTest-1835777487-project-member] Lock "f88a2e75-504b-4526-9be0-e48cbc6ef13c" "released" by "nova.context.set_target_cell..get_or_set_cached_cell_and_set_connections" :: held 0.002s {{(pid=95556) inner /opt/stack/data/venv/lib/python3.12/site-packages/oslo_concurrency/lockutils.py:543}}
May 21 00:59:56.455408 np0000001121 nova-scheduler[95556]: INFO dbcounter [None req-b6338175-f8e4-4966-8a1b-9995c9477c7d tempest-ServerStableDeviceRescueTest-1835777487 tempest-ServerStableDeviceRescueTest-1835777487-project-member] Registered counter for database nova_cell1
May 21 00:59:56.465813 np0000001121 nova-scheduler[95556]: DEBUG oslo_db.sqlalchemy.engines [None req-b6338175-f8e4-4966-8a1b-9995c9477c7d tempest-ServerStableDeviceRescueTest-1835777487 tempest-ServerStableDeviceRescueTest-1835777487-project-member] MySQL server mode set to STRICT_TRANS_TABLES,STRICT_ALL_TABLES,NO_ZERO_IN_DATE,NO_ZERO_DATE,ERROR_FOR_DIVISION_BY_ZERO,TRADITIONAL,NO_ENGINE_SUBSTITUTION {{(pid=95556) _check_effective_sql_mode /opt/stack/data/venv/lib/python3.12/site-packages/oslo_db/sqlalchemy/engines.py:325}}
May 21 00:59:56.471245 np0000001121 nova-scheduler[95556]: DEBUG dbcounter [-] [95556] Writer thread running {{(pid=95556) stat_writer /opt/stack/data/venv/lib/python3.12/site-packages/dbcounter.py:102}}
May 21 00:59:56.486428 np0000001121 nova-scheduler[95556]: DEBUG oslo_db.sqlalchemy.engines [None req-b6338175-f8e4-4966-8a1b-9995c9477c7d tempest-ServerStableDeviceRescueTest-1835777487 tempest-ServerStableDeviceRescueTest-1835777487-project-member] Parent process 94360 forked (95556) with an open database connection, which is being discarded and recreated. {{(pid=95556) checkout /opt/stack/data/venv/lib/python3.12/site-packages/oslo_db/sqlalchemy/engines.py:402}}
May 21 00:59:56.494938 np0000001121 nova-scheduler[95556]: DEBUG dbcounter [-] [95556] Writer thread running {{(pid=95556) stat_writer /opt/stack/data/venv/lib/python3.12/site-packages/dbcounter.py:102}}
May 21 00:59:56.501689 np0000001121 nova-scheduler[95556]: DEBUG oslo_concurrency.lockutils [None req-b6338175-f8e4-4966-8a1b-9995c9477c7d tempest-ServerStableDeviceRescueTest-1835777487 tempest-ServerStableDeviceRescueTest-1835777487-project-member] Acquiring lock "f88a2e75-504b-4526-9be0-e48cbc6ef13c" by "nova.context.set_target_cell..get_or_set_cached_cell_and_set_connections" {{(pid=95556) inner /opt/stack/data/venv/lib/python3.12/site-packages/oslo_concurrency/lockutils.py:511}}
May 21 00:59:56.501689 np0000001121 nova-scheduler[95556]: DEBUG oslo_concurrency.lockutils [None req-b6338175-f8e4-4966-8a1b-9995c9477c7d tempest-ServerStableDeviceRescueTest-1835777487 tempest-ServerStableDeviceRescueTest-1835777487-project-member] Lock "f88a2e75-504b-4526-9be0-e48cbc6ef13c" acquired by "nova.context.set_target_cell..get_or_set_cached_cell_and_set_connections" :: waited 0.001s {{(pid=95556) inner /opt/stack/data/venv/lib/python3.12/site-packages/oslo_concurrency/lockutils.py:524}}
May 21 00:59:56.501689 np0000001121 nova-scheduler[95556]: DEBUG oslo_concurrency.lockutils [None req-b6338175-f8e4-4966-8a1b-9995c9477c7d tempest-ServerStableDeviceRescueTest-1835777487 tempest-ServerStableDeviceRescueTest-1835777487-project-member] Lock "f88a2e75-504b-4526-9be0-e48cbc6ef13c" "released" by "nova.context.set_target_cell..get_or_set_cached_cell_and_set_connections" :: held 0.000s {{(pid=95556) inner /opt/stack/data/venv/lib/python3.12/site-packages/oslo_concurrency/lockutils.py:543}}
May 21 00:59:56.508328 np0000001121 nova-scheduler[95556]: DEBUG oslo_concurrency.lockutils [None req-b6338175-f8e4-4966-8a1b-9995c9477c7d tempest-ServerStableDeviceRescueTest-1835777487 tempest-ServerStableDeviceRescueTest-1835777487-project-member] Acquiring lock "('np0000001121', 'np0000001121')" by "nova.scheduler.host_manager.HostState.update.._locked_update" {{(pid=95556) inner /opt/stack/data/venv/lib/python3.12/site-packages/oslo_concurrency/lockutils.py:511}}
May 21 00:59:56.508328 np0000001121 nova-scheduler[95556]: DEBUG oslo_concurrency.lockutils [None req-b6338175-f8e4-4966-8a1b-9995c9477c7d tempest-ServerStableDeviceRescueTest-1835777487 tempest-ServerStableDeviceRescueTest-1835777487-project-member] Lock "('np0000001121', 'np0000001121')" acquired by "nova.scheduler.host_manager.HostState.update.._locked_update" :: waited 0.000s {{(pid=95556) inner /opt/stack/data/venv/lib/python3.12/site-packages/oslo_concurrency/lockutils.py:524}}
May 21 00:59:56.508401 np0000001121 nova-scheduler[95556]: DEBUG nova.scheduler.host_manager [None req-b6338175-f8e4-4966-8a1b-9995c9477c7d tempest-ServerStableDeviceRescueTest-1835777487 tempest-ServerStableDeviceRescueTest-1835777487-project-member] Update host state from compute node: ComputeNode(cpu_allocation_ratio=4.0,cpu_info='{"arch": "x86_64", "model": "EPYC-Milan", "vendor": "AMD", "topology": {"cells": 1, "sockets": 12, "cores": 1, "threads": 1}, "maxphysaddr": {"mode": "emulate", "bits": 40}, "features": ["rdseed", "perfctr_core", "pni", "pfthreshold", "nx", "nrip-save", "pschange-mc-no", "rdctl-no", "abm", "vaes", "pge", "misalignsse", "npt", "smep", "xsaves", "sha-ni", "adx", "tsc_adjust", "rdpid", "vmcb-clean", "fsrm", "xgetbv1", "bmi1", "avx", "clflushopt", "hypervisor", "lahf_lm", "lbrv", "cr8legacy", "topoext", "umip", "sse4a", "bmi2", "cx8", "fpu", "skip-l1dfl-vmentry", "arat", "null-sel-clr-base", "amd-stibp", "fxsr", "aes", "spec-ctrl", "pse36", "virt-ssbd", "pse", "sse2", "fsgsbase", "tsc", "apic", "xsaveopt", "mca", "lfence-always-serializing", "sep", "mmxext", "flushbyasid", "vgif", "sse", "wbnoinvd", "cmp_legacy", "smap", "mtrr", "movbe", "invpcid", "osvw", "sse4.1", "lm", "cx16", "gds-no", "erms", "pause-filter", "sse4.2", "svme-addr-chk", "cmov", "ibpb", "vpclmulqdq", "mmx", "stibp-always-on", "de", "mds-no", "v-vmsave-vmload", "pdpe1gb", "pcid", "svm", "fxsr_opt", "tsc-deadline", "pat", "msr", "xsaveerptr", "pclmuldq", "amd-psfd", "fma", "clwb", "tsc-scale", "f16c", "vme", "syscall", "ibrs", "ssbd", "pae", "x2apic", "arch-capabilities", "stibp", "xsave", "ssse3", "no-nested-data-bp", "clflush", "pku", "amd-ssbd", "3dnowprefetch", "mce", "rdrand", "rdtscp", "clzero", "avx2", "xsavec", "popcnt"]}',created_at=2026-05-21T00:57:32Z,current_workload=0,deleted=False,deleted_at=None,disk_allocation_ratio=1.0,disk_available_least=74,free_disk_gb=95,free_ram_mb=23518,host='np0000001121',host_ip=10.4.3.179,hypervisor_hostname='np0000001121',hypervisor_type='QEMU',hypervisor_version=8002002,id=1,local_gb=95,local_gb_used=0,mapped=1,memory_mb=24030,memory_mb_used=512,metrics='[]',numa_topology='{"nova_object.name": "NUMATopology", "nova_object.namespace": "nova", "nova_object.version": "1.2", "nova_object.data": {"cells": [{"nova_object.name": "NUMACell", "nova_object.namespace": "nova", "nova_object.version": "1.5", "nova_object.data": {"id": 0, "cpuset": [0, 1, 2, 3, 4, 5, 6, 7, 8, 9, 10, 11], "pcpuset": [0, 1, 2, 3, 4, 5, 6, 7, 8, 9, 10, 11], "memory": 24030, "cpu_usage": 0, "memory_usage": 0, "pinned_cpus": [], "siblings": [[6], [2], [5], [11], [8], [4], [1], [7], [10], [0], [3], [9]], "mempages": [{"nova_object.name": "NUMAPagesTopology", "nova_object.namespace": "nova", "nova_object.version": "1.1", "nova_object.data": {"size_kb": 4, "total": 6151798, "used": 0, "reserved": 0}, "nova_object.changes": ["used", "size_kb", "reserved", "total"]}, {"nova_object.name": "NUMAPagesTopology", "nova_object.namespace": "nova", "nova_object.version": "1.1", "nova_object.data": {"size_kb": 2048, "total": 0, "used": 0, "reserved": 0}, "nova_object.changes": ["used", "size_kb", "reserved", "total"]}, {"nova_object.name": "NUMAPagesTopology", "nova_object.namespace": "nova", "nova_object.version": "1.1", "nova_object.data": {"size_kb": 1048576, "total": 0, "used": 0, "reserved": 0}, "nova_object.changes": ["used", "size_kb", "reserved", "total"]}], "network_metadata": {"nova_object.name": "NetworkMetadata", "nova_object.namespace": "nova", "nova_object.version": "1.0", "nova_object.data": {"physnets": [], "tunneled": false}, "nova_object.changes": ["physnets", "tunneled"]}, "socket": null}, "nova_object.changes": ["cpuset", "pcpuset", "memory", "pinned_cpus", "memory_usage", "cpu_usage", "siblings", "socket", "network_metadata", "id", "mempages"]}]}, "nova_object.changes": ["cells"]}',pci_device_pools=PciDevicePoolList,ram_allocation_ratio=1.0,running_vms=0,service_id=2,stats={failed_builds='0',uptime=' 00:59:18 up 25 min, 2 users, load average: 1.48, 1.64, 0.97
May 21 00:59:56.508401 np0000001121 nova-scheduler[95556]: '},supported_hv_specs=[HVSpec,HVSpec,HVSpec,HVSpec,HVSpec,HVSpec,HVSpec,HVSpec,HVSpec,HVSpec,HVSpec,HVSpec,HVSpec,HVSpec,HVSpec,HVSpec,HVSpec,HVSpec,HVSpec,HVSpec,HVSpec,HVSpec,HVSpec,HVSpec,HVSpec],updated_at=2026-05-21T00:59:20Z,uuid=70e5a504-72ff-49ce-bee2-6c2353fd0d64,vcpus=12,vcpus_used=0) {{(pid=95556) _locked_update /opt/stack/nova/nova/scheduler/host_manager.py:168}}
May 21 00:59:56.508556 np0000001121 nova-scheduler[95556]: DEBUG nova.scheduler.host_manager [None req-b6338175-f8e4-4966-8a1b-9995c9477c7d tempest-ServerStableDeviceRescueTest-1835777487 tempest-ServerStableDeviceRescueTest-1835777487-project-member] Update host state with aggregates: [] {{(pid=95556) _locked_update /opt/stack/nova/nova/scheduler/host_manager.py:171}}
May 21 00:59:56.508717 np0000001121 nova-scheduler[95556]: DEBUG nova.scheduler.host_manager [None req-b6338175-f8e4-4966-8a1b-9995c9477c7d tempest-ServerStableDeviceRescueTest-1835777487 tempest-ServerStableDeviceRescueTest-1835777487-project-member] Update host state with service dict: {'id': 2, 'uuid': 'd0005305-a36e-489e-b995-5c155944e710', 'host': 'np0000001121', 'binary': 'nova-compute', 'topic': 'compute', 'report_count': 2, 'disabled': False, 'disabled_reason': None, 'last_seen_up': datetime.datetime(2026, 5, 21, 0, 59, 40, tzinfo=datetime.timezone.utc), 'forced_down': False, 'version': 72, 'created_at': datetime.datetime(2026, 5, 21, 0, 57, 30, tzinfo=datetime.timezone.utc), 'updated_at': datetime.datetime(2026, 5, 21, 0, 59, 40, tzinfo=datetime.timezone.utc), 'deleted_at': None, 'deleted': False} {{(pid=95556) _locked_update /opt/stack/nova/nova/scheduler/host_manager.py:174}}
May 21 00:59:56.508853 np0000001121 nova-scheduler[95556]: DEBUG nova.scheduler.host_manager [None req-b6338175-f8e4-4966-8a1b-9995c9477c7d tempest-ServerStableDeviceRescueTest-1835777487 tempest-ServerStableDeviceRescueTest-1835777487-project-member] Update host state with instances: [] {{(pid=95556) _locked_update /opt/stack/nova/nova/scheduler/host_manager.py:177}}
May 21 00:59:56.508993 np0000001121 nova-scheduler[95556]: DEBUG oslo_concurrency.lockutils [None req-b6338175-f8e4-4966-8a1b-9995c9477c7d tempest-ServerStableDeviceRescueTest-1835777487 tempest-ServerStableDeviceRescueTest-1835777487-project-member] Lock "('np0000001121', 'np0000001121')" "released" by "nova.scheduler.host_manager.HostState.update.._locked_update" :: held 0.003s {{(pid=95556) inner /opt/stack/data/venv/lib/python3.12/site-packages/oslo_concurrency/lockutils.py:543}}
May 21 00:59:56.509641 np0000001121 nova-scheduler[95556]: DEBUG nova.filters [None req-b6338175-f8e4-4966-8a1b-9995c9477c7d tempest-ServerStableDeviceRescueTest-1835777487 tempest-ServerStableDeviceRescueTest-1835777487-project-member] Starting with 1 host(s) {{(pid=95556) get_filtered_objects /opt/stack/nova/nova/filters.py:70}}
May 21 00:59:56.509907 np0000001121 nova-scheduler[95556]: DEBUG nova.filters [None req-b6338175-f8e4-4966-8a1b-9995c9477c7d tempest-ServerStableDeviceRescueTest-1835777487 tempest-ServerStableDeviceRescueTest-1835777487-project-member] Filter ComputeFilter returned 1 host(s) {{(pid=95556) get_filtered_objects /opt/stack/nova/nova/filters.py:102}}
May 21 00:59:56.510251 np0000001121 nova-scheduler[95556]: DEBUG nova.filters [None req-b6338175-f8e4-4966-8a1b-9995c9477c7d tempest-ServerStableDeviceRescueTest-1835777487 tempest-ServerStableDeviceRescueTest-1835777487-project-member] Filter ComputeCapabilitiesFilter returned 1 host(s) {{(pid=95556) get_filtered_objects /opt/stack/nova/nova/filters.py:102}}
May 21 00:59:56.510381 np0000001121 nova-scheduler[95556]: DEBUG nova.filters [None req-b6338175-f8e4-4966-8a1b-9995c9477c7d tempest-ServerStableDeviceRescueTest-1835777487 tempest-ServerStableDeviceRescueTest-1835777487-project-member] Filter ImagePropertiesFilter returned 1 host(s) {{(pid=95556) get_filtered_objects /opt/stack/nova/nova/filters.py:102}}
May 21 00:59:56.510563 np0000001121 nova-scheduler[95556]: DEBUG nova.filters [None req-b6338175-f8e4-4966-8a1b-9995c9477c7d tempest-ServerStableDeviceRescueTest-1835777487 tempest-ServerStableDeviceRescueTest-1835777487-project-member] Filter ServerGroupAntiAffinityFilter returned 1 host(s) {{(pid=95556) get_filtered_objects /opt/stack/nova/nova/filters.py:102}}
May 21 00:59:56.510723 np0000001121 nova-scheduler[95556]: DEBUG nova.filters [None req-b6338175-f8e4-4966-8a1b-9995c9477c7d tempest-ServerStableDeviceRescueTest-1835777487 tempest-ServerStableDeviceRescueTest-1835777487-project-member] Filter ServerGroupAffinityFilter returned 1 host(s) {{(pid=95556) get_filtered_objects /opt/stack/nova/nova/filters.py:102}}
May 21 00:59:56.510877 np0000001121 nova-scheduler[95556]: DEBUG nova.filters [None req-b6338175-f8e4-4966-8a1b-9995c9477c7d tempest-ServerStableDeviceRescueTest-1835777487 tempest-ServerStableDeviceRescueTest-1835777487-project-member] Filter SameHostFilter returned 1 host(s) {{(pid=95556) get_filtered_objects /opt/stack/nova/nova/filters.py:102}}
May 21 00:59:56.510999 np0000001121 nova-scheduler[95556]: DEBUG nova.filters [None req-b6338175-f8e4-4966-8a1b-9995c9477c7d tempest-ServerStableDeviceRescueTest-1835777487 tempest-ServerStableDeviceRescueTest-1835777487-project-member] Filter DifferentHostFilter returned 1 host(s) {{(pid=95556) get_filtered_objects /opt/stack/nova/nova/filters.py:102}}
May 21 00:59:56.511984 np0000001121 nova-scheduler[95556]: DEBUG nova.scheduler.manager [None req-b6338175-f8e4-4966-8a1b-9995c9477c7d tempest-ServerStableDeviceRescueTest-1835777487 tempest-ServerStableDeviceRescueTest-1835777487-project-member] Filtered [(np0000001121, np0000001121) ram: 23518MB disk: 75776MB io_ops: 0 instances: 0, allocation_candidates: 1] {{(pid=95556) _get_sorted_hosts /opt/stack/nova/nova/scheduler/manager.py:743}}
May 21 00:59:56.511984 np0000001121 nova-scheduler[95556]: DEBUG nova.scheduler.manager [None req-b6338175-f8e4-4966-8a1b-9995c9477c7d tempest-ServerStableDeviceRescueTest-1835777487 tempest-ServerStableDeviceRescueTest-1835777487-project-member] Weighed [WeighedHost [host: (np0000001121, np0000001121) ram: 23518MB disk: 75776MB io_ops: 0 instances: 0, allocation_candidates: 1, weight: 0.0]] {{(pid=95556) _get_sorted_hosts /opt/stack/nova/nova/scheduler/manager.py:765}}
May 21 00:59:56.511984 np0000001121 nova-scheduler[95556]: DEBUG nova.scheduler.utils [None req-b6338175-f8e4-4966-8a1b-9995c9477c7d tempest-ServerStableDeviceRescueTest-1835777487 tempest-ServerStableDeviceRescueTest-1835777487-project-member] Attempting to claim resources in the placement API for instance 485c74ba-b2b9-40e3-a9e4-9fc285a71e65 {{(pid=95556) claim_resources /opt/stack/nova/nova/scheduler/utils.py:1304}}
May 21 00:59:56.760876 np0000001121 nova-scheduler[95556]: DEBUG nova.scheduler.manager [None req-b6338175-f8e4-4966-8a1b-9995c9477c7d tempest-ServerStableDeviceRescueTest-1835777487 tempest-ServerStableDeviceRescueTest-1835777487-project-member] [instance: 485c74ba-b2b9-40e3-a9e4-9fc285a71e65] Selected host: (np0000001121, np0000001121) ram: 23518MB disk: 75776MB io_ops: 0 instances: 0, allocation_candidates: 1 {{(pid=95556) _consume_selected_host /opt/stack/nova/nova/scheduler/manager.py:625}}
May 21 00:59:56.762040 np0000001121 nova-scheduler[95556]: DEBUG oslo_concurrency.lockutils [None req-b6338175-f8e4-4966-8a1b-9995c9477c7d tempest-ServerStableDeviceRescueTest-1835777487 tempest-ServerStableDeviceRescueTest-1835777487-project-member] Acquiring lock "('np0000001121', 'np0000001121')" by "nova.scheduler.host_manager.HostState.consume_from_request.._locked" {{(pid=95556) inner /opt/stack/data/venv/lib/python3.12/site-packages/oslo_concurrency/lockutils.py:511}}
May 21 00:59:56.762040 np0000001121 nova-scheduler[95556]: DEBUG oslo_concurrency.lockutils [None req-b6338175-f8e4-4966-8a1b-9995c9477c7d tempest-ServerStableDeviceRescueTest-1835777487 tempest-ServerStableDeviceRescueTest-1835777487-project-member] Lock "('np0000001121', 'np0000001121')" acquired by "nova.scheduler.host_manager.HostState.consume_from_request.._locked" :: waited 0.000s {{(pid=95556) inner /opt/stack/data/venv/lib/python3.12/site-packages/oslo_concurrency/lockutils.py:524}}
May 21 00:59:56.762040 np0000001121 nova-scheduler[95556]: DEBUG oslo_concurrency.lockutils [None req-b6338175-f8e4-4966-8a1b-9995c9477c7d tempest-ServerStableDeviceRescueTest-1835777487 tempest-ServerStableDeviceRescueTest-1835777487-project-member] Lock "('np0000001121', 'np0000001121')" "released" by "nova.scheduler.host_manager.HostState.consume_from_request.._locked" :: held 0.000s {{(pid=95556) inner /opt/stack/data/venv/lib/python3.12/site-packages/oslo_concurrency/lockutils.py:543}}
May 21 01:00:05.898990 np0000001121 nova-scheduler[95593]: DEBUG nova.scheduler.manager [None req-7e61fbbd-9b52-4f88-b671-e6566e7b636c tempest-VolumesAdminNegativeTest-1872204892 tempest-VolumesAdminNegativeTest-1872204892-project-member] Starting to schedule for instances: ['93cfa890-9ae9-4e58-8620-704bfffb4cc1'] {{(pid=95593) select_destinations /opt/stack/nova/nova/scheduler/manager.py:210}}
May 21 01:00:05.899909 np0000001121 nova-scheduler[95593]: DEBUG nova.scheduler.request_filter [None req-7e61fbbd-9b52-4f88-b671-e6566e7b636c tempest-VolumesAdminNegativeTest-1872204892 tempest-VolumesAdminNegativeTest-1872204892-project-member] compute_status_filter request filter added forbidden trait COMPUTE_STATUS_DISABLED {{(pid=95593) compute_status_filter /opt/stack/nova/nova/scheduler/request_filter.py:253}}
May 21 01:00:05.900012 np0000001121 nova-scheduler[95593]: DEBUG nova.scheduler.request_filter [None req-7e61fbbd-9b52-4f88-b671-e6566e7b636c tempest-VolumesAdminNegativeTest-1872204892 tempest-VolumesAdminNegativeTest-1872204892-project-member] Request filter 'compute_status_filter' took 0.0 seconds {{(pid=95593) wrapper /opt/stack/nova/nova/scheduler/request_filter.py:46}}
May 21 01:00:05.900255 np0000001121 nova-scheduler[95593]: DEBUG nova.scheduler.request_filter [None req-7e61fbbd-9b52-4f88-b671-e6566e7b636c tempest-VolumesAdminNegativeTest-1872204892 tempest-VolumesAdminNegativeTest-1872204892-project-member] Request filter 'accelerators_filter' took 0.0 seconds {{(pid=95593) wrapper /opt/stack/nova/nova/scheduler/request_filter.py:46}}
May 21 01:00:05.900520 np0000001121 nova-scheduler[95593]: DEBUG nova.scheduler.request_filter [None req-7e61fbbd-9b52-4f88-b671-e6566e7b636c tempest-VolumesAdminNegativeTest-1872204892 tempest-VolumesAdminNegativeTest-1872204892-project-member] Request filter 'packed_virtqueue_filter' took 0.0 seconds {{(pid=95593) wrapper /opt/stack/nova/nova/scheduler/request_filter.py:46}}
May 21 01:00:05.901051 np0000001121 nova-scheduler[95593]: DEBUG nova.scheduler.request_filter [None req-7e61fbbd-9b52-4f88-b671-e6566e7b636c tempest-VolumesAdminNegativeTest-1872204892 tempest-VolumesAdminNegativeTest-1872204892-project-member] Request filter 'remote_managed_ports_filter' took 0.0 seconds {{(pid=95593) wrapper /opt/stack/nova/nova/scheduler/request_filter.py:46}}
May 21 01:00:05.901231 np0000001121 nova-scheduler[95593]: DEBUG nova.scheduler.request_filter [None req-7e61fbbd-9b52-4f88-b671-e6566e7b636c tempest-VolumesAdminNegativeTest-1872204892 tempest-VolumesAdminNegativeTest-1872204892-project-member] ephemeral_encryption_filter skipped {{(pid=95593) ephemeral_encryption_filter /opt/stack/nova/nova/scheduler/request_filter.py:426}}
May 21 01:00:05.901408 np0000001121 nova-scheduler[95593]: DEBUG nova.scheduler.request_filter [None req-7e61fbbd-9b52-4f88-b671-e6566e7b636c tempest-VolumesAdminNegativeTest-1872204892 tempest-VolumesAdminNegativeTest-1872204892-project-member] virtio_sound_filter skipped {{(pid=95593) virtio_sound_filter /opt/stack/nova/nova/scheduler/request_filter.py:460}}
May 21 01:00:05.901594 np0000001121 nova-scheduler[95593]: DEBUG nova.scheduler.request_filter [None req-7e61fbbd-9b52-4f88-b671-e6566e7b636c tempest-VolumesAdminNegativeTest-1872204892 tempest-VolumesAdminNegativeTest-1872204892-project-member] tpm_secret_security_filter skipped {{(pid=95593) tpm_secret_security_filter /opt/stack/nova/nova/scheduler/request_filter.py:477}}
May 21 01:00:06.041438 np0000001121 nova-scheduler[95593]: INFO nova.utils [None req-7e61fbbd-9b52-4f88-b671-e6566e7b636c tempest-VolumesAdminNegativeTest-1872204892 tempest-VolumesAdminNegativeTest-1872204892-project-member] The cell worker thread pool ForkProcess-3.cell_worker is initialized
May 21 01:00:06.042081 np0000001121 nova-scheduler[95593]: DEBUG oslo_concurrency.lockutils [None req-7e61fbbd-9b52-4f88-b671-e6566e7b636c tempest-VolumesAdminNegativeTest-1872204892 tempest-VolumesAdminNegativeTest-1872204892-project-member] Acquiring lock "f88a2e75-504b-4526-9be0-e48cbc6ef13c" by "nova.context.set_target_cell..get_or_set_cached_cell_and_set_connections" {{(pid=95593) inner /opt/stack/data/venv/lib/python3.12/site-packages/oslo_concurrency/lockutils.py:511}}
May 21 01:00:06.043301 np0000001121 nova-scheduler[95593]: DEBUG oslo_concurrency.lockutils [None req-7e61fbbd-9b52-4f88-b671-e6566e7b636c tempest-VolumesAdminNegativeTest-1872204892 tempest-VolumesAdminNegativeTest-1872204892-project-member] Lock "f88a2e75-504b-4526-9be0-e48cbc6ef13c" acquired by "nova.context.set_target_cell..get_or_set_cached_cell_and_set_connections" :: waited 0.001s {{(pid=95593) inner /opt/stack/data/venv/lib/python3.12/site-packages/oslo_concurrency/lockutils.py:524}}
May 21 01:00:06.044842 np0000001121 nova-scheduler[95593]: DEBUG oslo_concurrency.lockutils [None req-7e61fbbd-9b52-4f88-b671-e6566e7b636c tempest-VolumesAdminNegativeTest-1872204892 tempest-VolumesAdminNegativeTest-1872204892-project-member] Lock "f88a2e75-504b-4526-9be0-e48cbc6ef13c" "released" by "nova.context.set_target_cell..get_or_set_cached_cell_and_set_connections" :: held 0.002s {{(pid=95593) inner /opt/stack/data/venv/lib/python3.12/site-packages/oslo_concurrency/lockutils.py:543}}
May 21 01:00:06.047737 np0000001121 nova-scheduler[95593]: INFO dbcounter [None req-7e61fbbd-9b52-4f88-b671-e6566e7b636c tempest-VolumesAdminNegativeTest-1872204892 tempest-VolumesAdminNegativeTest-1872204892-project-member] Registered counter for database nova_cell1
May 21 01:00:06.057227 np0000001121 nova-scheduler[95593]: DEBUG oslo_db.sqlalchemy.engines [None req-7e61fbbd-9b52-4f88-b671-e6566e7b636c tempest-VolumesAdminNegativeTest-1872204892 tempest-VolumesAdminNegativeTest-1872204892-project-member] MySQL server mode set to STRICT_TRANS_TABLES,STRICT_ALL_TABLES,NO_ZERO_IN_DATE,NO_ZERO_DATE,ERROR_FOR_DIVISION_BY_ZERO,TRADITIONAL,NO_ENGINE_SUBSTITUTION {{(pid=95593) _check_effective_sql_mode /opt/stack/data/venv/lib/python3.12/site-packages/oslo_db/sqlalchemy/engines.py:325}}
May 21 01:00:06.062401 np0000001121 nova-scheduler[95593]: DEBUG dbcounter [-] [95593] Writer thread running {{(pid=95593) stat_writer /opt/stack/data/venv/lib/python3.12/site-packages/dbcounter.py:102}}
May 21 01:00:06.089802 np0000001121 nova-scheduler[95593]: DEBUG dbcounter [-] [95593] Writer thread running {{(pid=95593) stat_writer /opt/stack/data/venv/lib/python3.12/site-packages/dbcounter.py:102}}
May 21 01:00:06.093474 np0000001121 nova-scheduler[95593]: DEBUG oslo_concurrency.lockutils [None req-7e61fbbd-9b52-4f88-b671-e6566e7b636c tempest-VolumesAdminNegativeTest-1872204892 tempest-VolumesAdminNegativeTest-1872204892-project-member] Acquiring lock "f88a2e75-504b-4526-9be0-e48cbc6ef13c" by "nova.context.set_target_cell..get_or_set_cached_cell_and_set_connections" {{(pid=95593) inner /opt/stack/data/venv/lib/python3.12/site-packages/oslo_concurrency/lockutils.py:511}}
May 21 01:00:06.093815 np0000001121 nova-scheduler[95593]: DEBUG oslo_concurrency.lockutils [None req-7e61fbbd-9b52-4f88-b671-e6566e7b636c tempest-VolumesAdminNegativeTest-1872204892 tempest-VolumesAdminNegativeTest-1872204892-project-member] Lock "f88a2e75-504b-4526-9be0-e48cbc6ef13c" acquired by "nova.context.set_target_cell..get_or_set_cached_cell_and_set_connections" :: waited 0.000s {{(pid=95593) inner /opt/stack/data/venv/lib/python3.12/site-packages/oslo_concurrency/lockutils.py:524}}
May 21 01:00:06.093815 np0000001121 nova-scheduler[95593]: DEBUG oslo_concurrency.lockutils [None req-7e61fbbd-9b52-4f88-b671-e6566e7b636c tempest-VolumesAdminNegativeTest-1872204892 tempest-VolumesAdminNegativeTest-1872204892-project-member] Lock "f88a2e75-504b-4526-9be0-e48cbc6ef13c" "released" by "nova.context.set_target_cell..get_or_set_cached_cell_and_set_connections" :: held 0.000s {{(pid=95593) inner /opt/stack/data/venv/lib/python3.12/site-packages/oslo_concurrency/lockutils.py:543}}
