May 21 00:56:41.525514 np0000001121 neutron-periodic-workers[91816]: DEBUG cotyledon.oslo_config_glue [-] ovn.dns_records_ovn_owned = False {{(pid=91816) log_opt_values /opt/stack/data/venv/lib/python3.12/site-packages/oslo_config/cfg.py:3256}}
May 21 00:56:41.525565 np0000001121 neutron-periodic-workers[91816]: DEBUG cotyledon.oslo_config_glue [-] ovn.dns_servers = [] {{(pid=91816) log_opt_values /opt/stack/data/venv/lib/python3.12/site-packages/oslo_config/cfg.py:3256}}
May 21 00:56:41.525616 np0000001121 neutron-periodic-workers[91816]: DEBUG cotyledon.oslo_config_glue [-] ovn.enable_distributed_floating_ip = False {{(pid=91816) log_opt_values /opt/stack/data/venv/lib/python3.12/site-packages/oslo_config/cfg.py:3256}}
May 21 00:56:41.525668 np0000001121 neutron-periodic-workers[91816]: DEBUG cotyledon.oslo_config_glue [-] ovn.fdb_age_threshold = 300 {{(pid=91816) log_opt_values /opt/stack/data/venv/lib/python3.12/site-packages/oslo_config/cfg.py:3256}}
May 21 00:56:41.525720 np0000001121 neutron-periodic-workers[91816]: DEBUG cotyledon.oslo_config_glue [-] ovn.ha_failover_strategy = normal {{(pid=91816) log_opt_values /opt/stack/data/venv/lib/python3.12/site-packages/oslo_config/cfg.py:3256}}
May 21 00:56:41.525770 np0000001121 neutron-periodic-workers[91816]: DEBUG cotyledon.oslo_config_glue [-] ovn.live_migration_activation_strategy = rarp {{(pid=91816) log_opt_values /opt/stack/data/venv/lib/python3.12/site-packages/oslo_config/cfg.py:3256}}
May 21 00:56:41.525820 np0000001121 neutron-periodic-workers[91816]: DEBUG cotyledon.oslo_config_glue [-] ovn.localnet_learn_fdb = False {{(pid=91816) log_opt_values /opt/stack/data/venv/lib/python3.12/site-packages/oslo_config/cfg.py:3256}}
May 21 00:56:41.525891 np0000001121 neutron-periodic-workers[91816]: DEBUG cotyledon.oslo_config_glue [-] ovn.mac_binding_age_threshold = 300 {{(pid=91816) log_opt_values /opt/stack/data/venv/lib/python3.12/site-packages/oslo_config/cfg.py:3256}}
May 21 00:56:41.525954 np0000001121 neutron-periodic-workers[91816]: DEBUG cotyledon.oslo_config_glue [-] ovn.neutron_sync_mode = log {{(pid=91816) log_opt_values /opt/stack/data/venv/lib/python3.12/site-packages/oslo_config/cfg.py:3256}}
May 21 00:56:41.526009 np0000001121 neutron-periodic-workers[91816]: DEBUG cotyledon.oslo_config_glue [-] ovn.ovn_dhcp4_global_options = {} {{(pid=91816) log_opt_values /opt/stack/data/venv/lib/python3.12/site-packages/oslo_config/cfg.py:3256}}
May 21 00:56:41.526059 np0000001121 neutron-periodic-workers[91816]: DEBUG cotyledon.oslo_config_glue [-] ovn.ovn_dhcp6_global_options = {} {{(pid=91816) log_opt_values /opt/stack/data/venv/lib/python3.12/site-packages/oslo_config/cfg.py:3256}}
May 21 00:56:41.526110 np0000001121 neutron-periodic-workers[91816]: DEBUG cotyledon.oslo_config_glue [-] ovn.ovn_l3_scheduler = leastloaded {{(pid=91816) log_opt_values /opt/stack/data/venv/lib/python3.12/site-packages/oslo_config/cfg.py:3256}}
May 21 00:56:41.526162 np0000001121 neutron-periodic-workers[91816]: DEBUG cotyledon.oslo_config_glue [-] ovn.ovn_metadata_enabled = True {{(pid=91816) log_opt_values /opt/stack/data/venv/lib/python3.12/site-packages/oslo_config/cfg.py:3256}}
May 21 00:56:41.526244 np0000001121 neutron-periodic-workers[91816]: DEBUG cotyledon.oslo_config_glue [-] ovn.ovn_nb_ca_cert = /opt/stack/data/CA/int-ca/ca-chain.pem {{(pid=91816) log_opt_values /opt/stack/data/venv/lib/python3.12/site-packages/oslo_config/cfg.py:3256}}
May 21 00:56:41.526299 np0000001121 neutron-periodic-workers[91816]: DEBUG cotyledon.oslo_config_glue [-] ovn.ovn_nb_certificate = /opt/stack/data/CA/int-ca/devstack-cert.crt {{(pid=91816) log_opt_values /opt/stack/data/venv/lib/python3.12/site-packages/oslo_config/cfg.py:3256}}
May 21 00:56:41.526353 np0000001121 neutron-periodic-workers[91816]: DEBUG cotyledon.oslo_config_glue [-] ovn.ovn_nb_connection = ['ssl:10.4.3.179:6641'] {{(pid=91816) log_opt_values /opt/stack/data/venv/lib/python3.12/site-packages/oslo_config/cfg.py:3256}}
May 21 00:56:41.526404 np0000001121 neutron-periodic-workers[91816]: DEBUG cotyledon.oslo_config_glue [-] ovn.ovn_nb_private_key = /opt/stack/data/CA/int-ca/private/devstack-cert.key {{(pid=91816) log_opt_values /opt/stack/data/venv/lib/python3.12/site-packages/oslo_config/cfg.py:3256}}
May 21 00:56:41.526469 np0000001121 neutron-periodic-workers[91816]: DEBUG cotyledon.oslo_config_glue [-] ovn.ovn_router_indirect_snat = False {{(pid=91816) log_opt_values /opt/stack/data/venv/lib/python3.12/site-packages/oslo_config/cfg.py:3256}}
May 21 00:56:41.526524 np0000001121 neutron-periodic-workers[91816]: DEBUG cotyledon.oslo_config_glue [-] ovn.ovn_sb_ca_cert = /opt/stack/data/CA/int-ca/ca-chain.pem {{(pid=91816) log_opt_values /opt/stack/data/venv/lib/python3.12/site-packages/oslo_config/cfg.py:3256}}
May 21 00:56:41.526573 np0000001121 neutron-periodic-workers[91816]: DEBUG cotyledon.oslo_config_glue [-] ovn.ovn_sb_certificate = /opt/stack/data/CA/int-ca/devstack-cert.crt {{(pid=91816) log_opt_values /opt/stack/data/venv/lib/python3.12/site-packages/oslo_config/cfg.py:3256}}
May 21 00:56:41.526623 np0000001121 neutron-periodic-workers[91816]: DEBUG cotyledon.oslo_config_glue [-] ovn.ovn_sb_connection = ['ssl:10.4.3.179:6642'] {{(pid=91816) log_opt_values /opt/stack/data/venv/lib/python3.12/site-packages/oslo_config/cfg.py:3256}}
May 21 00:56:41.526674 np0000001121 neutron-periodic-workers[91816]: DEBUG cotyledon.oslo_config_glue [-] ovn.ovn_sb_private_key = /opt/stack/data/CA/int-ca/private/devstack-cert.key {{(pid=91816) log_opt_values /opt/stack/data/venv/lib/python3.12/site-packages/oslo_config/cfg.py:3256}}
May 21 00:56:41.526727 np0000001121 neutron-periodic-workers[91816]: DEBUG cotyledon.oslo_config_glue [-] ovn.ovs_create_tap = False {{(pid=91816) log_opt_values /opt/stack/data/venv/lib/python3.12/site-packages/oslo_config/cfg.py:3256}}
May 21 00:56:41.526780 np0000001121 neutron-periodic-workers[91816]: DEBUG cotyledon.oslo_config_glue [-] ovn.ovsdb_connection_timeout = 180 {{(pid=91816) log_opt_values /opt/stack/data/venv/lib/python3.12/site-packages/oslo_config/cfg.py:3256}}
May 21 00:56:41.526831 np0000001121 neutron-periodic-workers[91816]: DEBUG cotyledon.oslo_config_glue [-] ovn.ovsdb_log_level = INFO {{(pid=91816) log_opt_values /opt/stack/data/venv/lib/python3.12/site-packages/oslo_config/cfg.py:3256}}
May 21 00:56:41.526893 np0000001121 neutron-periodic-workers[91816]: DEBUG cotyledon.oslo_config_glue [-] ovn.ovsdb_probe_interval = 60000 {{(pid=91816) log_opt_values /opt/stack/data/venv/lib/python3.12/site-packages/oslo_config/cfg.py:3256}}
May 21 00:56:41.526946 np0000001121 neutron-periodic-workers[91816]: DEBUG cotyledon.oslo_config_glue [-] ovn.ovsdb_retry_max_interval = 180 {{(pid=91816) log_opt_values /opt/stack/data/venv/lib/python3.12/site-packages/oslo_config/cfg.py:3256}}
May 21 00:56:41.526998 np0000001121 neutron-periodic-workers[91816]: DEBUG cotyledon.oslo_config_glue [-] ovn.stateless_nat_enabled = False {{(pid=91816) log_opt_values /opt/stack/data/venv/lib/python3.12/site-packages/oslo_config/cfg.py:3256}}
May 21 00:56:41.527056 np0000001121 neutron-periodic-workers[91816]: DEBUG cotyledon.oslo_config_glue [-] ovn.vhost_sock_dir = /var/run/openvswitch {{(pid=91816) log_opt_values /opt/stack/data/venv/lib/python3.12/site-packages/oslo_config/cfg.py:3256}}
May 21 00:56:41.527129 np0000001121 neutron-periodic-workers[91816]: DEBUG cotyledon.oslo_config_glue [-] OVS.bridge_mac_table_size = 50000 {{(pid=91816) log_opt_values /opt/stack/data/venv/lib/python3.12/site-packages/oslo_config/cfg.py:3256}}
May 21 00:56:41.527204 np0000001121 neutron-periodic-workers[91816]: DEBUG cotyledon.oslo_config_glue [-] OVS.igmp_flood = False {{(pid=91816) log_opt_values /opt/stack/data/venv/lib/python3.12/site-packages/oslo_config/cfg.py:3256}}
May 21 00:56:41.527266 np0000001121 neutron-periodic-workers[91816]: DEBUG cotyledon.oslo_config_glue [-] OVS.igmp_flood_reports = True {{(pid=91816) log_opt_values /opt/stack/data/venv/lib/python3.12/site-packages/oslo_config/cfg.py:3256}}
May 21 00:56:41.527319 np0000001121 neutron-periodic-workers[91816]: DEBUG cotyledon.oslo_config_glue [-] OVS.igmp_flood_unregistered = False {{(pid=91816) log_opt_values /opt/stack/data/venv/lib/python3.12/site-packages/oslo_config/cfg.py:3256}}
May 21 00:56:41.527377 np0000001121 neutron-periodic-workers[91816]: DEBUG cotyledon.oslo_config_glue [-] OVS.igmp_snooping_enable = False {{(pid=91816) log_opt_values /opt/stack/data/venv/lib/python3.12/site-packages/oslo_config/cfg.py:3256}}
May 21 00:56:41.527429 np0000001121 neutron-periodic-workers[91816]: DEBUG cotyledon.oslo_config_glue [-] OVS.ovsdb_timeout = 10 {{(pid=91816) log_opt_values /opt/stack/data/venv/lib/python3.12/site-packages/oslo_config/cfg.py:3256}}
May 21 00:56:41.527495 np0000001121 neutron-periodic-workers[91816]: DEBUG cotyledon.oslo_config_glue [-] ovn_nb_global.fdb_removal_limit = 0 {{(pid=91816) log_opt_values /opt/stack/data/venv/lib/python3.12/site-packages/oslo_config/cfg.py:3256}}
May 21 00:56:41.527554 np0000001121 neutron-periodic-workers[91816]: DEBUG cotyledon.oslo_config_glue [-] ovn_nb_global.ignore_lsp_down = False {{(pid=91816) log_opt_values /opt/stack/data/venv/lib/python3.12/site-packages/oslo_config/cfg.py:3256}}
May 21 00:56:41.527617 np0000001121 neutron-periodic-workers[91816]: DEBUG cotyledon.oslo_config_glue [-] ovn_nb_global.mac_binding_removal_limit = 0 {{(pid=91816) log_opt_values /opt/stack/data/venv/lib/python3.12/site-packages/oslo_config/cfg.py:3256}}
May 21 00:56:41.527669 np0000001121 neutron-periodic-workers[91816]: DEBUG cotyledon.oslo_config_glue [-] ******************************************************************************** {{(pid=91816) log_opt_values /opt/stack/data/venv/lib/python3.12/site-packages/oslo_config/cfg.py:3263}}
May 21 00:56:41.527861 np0000001121 neutron-periodic-workers[91816]: DEBUG cotyledon._service_worker [-] Run service ServiceWrapper(0) [91816] {{(pid=91816) wait_forever /opt/stack/data/venv/lib/python3.12/site-packages/cotyledon/_service_worker.py:218}}
May 21 00:56:51.195648 np0000001121 neutron-periodic-workers[90864]: DEBUG dbcounter [-] [90864] Writing DB stats neutron:SELECT=4 {{(pid=90864) stat_writer /opt/stack/data/venv/lib/python3.12/site-packages/dbcounter.py:115}}
May 21 00:57:20.497081 np0000001121 neutron-periodic-workers[91791]: DEBUG oslo_db.sqlalchemy.engines [None req-8f9e2925-cc15-49fe-84d0-5ecb846999f2 None None] Parent process 90864 forked (91791) with an open database connection, which is being discarded and recreated. {{(pid=91791) checkout /opt/stack/data/venv/lib/python3.12/site-packages/oslo_db/sqlalchemy/engines.py:402}}
May 21 00:57:20.506213 np0000001121 neutron-periodic-workers[91791]: DEBUG dbcounter [-] [91791] Writer thread running {{(pid=91791) stat_writer /opt/stack/data/venv/lib/python3.12/site-packages/dbcounter.py:102}}
May 21 00:57:20.510262 np0000001121 neutron-periodic-workers[91791]: DEBUG neutron.db.agents_db [None req-8f9e2925-cc15-49fe-84d0-5ecb846999f2 None None] Agent healthcheck: found 0 active agents {{(pid=91791) agent_health_check /opt/stack/neutron/neutron/db/agents_db.py:322}}
May 21 00:57:20.510681 np0000001121 neutron-periodic-workers[91791]: DEBUG oslo.service.backend._threading.loopingcall [None req-8f9e2925-cc15-49fe-84d0-5ecb846999f2 None None] Fixed interval looping call 'neutron.plugins.ml2.plugin.AgentDbMixin.agent_health_check' sleeping for 36.98 seconds {{(pid=91791) _run_loop /opt/stack/data/venv/lib/python3.12/site-packages/oslo_service/backend/_threading/loopingcall.py:125}}
May 21 00:57:23.557748 np0000001121 neutron-periodic-workers[91816]: DEBUG dbcounter [-] [91816] Writer thread running {{(pid=91816) stat_writer /opt/stack/data/venv/lib/python3.12/site-packages/dbcounter.py:102}}
May 21 00:57:23.571006 np0000001121 neutron-periodic-workers[91816]: DEBUG oslo.service.backend._threading.loopingcall [None req-fefeb917-2839-4bb5-9d85-8154c546a425 None None] Fixed interval looping call 'neutron.services.ovn_l3.plugin.L3_NAT_dbonly_mixin._clean_garbage' sleeping for 299.96 seconds {{(pid=91816) _run_loop /opt/stack/data/venv/lib/python3.12/site-packages/oslo_service/backend/_threading/loopingcall.py:125}}
May 21 00:57:30.506715 np0000001121 neutron-periodic-workers[91791]: DEBUG dbcounter [-] [91791] Writing DB stats neutron:SELECT=1 {{(pid=91791) stat_writer /opt/stack/data/venv/lib/python3.12/site-packages/dbcounter.py:115}}
May 21 00:57:43.558242 np0000001121 neutron-periodic-workers[91816]: DEBUG dbcounter [-] [91816] Writing DB stats neutron:SELECT=1 {{(pid=91816) stat_writer /opt/stack/data/venv/lib/python3.12/site-packages/dbcounter.py:115}}
May 21 00:57:49.488436 np0000001121 neutron-periodic-workers[91787]: DEBUG dbcounter [-] [91787] Writer thread running {{(pid=91787) stat_writer /opt/stack/data/venv/lib/python3.12/site-packages/dbcounter.py:102}}
May 21 00:57:49.496059 np0000001121 neutron-periodic-workers[91787]: DEBUG oslo.service.backend._threading.loopingcall [None req-2079a26c-123a-4584-a3f2-df00e6306a53 None None] Fixed interval looping call 'neutron.plugins.ml2.plugin.DhcpAgentSchedulerDbMixin.remove_networks_from_down_agents' sleeping for 36.98 seconds {{(pid=91787) _run_loop /opt/stack/data/venv/lib/python3.12/site-packages/oslo_service/backend/_threading/loopingcall.py:125}}
May 21 00:57:57.493802 np0000001121 neutron-periodic-workers[91791]: DEBUG neutron.db.agents_db [None req-8f9e2925-cc15-49fe-84d0-5ecb846999f2 None None] Agent healthcheck: found 0 active agents {{(pid=91791) agent_health_check /opt/stack/neutron/neutron/db/agents_db.py:322}}
May 21 00:57:57.494217 np0000001121 neutron-periodic-workers[91791]: DEBUG oslo.service.backend._threading.loopingcall [None req-8f9e2925-cc15-49fe-84d0-5ecb846999f2 None None] Fixed interval looping call 'neutron.plugins.ml2.plugin.AgentDbMixin.agent_health_check' sleeping for 37.00 seconds {{(pid=91791) _run_loop /opt/stack/data/venv/lib/python3.12/site-packages/oslo_service/backend/_threading/loopingcall.py:125}}
May 21 00:57:59.495418 np0000001121 neutron-periodic-workers[91787]: DEBUG dbcounter [-] [91787] Writing DB stats neutron:SELECT=3 {{(pid=91787) stat_writer /opt/stack/data/venv/lib/python3.12/site-packages/dbcounter.py:115}}
May 21 00:58:07.492699 np0000001121 neutron-periodic-workers[91791]: DEBUG dbcounter [-] [91791] Writing DB stats neutron:SELECT=1 {{(pid=91791) stat_writer /opt/stack/data/venv/lib/python3.12/site-packages/dbcounter.py:115}}
May 21 00:58:26.483732 np0000001121 neutron-periodic-workers[91787]: DEBUG oslo.service.backend._threading.loopingcall [None req-2079a26c-123a-4584-a3f2-df00e6306a53 None None] Fixed interval looping call 'neutron.plugins.ml2.plugin.DhcpAgentSchedulerDbMixin.remove_networks_from_down_agents' sleeping for 36.99 seconds {{(pid=91787) _run_loop /opt/stack/data/venv/lib/python3.12/site-packages/oslo_service/backend/_threading/loopingcall.py:125}}
May 21 00:58:34.497519 np0000001121 neutron-periodic-workers[91791]: DEBUG neutron.db.agents_db [None req-8f9e2925-cc15-49fe-84d0-5ecb846999f2 None None] Agent healthcheck: found 0 active agents {{(pid=91791) agent_health_check /opt/stack/neutron/neutron/db/agents_db.py:322}}
May 21 00:58:34.497936 np0000001121 neutron-periodic-workers[91791]: DEBUG oslo.service.backend._threading.loopingcall [None req-8f9e2925-cc15-49fe-84d0-5ecb846999f2 None None] Fixed interval looping call 'neutron.plugins.ml2.plugin.AgentDbMixin.agent_health_check' sleeping for 37.00 seconds {{(pid=91791) _run_loop /opt/stack/data/venv/lib/python3.12/site-packages/oslo_service/backend/_threading/loopingcall.py:125}}
May 21 00:58:36.482714 np0000001121 neutron-periodic-workers[91787]: DEBUG dbcounter [-] [91787] Writing DB stats neutron:SELECT=3 {{(pid=91787) stat_writer /opt/stack/data/venv/lib/python3.12/site-packages/dbcounter.py:115}}
May 21 00:58:41.524809 np0000001121 neutron-periodic-workers[91798]: DEBUG dbcounter [-] [91798] Writer thread running {{(pid=91798) stat_writer /opt/stack/data/venv/lib/python3.12/site-packages/dbcounter.py:102}}
May 21 00:58:41.526202 np0000001121 neutron-periodic-workers[91798]: DEBUG oslo.service.backend._threading.loopingcall [None req-dc3e8c6b-0b52-4d5b-8269-7e691b31b9d4 None None] Fixed interval looping call 'neutron.db.quota.driver_nolock.DbQuotaNoLockDriver._remove_expired_reservations' sleeping for 119.99 seconds {{(pid=91798) _run_loop /opt/stack/data/venv/lib/python3.12/site-packages/oslo_service/backend/_threading/loopingcall.py:125}}
May 21 00:58:44.496252 np0000001121 neutron-periodic-workers[91791]: DEBUG dbcounter [-] [91791] Writing DB stats neutron:SELECT=1 {{(pid=91791) stat_writer /opt/stack/data/venv/lib/python3.12/site-packages/dbcounter.py:115}}
May 21 00:58:51.525286 np0000001121 neutron-periodic-workers[91798]: DEBUG dbcounter [-] [91798] Writing DB stats neutron:DELETE=1 {{(pid=91798) stat_writer /opt/stack/data/venv/lib/python3.12/site-packages/dbcounter.py:115}}
May 21 00:59:03.481127 np0000001121 neutron-periodic-workers[91787]: DEBUG oslo.service.backend._threading.loopingcall [None req-2079a26c-123a-4584-a3f2-df00e6306a53 None None] Fixed interval looping call 'neutron.plugins.ml2.plugin.DhcpAgentSchedulerDbMixin.remove_networks_from_down_agents' sleeping for 36.99 seconds {{(pid=91787) _run_loop /opt/stack/data/venv/lib/python3.12/site-packages/oslo_service/backend/_threading/loopingcall.py:125}}
May 21 00:59:11.500509 np0000001121 neutron-periodic-workers[91791]: DEBUG neutron.db.agents_db [None req-8f9e2925-cc15-49fe-84d0-5ecb846999f2 None None] Agent healthcheck: found 0 active agents {{(pid=91791) agent_health_check /opt/stack/neutron/neutron/db/agents_db.py:322}}
May 21 00:59:11.500949 np0000001121 neutron-periodic-workers[91791]: DEBUG oslo.service.backend._threading.loopingcall [None req-8f9e2925-cc15-49fe-84d0-5ecb846999f2 None None] Fixed interval looping call 'neutron.plugins.ml2.plugin.AgentDbMixin.agent_health_check' sleeping for 37.00 seconds {{(pid=91791) _run_loop /opt/stack/data/venv/lib/python3.12/site-packages/oslo_service/backend/_threading/loopingcall.py:125}}
May 21 00:59:13.480107 np0000001121 neutron-periodic-workers[91787]: DEBUG dbcounter [-] [91787] Writing DB stats neutron:SELECT=3 {{(pid=91787) stat_writer /opt/stack/data/venv/lib/python3.12/site-packages/dbcounter.py:115}}
May 21 00:59:21.499962 np0000001121 neutron-periodic-workers[91791]: DEBUG dbcounter [-] [91791] Writing DB stats neutron:SELECT=1 {{(pid=91791) stat_writer /opt/stack/data/venv/lib/python3.12/site-packages/dbcounter.py:115}}
May 21 00:59:40.480285 np0000001121 neutron-periodic-workers[91787]: DEBUG oslo.service.backend._threading.loopingcall [None req-2079a26c-123a-4584-a3f2-df00e6306a53 None None] Fixed interval looping call 'neutron.plugins.ml2.plugin.DhcpAgentSchedulerDbMixin.remove_networks_from_down_agents' sleeping for 36.99 seconds {{(pid=91787) _run_loop /opt/stack/data/venv/lib/python3.12/site-packages/oslo_service/backend/_threading/loopingcall.py:125}}
May 21 00:59:48.504000 np0000001121 neutron-periodic-workers[91791]: DEBUG neutron.db.agents_db [None req-8f9e2925-cc15-49fe-84d0-5ecb846999f2 None None] Agent healthcheck: found 0 active agents {{(pid=91791) agent_health_check /opt/stack/neutron/neutron/db/agents_db.py:322}}
May 21 00:59:48.504867 np0000001121 neutron-periodic-workers[91791]: DEBUG oslo.service.backend._threading.loopingcall [None req-8f9e2925-cc15-49fe-84d0-5ecb846999f2 None None] Fixed interval looping call 'neutron.plugins.ml2.plugin.AgentDbMixin.agent_health_check' sleeping for 37.00 seconds {{(pid=91791) _run_loop /opt/stack/data/venv/lib/python3.12/site-packages/oslo_service/backend/_threading/loopingcall.py:125}}
May 21 00:59:50.479673 np0000001121 neutron-periodic-workers[91787]: DEBUG dbcounter [-] [91787] Writing DB stats neutron:SELECT=3 {{(pid=91787) stat_writer /opt/stack/data/venv/lib/python3.12/site-packages/dbcounter.py:115}}
May 21 00:59:58.503666 np0000001121 neutron-periodic-workers[91791]: DEBUG dbcounter [-] [91791] Writing DB stats neutron:SELECT=1 {{(pid=91791) stat_writer /opt/stack/data/venv/lib/python3.12/site-packages/dbcounter.py:115}}
May 21 01:00:17.475924 np0000001121 neutron-periodic-workers[91787]: DEBUG oslo.service.backend._threading.loopingcall [None req-2079a26c-123a-4584-a3f2-df00e6306a53 None None] Fixed interval looping call 'neutron.plugins.ml2.plugin.DhcpAgentSchedulerDbMixin.remove_networks_from_down_agents' sleeping for 36.99 seconds {{(pid=91787) _run_loop /opt/stack/data/venv/lib/python3.12/site-packages/oslo_service/backend/_threading/loopingcall.py:125}}
May 21 01:00:25.510873 np0000001121 neutron-periodic-workers[91791]: DEBUG neutron.db.agents_db [None req-8f9e2925-cc15-49fe-84d0-5ecb846999f2 None None] Agent healthcheck: found 0 active agents {{(pid=91791) agent_health_check /opt/stack/neutron/neutron/db/agents_db.py:322}}
May 21 01:00:25.514573 np0000001121 neutron-periodic-workers[91791]: DEBUG oslo.service.backend._threading.loopingcall [None req-8f9e2925-cc15-49fe-84d0-5ecb846999f2 None None] Fixed interval looping call 'neutron.plugins.ml2.plugin.AgentDbMixin.agent_health_check' sleeping for 36.99 seconds {{(pid=91791) _run_loop /opt/stack/data/venv/lib/python3.12/site-packages/oslo_service/backend/_threading/loopingcall.py:125}}
May 21 01:00:27.476107 np0000001121 neutron-periodic-workers[91787]: DEBUG dbcounter [-] [91787] Writing DB stats neutron:SELECT=3 {{(pid=91787) stat_writer /opt/stack/data/venv/lib/python3.12/site-packages/dbcounter.py:115}}
May 21 01:00:35.509703 np0000001121 neutron-periodic-workers[91791]: DEBUG dbcounter [-] [91791] Writing DB stats neutron:SELECT=1 {{(pid=91791) stat_writer /opt/stack/data/venv/lib/python3.12/site-packages/dbcounter.py:115}}
May 21 01:00:41.522098 np0000001121 neutron-periodic-workers[91798]: DEBUG oslo.service.backend._threading.loopingcall [None req-dc3e8c6b-0b52-4d5b-8269-7e691b31b9d4 None None] Fixed interval looping call 'neutron.db.quota.driver_nolock.DbQuotaNoLockDriver._remove_expired_reservations' sleeping for 120.00 seconds {{(pid=91798) _run_loop /opt/stack/data/venv/lib/python3.12/site-packages/oslo_service/backend/_threading/loopingcall.py:125}}
May 21 01:00:51.521004 np0000001121 neutron-periodic-workers[91798]: DEBUG dbcounter [-] [91798] Writing DB stats neutron:DELETE=1 {{(pid=91798) stat_writer /opt/stack/data/venv/lib/python3.12/site-packages/dbcounter.py:115}}
May 21 01:00:54.484798 np0000001121 neutron-periodic-workers[91787]: DEBUG oslo.service.backend._threading.loopingcall [None req-2079a26c-123a-4584-a3f2-df00e6306a53 None None] Fixed interval looping call 'neutron.plugins.ml2.plugin.DhcpAgentSchedulerDbMixin.remove_networks_from_down_agents' sleeping for 36.98 seconds {{(pid=91787) _run_loop /opt/stack/data/venv/lib/python3.12/site-packages/oslo_service/backend/_threading/loopingcall.py:125}}
May 21 01:01:02.506033 np0000001121 neutron-periodic-workers[91791]: DEBUG neutron.db.agents_db [None req-8f9e2925-cc15-49fe-84d0-5ecb846999f2 None None] Agent healthcheck: found 0 active agents {{(pid=91791) agent_health_check /opt/stack/neutron/neutron/db/agents_db.py:322}}
May 21 01:01:02.506033 np0000001121 neutron-periodic-workers[91791]: DEBUG oslo.service.backend._threading.loopingcall [None req-8f9e2925-cc15-49fe-84d0-5ecb846999f2 None None] Fixed interval looping call 'neutron.plugins.ml2.plugin.AgentDbMixin.agent_health_check' sleeping for 37.00 seconds {{(pid=91791) _run_loop /opt/stack/data/venv/lib/python3.12/site-packages/oslo_service/backend/_threading/loopingcall.py:125}}
May 21 01:01:04.483491 np0000001121 neutron-periodic-workers[91787]: DEBUG dbcounter [-] [91787] Writing DB stats neutron:SELECT=3 {{(pid=91787) stat_writer /opt/stack/data/venv/lib/python3.12/site-packages/dbcounter.py:115}}
May 21 01:01:12.505315 np0000001121 neutron-periodic-workers[91791]: DEBUG dbcounter [-] [91791] Writing DB stats neutron:SELECT=1 {{(pid=91791) stat_writer /opt/stack/data/venv/lib/python3.12/site-packages/dbcounter.py:115}}
May 21 01:01:31.469761 np0000001121 neutron-periodic-workers[91787]: DEBUG oslo.service.backend._threading.loopingcall [None req-2079a26c-123a-4584-a3f2-df00e6306a53 None None] Fixed interval looping call 'neutron.plugins.ml2.plugin.DhcpAgentSchedulerDbMixin.remove_networks_from_down_agents' sleeping for 36.99 seconds {{(pid=91787) _run_loop /opt/stack/data/venv/lib/python3.12/site-packages/oslo_service/backend/_threading/loopingcall.py:125}}
May 21 01:01:39.509286 np0000001121 neutron-periodic-workers[91791]: DEBUG neutron.db.agents_db [None req-8f9e2925-cc15-49fe-84d0-5ecb846999f2 None None] Agent healthcheck: found 0 active agents {{(pid=91791) agent_health_check /opt/stack/neutron/neutron/db/agents_db.py:322}}
May 21 01:01:39.509607 np0000001121 neutron-periodic-workers[91791]: DEBUG oslo.service.backend._threading.loopingcall [None req-8f9e2925-cc15-49fe-84d0-5ecb846999f2 None None] Fixed interval looping call 'neutron.plugins.ml2.plugin.AgentDbMixin.agent_health_check' sleeping for 37.00 seconds {{(pid=91791) _run_loop /opt/stack/data/venv/lib/python3.12/site-packages/oslo_service/backend/_threading/loopingcall.py:125}}
May 21 01:01:41.468860 np0000001121 neutron-periodic-workers[91787]: DEBUG dbcounter [-] [91787] Writing DB stats neutron:SELECT=3 {{(pid=91787) stat_writer /opt/stack/data/venv/lib/python3.12/site-packages/dbcounter.py:115}}
May 21 01:01:49.508343 np0000001121 neutron-periodic-workers[91791]: DEBUG dbcounter [-] [91791] Writing DB stats neutron:SELECT=1 {{(pid=91791) stat_writer /opt/stack/data/venv/lib/python3.12/site-packages/dbcounter.py:115}}
May 21 01:02:08.472072 np0000001121 neutron-periodic-workers[91787]: DEBUG oslo.service.backend._threading.loopingcall [None req-2079a26c-123a-4584-a3f2-df00e6306a53 None None] Fixed interval looping call 'neutron.plugins.ml2.plugin.DhcpAgentSchedulerDbMixin.remove_networks_from_down_agents' sleeping for 36.99 seconds {{(pid=91787) _run_loop /opt/stack/data/venv/lib/python3.12/site-packages/oslo_service/backend/_threading/loopingcall.py:125}}
May 21 01:02:16.518614 np0000001121 neutron-periodic-workers[91791]: DEBUG neutron.db.agents_db [None req-8f9e2925-cc15-49fe-84d0-5ecb846999f2 None None] Agent healthcheck: found 0 active agents {{(pid=91791) agent_health_check /opt/stack/neutron/neutron/db/agents_db.py:322}}
May 21 01:02:16.518614 np0000001121 neutron-periodic-workers[91791]: DEBUG oslo.service.backend._threading.loopingcall [None req-8f9e2925-cc15-49fe-84d0-5ecb846999f2 None None] Fixed interval looping call 'neutron.plugins.ml2.plugin.AgentDbMixin.agent_health_check' sleeping for 36.99 seconds {{(pid=91791) _run_loop /opt/stack/data/venv/lib/python3.12/site-packages/oslo_service/backend/_threading/loopingcall.py:125}}
May 21 01:02:18.470373 np0000001121 neutron-periodic-workers[91787]: DEBUG dbcounter [-] [91787] Writing DB stats neutron:SELECT=3 {{(pid=91787) stat_writer /opt/stack/data/venv/lib/python3.12/site-packages/dbcounter.py:115}}
May 21 01:02:23.545542 np0000001121 neutron-periodic-workers[91816]: DEBUG oslo.service.backend._threading.loopingcall [None req-fefeb917-2839-4bb5-9d85-8154c546a425 None None] Fixed interval looping call 'neutron.services.ovn_l3.plugin.L3_NAT_dbonly_mixin._clean_garbage' sleeping for 299.99 seconds {{(pid=91816) _run_loop /opt/stack/data/venv/lib/python3.12/site-packages/oslo_service/backend/_threading/loopingcall.py:125}}
May 21 01:02:26.514307 np0000001121 neutron-periodic-workers[91791]: DEBUG dbcounter [-] [91791] Writing DB stats neutron:SELECT=1 {{(pid=91791) stat_writer /opt/stack/data/venv/lib/python3.12/site-packages/dbcounter.py:115}}
May 21 01:02:33.534859 np0000001121 neutron-periodic-workers[91816]: DEBUG dbcounter [-] [91816] Writing DB stats neutron:SELECT=1 {{(pid=91816) stat_writer /opt/stack/data/venv/lib/python3.12/site-packages/dbcounter.py:115}}
May 21 01:02:41.527945 np0000001121 neutron-periodic-workers[91798]: DEBUG oslo.service.backend._threading.loopingcall [None req-dc3e8c6b-0b52-4d5b-8269-7e691b31b9d4 None None] Fixed interval looping call 'neutron.db.quota.driver_nolock.DbQuotaNoLockDriver._remove_expired_reservations' sleeping for 119.99 seconds {{(pid=91798) _run_loop /opt/stack/data/venv/lib/python3.12/site-packages/oslo_service/backend/_threading/loopingcall.py:125}}
May 21 01:02:45.476422 np0000001121 neutron-periodic-workers[91787]: DEBUG oslo.service.backend._threading.loopingcall [None req-2079a26c-123a-4584-a3f2-df00e6306a53 None None] Fixed interval looping call 'neutron.plugins.ml2.plugin.DhcpAgentSchedulerDbMixin.remove_networks_from_down_agents' sleeping for 36.99 seconds {{(pid=91787) _run_loop /opt/stack/data/venv/lib/python3.12/site-packages/oslo_service/backend/_threading/loopingcall.py:125}}
May 21 01:02:51.528854 np0000001121 neutron-periodic-workers[91798]: DEBUG dbcounter [-] [91798] Writing DB stats neutron:DELETE=1 {{(pid=91798) stat_writer /opt/stack/data/venv/lib/python3.12/site-packages/dbcounter.py:115}}
May 21 01:02:53.513397 np0000001121 neutron-periodic-workers[91791]: DEBUG neutron.db.agents_db [None req-8f9e2925-cc15-49fe-84d0-5ecb846999f2 None None] Agent healthcheck: found 0 active agents {{(pid=91791) agent_health_check /opt/stack/neutron/neutron/db/agents_db.py:322}}
May 21 01:02:53.513397 np0000001121 neutron-periodic-workers[91791]: DEBUG oslo.service.backend._threading.loopingcall [None req-8f9e2925-cc15-49fe-84d0-5ecb846999f2 None None] Fixed interval looping call 'neutron.plugins.ml2.plugin.AgentDbMixin.agent_health_check' sleeping for 37.00 seconds {{(pid=91791) _run_loop /opt/stack/data/venv/lib/python3.12/site-packages/oslo_service/backend/_threading/loopingcall.py:125}}
May 21 01:02:55.474849 np0000001121 neutron-periodic-workers[91787]: DEBUG dbcounter [-] [91787] Writing DB stats neutron:SELECT=3 {{(pid=91787) stat_writer /opt/stack/data/venv/lib/python3.12/site-packages/dbcounter.py:115}}
May 21 01:03:03.511808 np0000001121 neutron-periodic-workers[91791]: DEBUG dbcounter [-] [91791] Writing DB stats neutron:SELECT=1 {{(pid=91791) stat_writer /opt/stack/data/venv/lib/python3.12/site-packages/dbcounter.py:115}}
May 21 01:03:22.477694 np0000001121 neutron-periodic-workers[91787]: DEBUG oslo.service.backend._threading.loopingcall [None req-2079a26c-123a-4584-a3f2-df00e6306a53 None None] Fixed interval looping call 'neutron.plugins.ml2.plugin.DhcpAgentSchedulerDbMixin.remove_networks_from_down_agents' sleeping for 36.99 seconds {{(pid=91787) _run_loop /opt/stack/data/venv/lib/python3.12/site-packages/oslo_service/backend/_threading/loopingcall.py:125}}
May 21 01:03:30.522214 np0000001121 neutron-periodic-workers[91791]: DEBUG neutron.db.agents_db [None req-8f9e2925-cc15-49fe-84d0-5ecb846999f2 None None] Agent healthcheck: found 0 active agents {{(pid=91791) agent_health_check /opt/stack/neutron/neutron/db/agents_db.py:322}}
May 21 01:03:30.522214 np0000001121 neutron-periodic-workers[91791]: DEBUG oslo.service.backend._threading.loopingcall [None req-8f9e2925-cc15-49fe-84d0-5ecb846999f2 None None] Fixed interval looping call 'neutron.plugins.ml2.plugin.AgentDbMixin.agent_health_check' sleeping for 36.99 seconds {{(pid=91791) _run_loop /opt/stack/data/venv/lib/python3.12/site-packages/oslo_service/backend/_threading/loopingcall.py:125}}
May 21 01:03:32.477303 np0000001121 neutron-periodic-workers[91787]: DEBUG dbcounter [-] [91787] Writing DB stats neutron:SELECT=3 {{(pid=91787) stat_writer /opt/stack/data/venv/lib/python3.12/site-packages/dbcounter.py:115}}
May 21 01:03:40.523480 np0000001121 neutron-periodic-workers[91791]: DEBUG dbcounter [-] [91791] Writing DB stats neutron:SELECT=1 {{(pid=91791) stat_writer /opt/stack/data/venv/lib/python3.12/site-packages/dbcounter.py:115}}
May 21 01:03:59.474526 np0000001121 neutron-periodic-workers[91787]: DEBUG oslo.service.backend._threading.loopingcall [None req-2079a26c-123a-4584-a3f2-df00e6306a53 None None] Fixed interval looping call 'neutron.plugins.ml2.plugin.DhcpAgentSchedulerDbMixin.remove_networks_from_down_agents' sleeping for 36.99 seconds {{(pid=91787) _run_loop /opt/stack/data/venv/lib/python3.12/site-packages/oslo_service/backend/_threading/loopingcall.py:125}}
May 21 01:04:07.516615 np0000001121 neutron-periodic-workers[91791]: DEBUG neutron.db.agents_db [None req-8f9e2925-cc15-49fe-84d0-5ecb846999f2 None None] Agent healthcheck: found 0 active agents {{(pid=91791) agent_health_check /opt/stack/neutron/neutron/db/agents_db.py:322}}
May 21 01:04:07.516615 np0000001121 neutron-periodic-workers[91791]: DEBUG oslo.service.backend._threading.loopingcall [None req-8f9e2925-cc15-49fe-84d0-5ecb846999f2 None None] Fixed interval looping call 'neutron.plugins.ml2.plugin.AgentDbMixin.agent_health_check' sleeping for 37.00 seconds {{(pid=91791) _run_loop /opt/stack/data/venv/lib/python3.12/site-packages/oslo_service/backend/_threading/loopingcall.py:125}}
May 21 01:04:09.473841 np0000001121 neutron-periodic-workers[91787]: DEBUG dbcounter [-] [91787] Writing DB stats neutron:SELECT=3 {{(pid=91787) stat_writer /opt/stack/data/venv/lib/python3.12/site-packages/dbcounter.py:115}}
May 21 01:04:17.515051 np0000001121 neutron-periodic-workers[91791]: DEBUG dbcounter [-] [91791] Writing DB stats neutron:SELECT=1 {{(pid=91791) stat_writer /opt/stack/data/venv/lib/python3.12/site-packages/dbcounter.py:115}}
May 21 01:04:36.475777 np0000001121 neutron-periodic-workers[91787]: DEBUG oslo.service.backend._threading.loopingcall [None req-2079a26c-123a-4584-a3f2-df00e6306a53 None None] Fixed interval looping call 'neutron.plugins.ml2.plugin.DhcpAgentSchedulerDbMixin.remove_networks_from_down_agents' sleeping for 36.99 seconds {{(pid=91787) _run_loop /opt/stack/data/venv/lib/python3.12/site-packages/oslo_service/backend/_threading/loopingcall.py:125}}
May 21 01:04:41.522081 np0000001121 neutron-periodic-workers[91798]: DEBUG oslo.service.backend._threading.loopingcall [None req-dc3e8c6b-0b52-4d5b-8269-7e691b31b9d4 None None] Fixed interval looping call 'neutron.db.quota.driver_nolock.DbQuotaNoLockDriver._remove_expired_reservations' sleeping for 120.00 seconds {{(pid=91798) _run_loop /opt/stack/data/venv/lib/python3.12/site-packages/oslo_service/backend/_threading/loopingcall.py:125}}
May 21 01:04:44.523169 np0000001121 neutron-periodic-workers[91791]: DEBUG neutron.db.agents_db [None req-8f9e2925-cc15-49fe-84d0-5ecb846999f2 None None] Agent healthcheck: found 0 active agents {{(pid=91791) agent_health_check /opt/stack/neutron/neutron/db/agents_db.py:322}}
May 21 01:04:44.523580 np0000001121 neutron-periodic-workers[91791]: DEBUG oslo.service.backend._threading.loopingcall [None req-8f9e2925-cc15-49fe-84d0-5ecb846999f2 None None] Fixed interval looping call 'neutron.plugins.ml2.plugin.AgentDbMixin.agent_health_check' sleeping for 36.99 seconds {{(pid=91791) _run_loop /opt/stack/data/venv/lib/python3.12/site-packages/oslo_service/backend/_threading/loopingcall.py:125}}
May 21 01:04:46.473979 np0000001121 neutron-periodic-workers[91787]: DEBUG dbcounter [-] [91787] Writing DB stats neutron:SELECT=3 {{(pid=91787) stat_writer /opt/stack/data/venv/lib/python3.12/site-packages/dbcounter.py:115}}
May 21 01:04:51.521373 np0000001121 neutron-periodic-workers[91798]: DEBUG dbcounter [-] [91798] Writing DB stats neutron:DELETE=1 {{(pid=91798) stat_writer /opt/stack/data/venv/lib/python3.12/site-packages/dbcounter.py:115}}
May 21 01:04:54.521906 np0000001121 neutron-periodic-workers[91791]: DEBUG dbcounter [-] [91791] Writing DB stats neutron:SELECT=1 {{(pid=91791) stat_writer /opt/stack/data/venv/lib/python3.12/site-packages/dbcounter.py:115}}
May 21 01:05:13.474490 np0000001121 neutron-periodic-workers[91787]: DEBUG oslo.service.backend._threading.loopingcall [None req-2079a26c-123a-4584-a3f2-df00e6306a53 None None] Fixed interval looping call 'neutron.plugins.ml2.plugin.DhcpAgentSchedulerDbMixin.remove_networks_from_down_agents' sleeping for 36.99 seconds {{(pid=91787) _run_loop /opt/stack/data/venv/lib/python3.12/site-packages/oslo_service/backend/_threading/loopingcall.py:125}}
May 21 01:05:21.517622 np0000001121 neutron-periodic-workers[91791]: DEBUG neutron.db.agents_db [None req-8f9e2925-cc15-49fe-84d0-5ecb846999f2 None None] Agent healthcheck: found 0 active agents {{(pid=91791) agent_health_check /opt/stack/neutron/neutron/db/agents_db.py:322}}
May 21 01:05:21.518020 np0000001121 neutron-periodic-workers[91791]: DEBUG oslo.service.backend._threading.loopingcall [None req-8f9e2925-cc15-49fe-84d0-5ecb846999f2 None None] Fixed interval looping call 'neutron.plugins.ml2.plugin.AgentDbMixin.agent_health_check' sleeping for 37.00 seconds {{(pid=91791) _run_loop /opt/stack/data/venv/lib/python3.12/site-packages/oslo_service/backend/_threading/loopingcall.py:125}}
May 21 01:05:23.472817 np0000001121 neutron-periodic-workers[91787]: DEBUG dbcounter [-] [91787] Writing DB stats neutron:SELECT=3 {{(pid=91787) stat_writer /opt/stack/data/venv/lib/python3.12/site-packages/dbcounter.py:115}}
May 21 01:05:31.517058 np0000001121 neutron-periodic-workers[91791]: DEBUG dbcounter [-] [91791] Writing DB stats neutron:SELECT=1 {{(pid=91791) stat_writer /opt/stack/data/venv/lib/python3.12/site-packages/dbcounter.py:115}}
May 21 01:05:50.474199 np0000001121 neutron-periodic-workers[91787]: DEBUG oslo.service.backend._threading.loopingcall [None req-2079a26c-123a-4584-a3f2-df00e6306a53 None None] Fixed interval looping call 'neutron.plugins.ml2.plugin.DhcpAgentSchedulerDbMixin.remove_networks_from_down_agents' sleeping for 36.99 seconds {{(pid=91787) _run_loop /opt/stack/data/venv/lib/python3.12/site-packages/oslo_service/backend/_threading/loopingcall.py:125}}
May 21 01:05:58.521063 np0000001121 neutron-periodic-workers[91791]: DEBUG neutron.db.agents_db [None req-8f9e2925-cc15-49fe-84d0-5ecb846999f2 None None] Agent healthcheck: found 0 active agents {{(pid=91791) agent_health_check /opt/stack/neutron/neutron/db/agents_db.py:322}}
May 21 01:05:58.521549 np0000001121 neutron-periodic-workers[91791]: DEBUG oslo.service.backend._threading.loopingcall [None req-8f9e2925-cc15-49fe-84d0-5ecb846999f2 None None] Fixed interval looping call 'neutron.plugins.ml2.plugin.AgentDbMixin.agent_health_check' sleeping for 37.00 seconds {{(pid=91791) _run_loop /opt/stack/data/venv/lib/python3.12/site-packages/oslo_service/backend/_threading/loopingcall.py:125}}
May 21 01:06:00.474216 np0000001121 neutron-periodic-workers[91787]: DEBUG dbcounter [-] [91787] Writing DB stats neutron:SELECT=3 {{(pid=91787) stat_writer /opt/stack/data/venv/lib/python3.12/site-packages/dbcounter.py:115}}
May 21 01:06:08.520881 np0000001121 neutron-periodic-workers[91791]: DEBUG dbcounter [-] [91791] Writing DB stats neutron:SELECT=1 {{(pid=91791) stat_writer /opt/stack/data/venv/lib/python3.12/site-packages/dbcounter.py:115}}
May 21 01:06:27.471217 np0000001121 neutron-periodic-workers[91787]: DEBUG oslo.service.backend._threading.loopingcall [None req-2079a26c-123a-4584-a3f2-df00e6306a53 None None] Fixed interval looping call 'neutron.plugins.ml2.plugin.DhcpAgentSchedulerDbMixin.remove_networks_from_down_agents' sleeping for 36.99 seconds {{(pid=91787) _run_loop /opt/stack/data/venv/lib/python3.12/site-packages/oslo_service/backend/_threading/loopingcall.py:125}}
May 21 01:06:35.529582 np0000001121 neutron-periodic-workers[91791]: DEBUG neutron.db.agents_db [None req-8f9e2925-cc15-49fe-84d0-5ecb846999f2 None None] Agent healthcheck: found 0 active agents {{(pid=91791) agent_health_check /opt/stack/neutron/neutron/db/agents_db.py:322}}
May 21 01:06:35.531264 np0000001121 neutron-periodic-workers[91791]: DEBUG oslo.service.backend._threading.loopingcall [None req-8f9e2925-cc15-49fe-84d0-5ecb846999f2 None None] Fixed interval looping call 'neutron.plugins.ml2.plugin.AgentDbMixin.agent_health_check' sleeping for 36.99 seconds {{(pid=91791) _run_loop /opt/stack/data/venv/lib/python3.12/site-packages/oslo_service/backend/_threading/loopingcall.py:125}}
May 21 01:06:37.470724 np0000001121 neutron-periodic-workers[91787]: DEBUG dbcounter [-] [91787] Writing DB stats neutron:SELECT=3 {{(pid=91787) stat_writer /opt/stack/data/venv/lib/python3.12/site-packages/dbcounter.py:115}}
May 21 01:06:41.525922 np0000001121 neutron-periodic-workers[91798]: DEBUG oslo.service.backend._threading.loopingcall [None req-dc3e8c6b-0b52-4d5b-8269-7e691b31b9d4 None None] Fixed interval looping call 'neutron.db.quota.driver_nolock.DbQuotaNoLockDriver._remove_expired_reservations' sleeping for 120.00 seconds {{(pid=91798) _run_loop /opt/stack/data/venv/lib/python3.12/site-packages/oslo_service/backend/_threading/loopingcall.py:125}}
May 21 01:06:45.530028 np0000001121 neutron-periodic-workers[91791]: DEBUG dbcounter [-] [91791] Writing DB stats neutron:SELECT=1 {{(pid=91791) stat_writer /opt/stack/data/venv/lib/python3.12/site-packages/dbcounter.py:115}}
May 21 01:06:51.524862 np0000001121 neutron-periodic-workers[91798]: DEBUG dbcounter [-] [91798] Writing DB stats neutron:DELETE=1 {{(pid=91798) stat_writer /opt/stack/data/venv/lib/python3.12/site-packages/dbcounter.py:115}}
May 21 01:07:04.469919 np0000001121 neutron-periodic-workers[91787]: DEBUG oslo.service.backend._threading.loopingcall [None req-2079a26c-123a-4584-a3f2-df00e6306a53 None None] Fixed interval looping call 'neutron.plugins.ml2.plugin.DhcpAgentSchedulerDbMixin.remove_networks_from_down_agents' sleeping for 36.99 seconds {{(pid=91787) _run_loop /opt/stack/data/venv/lib/python3.12/site-packages/oslo_service/backend/_threading/loopingcall.py:125}}
May 21 01:07:12.524006 np0000001121 neutron-periodic-workers[91791]: DEBUG neutron.db.agents_db [None req-8f9e2925-cc15-49fe-84d0-5ecb846999f2 None None] Agent healthcheck: found 0 active agents {{(pid=91791) agent_health_check /opt/stack/neutron/neutron/db/agents_db.py:322}}
May 21 01:07:12.524006 np0000001121 neutron-periodic-workers[91791]: DEBUG oslo.service.backend._threading.loopingcall [None req-8f9e2925-cc15-49fe-84d0-5ecb846999f2 None None] Fixed interval looping call 'neutron.plugins.ml2.plugin.AgentDbMixin.agent_health_check' sleeping for 37.00 seconds {{(pid=91791) _run_loop /opt/stack/data/venv/lib/python3.12/site-packages/oslo_service/backend/_threading/loopingcall.py:125}}
May 21 01:07:14.468685 np0000001121 neutron-periodic-workers[91787]: DEBUG dbcounter [-] [91787] Writing DB stats neutron:SELECT=3 {{(pid=91787) stat_writer /opt/stack/data/venv/lib/python3.12/site-packages/dbcounter.py:115}}
May 21 01:07:22.523399 np0000001121 neutron-periodic-workers[91791]: DEBUG dbcounter [-] [91791] Writing DB stats neutron:SELECT=1 {{(pid=91791) stat_writer /opt/stack/data/venv/lib/python3.12/site-packages/dbcounter.py:115}}
May 21 01:07:23.546038 np0000001121 neutron-periodic-workers[91816]: DEBUG oslo.service.backend._threading.loopingcall [None req-fefeb917-2839-4bb5-9d85-8154c546a425 None None] Fixed interval looping call 'neutron.services.ovn_l3.plugin.L3_NAT_dbonly_mixin._clean_garbage' sleeping for 299.99 seconds {{(pid=91816) _run_loop /opt/stack/data/venv/lib/python3.12/site-packages/oslo_service/backend/_threading/loopingcall.py:125}}
May 21 01:07:33.538073 np0000001121 neutron-periodic-workers[91816]: DEBUG dbcounter [-] [91816] Writing DB stats neutron:SELECT=1 {{(pid=91816) stat_writer /opt/stack/data/venv/lib/python3.12/site-packages/dbcounter.py:115}}
May 21 01:07:41.466284 np0000001121 neutron-periodic-workers[91787]: DEBUG oslo.service.backend._threading.loopingcall [None req-2079a26c-123a-4584-a3f2-df00e6306a53 None None] Fixed interval looping call 'neutron.plugins.ml2.plugin.DhcpAgentSchedulerDbMixin.remove_networks_from_down_agents' sleeping for 36.99 seconds {{(pid=91787) _run_loop /opt/stack/data/venv/lib/python3.12/site-packages/oslo_service/backend/_threading/loopingcall.py:125}}
May 21 01:07:49.527251 np0000001121 neutron-periodic-workers[91791]: DEBUG neutron.db.agents_db [None req-8f9e2925-cc15-49fe-84d0-5ecb846999f2 None None] Agent healthcheck: found 0 active agents {{(pid=91791) agent_health_check /opt/stack/neutron/neutron/db/agents_db.py:322}}
May 21 01:07:49.527700 np0000001121 neutron-periodic-workers[91791]: DEBUG oslo.service.backend._threading.loopingcall [None req-8f9e2925-cc15-49fe-84d0-5ecb846999f2 None None] Fixed interval looping call 'neutron.plugins.ml2.plugin.AgentDbMixin.agent_health_check' sleeping for 37.00 seconds {{(pid=91791) _run_loop /opt/stack/data/venv/lib/python3.12/site-packages/oslo_service/backend/_threading/loopingcall.py:125}}
May 21 01:07:51.465910 np0000001121 neutron-periodic-workers[91787]: DEBUG dbcounter [-] [91787] Writing DB stats neutron:SELECT=3 {{(pid=91787) stat_writer /opt/stack/data/venv/lib/python3.12/site-packages/dbcounter.py:115}}
May 21 01:07:59.526940 np0000001121 neutron-periodic-workers[91791]: DEBUG dbcounter [-] [91791] Writing DB stats neutron:SELECT=1 {{(pid=91791) stat_writer /opt/stack/data/venv/lib/python3.12/site-packages/dbcounter.py:115}}
May 21 01:08:18.462389 np0000001121 neutron-periodic-workers[91787]: DEBUG oslo.service.backend._threading.loopingcall [None req-2079a26c-123a-4584-a3f2-df00e6306a53 None None] Fixed interval looping call 'neutron.plugins.ml2.plugin.DhcpAgentSchedulerDbMixin.remove_networks_from_down_agents' sleeping for 36.99 seconds {{(pid=91787) _run_loop /opt/stack/data/venv/lib/python3.12/site-packages/oslo_service/backend/_threading/loopingcall.py:125}}
May 21 01:08:26.534199 np0000001121 neutron-periodic-workers[91791]: DEBUG neutron.db.agents_db [None req-8f9e2925-cc15-49fe-84d0-5ecb846999f2 None None] Agent healthcheck: found 0 active agents {{(pid=91791) agent_health_check /opt/stack/neutron/neutron/db/agents_db.py:322}}
May 21 01:08:26.534199 np0000001121 neutron-periodic-workers[91791]: DEBUG oslo.service.backend._threading.loopingcall [None req-8f9e2925-cc15-49fe-84d0-5ecb846999f2 None None] Fixed interval looping call 'neutron.plugins.ml2.plugin.AgentDbMixin.agent_health_check' sleeping for 37.00 seconds {{(pid=91791) _run_loop /opt/stack/data/venv/lib/python3.12/site-packages/oslo_service/backend/_threading/loopingcall.py:125}}
May 21 01:08:28.461545 np0000001121 neutron-periodic-workers[91787]: DEBUG dbcounter [-] [91787] Writing DB stats neutron:SELECT=3 {{(pid=91787) stat_writer /opt/stack/data/venv/lib/python3.12/site-packages/dbcounter.py:115}}
May 21 01:08:36.530753 np0000001121 neutron-periodic-workers[91791]: DEBUG dbcounter [-] [91791] Writing DB stats neutron:SELECT=1 {{(pid=91791) stat_writer /opt/stack/data/venv/lib/python3.12/site-packages/dbcounter.py:115}}
May 21 01:08:41.529638 np0000001121 neutron-periodic-workers[91798]: DEBUG oslo.service.backend._threading.loopingcall [None req-dc3e8c6b-0b52-4d5b-8269-7e691b31b9d4 None None] Fixed interval looping call 'neutron.db.quota.driver_nolock.DbQuotaNoLockDriver._remove_expired_reservations' sleeping for 120.00 seconds {{(pid=91798) _run_loop /opt/stack/data/venv/lib/python3.12/site-packages/oslo_service/backend/_threading/loopingcall.py:125}}
May 21 01:08:51.529066 np0000001121 neutron-periodic-workers[91798]: DEBUG dbcounter [-] [91798] Writing DB stats neutron:DELETE=1 {{(pid=91798) stat_writer /opt/stack/data/venv/lib/python3.12/site-packages/dbcounter.py:115}}
May 21 01:08:55.464602 np0000001121 neutron-periodic-workers[91787]: DEBUG oslo.service.backend._threading.loopingcall [None req-2079a26c-123a-4584-a3f2-df00e6306a53 None None] Fixed interval looping call 'neutron.plugins.ml2.plugin.DhcpAgentSchedulerDbMixin.remove_networks_from_down_agents' sleeping for 36.99 seconds {{(pid=91787) _run_loop /opt/stack/data/venv/lib/python3.12/site-packages/oslo_service/backend/_threading/loopingcall.py:125}}
May 21 01:09:03.540535 np0000001121 neutron-periodic-workers[91791]: DEBUG neutron.db.agents_db [None req-8f9e2925-cc15-49fe-84d0-5ecb846999f2 None None] Agent healthcheck: found 0 active agents {{(pid=91791) agent_health_check /opt/stack/neutron/neutron/db/agents_db.py:322}}
May 21 01:09:03.540535 np0000001121 neutron-periodic-workers[91791]: DEBUG oslo.service.backend._threading.loopingcall [None req-8f9e2925-cc15-49fe-84d0-5ecb846999f2 None None] Fixed interval looping call 'neutron.plugins.ml2.plugin.AgentDbMixin.agent_health_check' sleeping for 36.99 seconds {{(pid=91791) _run_loop /opt/stack/data/venv/lib/python3.12/site-packages/oslo_service/backend/_threading/loopingcall.py:125}}
May 21 01:09:05.461404 np0000001121 neutron-periodic-workers[91787]: DEBUG dbcounter [-] [91787] Writing DB stats neutron:SELECT=3 {{(pid=91787) stat_writer /opt/stack/data/venv/lib/python3.12/site-packages/dbcounter.py:115}}
May 21 01:09:13.539464 np0000001121 neutron-periodic-workers[91791]: DEBUG dbcounter [-] [91791] Writing DB stats neutron:SELECT=1 {{(pid=91791) stat_writer /opt/stack/data/venv/lib/python3.12/site-packages/dbcounter.py:115}}
May 21 01:09:32.461272 np0000001121 neutron-periodic-workers[91787]: DEBUG oslo.service.backend._threading.loopingcall [None req-2079a26c-123a-4584-a3f2-df00e6306a53 None None] Fixed interval looping call 'neutron.plugins.ml2.plugin.DhcpAgentSchedulerDbMixin.remove_networks_from_down_agents' sleeping for 36.99 seconds {{(pid=91787) _run_loop /opt/stack/data/venv/lib/python3.12/site-packages/oslo_service/backend/_threading/loopingcall.py:125}}
May 21 01:09:40.536504 np0000001121 neutron-periodic-workers[91791]: DEBUG neutron.db.agents_db [None req-8f9e2925-cc15-49fe-84d0-5ecb846999f2 None None] Agent healthcheck: found 0 active agents {{(pid=91791) agent_health_check /opt/stack/neutron/neutron/db/agents_db.py:322}}
May 21 01:09:40.536504 np0000001121 neutron-periodic-workers[91791]: DEBUG oslo.service.backend._threading.loopingcall [None req-8f9e2925-cc15-49fe-84d0-5ecb846999f2 None None] Fixed interval looping call 'neutron.plugins.ml2.plugin.AgentDbMixin.agent_health_check' sleeping for 36.99 seconds {{(pid=91791) _run_loop /opt/stack/data/venv/lib/python3.12/site-packages/oslo_service/backend/_threading/loopingcall.py:125}}
