Jun 11 13:24:37.683592 np0000002624 devstack@g-api.service[98969]: DEBUG glance.api.middleware.version_negotiation [None req-57489b19-3d4b-455b-9bdd-c1053c6fc27e tempest-ServerBootFromVolumeStableRescueTest-1004887028 tempest-ServerBootFromVolumeStableRescueTest-1004887028-project-member] Matched version: v2 {{(pid=98969) process_request /opt/stack/glance/glance/api/middleware/version_negotiation.py:69}}
Jun 11 13:24:37.683592 np0000002624 devstack@g-api.service[98969]: DEBUG glance.api.middleware.version_negotiation [None req-57489b19-3d4b-455b-9bdd-c1053c6fc27e tempest-ServerBootFromVolumeStableRescueTest-1004887028 tempest-ServerBootFromVolumeStableRescueTest-1004887028-project-member] new path /v2/images {{(pid=98969) process_request /opt/stack/glance/glance/api/middleware/version_negotiation.py:70}}
Jun 11 13:24:39.205480 np0000002624 devstack@g-api.service[98969]: [pid: 98969|app: 0|req: 56/117] 127.0.0.1 () {46 vars in 1055 bytes} [Thu Jun 11 13:24:37 2026] POST /v2/images => generated 1359 bytes in 1523 msecs (HTTP/1.1 201) 6 headers in 316 bytes (1 switches on core 0)
Jun 11 13:24:39.303989 np0000002624 devstack@g-api.service[98970]: DEBUG glance.api.middleware.version_negotiation [None req-79cfee63-6039-45e8-8202-20d27dee0d1a tempest-ServerBootFromVolumeStableRescueTest-1004887028 tempest-ServerBootFromVolumeStableRescueTest-1004887028-project-member] Determining version of request: GET /v2/images/a6f1f817-e980-4c4e-9370-c55e304e8d1e Accept: application/json {{(pid=98970) process_request /opt/stack/glance/glance/api/middleware/version_negotiation.py:44}}
Jun 11 13:24:39.304394 np0000002624 devstack@g-api.service[98970]: DEBUG glance.api.middleware.version_negotiation [None req-79cfee63-6039-45e8-8202-20d27dee0d1a tempest-ServerBootFromVolumeStableRescueTest-1004887028 tempest-ServerBootFromVolumeStableRescueTest-1004887028-project-member] Using url versioning {{(pid=98970) process_request /opt/stack/glance/glance/api/middleware/version_negotiation.py:57}}
Jun 11 13:24:39.304394 np0000002624 devstack@g-api.service[98970]: DEBUG glance.api.middleware.version_negotiation [None req-79cfee63-6039-45e8-8202-20d27dee0d1a tempest-ServerBootFromVolumeStableRescueTest-1004887028 tempest-ServerBootFromVolumeStableRescueTest-1004887028-project-member] Matched version: v2 {{(pid=98970) process_request /opt/stack/glance/glance/api/middleware/version_negotiation.py:69}}
Jun 11 13:24:39.304454 np0000002624 devstack@g-api.service[98970]: DEBUG glance.api.middleware.version_negotiation [None req-79cfee63-6039-45e8-8202-20d27dee0d1a tempest-ServerBootFromVolumeStableRescueTest-1004887028 tempest-ServerBootFromVolumeStableRescueTest-1004887028-project-member] new path /v2/images/a6f1f817-e980-4c4e-9370-c55e304e8d1e {{(pid=98970) process_request /opt/stack/glance/glance/api/middleware/version_negotiation.py:70}}
Jun 11 13:24:39.338058 np0000002624 devstack@g-api.service[98970]: [pid: 98970|app: 0|req: 62/118] 127.0.0.1 () {40 vars in 838 bytes} [Thu Jun 11 13:24:39 2026] GET /v2/images/a6f1f817-e980-4c4e-9370-c55e304e8d1e => generated 1359 bytes in 34 msecs (HTTP/1.1 200) 4 headers in 158 bytes (1 switches on core 0)
Jun 11 13:24:40.347515 np0000002624 devstack@g-api.service[98969]: DEBUG glance.api.middleware.version_negotiation [None req-79cfee63-6039-45e8-8202-20d27dee0d1a tempest-ServerBootFromVolumeStableRescueTest-1004887028 tempest-ServerBootFromVolumeStableRescueTest-1004887028-project-member] Determining version of request: GET /v2/images/a6f1f817-e980-4c4e-9370-c55e304e8d1e Accept: application/json {{(pid=98969) process_request /opt/stack/glance/glance/api/middleware/version_negotiation.py:44}}
Jun 11 13:24:40.348005 np0000002624 devstack@g-api.service[98969]: DEBUG glance.api.middleware.version_negotiation [None req-79cfee63-6039-45e8-8202-20d27dee0d1a tempest-ServerBootFromVolumeStableRescueTest-1004887028 tempest-ServerBootFromVolumeStableRescueTest-1004887028-project-member] Using url versioning {{(pid=98969) process_request /opt/stack/glance/glance/api/middleware/version_negotiation.py:57}}
Jun 11 13:24:40.348005 np0000002624 devstack@g-api.service[98969]: DEBUG glance.api.middleware.version_negotiation [None req-79cfee63-6039-45e8-8202-20d27dee0d1a tempest-ServerBootFromVolumeStableRescueTest-1004887028 tempest-ServerBootFromVolumeStableRescueTest-1004887028-project-member] Matched version: v2 {{(pid=98969) process_request /opt/stack/glance/glance/api/middleware/version_negotiation.py:69}}
Jun 11 13:24:40.348125 np0000002624 devstack@g-api.service[98969]: DEBUG glance.api.middleware.version_negotiation [None req-79cfee63-6039-45e8-8202-20d27dee0d1a tempest-ServerBootFromVolumeStableRescueTest-1004887028 tempest-ServerBootFromVolumeStableRescueTest-1004887028-project-member] new path /v2/images/a6f1f817-e980-4c4e-9370-c55e304e8d1e {{(pid=98969) process_request /opt/stack/glance/glance/api/middleware/version_negotiation.py:70}}
Jun 11 13:24:40.364768 np0000002624 devstack@g-api.service[98969]: [pid: 98969|app: 0|req: 57/119] 127.0.0.1 () {40 vars in 838 bytes} [Thu Jun 11 13:24:40 2026] GET /v2/images/a6f1f817-e980-4c4e-9370-c55e304e8d1e => generated 1359 bytes in 17 msecs (HTTP/1.1 200) 4 headers in 158 bytes (1 switches on core 0)
Jun 11 13:24:40.906257 np0000002624 devstack@g-api.service[98970]: DEBUG glance.api.middleware.version_negotiation [None req-12a9abba-e9fb-4cf8-a6ed-980be7507dfe tempest-ServerBootFromVolumeStableRescueTest-1004887028 tempest-ServerBootFromVolumeStableRescueTest-1004887028-project-member] Determining version of request: GET /v2/images/a6f1f817-e980-4c4e-9370-c55e304e8d1e Accept: */* {{(pid=98970) process_request /opt/stack/glance/glance/api/middleware/version_negotiation.py:44}}
Jun 11 13:24:40.906257 np0000002624 devstack@g-api.service[98970]: DEBUG glance.api.middleware.version_negotiation [None req-12a9abba-e9fb-4cf8-a6ed-980be7507dfe tempest-ServerBootFromVolumeStableRescueTest-1004887028 tempest-ServerBootFromVolumeStableRescueTest-1004887028-project-member] Using url versioning {{(pid=98970) process_request /opt/stack/glance/glance/api/middleware/version_negotiation.py:57}}
Jun 11 13:24:40.906757 np0000002624 devstack@g-api.service[98970]: DEBUG glance.api.middleware.version_negotiation [None req-12a9abba-e9fb-4cf8-a6ed-980be7507dfe tempest-ServerBootFromVolumeStableRescueTest-1004887028 tempest-ServerBootFromVolumeStableRescueTest-1004887028-project-member] Matched version: v2 {{(pid=98970) process_request /opt/stack/glance/glance/api/middleware/version_negotiation.py:69}}
Jun 11 13:24:40.906757 np0000002624 devstack@g-api.service[98970]: DEBUG glance.api.middleware.version_negotiation [None req-12a9abba-e9fb-4cf8-a6ed-980be7507dfe tempest-ServerBootFromVolumeStableRescueTest-1004887028 tempest-ServerBootFromVolumeStableRescueTest-1004887028-project-member] new path /v2/images/a6f1f817-e980-4c4e-9370-c55e304e8d1e {{(pid=98970) process_request /opt/stack/glance/glance/api/middleware/version_negotiation.py:70}}
Jun 11 13:24:40.926740 np0000002624 devstack@g-api.service[98970]: [pid: 98970|app: 0|req: 63/120] 127.0.0.1 () {44 vars in 1115 bytes} [Thu Jun 11 13:24:40 2026] GET /v2/images/a6f1f817-e980-4c4e-9370-c55e304e8d1e => generated 1359 bytes in 21 msecs (HTTP/1.1 200) 4 headers in 158 bytes (1 switches on core 0)
Jun 11 13:24:41.005061 np0000002624 devstack@g-api.service[98969]: DEBUG glance.api.middleware.version_negotiation [None req-471b0a71-2fc3-4f12-9ef7-5a7e7edf797f tempest-ServerBootFromVolumeStableRescueTest-1004887028 tempest-ServerBootFromVolumeStableRescueTest-1004887028-project-member] Determining version of request: GET /v2/schemas/image Accept: */* {{(pid=98969) process_request /opt/stack/glance/glance/api/middleware/version_negotiation.py:44}}
Jun 11 13:24:41.005347 np0000002624 devstack@g-api.service[98969]: DEBUG glance.api.middleware.version_negotiation [None req-471b0a71-2fc3-4f12-9ef7-5a7e7edf797f tempest-ServerBootFromVolumeStableRescueTest-1004887028 tempest-ServerBootFromVolumeStableRescueTest-1004887028-project-member] Using url versioning {{(pid=98969) process_request /opt/stack/glance/glance/api/middleware/version_negotiation.py:57}}
Jun 11 13:24:41.006026 np0000002624 devstack@g-api.service[98969]: DEBUG glance.api.middleware.version_negotiation [None req-471b0a71-2fc3-4f12-9ef7-5a7e7edf797f tempest-ServerBootFromVolumeStableRescueTest-1004887028 tempest-ServerBootFromVolumeStableRescueTest-1004887028-project-member] Matched version: v2 {{(pid=98969) process_request /opt/stack/glance/glance/api/middleware/version_negotiation.py:69}}
Jun 11 13:24:41.006026 np0000002624 devstack@g-api.service[98969]: DEBUG glance.api.middleware.version_negotiation [None req-471b0a71-2fc3-4f12-9ef7-5a7e7edf797f tempest-ServerBootFromVolumeStableRescueTest-1004887028 tempest-ServerBootFromVolumeStableRescueTest-1004887028-project-member] new path /v2/schemas/image {{(pid=98969) process_request /opt/stack/glance/glance/api/middleware/version_negotiation.py:70}}
Jun 11 13:24:41.011130 np0000002624 devstack@g-api.service[98969]: [pid: 98969|app: 0|req: 58/121] 127.0.0.1 () {44 vars in 1055 bytes} [Thu Jun 11 13:24:41 2026] GET /v2/schemas/image => generated 6083 bytes in 6 msecs (HTTP/1.1 200) 4 headers in 158 bytes (1 switches on core 0)
Jun 11 13:24:41.377486 np0000002624 devstack@g-api.service[98970]: DEBUG glance.api.middleware.version_negotiation [None req-79cfee63-6039-45e8-8202-20d27dee0d1a tempest-ServerBootFromVolumeStableRescueTest-1004887028 tempest-ServerBootFromVolumeStableRescueTest-1004887028-project-member] Determining version of request: GET /v2/images/a6f1f817-e980-4c4e-9370-c55e304e8d1e Accept: application/json {{(pid=98970) process_request /opt/stack/glance/glance/api/middleware/version_negotiation.py:44}}
Jun 11 13:24:41.378851 np0000002624 devstack@g-api.service[98970]: DEBUG glance.api.middleware.version_negotiation [None req-79cfee63-6039-45e8-8202-20d27dee0d1a tempest-ServerBootFromVolumeStableRescueTest-1004887028 tempest-ServerBootFromVolumeStableRescueTest-1004887028-project-member] Using url versioning {{(pid=98970) process_request /opt/stack/glance/glance/api/middleware/version_negotiation.py:57}}
Jun 11 13:24:41.379490 np0000002624 devstack@g-api.service[98970]: DEBUG glance.api.middleware.version_negotiation [None req-79cfee63-6039-45e8-8202-20d27dee0d1a tempest-ServerBootFromVolumeStableRescueTest-1004887028 tempest-ServerBootFromVolumeStableRescueTest-1004887028-project-member] Matched version: v2 {{(pid=98970) process_request /opt/stack/glance/glance/api/middleware/version_negotiation.py:69}}
Jun 11 13:24:41.380675 np0000002624 devstack@g-api.service[98970]: DEBUG glance.api.middleware.version_negotiation [None req-79cfee63-6039-45e8-8202-20d27dee0d1a tempest-ServerBootFromVolumeStableRescueTest-1004887028 tempest-ServerBootFromVolumeStableRescueTest-1004887028-project-member] new path /v2/images/a6f1f817-e980-4c4e-9370-c55e304e8d1e {{(pid=98970) process_request /opt/stack/glance/glance/api/middleware/version_negotiation.py:70}}
Jun 11 13:24:41.398238 np0000002624 devstack@g-api.service[98970]: [pid: 98970|app: 0|req: 64/122] 127.0.0.1 () {40 vars in 838 bytes} [Thu Jun 11 13:24:41 2026] GET /v2/images/a6f1f817-e980-4c4e-9370-c55e304e8d1e => generated 1359 bytes in 21 msecs (HTTP/1.1 200) 4 headers in 158 bytes (1 switches on core 0)
Jun 11 13:24:42.415500 np0000002624 devstack@g-api.service[98969]: DEBUG glance.api.middleware.version_negotiation [None req-79cfee63-6039-45e8-8202-20d27dee0d1a tempest-ServerBootFromVolumeStableRescueTest-1004887028 tempest-ServerBootFromVolumeStableRescueTest-1004887028-project-member] Determining version of request: GET /v2/images/a6f1f817-e980-4c4e-9370-c55e304e8d1e Accept: application/json {{(pid=98969) process_request /opt/stack/glance/glance/api/middleware/version_negotiation.py:44}}
Jun 11 13:24:42.416037 np0000002624 devstack@g-api.service[98969]: DEBUG glance.api.middleware.version_negotiation [None req-79cfee63-6039-45e8-8202-20d27dee0d1a tempest-ServerBootFromVolumeStableRescueTest-1004887028 tempest-ServerBootFromVolumeStableRescueTest-1004887028-project-member] Using url versioning {{(pid=98969) process_request /opt/stack/glance/glance/api/middleware/version_negotiation.py:57}}
Jun 11 13:24:42.416037 np0000002624 devstack@g-api.service[98969]: DEBUG glance.api.middleware.version_negotiation [None req-79cfee63-6039-45e8-8202-20d27dee0d1a tempest-ServerBootFromVolumeStableRescueTest-1004887028 tempest-ServerBootFromVolumeStableRescueTest-1004887028-project-member] Matched version: v2 {{(pid=98969) process_request /opt/stack/glance/glance/api/middleware/version_negotiation.py:69}}
Jun 11 13:24:42.416037 np0000002624 devstack@g-api.service[98969]: DEBUG glance.api.middleware.version_negotiation [None req-79cfee63-6039-45e8-8202-20d27dee0d1a tempest-ServerBootFromVolumeStableRescueTest-1004887028 tempest-ServerBootFromVolumeStableRescueTest-1004887028-project-member] new path /v2/images/a6f1f817-e980-4c4e-9370-c55e304e8d1e {{(pid=98969) process_request /opt/stack/glance/glance/api/middleware/version_negotiation.py:70}}
Jun 11 13:24:42.431123 np0000002624 devstack@g-api.service[98969]: [pid: 98969|app: 0|req: 59/123] 127.0.0.1 () {40 vars in 838 bytes} [Thu Jun 11 13:24:42 2026] GET /v2/images/a6f1f817-e980-4c4e-9370-c55e304e8d1e => generated 1359 bytes in 17 msecs (HTTP/1.1 200) 4 headers in 158 bytes (1 switches on core 0)
Jun 11 13:24:43.443602 np0000002624 devstack@g-api.service[98970]: DEBUG glance.api.middleware.version_negotiation [None req-9395e83a-f0c6-45f9-947a-de8b4fe785cc tempest-ServerBootFromVolumeStableRescueTest-1004887028 tempest-ServerBootFromVolumeStableRescueTest-1004887028-project-member] Determining version of request: GET /v2/images/a6f1f817-e980-4c4e-9370-c55e304e8d1e Accept: application/json {{(pid=98970) process_request /opt/stack/glance/glance/api/middleware/version_negotiation.py:44}}
Jun 11 13:24:43.444248 np0000002624 devstack@g-api.service[98970]: DEBUG glance.api.middleware.version_negotiation [None req-9395e83a-f0c6-45f9-947a-de8b4fe785cc tempest-ServerBootFromVolumeStableRescueTest-1004887028 tempest-ServerBootFromVolumeStableRescueTest-1004887028-project-member] Using url versioning {{(pid=98970) process_request /opt/stack/glance/glance/api/middleware/version_negotiation.py:57}}
Jun 11 13:24:43.444248 np0000002624 devstack@g-api.service[98970]: DEBUG glance.api.middleware.version_negotiation [None req-9395e83a-f0c6-45f9-947a-de8b4fe785cc tempest-ServerBootFromVolumeStableRescueTest-1004887028 tempest-ServerBootFromVolumeStableRescueTest-1004887028-project-member] Matched version: v2 {{(pid=98970) process_request /opt/stack/glance/glance/api/middleware/version_negotiation.py:69}}
Jun 11 13:24:43.444248 np0000002624 devstack@g-api.service[98970]: DEBUG glance.api.middleware.version_negotiation [None req-9395e83a-f0c6-45f9-947a-de8b4fe785cc tempest-ServerBootFromVolumeStableRescueTest-1004887028 tempest-ServerBootFromVolumeStableRescueTest-1004887028-project-member] new path /v2/images/a6f1f817-e980-4c4e-9370-c55e304e8d1e {{(pid=98970) process_request /opt/stack/glance/glance/api/middleware/version_negotiation.py:70}}
Jun 11 13:24:43.459656 np0000002624 devstack@g-api.service[98970]: [pid: 98970|app: 0|req: 65/124] 127.0.0.1 () {40 vars in 838 bytes} [Thu Jun 11 13:24:43 2026] GET /v2/images/a6f1f817-e980-4c4e-9370-c55e304e8d1e => generated 1359 bytes in 18 msecs (HTTP/1.1 200) 4 headers in 158 bytes (1 switches on core 0)
Jun 11 13:24:44.097493 np0000002624 devstack@g-api.service[98969]: DEBUG glance.api.middleware.version_negotiation [None req-37e8bf6f-e97b-47d4-901d-78cde998b1ea tempest-ServerBootFromVolumeStableRescueTest-1004887028 tempest-ServerBootFromVolumeStableRescueTest-1004887028-project-member] Determining version of request: GET /v2/images/a6f1f817-e980-4c4e-9370-c55e304e8d1e Accept: */* {{(pid=98969) process_request /opt/stack/glance/glance/api/middleware/version_negotiation.py:44}}
Jun 11 13:24:44.098071 np0000002624 devstack@g-api.service[98969]: DEBUG glance.api.middleware.version_negotiation [None req-37e8bf6f-e97b-47d4-901d-78cde998b1ea tempest-ServerBootFromVolumeStableRescueTest-1004887028 tempest-ServerBootFromVolumeStableRescueTest-1004887028-project-member] Using url versioning {{(pid=98969) process_request /opt/stack/glance/glance/api/middleware/version_negotiation.py:57}}
Jun 11 13:24:44.098071 np0000002624 devstack@g-api.service[98969]: DEBUG glance.api.middleware.version_negotiation [None req-37e8bf6f-e97b-47d4-901d-78cde998b1ea tempest-ServerBootFromVolumeStableRescueTest-1004887028 tempest-ServerBootFromVolumeStableRescueTest-1004887028-project-member] Matched version: v2 {{(pid=98969) process_request /opt/stack/glance/glance/api/middleware/version_negotiation.py:69}}
Jun 11 13:24:44.100473 np0000002624 devstack@g-api.service[98969]: DEBUG glance.api.middleware.version_negotiation [None req-37e8bf6f-e97b-47d4-901d-78cde998b1ea tempest-ServerBootFromVolumeStableRescueTest-1004887028 tempest-ServerBootFromVolumeStableRescueTest-1004887028-project-member] new path /v2/images/a6f1f817-e980-4c4e-9370-c55e304e8d1e {{(pid=98969) process_request /opt/stack/glance/glance/api/middleware/version_negotiation.py:70}}
Jun 11 13:24:44.132973 np0000002624 devstack@g-api.service[98969]: [pid: 98969|app: 0|req: 60/125] 127.0.0.1 () {44 vars in 1115 bytes} [Thu Jun 11 13:24:44 2026] GET /v2/images/a6f1f817-e980-4c4e-9370-c55e304e8d1e => generated 1359 bytes in 36 msecs (HTTP/1.1 200) 4 headers in 158 bytes (1 switches on core 0)
Jun 11 13:24:44.205714 np0000002624 devstack@g-api.service[98970]: DEBUG glance.api.middleware.version_negotiation [None req-0bd86e5e-c768-40e1-95ef-0dc7dc853124 tempest-ServerBootFromVolumeStableRescueTest-1004887028 tempest-ServerBootFromVolumeStableRescueTest-1004887028-project-member] Determining version of request: GET /v2/schemas/image Accept: */* {{(pid=98970) process_request /opt/stack/glance/glance/api/middleware/version_negotiation.py:44}}
Jun 11 13:24:44.205714 np0000002624 devstack@g-api.service[98970]: DEBUG glance.api.middleware.version_negotiation [None req-0bd86e5e-c768-40e1-95ef-0dc7dc853124 tempest-ServerBootFromVolumeStableRescueTest-1004887028 tempest-ServerBootFromVolumeStableRescueTest-1004887028-project-member] Using url versioning {{(pid=98970) process_request /opt/stack/glance/glance/api/middleware/version_negotiation.py:57}}
Jun 11 13:24:44.207289 np0000002624 devstack@g-api.service[98970]: DEBUG glance.api.middleware.version_negotiation [None req-0bd86e5e-c768-40e1-95ef-0dc7dc853124 tempest-ServerBootFromVolumeStableRescueTest-1004887028 tempest-ServerBootFromVolumeStableRescueTest-1004887028-project-member] Matched version: v2 {{(pid=98970) process_request /opt/stack/glance/glance/api/middleware/version_negotiation.py:69}}
Jun 11 13:24:44.208401 np0000002624 devstack@g-api.service[98970]: DEBUG glance.api.middleware.version_negotiation [None req-0bd86e5e-c768-40e1-95ef-0dc7dc853124 tempest-ServerBootFromVolumeStableRescueTest-1004887028 tempest-ServerBootFromVolumeStableRescueTest-1004887028-project-member] new path /v2/schemas/image {{(pid=98970) process_request /opt/stack/glance/glance/api/middleware/version_negotiation.py:70}}
Jun 11 13:24:44.214071 np0000002624 devstack@g-api.service[98970]: [pid: 98970|app: 0|req: 66/126] 127.0.0.1 () {44 vars in 1055 bytes} [Thu Jun 11 13:24:44 2026] GET /v2/schemas/image => generated 6083 bytes in 8 msecs (HTTP/1.1 200) 4 headers in 158 bytes (1 switches on core 0)
Jun 11 13:24:44.266993 np0000002624 devstack@g-api.service[98969]: DEBUG glance.api.middleware.version_negotiation [None req-79cfee63-6039-45e8-8202-20d27dee0d1a tempest-ServerBootFromVolumeStableRescueTest-1004887028 tempest-ServerBootFromVolumeStableRescueTest-1004887028-project-member] Determining version of request: GET /v2/schemas/image Accept: */* {{(pid=98969) process_request /opt/stack/glance/glance/api/middleware/version_negotiation.py:44}}
Jun 11 13:24:44.267234 np0000002624 devstack@g-api.service[98969]: DEBUG glance.api.middleware.version_negotiation [None req-79cfee63-6039-45e8-8202-20d27dee0d1a tempest-ServerBootFromVolumeStableRescueTest-1004887028 tempest-ServerBootFromVolumeStableRescueTest-1004887028-project-member] Using url versioning {{(pid=98969) process_request /opt/stack/glance/glance/api/middleware/version_negotiation.py:57}}
Jun 11 13:24:44.267537 np0000002624 devstack@g-api.service[98969]: DEBUG glance.api.middleware.version_negotiation [None req-79cfee63-6039-45e8-8202-20d27dee0d1a tempest-ServerBootFromVolumeStableRescueTest-1004887028 tempest-ServerBootFromVolumeStableRescueTest-1004887028-project-member] Matched version: v2 {{(pid=98969) process_request /opt/stack/glance/glance/api/middleware/version_negotiation.py:69}}
Jun 11 13:24:44.267687 np0000002624 devstack@g-api.service[98969]: DEBUG glance.api.middleware.version_negotiation [None req-79cfee63-6039-45e8-8202-20d27dee0d1a tempest-ServerBootFromVolumeStableRescueTest-1004887028 tempest-ServerBootFromVolumeStableRescueTest-1004887028-project-member] new path /v2/schemas/image {{(pid=98969) process_request /opt/stack/glance/glance/api/middleware/version_negotiation.py:70}}
Jun 11 13:24:44.270663 np0000002624 devstack@g-api.service[98969]: [pid: 98969|app: 0|req: 61/127] 127.0.0.1 () {44 vars in 1055 bytes} [Thu Jun 11 13:24:44 2026] GET /v2/schemas/image => generated 6083 bytes in 4 msecs (HTTP/1.1 200) 4 headers in 158 bytes (1 switches on core 0)
Jun 11 13:24:44.346356 np0000002624 devstack@g-api.service[98970]: DEBUG glance.api.middleware.version_negotiation [None req-79cfee63-6039-45e8-8202-20d27dee0d1a tempest-ServerBootFromVolumeStableRescueTest-1004887028 tempest-ServerBootFromVolumeStableRescueTest-1004887028-project-member] Determining version of request: PATCH /v2/images/a6f1f817-e980-4c4e-9370-c55e304e8d1e Accept: */* {{(pid=98970) process_request /opt/stack/glance/glance/api/middleware/version_negotiation.py:44}}
Jun 11 13:24:44.346602 np0000002624 devstack@g-api.service[98970]: DEBUG glance.api.middleware.version_negotiation [None req-79cfee63-6039-45e8-8202-20d27dee0d1a tempest-ServerBootFromVolumeStableRescueTest-1004887028 tempest-ServerBootFromVolumeStableRescueTest-1004887028-project-member] Using url versioning {{(pid=98970) process_request /opt/stack/glance/glance/api/middleware/version_negotiation.py:57}}
Jun 11 13:24:44.346907 np0000002624 devstack@g-api.service[98970]: DEBUG glance.api.middleware.version_negotiation [None req-79cfee63-6039-45e8-8202-20d27dee0d1a tempest-ServerBootFromVolumeStableRescueTest-1004887028 tempest-ServerBootFromVolumeStableRescueTest-1004887028-project-member] Matched version: v2 {{(pid=98970) process_request /opt/stack/glance/glance/api/middleware/version_negotiation.py:69}}
Jun 11 13:24:44.347032 np0000002624 devstack@g-api.service[98970]: DEBUG glance.api.middleware.version_negotiation [None req-79cfee63-6039-45e8-8202-20d27dee0d1a tempest-ServerBootFromVolumeStableRescueTest-1004887028 tempest-ServerBootFromVolumeStableRescueTest-1004887028-project-member] new path /v2/images/a6f1f817-e980-4c4e-9370-c55e304e8d1e {{(pid=98970) process_request /opt/stack/glance/glance/api/middleware/version_negotiation.py:70}}
Jun 11 13:24:44.470414 np0000002624 devstack@g-api.service[98969]: DEBUG glance.api.middleware.version_negotiation [None req-79cfee63-6039-45e8-8202-20d27dee0d1a tempest-ServerBootFromVolumeStableRescueTest-1004887028 tempest-ServerBootFromVolumeStableRescueTest-1004887028-project-member] Determining version of request: GET /v2/images/a6f1f817-e980-4c4e-9370-c55e304e8d1e Accept: application/json {{(pid=98969) process_request /opt/stack/glance/glance/api/middleware/version_negotiation.py:44}}
Jun 11 13:24:44.470414 np0000002624 devstack@g-api.service[98969]: DEBUG glance.api.middleware.version_negotiation [None req-79cfee63-6039-45e8-8202-20d27dee0d1a tempest-ServerBootFromVolumeStableRescueTest-1004887028 tempest-ServerBootFromVolumeStableRescueTest-1004887028-project-member] Using url versioning {{(pid=98969) process_request /opt/stack/glance/glance/api/middleware/version_negotiation.py:57}}
Jun 11 13:24:44.470414 np0000002624 devstack@g-api.service[98969]: DEBUG glance.api.middleware.version_negotiation [None req-79cfee63-6039-45e8-8202-20d27dee0d1a tempest-ServerBootFromVolumeStableRescueTest-1004887028 tempest-ServerBootFromVolumeStableRescueTest-1004887028-project-member] Matched version: v2 {{(pid=98969) process_request /opt/stack/glance/glance/api/middleware/version_negotiation.py:69}}
Jun 11 13:24:44.470414 np0000002624 devstack@g-api.service[98969]: DEBUG glance.api.middleware.version_negotiation [None req-79cfee63-6039-45e8-8202-20d27dee0d1a tempest-ServerBootFromVolumeStableRescueTest-1004887028 tempest-ServerBootFromVolumeStableRescueTest-1004887028-project-member] new path /v2/images/a6f1f817-e980-4c4e-9370-c55e304e8d1e {{(pid=98969) process_request /opt/stack/glance/glance/api/middleware/version_negotiation.py:70}}
Jun 11 13:24:44.493241 np0000002624 devstack@g-api.service[98969]: [pid: 98969|app: 0|req: 62/128] 127.0.0.1 () {40 vars in 838 bytes} [Thu Jun 11 13:24:44 2026] GET /v2/images/a6f1f817-e980-4c4e-9370-c55e304e8d1e => generated 1359 bytes in 24 msecs (HTTP/1.1 200) 4 headers in 158 bytes (1 switches on core 0)
Jun 11 13:24:44.610658 np0000002624 devstack@g-api.service[98970]: [pid: 98970|app: 0|req: 67/129] 127.0.0.1 () {46 vars in 1158 bytes} [Thu Jun 11 13:24:44 2026] PATCH /v2/images/a6f1f817-e980-4c4e-9370-c55e304e8d1e => generated 1470 bytes in 264 msecs (HTTP/1.1 200) 4 headers in 158 bytes (1 switches on core 0)
Jun 11 13:24:44.656632 np0000002624 devstack@g-api.service[98969]: DEBUG glance.api.middleware.version_negotiation [None req-17ef63b3-7f49-4c53-80b8-7d100d7d9f79 tempest-ServerBootFromVolumeStableRescueTest-1004887028 tempest-ServerBootFromVolumeStableRescueTest-1004887028-project-member] Determining version of request: GET /v2/images/a6f1f817-e980-4c4e-9370-c55e304e8d1e Accept: */* {{(pid=98969) process_request /opt/stack/glance/glance/api/middleware/version_negotiation.py:44}}
Jun 11 13:24:44.656807 np0000002624 devstack@g-api.service[98969]: DEBUG glance.api.middleware.version_negotiation [None req-17ef63b3-7f49-4c53-80b8-7d100d7d9f79 tempest-ServerBootFromVolumeStableRescueTest-1004887028 tempest-ServerBootFromVolumeStableRescueTest-1004887028-project-member] Using url versioning {{(pid=98969) process_request /opt/stack/glance/glance/api/middleware/version_negotiation.py:57}}
Jun 11 13:24:44.656902 np0000002624 devstack@g-api.service[98969]: DEBUG glance.api.middleware.version_negotiation [None req-17ef63b3-7f49-4c53-80b8-7d100d7d9f79 tempest-ServerBootFromVolumeStableRescueTest-1004887028 tempest-ServerBootFromVolumeStableRescueTest-1004887028-project-member] Matched version: v2 {{(pid=98969) process_request /opt/stack/glance/glance/api/middleware/version_negotiation.py:69}}
Jun 11 13:24:44.657105 np0000002624 devstack@g-api.service[98969]: DEBUG glance.api.middleware.version_negotiation [None req-17ef63b3-7f49-4c53-80b8-7d100d7d9f79 tempest-ServerBootFromVolumeStableRescueTest-1004887028 tempest-ServerBootFromVolumeStableRescueTest-1004887028-project-member] new path /v2/images/a6f1f817-e980-4c4e-9370-c55e304e8d1e {{(pid=98969) process_request /opt/stack/glance/glance/api/middleware/version_negotiation.py:70}}
Jun 11 13:24:44.674245 np0000002624 devstack@g-api.service[98969]: [pid: 98969|app: 0|req: 63/130] 127.0.0.1 () {44 vars in 1115 bytes} [Thu Jun 11 13:24:44 2026] GET /v2/images/a6f1f817-e980-4c4e-9370-c55e304e8d1e => generated 1470 bytes in 18 msecs (HTTP/1.1 200) 4 headers in 158 bytes (1 switches on core 0)
Jun 11 13:24:44.729539 np0000002624 devstack@g-api.service[98970]: DEBUG glance.api.middleware.version_negotiation [None req-79cfee63-6039-45e8-8202-20d27dee0d1a tempest-ServerBootFromVolumeStableRescueTest-1004887028 tempest-ServerBootFromVolumeStableRescueTest-1004887028-project-member] Determining version of request: PUT /v2/images/a6f1f817-e980-4c4e-9370-c55e304e8d1e/file Accept: */* {{(pid=98970) process_request /opt/stack/glance/glance/api/middleware/version_negotiation.py:44}}
Jun 11 13:24:44.729718 np0000002624 devstack@g-api.service[98970]: DEBUG glance.api.middleware.version_negotiation [None req-79cfee63-6039-45e8-8202-20d27dee0d1a tempest-ServerBootFromVolumeStableRescueTest-1004887028 tempest-ServerBootFromVolumeStableRescueTest-1004887028-project-member] Using url versioning {{(pid=98970) process_request /opt/stack/glance/glance/api/middleware/version_negotiation.py:57}}
Jun 11 13:24:44.729847 np0000002624 devstack@g-api.service[98970]: DEBUG glance.api.middleware.version_negotiation [None req-79cfee63-6039-45e8-8202-20d27dee0d1a tempest-ServerBootFromVolumeStableRescueTest-1004887028 tempest-ServerBootFromVolumeStableRescueTest-1004887028-project-member] Matched version: v2 {{(pid=98970) process_request /opt/stack/glance/glance/api/middleware/version_negotiation.py:69}}
Jun 11 13:24:44.729847 np0000002624 devstack@g-api.service[98970]: DEBUG glance.api.middleware.version_negotiation [None req-79cfee63-6039-45e8-8202-20d27dee0d1a tempest-ServerBootFromVolumeStableRescueTest-1004887028 tempest-ServerBootFromVolumeStableRescueTest-1004887028-project-member] new path /v2/images/a6f1f817-e980-4c4e-9370-c55e304e8d1e/file {{(pid=98970) process_request /opt/stack/glance/glance/api/middleware/version_negotiation.py:70}}
Jun 11 13:24:45.507910 np0000002624 devstack@g-api.service[98969]: DEBUG glance.api.middleware.version_negotiation [None req-79cfee63-6039-45e8-8202-20d27dee0d1a tempest-ServerBootFromVolumeStableRescueTest-1004887028 tempest-ServerBootFromVolumeStableRescueTest-1004887028-project-member] Determining version of request: GET /v2/images/a6f1f817-e980-4c4e-9370-c55e304e8d1e Accept: application/json {{(pid=98969) process_request /opt/stack/glance/glance/api/middleware/version_negotiation.py:44}}
Jun 11 13:24:45.508388 np0000002624 devstack@g-api.service[98969]: DEBUG glance.api.middleware.version_negotiation [None req-79cfee63-6039-45e8-8202-20d27dee0d1a tempest-ServerBootFromVolumeStableRescueTest-1004887028 tempest-ServerBootFromVolumeStableRescueTest-1004887028-project-member] Using url versioning {{(pid=98969) process_request /opt/stack/glance/glance/api/middleware/version_negotiation.py:57}}
Jun 11 13:24:45.508471 np0000002624 devstack@g-api.service[98969]: DEBUG glance.api.middleware.version_negotiation [None req-79cfee63-6039-45e8-8202-20d27dee0d1a tempest-ServerBootFromVolumeStableRescueTest-1004887028 tempest-ServerBootFromVolumeStableRescueTest-1004887028-project-member] Matched version: v2 {{(pid=98969) process_request /opt/stack/glance/glance/api/middleware/version_negotiation.py:69}}
Jun 11 13:24:45.508575 np0000002624 devstack@g-api.service[98969]: DEBUG glance.api.middleware.version_negotiation [None req-79cfee63-6039-45e8-8202-20d27dee0d1a tempest-ServerBootFromVolumeStableRescueTest-1004887028 tempest-ServerBootFromVolumeStableRescueTest-1004887028-project-member] new path /v2/images/a6f1f817-e980-4c4e-9370-c55e304e8d1e {{(pid=98969) process_request /opt/stack/glance/glance/api/middleware/version_negotiation.py:70}}
Jun 11 13:24:45.536424 np0000002624 devstack@g-api.service[98969]: [pid: 98969|app: 0|req: 64/131] 127.0.0.1 () {40 vars in 838 bytes} [Thu Jun 11 13:24:45 2026] GET /v2/images/a6f1f817-e980-4c4e-9370-c55e304e8d1e => generated 1470 bytes in 32 msecs (HTTP/1.1 200) 4 headers in 158 bytes (1 switches on core 0)
Jun 11 13:24:45.657607 np0000002624 devstack@g-api.service[98970]: INFO glance.api.v2.image_data [None req-79cfee63-6039-45e8-8202-20d27dee0d1a tempest-ServerBootFromVolumeStableRescueTest-1004887028 tempest-ServerBootFromVolumeStableRescueTest-1004887028-project-member] Unable to create trust: no such option collect_timing in group [keystone_authtoken] Use the existing user token.
Jun 11 13:24:46.539866 np0000002624 devstack@g-api.service[98970]: DEBUG glance.location [None req-79cfee63-6039-45e8-8202-20d27dee0d1a tempest-ServerBootFromVolumeStableRescueTest-1004887028 tempest-ServerBootFromVolumeStableRescueTest-1004887028-project-member] Enabling in-flight format inspection for qcow2 {{(pid=98970) set_data /opt/stack/glance/glance/location.py:616}}
Jun 11 13:24:46.540605 np0000002624 devstack@g-api.service[98970]: DEBUG glance_store.backend [None req-79cfee63-6039-45e8-8202-20d27dee0d1a tempest-ServerBootFromVolumeStableRescueTest-1004887028 tempest-ServerBootFromVolumeStableRescueTest-1004887028-project-member] Attempting to import store swift {{(pid=98970) _load_store /opt/stack/data/venv/lib/python3.12/site-packages/glance_store/backend.py:215}}
Jun 11 13:24:46.545920 np0000002624 devstack@g-api.service[98970]: DEBUG glance_store.capabilities [None req-79cfee63-6039-45e8-8202-20d27dee0d1a tempest-ServerBootFromVolumeStableRescueTest-1004887028 tempest-ServerBootFromVolumeStableRescueTest-1004887028-project-member] Store glance_store._drivers.swift.store.SingleTenantStore doesn't support updating dynamic storage capabilities. Please overwrite 'update_capabilities' method of the store to implement updating logics if needed. {{(pid=98970) update_capabilities /opt/stack/data/venv/lib/python3.12/site-packages/glance_store/capabilities.py:91}}
Jun 11 13:24:46.546111 np0000002624 devstack@g-api.service[98970]: DEBUG glance_store.driver [None req-79cfee63-6039-45e8-8202-20d27dee0d1a tempest-ServerBootFromVolumeStableRescueTest-1004887028 tempest-ServerBootFromVolumeStableRescueTest-1004887028-project-member] Late loading location class glance_store._drivers.swift.store.StoreLocation {{(pid=98970) get_store_location_class /opt/stack/data/venv/lib/python3.12/site-packages/glance_store/driver.py:134}}
Jun 11 13:24:46.546795 np0000002624 devstack@g-api.service[98969]: DEBUG glance.api.middleware.version_negotiation [None req-f412fc40-13ce-4b68-8d2e-dd4645ba8ec4 tempest-ServerBootFromVolumeStableRescueTest-1004887028 tempest-ServerBootFromVolumeStableRescueTest-1004887028-project-member] Determining version of request: GET /v2/images/a6f1f817-e980-4c4e-9370-c55e304e8d1e Accept: application/json {{(pid=98969) process_request /opt/stack/glance/glance/api/middleware/version_negotiation.py:44}}
Jun 11 13:24:46.547244 np0000002624 devstack@g-api.service[98969]: DEBUG glance.api.middleware.version_negotiation [None req-f412fc40-13ce-4b68-8d2e-dd4645ba8ec4 tempest-ServerBootFromVolumeStableRescueTest-1004887028 tempest-ServerBootFromVolumeStableRescueTest-1004887028-project-member] Using url versioning {{(pid=98969) process_request /opt/stack/glance/glance/api/middleware/version_negotiation.py:57}}
Jun 11 13:24:46.548062 np0000002624 devstack@g-api.service[98970]: DEBUG glance_store.location [None req-79cfee63-6039-45e8-8202-20d27dee0d1a tempest-ServerBootFromVolumeStableRescueTest-1004887028 tempest-ServerBootFromVolumeStableRescueTest-1004887028-project-member] Registering scheme swift+https with {'store': , 'location_class': , 'store_entry': 'swift'} {{(pid=98970) register_scheme_map /opt/stack/data/venv/lib/python3.12/site-packages/glance_store/location.py:146}}
Jun 11 13:24:46.548062 np0000002624 devstack@g-api.service[98970]: DEBUG glance_store.location [None req-79cfee63-6039-45e8-8202-20d27dee0d1a tempest-ServerBootFromVolumeStableRescueTest-1004887028 tempest-ServerBootFromVolumeStableRescueTest-1004887028-project-member] Registering scheme swift+https with {'store': , 'location_class': , 'store_entry': 'swift'} {{(pid=98970) register_scheme_map /opt/stack/data/venv/lib/python3.12/site-packages/glance_store/location.py:146}}
Jun 11 13:24:46.548062 np0000002624 devstack@g-api.service[98970]: DEBUG glance_store.location [None req-79cfee63-6039-45e8-8202-20d27dee0d1a tempest-ServerBootFromVolumeStableRescueTest-1004887028 tempest-ServerBootFromVolumeStableRescueTest-1004887028-project-member] Registering scheme swift with {'store': , 'location_class': , 'store_entry': 'swift'} {{(pid=98970) register_scheme_map /opt/stack/data/venv/lib/python3.12/site-packages/glance_store/location.py:146}}
Jun 11 13:24:46.548430 np0000002624 devstack@g-api.service[98970]: DEBUG glance_store.location [None req-79cfee63-6039-45e8-8202-20d27dee0d1a tempest-ServerBootFromVolumeStableRescueTest-1004887028 tempest-ServerBootFromVolumeStableRescueTest-1004887028-project-member] Registering scheme swift+https with {'store': , 'location_class': , 'store_entry': 'swift'} {{(pid=98970) register_scheme_map /opt/stack/data/venv/lib/python3.12/site-packages/glance_store/location.py:146}}
Jun 11 13:24:46.548430 np0000002624 devstack@g-api.service[98970]: DEBUG glance_store.location [None req-79cfee63-6039-45e8-8202-20d27dee0d1a tempest-ServerBootFromVolumeStableRescueTest-1004887028 tempest-ServerBootFromVolumeStableRescueTest-1004887028-project-member] Registering scheme swift with {'store': , 'location_class': , 'store_entry': 'swift'} {{(pid=98970) register_scheme_map /opt/stack/data/venv/lib/python3.12/site-packages/glance_store/location.py:146}}
Jun 11 13:24:46.548643 np0000002624 devstack@g-api.service[98969]: DEBUG glance.api.middleware.version_negotiation [None req-f412fc40-13ce-4b68-8d2e-dd4645ba8ec4 tempest-ServerBootFromVolumeStableRescueTest-1004887028 tempest-ServerBootFromVolumeStableRescueTest-1004887028-project-member] Matched version: v2 {{(pid=98969) process_request /opt/stack/glance/glance/api/middleware/version_negotiation.py:69}}
Jun 11 13:24:46.548973 np0000002624 devstack@g-api.service[98969]: DEBUG glance.api.middleware.version_negotiation [None req-f412fc40-13ce-4b68-8d2e-dd4645ba8ec4 tempest-ServerBootFromVolumeStableRescueTest-1004887028 tempest-ServerBootFromVolumeStableRescueTest-1004887028-project-member] new path /v2/images/a6f1f817-e980-4c4e-9370-c55e304e8d1e {{(pid=98969) process_request /opt/stack/glance/glance/api/middleware/version_negotiation.py:70}}
Jun 11 13:24:46.549496 np0000002624 devstack@g-api.service[98970]: DEBUG glance_store.location [None req-79cfee63-6039-45e8-8202-20d27dee0d1a tempest-ServerBootFromVolumeStableRescueTest-1004887028 tempest-ServerBootFromVolumeStableRescueTest-1004887028-project-member] Registering scheme swift+http with {'store': , 'location_class': , 'store_entry': 'swift'} {{(pid=98970) register_scheme_map /opt/stack/data/venv/lib/python3.12/site-packages/glance_store/location.py:146}}
Jun 11 13:24:46.550403 np0000002624 devstack@g-api.service[98970]: DEBUG glance_store.location [None req-79cfee63-6039-45e8-8202-20d27dee0d1a tempest-ServerBootFromVolumeStableRescueTest-1004887028 tempest-ServerBootFromVolumeStableRescueTest-1004887028-project-member] Registering scheme swift+https with {'store': , 'location_class': , 'store_entry': 'swift'} {{(pid=98970) register_scheme_map /opt/stack/data/venv/lib/python3.12/site-packages/glance_store/location.py:146}}
Jun 11 13:24:46.550622 np0000002624 devstack@g-api.service[98970]: DEBUG glance_store.location [None req-79cfee63-6039-45e8-8202-20d27dee0d1a tempest-ServerBootFromVolumeStableRescueTest-1004887028 tempest-ServerBootFromVolumeStableRescueTest-1004887028-project-member] Registering scheme swift with {'store': , 'location_class': , 'store_entry': 'swift'} {{(pid=98970) register_scheme_map /opt/stack/data/venv/lib/python3.12/site-packages/glance_store/location.py:146}}
Jun 11 13:24:46.550861 np0000002624 devstack@g-api.service[98970]: DEBUG glance_store.location [None req-79cfee63-6039-45e8-8202-20d27dee0d1a tempest-ServerBootFromVolumeStableRescueTest-1004887028 tempest-ServerBootFromVolumeStableRescueTest-1004887028-project-member] Registering scheme swift+http with {'store': , 'location_class': , 'store_entry': 'swift'} {{(pid=98970) register_scheme_map /opt/stack/data/venv/lib/python3.12/site-packages/glance_store/location.py:146}}
Jun 11 13:24:46.551688 np0000002624 devstack@g-api.service[98970]: DEBUG glance_store.location [None req-79cfee63-6039-45e8-8202-20d27dee0d1a tempest-ServerBootFromVolumeStableRescueTest-1004887028 tempest-ServerBootFromVolumeStableRescueTest-1004887028-project-member] Registering scheme swift+config with {'store': , 'location_class': , 'store_entry': 'swift'} {{(pid=98970) register_scheme_map /opt/stack/data/venv/lib/python3.12/site-packages/glance_store/location.py:146}}
Jun 11 13:24:46.568201 np0000002624 devstack@g-api.service[98969]: [pid: 98969|app: 0|req: 65/132] 127.0.0.1 () {40 vars in 838 bytes} [Thu Jun 11 13:24:46 2026] GET /v2/images/a6f1f817-e980-4c4e-9370-c55e304e8d1e => generated 1470 bytes in 22 msecs (HTTP/1.1 200) 4 headers in 158 bytes (1 switches on core 0)
Jun 11 13:24:46.944923 np0000002624 devstack@g-api.service[98970]: DEBUG swiftclient [None req-79cfee63-6039-45e8-8202-20d27dee0d1a tempest-ServerBootFromVolumeStableRescueTest-1004887028 tempest-ServerBootFromVolumeStableRescueTest-1004887028-project-member] REQ: curl -i https://10.4.3.124:8080/v1/AUTH_f24d5b7709204f8d959eeb7a73c2829a/glance -I -H "X-Auth-Token: gAAAAABqKrcecJB3..." {{(pid=98970) http_log /opt/stack/data/venv/lib/python3.12/site-packages/swiftclient/client.py:160}}
Jun 11 13:24:46.945408 np0000002624 devstack@g-api.service[98970]: DEBUG swiftclient [None req-79cfee63-6039-45e8-8202-20d27dee0d1a tempest-ServerBootFromVolumeStableRescueTest-1004887028 tempest-ServerBootFromVolumeStableRescueTest-1004887028-project-member] RESP STATUS: 204 No Content {{(pid=98970) http_log /opt/stack/data/venv/lib/python3.12/site-packages/swiftclient/client.py:161}}
Jun 11 13:24:46.945580 np0000002624 devstack@g-api.service[98970]: DEBUG swiftclient [None req-79cfee63-6039-45e8-8202-20d27dee0d1a tempest-ServerBootFromVolumeStableRescueTest-1004887028 tempest-ServerBootFromVolumeStableRescueTest-1004887028-project-member] RESP HEADERS: {'Date': 'Thu, 11 Jun 2026 13:24:46 GMT', 'Server': 'Apache/2.4.58 (Ubuntu)', 'Content-Type': 'text/plain; charset=utf-8', 'X-Container-Object-Count': '5', 'X-Container-Bytes-Used': '87883776', 'X-Timestamp': '1781184024.87077', 'Last-Modified': 'Thu, 11 Jun 2026 13:20:25 GMT', 'Accept-Ranges': 'bytes', 'X-Storage-Policy': 'Policy-0', 'X-Container-Sharding': 'False', 'Vary': 'Accept', 'X-Trans-Id': 'txc43b10182ae94a2ebbbd1-006a2ab71e', 'X-Openstack-Request-Id': 'txc43b10182ae94a2ebbbd1-006a2ab71e', 'Connection': 'close'} {{(pid=98970) http_log /opt/stack/data/venv/lib/python3.12/site-packages/swiftclient/client.py:162}}
Jun 11 13:24:46.946198 np0000002624 devstack@g-api.service[98970]: DEBUG glance_store._drivers.swift.store [None req-79cfee63-6039-45e8-8202-20d27dee0d1a tempest-ServerBootFromVolumeStableRescueTest-1004887028 tempest-ServerBootFromVolumeStableRescueTest-1004887028-project-member] Adding image object 'a6f1f817-e980-4c4e-9370-c55e304e8d1e' to Swift {{(pid=98970) add /opt/stack/data/venv/lib/python3.12/site-packages/glance_store/_drivers/swift/store.py:970}}
Jun 11 13:24:46.946398 np0000002624 devstack@g-api.service[98970]: DEBUG glance_store._drivers.swift.store [None req-79cfee63-6039-45e8-8202-20d27dee0d1a tempest-ServerBootFromVolumeStableRescueTest-1004887028 tempest-ServerBootFromVolumeStableRescueTest-1004887028-project-member] Cannot determine image size because it is either not provided in the request or chunked-transfer encoding is used. Adding image as a segmented object to Swift. {{(pid=98970) add /opt/stack/data/venv/lib/python3.12/site-packages/glance_store/_drivers/swift/store.py:994}}
Jun 11 13:24:46.956141 np0000002624 devstack@g-api.service[98970]: DEBUG oslo_utils.imageutils.format_inspector [None req-79cfee63-6039-45e8-8202-20d27dee0d1a tempest-ServerBootFromVolumeStableRescueTest-1004887028 tempest-ServerBootFromVolumeStableRescueTest-1004887028-project-member] Format inspector for vmdk does not match, excluding from consideration (Signature KDMV not found: b'QFI\xfb') {{(pid=98970) _process_chunk /opt/stack/data/venv/lib/python3.12/site-packages/oslo_utils/imageutils/format_inspector.py:1758}}
Jun 11 13:24:46.963765 np0000002624 devstack@g-api.service[98970]: DEBUG oslo_utils.imageutils.format_inspector [None req-79cfee63-6039-45e8-8202-20d27dee0d1a tempest-ServerBootFromVolumeStableRescueTest-1004887028 tempest-ServerBootFromVolumeStableRescueTest-1004887028-project-member] Format inspector for vhdx does not match, excluding from consideration (Region signature not found at 30000) {{(pid=98970) _process_chunk /opt/stack/data/venv/lib/python3.12/site-packages/oslo_utils/imageutils/format_inspector.py:1758}}
Jun 11 13:24:47.298892 np0000002624 devstack@g-api.service[98970]: DEBUG swiftclient [None req-79cfee63-6039-45e8-8202-20d27dee0d1a tempest-ServerBootFromVolumeStableRescueTest-1004887028 tempest-ServerBootFromVolumeStableRescueTest-1004887028-project-member] REQ: curl -i https://10.4.3.124:8080/v1/AUTH_f24d5b7709204f8d959eeb7a73c2829a/glance/a6f1f817-e980-4c4e-9370-c55e304e8d1e-00001 -X PUT -H "X-Auth-Token: gAAAAABqKrcecJB3..." {{(pid=98970) http_log /opt/stack/data/venv/lib/python3.12/site-packages/swiftclient/client.py:160}}
Jun 11 13:24:47.299122 np0000002624 devstack@g-api.service[98970]: DEBUG swiftclient [None req-79cfee63-6039-45e8-8202-20d27dee0d1a tempest-ServerBootFromVolumeStableRescueTest-1004887028 tempest-ServerBootFromVolumeStableRescueTest-1004887028-project-member] RESP STATUS: 201 Created {{(pid=98970) http_log /opt/stack/data/venv/lib/python3.12/site-packages/swiftclient/client.py:161}}
Jun 11 13:24:47.299212 np0000002624 devstack@g-api.service[98970]: DEBUG swiftclient [None req-79cfee63-6039-45e8-8202-20d27dee0d1a tempest-ServerBootFromVolumeStableRescueTest-1004887028 tempest-ServerBootFromVolumeStableRescueTest-1004887028-project-member] RESP HEADERS: {'Date': 'Thu, 11 Jun 2026 13:24:47 GMT', 'Server': 'Apache/2.4.58 (Ubuntu)', 'Content-Type': 'text/html; charset=UTF-8', 'Content-Length': '0', 'Etag': '4fa343ee581d8d2e78533191fd1ac3e1', 'Last-Modified': 'Thu, 11 Jun 2026 13:24:47 GMT', 'X-Trans-Id': 'txdda9cbb151ac495e98c40-006a2ab71e', 'X-Openstack-Request-Id': 'txdda9cbb151ac495e98c40-006a2ab71e', 'Connection': 'close'} {{(pid=98970) http_log /opt/stack/data/venv/lib/python3.12/site-packages/swiftclient/client.py:162}}
Jun 11 13:24:47.299335 np0000002624 devstack@g-api.service[98970]: DEBUG glance_store._drivers.swift.store [None req-79cfee63-6039-45e8-8202-20d27dee0d1a tempest-ServerBootFromVolumeStableRescueTest-1004887028 tempest-ServerBootFromVolumeStableRescueTest-1004887028-project-member] Wrote chunk a6f1f817-e980-4c4e-9370-c55e304e8d1e-00001 (1/?) of length 23527424 to Swift returning MD5 of content: 4fa343ee581d8d2e78533191fd1ac3e1 {{(pid=98970) add /opt/stack/data/venv/lib/python3.12/site-packages/glance_store/_drivers/swift/store.py:1059}}
Jun 11 13:24:47.300153 np0000002624 devstack@g-api.service[98970]: DEBUG glance_store._drivers.swift.store [None req-79cfee63-6039-45e8-8202-20d27dee0d1a tempest-ServerBootFromVolumeStableRescueTest-1004887028 tempest-ServerBootFromVolumeStableRescueTest-1004887028-project-member] Not writing zero-length chunk. {{(pid=98970) add /opt/stack/data/venv/lib/python3.12/site-packages/glance_store/_drivers/swift/store.py:1028}}
Jun 11 13:24:47.328728 np0000002624 devstack@g-api.service[98970]: DEBUG swiftclient [None req-79cfee63-6039-45e8-8202-20d27dee0d1a tempest-ServerBootFromVolumeStableRescueTest-1004887028 tempest-ServerBootFromVolumeStableRescueTest-1004887028-project-member] REQ: curl -i https://10.4.3.124:8080/v1/AUTH_f24d5b7709204f8d959eeb7a73c2829a/glance/a6f1f817-e980-4c4e-9370-c55e304e8d1e -X PUT -H "X-Object-Manifest: glance/a6f1f817-e980-4c4e-9370-c55e304e8d1e-" -H "X-Auth-Token: gAAAAABqKrcecJB3..." -H "Content-Length: 0" {{(pid=98970) http_log /opt/stack/data/venv/lib/python3.12/site-packages/swiftclient/client.py:160}}
Jun 11 13:24:47.329032 np0000002624 devstack@g-api.service[98970]: DEBUG swiftclient [None req-79cfee63-6039-45e8-8202-20d27dee0d1a tempest-ServerBootFromVolumeStableRescueTest-1004887028 tempest-ServerBootFromVolumeStableRescueTest-1004887028-project-member] RESP STATUS: 201 Created {{(pid=98970) http_log /opt/stack/data/venv/lib/python3.12/site-packages/swiftclient/client.py:161}}
Jun 11 13:24:47.329032 np0000002624 devstack@g-api.service[98970]: DEBUG swiftclient [None req-79cfee63-6039-45e8-8202-20d27dee0d1a tempest-ServerBootFromVolumeStableRescueTest-1004887028 tempest-ServerBootFromVolumeStableRescueTest-1004887028-project-member] RESP HEADERS: {'Date': 'Thu, 11 Jun 2026 13:24:47 GMT', 'Server': 'Apache/2.4.58 (Ubuntu)', 'Content-Type': 'text/html; charset=UTF-8', 'Content-Length': '0', 'Etag': 'd41d8cd98f00b204e9800998ecf8427e', 'Last-Modified': 'Thu, 11 Jun 2026 13:24:48 GMT', 'X-Trans-Id': 'txafbf87cf97b94aa782a1c-006a2ab71f', 'X-Openstack-Request-Id': 'txafbf87cf97b94aa782a1c-006a2ab71f', 'Connection': 'close'} {{(pid=98970) http_log /opt/stack/data/venv/lib/python3.12/site-packages/swiftclient/client.py:162}}
Jun 11 13:24:47.329903 np0000002624 devstack@g-api.service[98970]: INFO glance.location [None req-79cfee63-6039-45e8-8202-20d27dee0d1a tempest-ServerBootFromVolumeStableRescueTest-1004887028 tempest-ServerBootFromVolumeStableRescueTest-1004887028-project-member] Image format matched and virtual size computed: 1073741824
Jun 11 13:24:47.381648 np0000002624 devstack@g-api.service[98970]: DEBUG glance_store.backend [None req-79cfee63-6039-45e8-8202-20d27dee0d1a tempest-ServerBootFromVolumeStableRescueTest-1004887028 tempest-ServerBootFromVolumeStableRescueTest-1004887028-project-member] Attempting to import store swift {{(pid=98970) _load_store /opt/stack/data/venv/lib/python3.12/site-packages/glance_store/backend.py:215}}
