Aug 17 18:22:23.801592 np0000007571 devstack@g-api.service[100006]: DEBUG glance_store.location [None req-c0873e44-f2b2-43cd-a57b-f30bfd0772b1 tempest-VolumeImageDependencyTests-1145863095 tempest-VolumeImageDependencyTests-1145863095-project-member] Registering scheme swift with {'store': , 'location_class': , 'store_entry': 'swift'} {{(pid=100006) register_scheme_map /opt/stack/data/venv/lib/python3.12/site-packages/glance_store/location.py:146}}
Aug 17 18:22:23.801592 np0000007571 devstack@g-api.service[100006]: DEBUG glance_store.location [None req-c0873e44-f2b2-43cd-a57b-f30bfd0772b1 tempest-VolumeImageDependencyTests-1145863095 tempest-VolumeImageDependencyTests-1145863095-project-member] Registering scheme swift+https with {'store': , 'location_class': , 'store_entry': 'swift'} {{(pid=100006) register_scheme_map /opt/stack/data/venv/lib/python3.12/site-packages/glance_store/location.py:146}}
Aug 17 18:22:23.801592 np0000007571 devstack@g-api.service[100006]: DEBUG glance_store.location [None req-c0873e44-f2b2-43cd-a57b-f30bfd0772b1 tempest-VolumeImageDependencyTests-1145863095 tempest-VolumeImageDependencyTests-1145863095-project-member] Registering scheme swift with {'store': , 'location_class': , 'store_entry': 'swift'} {{(pid=100006) register_scheme_map /opt/stack/data/venv/lib/python3.12/site-packages/glance_store/location.py:146}}
Aug 17 18:22:23.801592 np0000007571 devstack@g-api.service[100006]: DEBUG glance_store.location [None req-c0873e44-f2b2-43cd-a57b-f30bfd0772b1 tempest-VolumeImageDependencyTests-1145863095 tempest-VolumeImageDependencyTests-1145863095-project-member] Registering scheme swift+http with {'store': , 'location_class': , 'store_entry': 'swift'} {{(pid=100006) register_scheme_map /opt/stack/data/venv/lib/python3.12/site-packages/glance_store/location.py:146}}
Aug 17 18:22:23.801592 np0000007571 devstack@g-api.service[100006]: DEBUG glance_store.location [None req-c0873e44-f2b2-43cd-a57b-f30bfd0772b1 tempest-VolumeImageDependencyTests-1145863095 tempest-VolumeImageDependencyTests-1145863095-project-member] Registering scheme swift+https with {'store': , 'location_class': , 'store_entry': 'swift'} {{(pid=100006) register_scheme_map /opt/stack/data/venv/lib/python3.12/site-packages/glance_store/location.py:146}}
Aug 17 18:22:23.801592 np0000007571 devstack@g-api.service[100006]: DEBUG glance_store.location [None req-c0873e44-f2b2-43cd-a57b-f30bfd0772b1 tempest-VolumeImageDependencyTests-1145863095 tempest-VolumeImageDependencyTests-1145863095-project-member] Registering scheme swift with {'store': , 'location_class': , 'store_entry': 'swift'} {{(pid=100006) register_scheme_map /opt/stack/data/venv/lib/python3.12/site-packages/glance_store/location.py:146}}
Aug 17 18:22:23.801592 np0000007571 devstack@g-api.service[100006]: DEBUG glance_store.location [None req-c0873e44-f2b2-43cd-a57b-f30bfd0772b1 tempest-VolumeImageDependencyTests-1145863095 tempest-VolumeImageDependencyTests-1145863095-project-member] Registering scheme swift+http with {'store': , 'location_class': , 'store_entry': 'swift'} {{(pid=100006) register_scheme_map /opt/stack/data/venv/lib/python3.12/site-packages/glance_store/location.py:146}}
Aug 17 18:22:23.801592 np0000007571 devstack@g-api.service[100006]: DEBUG glance_store.location [None req-c0873e44-f2b2-43cd-a57b-f30bfd0772b1 tempest-VolumeImageDependencyTests-1145863095 tempest-VolumeImageDependencyTests-1145863095-project-member] Registering scheme swift+config with {'store': , 'location_class': , 'store_entry': 'swift'} {{(pid=100006) register_scheme_map /opt/stack/data/venv/lib/python3.12/site-packages/glance_store/location.py:146}}
Aug 17 18:22:23.837723 np0000007571 devstack@g-api.service[100008]: [pid: 100008|app: 0|req: 96/285] 127.0.0.1 () {44 vars in 1125 bytes} [Mon Aug 17 18:22:23 2026] GET /v2/images/af0ca32b-2be1-49a3-8a79-9fc7ee444f7c/file => generated 21233664 bytes in 87 msecs (HTTP/1.1 200) 5 headers in 217 bytes (332 switches on core 0)
Aug 17 18:22:23.930439 np0000007571 devstack@g-api.service[100007]: DEBUG glance.api.middleware.version_negotiation [None req-d8f2dd15-c032-4cd1-a59e-9a4682add562 tempest-AttachVolumeShelveTestJSON-2048343903 tempest-AttachVolumeShelveTestJSON-2048343903-project-member] Determining version of request: GET /v2/images/af0ca32b-2be1-49a3-8a79-9fc7ee444f7c Accept: */* {{(pid=100007) process_request /opt/stack/glance/glance/api/middleware/version_negotiation.py:44}}
Aug 17 18:22:23.930439 np0000007571 devstack@g-api.service[100007]: DEBUG glance.api.middleware.version_negotiation [None req-d8f2dd15-c032-4cd1-a59e-9a4682add562 tempest-AttachVolumeShelveTestJSON-2048343903 tempest-AttachVolumeShelveTestJSON-2048343903-project-member] Using url versioning {{(pid=100007) process_request /opt/stack/glance/glance/api/middleware/version_negotiation.py:57}}
Aug 17 18:22:23.930439 np0000007571 devstack@g-api.service[100007]: DEBUG glance.api.middleware.version_negotiation [None req-d8f2dd15-c032-4cd1-a59e-9a4682add562 tempest-AttachVolumeShelveTestJSON-2048343903 tempest-AttachVolumeShelveTestJSON-2048343903-project-member] Matched version: v2 {{(pid=100007) process_request /opt/stack/glance/glance/api/middleware/version_negotiation.py:69}}
Aug 17 18:22:23.930669 np0000007571 devstack@g-api.service[100007]: DEBUG glance.api.middleware.version_negotiation [None req-d8f2dd15-c032-4cd1-a59e-9a4682add562 tempest-AttachVolumeShelveTestJSON-2048343903 tempest-AttachVolumeShelveTestJSON-2048343903-project-member] new path /v2/images/af0ca32b-2be1-49a3-8a79-9fc7ee444f7c {{(pid=100007) process_request /opt/stack/glance/glance/api/middleware/version_negotiation.py:70}}
Aug 17 18:22:23.946751 np0000007571 devstack@g-api.service[100007]: [pid: 100007|app: 0|req: 97/286] 127.0.0.1 () {44 vars in 1115 bytes} [Mon Aug 17 18:22:23 2026] GET /v2/images/af0ca32b-2be1-49a3-8a79-9fc7ee444f7c => generated 1044 bytes in 17 msecs (HTTP/1.1 200) 4 headers in 158 bytes (1 switches on core 0)
Aug 17 18:22:23.980062 np0000007571 devstack@g-api.service[100008]: DEBUG glance.api.middleware.version_negotiation [None req-e9de1e5d-563c-483f-b37a-9d3444245d77 tempest-ServerActionsTestOtherA-1857552418 tempest-ServerActionsTestOtherA-1857552418-project-member] Determining version of request: GET /v2/schemas/image Accept: */* {{(pid=100008) process_request /opt/stack/glance/glance/api/middleware/version_negotiation.py:44}}
Aug 17 18:22:23.980330 np0000007571 devstack@g-api.service[100008]: DEBUG glance.api.middleware.version_negotiation [None req-e9de1e5d-563c-483f-b37a-9d3444245d77 tempest-ServerActionsTestOtherA-1857552418 tempest-ServerActionsTestOtherA-1857552418-project-member] Using url versioning {{(pid=100008) process_request /opt/stack/glance/glance/api/middleware/version_negotiation.py:57}}
Aug 17 18:22:23.980496 np0000007571 devstack@g-api.service[100008]: DEBUG glance.api.middleware.version_negotiation [None req-e9de1e5d-563c-483f-b37a-9d3444245d77 tempest-ServerActionsTestOtherA-1857552418 tempest-ServerActionsTestOtherA-1857552418-project-member] Matched version: v2 {{(pid=100008) process_request /opt/stack/glance/glance/api/middleware/version_negotiation.py:69}}
Aug 17 18:22:23.980895 np0000007571 devstack@g-api.service[100008]: DEBUG glance.api.middleware.version_negotiation [None req-e9de1e5d-563c-483f-b37a-9d3444245d77 tempest-ServerActionsTestOtherA-1857552418 tempest-ServerActionsTestOtherA-1857552418-project-member] new path /v2/schemas/image {{(pid=100008) process_request /opt/stack/glance/glance/api/middleware/version_negotiation.py:70}}
Aug 17 18:22:23.986508 np0000007571 devstack@g-api.service[100008]: [pid: 100008|app: 0|req: 97/287] 127.0.0.1 () {44 vars in 1055 bytes} [Mon Aug 17 18:22:23 2026] GET /v2/schemas/image => generated 6083 bytes in 7 msecs (HTTP/1.1 200) 4 headers in 158 bytes (1 switches on core 0)
Aug 17 18:22:24.133737 np0000007571 devstack@g-api.service[100006]: DEBUG swiftclient [None req-c0873e44-f2b2-43cd-a57b-f30bfd0772b1 tempest-VolumeImageDependencyTests-1145863095 tempest-VolumeImageDependencyTests-1145863095-project-member] REQ: curl -i https://10.4.3.122:8080/v1/AUTH_784b57afe3e84e459715ee6d3a4f3625/glance -I -H "X-Auth-Token: gAAAAABqg1FfTYou..." {{(pid=100006) http_log /opt/stack/data/venv/lib/python3.12/site-packages/swiftclient/client.py:160}}
Aug 17 18:22:24.133897 np0000007571 devstack@g-api.service[100006]: DEBUG swiftclient [None req-c0873e44-f2b2-43cd-a57b-f30bfd0772b1 tempest-VolumeImageDependencyTests-1145863095 tempest-VolumeImageDependencyTests-1145863095-project-member] RESP STATUS: 204 No Content {{(pid=100006) http_log /opt/stack/data/venv/lib/python3.12/site-packages/swiftclient/client.py:161}}
Aug 17 18:22:24.134059 np0000007571 devstack@g-api.service[100006]: DEBUG swiftclient [None req-c0873e44-f2b2-43cd-a57b-f30bfd0772b1 tempest-VolumeImageDependencyTests-1145863095 tempest-VolumeImageDependencyTests-1145863095-project-member] RESP HEADERS: {'Date': 'Mon, 17 Aug 2026 18:22:24 GMT', 'Server': 'Apache/2.4.58 (Ubuntu)', 'Content-Type': 'text/plain; charset=utf-8', 'X-Container-Object-Count': '3', 'X-Container-Bytes-Used': '64356352', 'X-Timestamp': '1786990548.79799', 'Last-Modified': 'Mon, 17 Aug 2026 18:15:49 GMT', 'Accept-Ranges': 'bytes', 'X-Storage-Policy': 'Policy-0', 'X-Container-Sharding': 'False', 'Vary': 'Accept', 'X-Trans-Id': 'tx43e44a6b05dd48af90356-006a83515f', 'X-Openstack-Request-Id': 'tx43e44a6b05dd48af90356-006a83515f', 'Connection': 'close'} {{(pid=100006) http_log /opt/stack/data/venv/lib/python3.12/site-packages/swiftclient/client.py:162}}
Aug 17 18:22:24.134222 np0000007571 devstack@g-api.service[100006]: DEBUG glance_store._drivers.swift.store [None req-c0873e44-f2b2-43cd-a57b-f30bfd0772b1 tempest-VolumeImageDependencyTests-1145863095 tempest-VolumeImageDependencyTests-1145863095-project-member] Adding image object 'c908019c-74b9-4e70-ad82-810419cbf480' to Swift {{(pid=100006) add /opt/stack/data/venv/lib/python3.12/site-packages/glance_store/_drivers/swift/store.py:970}}
Aug 17 18:22:24.140655 np0000007571 devstack@g-api.service[100006]: DEBUG oslo_utils.imageutils.format_inspector [None req-c0873e44-f2b2-43cd-a57b-f30bfd0772b1 tempest-VolumeImageDependencyTests-1145863095 tempest-VolumeImageDependencyTests-1145863095-project-member] Format inspector for vmdk does not match, excluding from consideration (Signature KDMV not found: b'_?\x1b\xdf') {{(pid=100006) _process_chunk /opt/stack/data/venv/lib/python3.12/site-packages/oslo_utils/imageutils/format_inspector.py:1758}}
Aug 17 18:22:24.170239 np0000007571 devstack@g-api.service[100006]: DEBUG swiftclient [None req-c0873e44-f2b2-43cd-a57b-f30bfd0772b1 tempest-VolumeImageDependencyTests-1145863095 tempest-VolumeImageDependencyTests-1145863095-project-member] REQ: curl -i https://10.4.3.122:8080/v1/AUTH_784b57afe3e84e459715ee6d3a4f3625/glance/c908019c-74b9-4e70-ad82-810419cbf480 -X PUT -H "X-Auth-Token: gAAAAABqg1FfTYou..." -H "Content-Length: 1024" {{(pid=100006) http_log /opt/stack/data/venv/lib/python3.12/site-packages/swiftclient/client.py:160}}
Aug 17 18:22:24.170388 np0000007571 devstack@g-api.service[100006]: DEBUG swiftclient [None req-c0873e44-f2b2-43cd-a57b-f30bfd0772b1 tempest-VolumeImageDependencyTests-1145863095 tempest-VolumeImageDependencyTests-1145863095-project-member] RESP STATUS: 201 Created {{(pid=100006) http_log /opt/stack/data/venv/lib/python3.12/site-packages/swiftclient/client.py:161}}
Aug 17 18:22:24.170588 np0000007571 devstack@g-api.service[100006]: DEBUG swiftclient [None req-c0873e44-f2b2-43cd-a57b-f30bfd0772b1 tempest-VolumeImageDependencyTests-1145863095 tempest-VolumeImageDependencyTests-1145863095-project-member] RESP HEADERS: {'Date': 'Mon, 17 Aug 2026 18:22:24 GMT', 'Server': 'Apache/2.4.58 (Ubuntu)', 'Content-Type': 'text/html; charset=UTF-8', 'Content-Length': '0', 'Etag': '8428505bb3d96f39d1c6ad1021a57dcb', 'Last-Modified': 'Mon, 17 Aug 2026 18:22:25 GMT', 'X-Trans-Id': 'txc4b79d12613f4c14a890b-006a835160', 'X-Openstack-Request-Id': 'txc4b79d12613f4c14a890b-006a835160', 'Connection': 'close'} {{(pid=100006) http_log /opt/stack/data/venv/lib/python3.12/site-packages/swiftclient/client.py:162}}
Aug 17 18:22:24.171077 np0000007571 devstack@g-api.service[100006]: INFO glance.location [None req-c0873e44-f2b2-43cd-a57b-f30bfd0772b1 tempest-VolumeImageDependencyTests-1145863095 tempest-VolumeImageDependencyTests-1145863095-project-member] Image format matched and virtual size computed: 1024
Aug 17 18:22:24.216021 np0000007571 devstack@g-api.service[100006]: DEBUG glance_store.backend [None req-c0873e44-f2b2-43cd-a57b-f30bfd0772b1 tempest-VolumeImageDependencyTests-1145863095 tempest-VolumeImageDependencyTests-1145863095-project-member] Attempting to import store swift {{(pid=100006) _load_store /opt/stack/data/venv/lib/python3.12/site-packages/glance_store/backend.py:215}}
Aug 17 18:22:24.218104 np0000007571 devstack@g-api.service[100006]: DEBUG glance_store.capabilities [None req-c0873e44-f2b2-43cd-a57b-f30bfd0772b1 tempest-VolumeImageDependencyTests-1145863095 tempest-VolumeImageDependencyTests-1145863095-project-member] Store glance_store._drivers.swift.store.SingleTenantStore doesn't support updating dynamic storage capabilities. Please overwrite 'update_capabilities' method of the store to implement updating logics if needed. {{(pid=100006) update_capabilities /opt/stack/data/venv/lib/python3.12/site-packages/glance_store/capabilities.py:91}}
Aug 17 18:22:24.218277 np0000007571 devstack@g-api.service[100006]: DEBUG glance_store.driver [None req-c0873e44-f2b2-43cd-a57b-f30bfd0772b1 tempest-VolumeImageDependencyTests-1145863095 tempest-VolumeImageDependencyTests-1145863095-project-member] Late loading location class glance_store._drivers.swift.store.StoreLocation {{(pid=100006) get_store_location_class /opt/stack/data/venv/lib/python3.12/site-packages/glance_store/driver.py:134}}
Aug 17 18:22:24.218439 np0000007571 devstack@g-api.service[100006]: DEBUG glance_store.location [None req-c0873e44-f2b2-43cd-a57b-f30bfd0772b1 tempest-VolumeImageDependencyTests-1145863095 tempest-VolumeImageDependencyTests-1145863095-project-member] Registering scheme swift+https with {'store': , 'location_class': , 'store_entry': 'swift'} {{(pid=100006) register_scheme_map /opt/stack/data/venv/lib/python3.12/site-packages/glance_store/location.py:146}}
Aug 17 18:22:24.218569 np0000007571 devstack@g-api.service[100006]: DEBUG glance_store.location [None req-c0873e44-f2b2-43cd-a57b-f30bfd0772b1 tempest-VolumeImageDependencyTests-1145863095 tempest-VolumeImageDependencyTests-1145863095-project-member] Registering scheme swift+https with {'store': , 'location_class': , 'store_entry': 'swift'} {{(pid=100006) register_scheme_map /opt/stack/data/venv/lib/python3.12/site-packages/glance_store/location.py:146}}
Aug 17 18:22:24.218711 np0000007571 devstack@g-api.service[100006]: DEBUG glance_store.location [None req-c0873e44-f2b2-43cd-a57b-f30bfd0772b1 tempest-VolumeImageDependencyTests-1145863095 tempest-VolumeImageDependencyTests-1145863095-project-member] Registering scheme swift with {'store': , 'location_class': , 'store_entry': 'swift'} {{(pid=100006) register_scheme_map /opt/stack/data/venv/lib/python3.12/site-packages/glance_store/location.py:146}}
Aug 17 18:22:24.218837 np0000007571 devstack@g-api.service[100006]: DEBUG glance_store.location [None req-c0873e44-f2b2-43cd-a57b-f30bfd0772b1 tempest-VolumeImageDependencyTests-1145863095 tempest-VolumeImageDependencyTests-1145863095-project-member] Registering scheme swift+https with {'store': , 'location_class': , 'store_entry': 'swift'} {{(pid=100006) register_scheme_map /opt/stack/data/venv/lib/python3.12/site-packages/glance_store/location.py:146}}
Aug 17 18:22:24.218972 np0000007571 devstack@g-api.service[100006]: DEBUG glance_store.location [None req-c0873e44-f2b2-43cd-a57b-f30bfd0772b1 tempest-VolumeImageDependencyTests-1145863095 tempest-VolumeImageDependencyTests-1145863095-project-member] Registering scheme swift with {'store': , 'location_class': , 'store_entry': 'swift'} {{(pid=100006) register_scheme_map /opt/stack/data/venv/lib/python3.12/site-packages/glance_store/location.py:146}}
Aug 17 18:22:24.219106 np0000007571 devstack@g-api.service[100006]: DEBUG glance_store.location [None req-c0873e44-f2b2-43cd-a57b-f30bfd0772b1 tempest-VolumeImageDependencyTests-1145863095 tempest-VolumeImageDependencyTests-1145863095-project-member] Registering scheme swift+http with {'store': , 'location_class': , 'store_entry': 'swift'} {{(pid=100006) register_scheme_map /opt/stack/data/venv/lib/python3.12/site-packages/glance_store/location.py:146}}
Aug 17 18:22:24.219268 np0000007571 devstack@g-api.service[100006]: DEBUG glance_store.location [None req-c0873e44-f2b2-43cd-a57b-f30bfd0772b1 tempest-VolumeImageDependencyTests-1145863095 tempest-VolumeImageDependencyTests-1145863095-project-member] Registering scheme swift+https with {'store': , 'location_class': , 'store_entry': 'swift'} {{(pid=100006) register_scheme_map /opt/stack/data/venv/lib/python3.12/site-packages/glance_store/location.py:146}}
Aug 17 18:22:24.219379 np0000007571 devstack@g-api.service[100006]: DEBUG glance_store.location [None req-c0873e44-f2b2-43cd-a57b-f30bfd0772b1 tempest-VolumeImageDependencyTests-1145863095 tempest-VolumeImageDependencyTests-1145863095-project-member] Registering scheme swift with {'store': , 'location_class': , 'store_entry': 'swift'} {{(pid=100006) register_scheme_map /opt/stack/data/venv/lib/python3.12/site-packages/glance_store/location.py:146}}
Aug 17 18:22:24.219685 np0000007571 devstack@g-api.service[100006]: DEBUG glance_store.location [None req-c0873e44-f2b2-43cd-a57b-f30bfd0772b1 tempest-VolumeImageDependencyTests-1145863095 tempest-VolumeImageDependencyTests-1145863095-project-member] Registering scheme swift+http with {'store': , 'location_class': , 'store_entry': 'swift'} {{(pid=100006) register_scheme_map /opt/stack/data/venv/lib/python3.12/site-packages/glance_store/location.py:146}}
Aug 17 18:22:24.219816 np0000007571 devstack@g-api.service[100006]: DEBUG glance_store.location [None req-c0873e44-f2b2-43cd-a57b-f30bfd0772b1 tempest-VolumeImageDependencyTests-1145863095 tempest-VolumeImageDependencyTests-1145863095-project-member] Registering scheme swift+config with {'store': , 'location_class': , 'store_entry': 'swift'} {{(pid=100006) register_scheme_map /opt/stack/data/venv/lib/python3.12/site-packages/glance_store/location.py:146}}
Aug 17 18:22:24.220004 np0000007571 devstack@g-api.service[100006]: DEBUG glance_store.backend [None req-c0873e44-f2b2-43cd-a57b-f30bfd0772b1 tempest-VolumeImageDependencyTests-1145863095 tempest-VolumeImageDependencyTests-1145863095-project-member] Skipping store.set_acls... not implemented. {{(pid=100006) set_acls /opt/stack/data/venv/lib/python3.12/site-packages/glance_store/backend.py:507}}
Aug 17 18:22:24.222166 np0000007571 devstack@g-api.service[100006]: [pid: 100006|app: 0|req: 94/288] 127.0.0.1 () {40 vars in 847 bytes} [Mon Aug 17 18:22:22 2026] PUT /v2/images/c908019c-74b9-4e70-ad82-810419cbf480/file => generated 0 bytes in 1759 msecs (HTTP/1.1 204) 4 headers in 171 bytes (1 switches on core 0)
Aug 17 18:22:24.229175 np0000007571 devstack@g-api.service[100007]: DEBUG glance.api.middleware.version_negotiation [None req-e9de1e5d-563c-483f-b37a-9d3444245d77 tempest-ServerActionsTestOtherA-1857552418 tempest-ServerActionsTestOtherA-1857552418-project-member] Determining version of request: GET /v2/images/c908019c-74b9-4e70-ad82-810419cbf480 Accept: application/json {{(pid=100007) process_request /opt/stack/glance/glance/api/middleware/version_negotiation.py:44}}
Aug 17 18:22:24.229974 np0000007571 devstack@g-api.service[100007]: DEBUG glance.api.middleware.version_negotiation [None req-e9de1e5d-563c-483f-b37a-9d3444245d77 tempest-ServerActionsTestOtherA-1857552418 tempest-ServerActionsTestOtherA-1857552418-project-member] Using url versioning {{(pid=100007) process_request /opt/stack/glance/glance/api/middleware/version_negotiation.py:57}}
Aug 17 18:22:24.230256 np0000007571 devstack@g-api.service[100007]: DEBUG glance.api.middleware.version_negotiation [None req-e9de1e5d-563c-483f-b37a-9d3444245d77 tempest-ServerActionsTestOtherA-1857552418 tempest-ServerActionsTestOtherA-1857552418-project-member] Matched version: v2 {{(pid=100007) process_request /opt/stack/glance/glance/api/middleware/version_negotiation.py:69}}
Aug 17 18:22:24.230471 np0000007571 devstack@g-api.service[100007]: DEBUG glance.api.middleware.version_negotiation [None req-e9de1e5d-563c-483f-b37a-9d3444245d77 tempest-ServerActionsTestOtherA-1857552418 tempest-ServerActionsTestOtherA-1857552418-project-member] new path /v2/images/c908019c-74b9-4e70-ad82-810419cbf480 {{(pid=100007) process_request /opt/stack/glance/glance/api/middleware/version_negotiation.py:70}}
Aug 17 18:22:24.246643 np0000007571 devstack@g-api.service[100007]: [pid: 100007|app: 0|req: 98/289] 127.0.0.1 () {40 vars in 838 bytes} [Mon Aug 17 18:22:24 2026] GET /v2/images/c908019c-74b9-4e70-ad82-810419cbf480 => generated 818 bytes in 18 msecs (HTTP/1.1 200) 4 headers in 157 bytes (1 switches on core 0)
Aug 17 18:22:24.254268 np0000007571 devstack@g-api.service[100008]: DEBUG glance.api.middleware.version_negotiation [None req-e9de1e5d-563c-483f-b37a-9d3444245d77 tempest-ServerActionsTestOtherA-1857552418 tempest-ServerActionsTestOtherA-1857552418-project-member] Determining version of request: GET /v2/images/c908019c-74b9-4e70-ad82-810419cbf480 Accept: application/json {{(pid=100008) process_request /opt/stack/glance/glance/api/middleware/version_negotiation.py:44}}
Aug 17 18:22:24.254598 np0000007571 devstack@g-api.service[100008]: DEBUG glance.api.middleware.version_negotiation [None req-e9de1e5d-563c-483f-b37a-9d3444245d77 tempest-ServerActionsTestOtherA-1857552418 tempest-ServerActionsTestOtherA-1857552418-project-member] Using url versioning {{(pid=100008) process_request /opt/stack/glance/glance/api/middleware/version_negotiation.py:57}}
Aug 17 18:22:24.254685 np0000007571 devstack@g-api.service[100008]: DEBUG glance.api.middleware.version_negotiation [None req-e9de1e5d-563c-483f-b37a-9d3444245d77 tempest-ServerActionsTestOtherA-1857552418 tempest-ServerActionsTestOtherA-1857552418-project-member] Matched version: v2 {{(pid=100008) process_request /opt/stack/glance/glance/api/middleware/version_negotiation.py:69}}
Aug 17 18:22:24.254788 np0000007571 devstack@g-api.service[100008]: DEBUG glance.api.middleware.version_negotiation [None req-e9de1e5d-563c-483f-b37a-9d3444245d77 tempest-ServerActionsTestOtherA-1857552418 tempest-ServerActionsTestOtherA-1857552418-project-member] new path /v2/images/c908019c-74b9-4e70-ad82-810419cbf480 {{(pid=100008) process_request /opt/stack/glance/glance/api/middleware/version_negotiation.py:70}}
Aug 17 18:22:24.265706 np0000007571 devstack@g-api.service[100008]: [pid: 100008|app: 0|req: 98/290] 127.0.0.1 () {40 vars in 838 bytes} [Mon Aug 17 18:22:24 2026] GET /v2/images/c908019c-74b9-4e70-ad82-810419cbf480 => generated 818 bytes in 11 msecs (HTTP/1.1 200) 4 headers in 157 bytes (1 switches on core 0)
Aug 17 18:22:24.278614 np0000007571 devstack@g-api.service[100006]: DEBUG glance.api.middleware.version_negotiation [None req-c0873e44-f2b2-43cd-a57b-f30bfd0772b1 tempest-VolumeImageDependencyTests-1145863095 tempest-VolumeImageDependencyTests-1145863095-project-member] Determining version of request: GET /v2/images/c908019c-74b9-4e70-ad82-810419cbf480 Accept: application/json {{(pid=100006) process_request /opt/stack/glance/glance/api/middleware/version_negotiation.py:44}}
Aug 17 18:22:24.278863 np0000007571 devstack@g-api.service[100006]: DEBUG glance.api.middleware.version_negotiation [None req-c0873e44-f2b2-43cd-a57b-f30bfd0772b1 tempest-VolumeImageDependencyTests-1145863095 tempest-VolumeImageDependencyTests-1145863095-project-member] Using url versioning {{(pid=100006) process_request /opt/stack/glance/glance/api/middleware/version_negotiation.py:57}}
Aug 17 18:22:24.279143 np0000007571 devstack@g-api.service[100006]: DEBUG glance.api.middleware.version_negotiation [None req-c0873e44-f2b2-43cd-a57b-f30bfd0772b1 tempest-VolumeImageDependencyTests-1145863095 tempest-VolumeImageDependencyTests-1145863095-project-member] Matched version: v2 {{(pid=100006) process_request /opt/stack/glance/glance/api/middleware/version_negotiation.py:69}}
Aug 17 18:22:24.279333 np0000007571 devstack@g-api.service[100006]: DEBUG glance.api.middleware.version_negotiation [None req-c0873e44-f2b2-43cd-a57b-f30bfd0772b1 tempest-VolumeImageDependencyTests-1145863095 tempest-VolumeImageDependencyTests-1145863095-project-member] new path /v2/images/c908019c-74b9-4e70-ad82-810419cbf480 {{(pid=100006) process_request /opt/stack/glance/glance/api/middleware/version_negotiation.py:70}}
Aug 17 18:22:24.290760 np0000007571 devstack@g-api.service[100006]: [pid: 100006|app: 0|req: 95/291] 127.0.0.1 () {40 vars in 838 bytes} [Mon Aug 17 18:22:24 2026] GET /v2/images/c908019c-74b9-4e70-ad82-810419cbf480 => generated 818 bytes in 12 msecs (HTTP/1.1 200) 4 headers in 157 bytes (1 switches on core 0)
Aug 17 18:22:24.314884 np0000007571 devstack@g-api.service[100007]: DEBUG glance.api.middleware.version_negotiation [None req-8754744c-583f-45ed-b8a8-240322eaed40 tempest-VolumeImageDependencyTests-1145863095 tempest-VolumeImageDependencyTests-1145863095-project-member] Determining version of request: GET /v2/images/c908019c-74b9-4e70-ad82-810419cbf480 Accept: */* {{(pid=100007) process_request /opt/stack/glance/glance/api/middleware/version_negotiation.py:44}}
Aug 17 18:22:24.315142 np0000007571 devstack@g-api.service[100007]: DEBUG glance.api.middleware.version_negotiation [None req-8754744c-583f-45ed-b8a8-240322eaed40 tempest-VolumeImageDependencyTests-1145863095 tempest-VolumeImageDependencyTests-1145863095-project-member] Using url versioning {{(pid=100007) process_request /opt/stack/glance/glance/api/middleware/version_negotiation.py:57}}
Aug 17 18:22:24.315306 np0000007571 devstack@g-api.service[100007]: DEBUG glance.api.middleware.version_negotiation [None req-8754744c-583f-45ed-b8a8-240322eaed40 tempest-VolumeImageDependencyTests-1145863095 tempest-VolumeImageDependencyTests-1145863095-project-member] Matched version: v2 {{(pid=100007) process_request /opt/stack/glance/glance/api/middleware/version_negotiation.py:69}}
Aug 17 18:22:24.316421 np0000007571 devstack@g-api.service[100007]: DEBUG glance.api.middleware.version_negotiation [None req-8754744c-583f-45ed-b8a8-240322eaed40 tempest-VolumeImageDependencyTests-1145863095 tempest-VolumeImageDependencyTests-1145863095-project-member] new path /v2/images/c908019c-74b9-4e70-ad82-810419cbf480 {{(pid=100007) process_request /opt/stack/glance/glance/api/middleware/version_negotiation.py:70}}
Aug 17 18:22:24.332527 np0000007571 devstack@g-api.service[100007]: [pid: 100007|app: 0|req: 99/292] 127.0.0.1 () {44 vars in 1115 bytes} [Mon Aug 17 18:22:24 2026] GET /v2/images/c908019c-74b9-4e70-ad82-810419cbf480 => generated 818 bytes in 18 msecs (HTTP/1.1 200) 4 headers in 157 bytes (1 switches on core 0)
Aug 17 18:22:24.344845 np0000007571 devstack@g-api.service[100008]: DEBUG glance.api.middleware.version_negotiation [None req-24d69924-e682-4973-bede-fdbcda894609 tempest-VolumeImageDependencyTests-1145863095 tempest-VolumeImageDependencyTests-1145863095-project-member] Determining version of request: GET /v2/schemas/image Accept: */* {{(pid=100008) process_request /opt/stack/glance/glance/api/middleware/version_negotiation.py:44}}
Aug 17 18:22:24.344845 np0000007571 devstack@g-api.service[100008]: DEBUG glance.api.middleware.version_negotiation [None req-24d69924-e682-4973-bede-fdbcda894609 tempest-VolumeImageDependencyTests-1145863095 tempest-VolumeImageDependencyTests-1145863095-project-member] Using url versioning {{(pid=100008) process_request /opt/stack/glance/glance/api/middleware/version_negotiation.py:57}}
Aug 17 18:22:24.345144 np0000007571 devstack@g-api.service[100008]: DEBUG glance.api.middleware.version_negotiation [None req-24d69924-e682-4973-bede-fdbcda894609 tempest-VolumeImageDependencyTests-1145863095 tempest-VolumeImageDependencyTests-1145863095-project-member] Matched version: v2 {{(pid=100008) process_request /opt/stack/glance/glance/api/middleware/version_negotiation.py:69}}
Aug 17 18:22:24.345144 np0000007571 devstack@g-api.service[100008]: DEBUG glance.api.middleware.version_negotiation [None req-24d69924-e682-4973-bede-fdbcda894609 tempest-VolumeImageDependencyTests-1145863095 tempest-VolumeImageDependencyTests-1145863095-project-member] new path /v2/schemas/image {{(pid=100008) process_request /opt/stack/glance/glance/api/middleware/version_negotiation.py:70}}
Aug 17 18:22:24.349387 np0000007571 devstack@g-api.service[100008]: [pid: 100008|app: 0|req: 99/293] 127.0.0.1 () {44 vars in 1055 bytes} [Mon Aug 17 18:22:24 2026] GET /v2/schemas/image => generated 6083 bytes in 4 msecs (HTTP/1.1 200) 4 headers in 158 bytes (1 switches on core 0)
Aug 17 18:22:24.362813 np0000007571 devstack@g-api.service[100006]: DEBUG glance.api.middleware.version_negotiation [None req-4454d90f-bf68-4d81-b36f-e54e6af5553d tempest-VolumeImageDependencyTests-1145863095 tempest-VolumeImageDependencyTests-1145863095-project-member] Determining version of request: GET /v2/schemas/image Accept: */* {{(pid=100006) process_request /opt/stack/glance/glance/api/middleware/version_negotiation.py:44}}
Aug 17 18:22:24.363128 np0000007571 devstack@g-api.service[100006]: DEBUG glance.api.middleware.version_negotiation [None req-4454d90f-bf68-4d81-b36f-e54e6af5553d tempest-VolumeImageDependencyTests-1145863095 tempest-VolumeImageDependencyTests-1145863095-project-member] Using url versioning {{(pid=100006) process_request /opt/stack/glance/glance/api/middleware/version_negotiation.py:57}}
Aug 17 18:22:24.363428 np0000007571 devstack@g-api.service[100006]: DEBUG glance.api.middleware.version_negotiation [None req-4454d90f-bf68-4d81-b36f-e54e6af5553d tempest-VolumeImageDependencyTests-1145863095 tempest-VolumeImageDependencyTests-1145863095-project-member] Matched version: v2 {{(pid=100006) process_request /opt/stack/glance/glance/api/middleware/version_negotiation.py:69}}
Aug 17 18:22:24.363677 np0000007571 devstack@g-api.service[100006]: DEBUG glance.api.middleware.version_negotiation [None req-4454d90f-bf68-4d81-b36f-e54e6af5553d tempest-VolumeImageDependencyTests-1145863095 tempest-VolumeImageDependencyTests-1145863095-project-member] new path /v2/schemas/image {{(pid=100006) process_request /opt/stack/glance/glance/api/middleware/version_negotiation.py:70}}
Aug 17 18:22:24.368359 np0000007571 devstack@g-api.service[100006]: [pid: 100006|app: 0|req: 96/294] 127.0.0.1 () {44 vars in 1055 bytes} [Mon Aug 17 18:22:24 2026] GET /v2/schemas/image => generated 6083 bytes in 6 msecs (HTTP/1.1 200) 4 headers in 158 bytes (1 switches on core 0)
Aug 17 18:22:24.379069 np0000007571 devstack@g-api.service[100007]: DEBUG glance.api.middleware.version_negotiation [None req-0e30b5fa-098d-48c4-abb8-e67abc30e4be tempest-VolumeImageDependencyTests-1145863095 tempest-VolumeImageDependencyTests-1145863095-project-member] Determining version of request: GET /v2/images/c908019c-74b9-4e70-ad82-810419cbf480 Accept: */* {{(pid=100007) process_request /opt/stack/glance/glance/api/middleware/version_negotiation.py:44}}
Aug 17 18:22:24.379266 np0000007571 devstack@g-api.service[100007]: DEBUG glance.api.middleware.version_negotiation [None req-0e30b5fa-098d-48c4-abb8-e67abc30e4be tempest-VolumeImageDependencyTests-1145863095 tempest-VolumeImageDependencyTests-1145863095-project-member] Using url versioning {{(pid=100007) process_request /opt/stack/glance/glance/api/middleware/version_negotiation.py:57}}
Aug 17 18:22:24.379453 np0000007571 devstack@g-api.service[100007]: DEBUG glance.api.middleware.version_negotiation [None req-0e30b5fa-098d-48c4-abb8-e67abc30e4be tempest-VolumeImageDependencyTests-1145863095 tempest-VolumeImageDependencyTests-1145863095-project-member] Matched version: v2 {{(pid=100007) process_request /opt/stack/glance/glance/api/middleware/version_negotiation.py:69}}
Aug 17 18:22:24.379596 np0000007571 devstack@g-api.service[100007]: DEBUG glance.api.middleware.version_negotiation [None req-0e30b5fa-098d-48c4-abb8-e67abc30e4be tempest-VolumeImageDependencyTests-1145863095 tempest-VolumeImageDependencyTests-1145863095-project-member] new path /v2/images/c908019c-74b9-4e70-ad82-810419cbf480 {{(pid=100007) process_request /opt/stack/glance/glance/api/middleware/version_negotiation.py:70}}
Aug 17 18:22:24.396730 np0000007571 devstack@g-api.service[100007]: [pid: 100007|app: 0|req: 100/295] 127.0.0.1 () {44 vars in 1115 bytes} [Mon Aug 17 18:22:24 2026] GET /v2/images/c908019c-74b9-4e70-ad82-810419cbf480 => generated 818 bytes in 18 msecs (HTTP/1.1 200) 4 headers in 157 bytes (1 switches on core 0)
Aug 17 18:22:24.408813 np0000007571 devstack@g-api.service[100008]: DEBUG glance.api.middleware.version_negotiation [None req-0e30b5fa-098d-48c4-abb8-e67abc30e4be tempest-VolumeImageDependencyTests-1145863095 tempest-VolumeImageDependencyTests-1145863095-project-member] Determining version of request: GET /v2/schemas/image Accept: */* {{(pid=100008) process_request /opt/stack/glance/glance/api/middleware/version_negotiation.py:44}}
Aug 17 18:22:24.409077 np0000007571 devstack@g-api.service[100008]: DEBUG glance.api.middleware.version_negotiation [None req-0e30b5fa-098d-48c4-abb8-e67abc30e4be tempest-VolumeImageDependencyTests-1145863095 tempest-VolumeImageDependencyTests-1145863095-project-member] Using url versioning {{(pid=100008) process_request /opt/stack/glance/glance/api/middleware/version_negotiation.py:57}}
Aug 17 18:22:24.409671 np0000007571 devstack@g-api.service[100008]: DEBUG glance.api.middleware.version_negotiation [None req-0e30b5fa-098d-48c4-abb8-e67abc30e4be tempest-VolumeImageDependencyTests-1145863095 tempest-VolumeImageDependencyTests-1145863095-project-member] Matched version: v2 {{(pid=100008) process_request /opt/stack/glance/glance/api/middleware/version_negotiation.py:69}}
Aug 17 18:22:24.409671 np0000007571 devstack@g-api.service[100008]: DEBUG glance.api.middleware.version_negotiation [None req-0e30b5fa-098d-48c4-abb8-e67abc30e4be tempest-VolumeImageDependencyTests-1145863095 tempest-VolumeImageDependencyTests-1145863095-project-member] new path /v2/schemas/image {{(pid=100008) process_request /opt/stack/glance/glance/api/middleware/version_negotiation.py:70}}
Aug 17 18:22:24.412972 np0000007571 devstack@g-api.service[100008]: [pid: 100008|app: 0|req: 100/296] 127.0.0.1 () {44 vars in 1055 bytes} [Mon Aug 17 18:22:24 2026] GET /v2/schemas/image => generated 6083 bytes in 4 msecs (HTTP/1.1 200) 4 headers in 158 bytes (1 switches on core 0)
Aug 17 18:22:24.425497 np0000007571 devstack@g-api.service[100006]: DEBUG glance.api.middleware.version_negotiation [None req-0e30b5fa-098d-48c4-abb8-e67abc30e4be tempest-VolumeImageDependencyTests-1145863095 tempest-VolumeImageDependencyTests-1145863095-project-member] Determining version of request: GET /v2/schemas/image Accept: */* {{(pid=100006) process_request /opt/stack/glance/glance/api/middleware/version_negotiation.py:44}}
Aug 17 18:22:24.425825 np0000007571 devstack@g-api.service[100006]: DEBUG glance.api.middleware.version_negotiation [None req-0e30b5fa-098d-48c4-abb8-e67abc30e4be tempest-VolumeImageDependencyTests-1145863095 tempest-VolumeImageDependencyTests-1145863095-project-member] Using url versioning {{(pid=100006) process_request /opt/stack/glance/glance/api/middleware/version_negotiation.py:57}}
Aug 17 18:22:24.427116 np0000007571 devstack@g-api.service[100006]: DEBUG glance.api.middleware.version_negotiation [None req-0e30b5fa-098d-48c4-abb8-e67abc30e4be tempest-VolumeImageDependencyTests-1145863095 tempest-VolumeImageDependencyTests-1145863095-project-member] Matched version: v2 {{(pid=100006) process_request /opt/stack/glance/glance/api/middleware/version_negotiation.py:69}}
Aug 17 18:22:24.427310 np0000007571 devstack@g-api.service[100006]: DEBUG glance.api.middleware.version_negotiation [None req-0e30b5fa-098d-48c4-abb8-e67abc30e4be tempest-VolumeImageDependencyTests-1145863095 tempest-VolumeImageDependencyTests-1145863095-project-member] new path /v2/schemas/image {{(pid=100006) process_request /opt/stack/glance/glance/api/middleware/version_negotiation.py:70}}
Aug 17 18:22:24.430466 np0000007571 devstack@g-api.service[100006]: [pid: 100006|app: 0|req: 97/297] 127.0.0.1 () {44 vars in 1055 bytes} [Mon Aug 17 18:22:24 2026] GET /v2/schemas/image => generated 6083 bytes in 5 msecs (HTTP/1.1 200) 4 headers in 158 bytes (1 switches on core 0)
Aug 17 18:22:24.459800 np0000007571 devstack@g-api.service[100007]: DEBUG glance.api.middleware.version_negotiation [None req-0e30b5fa-098d-48c4-abb8-e67abc30e4be tempest-VolumeImageDependencyTests-1145863095 tempest-VolumeImageDependencyTests-1145863095-project-member] Determining version of request: GET /v2/images/c908019c-74b9-4e70-ad82-810419cbf480 Accept: */* {{(pid=100007) process_request /opt/stack/glance/glance/api/middleware/version_negotiation.py:44}}
Aug 17 18:22:24.460041 np0000007571 devstack@g-api.service[100007]: DEBUG glance.api.middleware.version_negotiation [None req-0e30b5fa-098d-48c4-abb8-e67abc30e4be tempest-VolumeImageDependencyTests-1145863095 tempest-VolumeImageDependencyTests-1145863095-project-member] Using url versioning {{(pid=100007) process_request /opt/stack/glance/glance/api/middleware/version_negotiation.py:57}}
Aug 17 18:22:24.460263 np0000007571 devstack@g-api.service[100007]: DEBUG glance.api.middleware.version_negotiation [None req-0e30b5fa-098d-48c4-abb8-e67abc30e4be tempest-VolumeImageDependencyTests-1145863095 tempest-VolumeImageDependencyTests-1145863095-project-member] Matched version: v2 {{(pid=100007) process_request /opt/stack/glance/glance/api/middleware/version_negotiation.py:69}}
Aug 17 18:22:24.460408 np0000007571 devstack@g-api.service[100007]: DEBUG glance.api.middleware.version_negotiation [None req-0e30b5fa-098d-48c4-abb8-e67abc30e4be tempest-VolumeImageDependencyTests-1145863095 tempest-VolumeImageDependencyTests-1145863095-project-member] new path /v2/images/c908019c-74b9-4e70-ad82-810419cbf480 {{(pid=100007) process_request /opt/stack/glance/glance/api/middleware/version_negotiation.py:70}}
Aug 17 18:22:24.479706 np0000007571 devstack@g-api.service[100007]: [pid: 100007|app: 0|req: 101/298] 127.0.0.1 () {44 vars in 1115 bytes} [Mon Aug 17 18:22:24 2026] GET /v2/images/c908019c-74b9-4e70-ad82-810419cbf480 => generated 818 bytes in 20 msecs (HTTP/1.1 200) 4 headers in 157 bytes (1 switches on core 0)
Aug 17 18:22:24.495904 np0000007571 devstack@g-api.service[100008]: DEBUG glance.api.middleware.version_negotiation [None req-0e30b5fa-098d-48c4-abb8-e67abc30e4be tempest-VolumeImageDependencyTests-1145863095 tempest-VolumeImageDependencyTests-1145863095-project-member] Determining version of request: GET /v2/schemas/image Accept: */* {{(pid=100008) process_request /opt/stack/glance/glance/api/middleware/version_negotiation.py:44}}
Aug 17 18:22:24.495954 np0000007571 devstack@g-api.service[100008]: DEBUG glance.api.middleware.version_negotiation [None req-0e30b5fa-098d-48c4-abb8-e67abc30e4be tempest-VolumeImageDependencyTests-1145863095 tempest-VolumeImageDependencyTests-1145863095-project-member] Using url versioning {{(pid=100008) process_request /opt/stack/glance/glance/api/middleware/version_negotiation.py:57}}
Aug 17 18:22:24.496123 np0000007571 devstack@g-api.service[100008]: DEBUG glance.api.middleware.version_negotiation [None req-0e30b5fa-098d-48c4-abb8-e67abc30e4be tempest-VolumeImageDependencyTests-1145863095 tempest-VolumeImageDependencyTests-1145863095-project-member] Matched version: v2 {{(pid=100008) process_request /opt/stack/glance/glance/api/middleware/version_negotiation.py:69}}
Aug 17 18:22:24.496230 np0000007571 devstack@g-api.service[100008]: DEBUG glance.api.middleware.version_negotiation [None req-0e30b5fa-098d-48c4-abb8-e67abc30e4be tempest-VolumeImageDependencyTests-1145863095 tempest-VolumeImageDependencyTests-1145863095-project-member] new path /v2/schemas/image {{(pid=100008) process_request /opt/stack/glance/glance/api/middleware/version_negotiation.py:70}}
Aug 17 18:22:24.500259 np0000007571 devstack@g-api.service[100008]: [pid: 100008|app: 0|req: 101/299] 127.0.0.1 () {44 vars in 1055 bytes} [Mon Aug 17 18:22:24 2026] GET /v2/schemas/image => generated 6083 bytes in 3 msecs (HTTP/1.1 200) 4 headers in 158 bytes (1 switches on core 0)
Aug 17 18:22:25.021829 np0000007571 devstack@g-api.service[100006]: DEBUG glance.api.middleware.version_negotiation [None req-0e30b5fa-098d-48c4-abb8-e67abc30e4be tempest-VolumeImageDependencyTests-1145863095 tempest-VolumeImageDependencyTests-1145863095-project-member] Determining version of request: GET /versions Accept: */* {{(pid=100006) process_request /opt/stack/glance/glance/api/middleware/version_negotiation.py:44}}
Aug 17 18:22:25.022735 np0000007571 devstack@g-api.service[100006]: [pid: 100006|app: 0|req: 98/300] 127.0.0.1 () {44 vars in 1039 bytes} [Mon Aug 17 18:22:25 2026] GET /versions => generated 1515 bytes in 2 msecs (HTTP/1.1 200) 3 headers in 92 bytes (1 switches on core 0)
Aug 17 18:22:25.032468 np0000007571 devstack@g-api.service[100007]: DEBUG glance.api.middleware.version_negotiation [None req-0e30b5fa-098d-48c4-abb8-e67abc30e4be tempest-VolumeImageDependencyTests-1145863095 tempest-VolumeImageDependencyTests-1145863095-project-member] Determining version of request: GET /v2/images/c908019c-74b9-4e70-ad82-810419cbf480/locations Accept: */* {{(pid=100007) process_request /opt/stack/glance/glance/api/middleware/version_negotiation.py:44}}
Aug 17 18:22:25.032468 np0000007571 devstack@g-api.service[100007]: DEBUG glance.api.middleware.version_negotiation [None req-0e30b5fa-098d-48c4-abb8-e67abc30e4be tempest-VolumeImageDependencyTests-1145863095 tempest-VolumeImageDependencyTests-1145863095-project-member] Using url versioning {{(pid=100007) process_request /opt/stack/glance/glance/api/middleware/version_negotiation.py:57}}
Aug 17 18:22:25.032468 np0000007571 devstack@g-api.service[100007]: DEBUG glance.api.middleware.version_negotiation [None req-0e30b5fa-098d-48c4-abb8-e67abc30e4be tempest-VolumeImageDependencyTests-1145863095 tempest-VolumeImageDependencyTests-1145863095-project-member] Matched version: v2 {{(pid=100007) process_request /opt/stack/glance/glance/api/middleware/version_negotiation.py:69}}
Aug 17 18:22:25.032468 np0000007571 devstack@g-api.service[100007]: DEBUG glance.api.middleware.version_negotiation [None req-0e30b5fa-098d-48c4-abb8-e67abc30e4be tempest-VolumeImageDependencyTests-1145863095 tempest-VolumeImageDependencyTests-1145863095-project-member] new path /v2/images/c908019c-74b9-4e70-ad82-810419cbf480/locations {{(pid=100007) process_request /opt/stack/glance/glance/api/middleware/version_negotiation.py:70}}
Aug 17 18:22:25.157296 np0000007571 devstack@g-api.service[100007]: [pid: 100007|app: 0|req: 102/301] 127.0.0.1 () {44 vars in 1135 bytes} [Mon Aug 17 18:22:25 2026] GET /v2/images/c908019c-74b9-4e70-ad82-810419cbf480/locations => generated 92 bytes in 126 msecs (HTTP/1.1 200) 4 headers in 156 bytes (1 switches on core 0)
Aug 17 18:22:25.169315 np0000007571 devstack@g-api.service[100008]: DEBUG glance.api.middleware.version_negotiation [None req-0e30b5fa-098d-48c4-abb8-e67abc30e4be tempest-VolumeImageDependencyTests-1145863095 tempest-VolumeImageDependencyTests-1145863095-project-member] Determining version of request: GET /v2/images/c908019c-74b9-4e70-ad82-810419cbf480 Accept: */* {{(pid=100008) process_request /opt/stack/glance/glance/api/middleware/version_negotiation.py:44}}
Aug 17 18:22:25.169315 np0000007571 devstack@g-api.service[100008]: DEBUG glance.api.middleware.version_negotiation [None req-0e30b5fa-098d-48c4-abb8-e67abc30e4be tempest-VolumeImageDependencyTests-1145863095 tempest-VolumeImageDependencyTests-1145863095-project-member] Using url versioning {{(pid=100008) process_request /opt/stack/glance/glance/api/middleware/version_negotiation.py:57}}
Aug 17 18:22:25.170065 np0000007571 devstack@g-api.service[100008]: DEBUG glance.api.middleware.version_negotiation [None req-0e30b5fa-098d-48c4-abb8-e67abc30e4be tempest-VolumeImageDependencyTests-1145863095 tempest-VolumeImageDependencyTests-1145863095-project-member] Matched version: v2 {{(pid=100008) process_request /opt/stack/glance/glance/api/middleware/version_negotiation.py:69}}
Aug 17 18:22:25.170065 np0000007571 devstack@g-api.service[100008]: DEBUG glance.api.middleware.version_negotiation [None req-0e30b5fa-098d-48c4-abb8-e67abc30e4be tempest-VolumeImageDependencyTests-1145863095 tempest-VolumeImageDependencyTests-1145863095-project-member] new path /v2/images/c908019c-74b9-4e70-ad82-810419cbf480 {{(pid=100008) process_request /opt/stack/glance/glance/api/middleware/version_negotiation.py:70}}
Aug 17 18:22:25.186689 np0000007571 devstack@g-api.service[100008]: [pid: 100008|app: 0|req: 102/302] 127.0.0.1 () {44 vars in 1115 bytes} [Mon Aug 17 18:22:25 2026] GET /v2/images/c908019c-74b9-4e70-ad82-810419cbf480 => generated 818 bytes in 18 msecs (HTTP/1.1 200) 4 headers in 157 bytes (1 switches on core 0)
Aug 17 18:22:25.210823 np0000007571 devstack@g-api.service[100006]: DEBUG glance.api.middleware.version_negotiation [None req-0e30b5fa-098d-48c4-abb8-e67abc30e4be tempest-VolumeImageDependencyTests-1145863095 tempest-VolumeImageDependencyTests-1145863095-project-member] Determining version of request: GET /v2/schemas/image Accept: */* {{(pid=100006) process_request /opt/stack/glance/glance/api/middleware/version_negotiation.py:44}}
Aug 17 18:22:25.210823 np0000007571 devstack@g-api.service[100006]: DEBUG glance.api.middleware.version_negotiation [None req-0e30b5fa-098d-48c4-abb8-e67abc30e4be tempest-VolumeImageDependencyTests-1145863095 tempest-VolumeImageDependencyTests-1145863095-project-member] Using url versioning {{(pid=100006) process_request /opt/stack/glance/glance/api/middleware/version_negotiation.py:57}}
Aug 17 18:22:25.210823 np0000007571 devstack@g-api.service[100006]: DEBUG glance.api.middleware.version_negotiation [None req-0e30b5fa-098d-48c4-abb8-e67abc30e4be tempest-VolumeImageDependencyTests-1145863095 tempest-VolumeImageDependencyTests-1145863095-project-member] Matched version: v2 {{(pid=100006) process_request /opt/stack/glance/glance/api/middleware/version_negotiation.py:69}}
Aug 17 18:22:25.211119 np0000007571 devstack@g-api.service[100006]: DEBUG glance.api.middleware.version_negotiation [None req-0e30b5fa-098d-48c4-abb8-e67abc30e4be tempest-VolumeImageDependencyTests-1145863095 tempest-VolumeImageDependencyTests-1145863095-project-member] new path /v2/schemas/image {{(pid=100006) process_request /opt/stack/glance/glance/api/middleware/version_negotiation.py:70}}
Aug 17 18:22:25.216215 np0000007571 devstack@g-api.service[100006]: [pid: 100006|app: 0|req: 99/303] 127.0.0.1 () {44 vars in 1055 bytes} [Mon Aug 17 18:22:25 2026] GET /v2/schemas/image => generated 6083 bytes in 4 msecs (HTTP/1.1 200) 4 headers in 158 bytes (1 switches on core 0)
Aug 17 18:22:25.231039 np0000007571 devstack@g-api.service[100007]: DEBUG glance.api.middleware.version_negotiation [None req-0e30b5fa-098d-48c4-abb8-e67abc30e4be service glance] Determining version of request: GET /v2/schemas/image Accept: */* {{(pid=100007) process_request /opt/stack/glance/glance/api/middleware/version_negotiation.py:44}}
Aug 17 18:22:25.231320 np0000007571 devstack@g-api.service[100007]: DEBUG glance.api.middleware.version_negotiation [None req-0e30b5fa-098d-48c4-abb8-e67abc30e4be service glance] Using url versioning {{(pid=100007) process_request /opt/stack/glance/glance/api/middleware/version_negotiation.py:57}}
Aug 17 18:22:25.231526 np0000007571 devstack@g-api.service[100007]: DEBUG glance.api.middleware.version_negotiation [None req-0e30b5fa-098d-48c4-abb8-e67abc30e4be service glance] Matched version: v2 {{(pid=100007) process_request /opt/stack/glance/glance/api/middleware/version_negotiation.py:69}}
Aug 17 18:22:25.231675 np0000007571 devstack@g-api.service[100007]: DEBUG glance.api.middleware.version_negotiation [None req-0e30b5fa-098d-48c4-abb8-e67abc30e4be service glance] new path /v2/schemas/image {{(pid=100007) process_request /opt/stack/glance/glance/api/middleware/version_negotiation.py:70}}
Aug 17 18:22:25.242080 np0000007571 devstack@g-api.service[100007]: [pid: 100007|app: 0|req: 103/304] 127.0.0.1 () {44 vars in 1055 bytes} [Mon Aug 17 18:22:25 2026] GET /v2/schemas/image => generated 6083 bytes in 11 msecs (HTTP/1.1 200) 4 headers in 158 bytes (1 switches on core 0)
Aug 17 18:22:25.288081 np0000007571 devstack@g-api.service[100008]: DEBUG glance.api.middleware.version_negotiation [None req-0e30b5fa-098d-48c4-abb8-e67abc30e4be tempest-VolumeImageDependencyTests-1145863095 tempest-VolumeImageDependencyTests-1145863095-project-member] Determining version of request: GET /v2/images/c908019c-74b9-4e70-ad82-810419cbf480 Accept: */* {{(pid=100008) process_request /opt/stack/glance/glance/api/middleware/version_negotiation.py:44}}
Aug 17 18:22:25.288272 np0000007571 devstack@g-api.service[100008]: DEBUG glance.api.middleware.version_negotiation [None req-0e30b5fa-098d-48c4-abb8-e67abc30e4be tempest-VolumeImageDependencyTests-1145863095 tempest-VolumeImageDependencyTests-1145863095-project-member] Using url versioning {{(pid=100008) process_request /opt/stack/glance/glance/api/middleware/version_negotiation.py:57}}
Aug 17 18:22:25.288830 np0000007571 devstack@g-api.service[100008]: DEBUG glance.api.middleware.version_negotiation [None req-0e30b5fa-098d-48c4-abb8-e67abc30e4be tempest-VolumeImageDependencyTests-1145863095 tempest-VolumeImageDependencyTests-1145863095-project-member] Matched version: v2 {{(pid=100008) process_request /opt/stack/glance/glance/api/middleware/version_negotiation.py:69}}
