Aug 17 18:22:56.247794 np0000007571 devstack@g-api.service[100006]: DEBUG glance.api.middleware.version_negotiation [None req-29422208-4820-4f93-bc53-e1d0d190e676 tempest-VolumeImageDependencyTests-1145863095 tempest-VolumeImageDependencyTests-1145863095-project-member] Using url versioning {{(pid=100006) process_request /opt/stack/glance/glance/api/middleware/version_negotiation.py:57}}
Aug 17 18:22:56.247794 np0000007571 devstack@g-api.service[100006]: DEBUG glance.api.middleware.version_negotiation [None req-29422208-4820-4f93-bc53-e1d0d190e676 tempest-VolumeImageDependencyTests-1145863095 tempest-VolumeImageDependencyTests-1145863095-project-member] Matched version: v2 {{(pid=100006) process_request /opt/stack/glance/glance/api/middleware/version_negotiation.py:69}}
Aug 17 18:22:56.247794 np0000007571 devstack@g-api.service[100006]: DEBUG glance.api.middleware.version_negotiation [None req-29422208-4820-4f93-bc53-e1d0d190e676 tempest-VolumeImageDependencyTests-1145863095 tempest-VolumeImageDependencyTests-1145863095-project-member] new path /v2/images/818c007b-5ca9-4a87-93f1-d4f650773aa1 {{(pid=100006) process_request /opt/stack/glance/glance/api/middleware/version_negotiation.py:70}}
Aug 17 18:22:56.252439 np0000007571 devstack@g-api.service[100008]: DEBUG glance.db.sqlalchemy.api [None req-9f0a80e2-7c37-4f50-b71b-5a2de154fb3f tempest-VolumeImageDependencyTests-1145863095 tempest-VolumeImageDependencyTests-1145863095-project-member] No image found with ID c908019c-74b9-4e70-ad82-810419cbf480 {{(pid=100008) _image_get /opt/stack/glance/glance/db/sqlalchemy/api.py:301}}
Aug 17 18:22:56.254224 np0000007571 devstack@g-api.service[100008]: WARNING glance.api.v2.images [None req-9f0a80e2-7c37-4f50-b71b-5a2de154fb3f tempest-VolumeImageDependencyTests-1145863095 tempest-VolumeImageDependencyTests-1145863095-project-member] Failed to find image c908019c-74b9-4e70-ad82-810419cbf480 to delete: glance.common.exception.ImageNotFound: No image found with ID c908019c-74b9-4e70-ad82-810419cbf480
Aug 17 18:22:56.255290 np0000007571 devstack@g-api.service[100008]: [pid: 100008|app: 0|req: 127/377] 127.0.0.1 () {40 vars in 841 bytes} [Mon Aug 17 18:22:56 2026] DELETE /v2/images/c908019c-74b9-4e70-ad82-810419cbf480 => generated 147 bytes in 14 msecs (HTTP/1.1 404) 4 headers in 164 bytes (1 switches on core 0)
Aug 17 18:22:56.266044 np0000007571 devstack@g-api.service[100007]: DEBUG glance.api.middleware.version_negotiation [None req-fe2ce8b4-5527-4edf-b692-537d2529092a tempest-VolumeImageDependencyTests-1145863095 tempest-VolumeImageDependencyTests-1145863095-project-member] Determining version of request: GET /v2/images/c908019c-74b9-4e70-ad82-810419cbf480 Accept: application/json {{(pid=100007) process_request /opt/stack/glance/glance/api/middleware/version_negotiation.py:44}}
Aug 17 18:22:56.266485 np0000007571 devstack@g-api.service[100007]: DEBUG glance.api.middleware.version_negotiation [None req-fe2ce8b4-5527-4edf-b692-537d2529092a tempest-VolumeImageDependencyTests-1145863095 tempest-VolumeImageDependencyTests-1145863095-project-member] Using url versioning {{(pid=100007) process_request /opt/stack/glance/glance/api/middleware/version_negotiation.py:57}}
Aug 17 18:22:56.267258 np0000007571 devstack@g-api.service[100007]: DEBUG glance.api.middleware.version_negotiation [None req-fe2ce8b4-5527-4edf-b692-537d2529092a tempest-VolumeImageDependencyTests-1145863095 tempest-VolumeImageDependencyTests-1145863095-project-member] Matched version: v2 {{(pid=100007) process_request /opt/stack/glance/glance/api/middleware/version_negotiation.py:69}}
Aug 17 18:22:56.267258 np0000007571 devstack@g-api.service[100007]: DEBUG glance.api.middleware.version_negotiation [None req-fe2ce8b4-5527-4edf-b692-537d2529092a tempest-VolumeImageDependencyTests-1145863095 tempest-VolumeImageDependencyTests-1145863095-project-member] new path /v2/images/c908019c-74b9-4e70-ad82-810419cbf480 {{(pid=100007) process_request /opt/stack/glance/glance/api/middleware/version_negotiation.py:70}}
Aug 17 18:22:56.282294 np0000007571 devstack@g-api.service[100007]: DEBUG glance.db.sqlalchemy.api [None req-41dea542-b6a0-4fd8-b425-69ade8d67304 tempest-VolumeImageDependencyTests-1145863095 tempest-VolumeImageDependencyTests-1145863095-project-member] No image found with ID c908019c-74b9-4e70-ad82-810419cbf480 {{(pid=100007) _image_get /opt/stack/glance/glance/db/sqlalchemy/api.py:301}}
Aug 17 18:22:56.283841 np0000007571 devstack@g-api.service[100007]: [pid: 100007|app: 0|req: 128/378] 127.0.0.1 () {40 vars in 838 bytes} [Mon Aug 17 18:22:56 2026] GET /v2/images/c908019c-74b9-4e70-ad82-810419cbf480 => generated 139 bytes in 18 msecs (HTTP/1.1 404) 4 headers in 164 bytes (1 switches on core 0)
Aug 17 18:22:56.451492 np0000007571 devstack@g-api.service[100006]: [pid: 100006|app: 0|req: 124/379] 127.0.0.1 () {44 vars in 1115 bytes} [Mon Aug 17 18:22:56 2026] GET /v2/images/818c007b-5ca9-4a87-93f1-d4f650773aa1 => generated 1044 bytes in 206 msecs (HTTP/1.1 200) 4 headers in 158 bytes (1 switches on core 0)
Aug 17 18:22:56.495433 np0000007571 devstack@g-api.service[100008]: DEBUG glance.api.middleware.version_negotiation [None req-9f0a80e2-7c37-4f50-b71b-5a2de154fb3f tempest-VolumeImageDependencyTests-1145863095 tempest-VolumeImageDependencyTests-1145863095-project-member] Determining version of request: GET /v2/schemas/image Accept: */* {{(pid=100008) process_request /opt/stack/glance/glance/api/middleware/version_negotiation.py:44}}
Aug 17 18:22:56.495433 np0000007571 devstack@g-api.service[100008]: DEBUG glance.api.middleware.version_negotiation [None req-9f0a80e2-7c37-4f50-b71b-5a2de154fb3f tempest-VolumeImageDependencyTests-1145863095 tempest-VolumeImageDependencyTests-1145863095-project-member] Using url versioning {{(pid=100008) process_request /opt/stack/glance/glance/api/middleware/version_negotiation.py:57}}
Aug 17 18:22:56.496443 np0000007571 devstack@g-api.service[100008]: DEBUG glance.api.middleware.version_negotiation [None req-9f0a80e2-7c37-4f50-b71b-5a2de154fb3f tempest-VolumeImageDependencyTests-1145863095 tempest-VolumeImageDependencyTests-1145863095-project-member] Matched version: v2 {{(pid=100008) process_request /opt/stack/glance/glance/api/middleware/version_negotiation.py:69}}
Aug 17 18:22:56.496603 np0000007571 devstack@g-api.service[100008]: DEBUG glance.api.middleware.version_negotiation [None req-9f0a80e2-7c37-4f50-b71b-5a2de154fb3f tempest-VolumeImageDependencyTests-1145863095 tempest-VolumeImageDependencyTests-1145863095-project-member] new path /v2/schemas/image {{(pid=100008) process_request /opt/stack/glance/glance/api/middleware/version_negotiation.py:70}}
Aug 17 18:22:56.500993 np0000007571 devstack@g-api.service[100008]: [pid: 100008|app: 0|req: 128/380] 127.0.0.1 () {44 vars in 1055 bytes} [Mon Aug 17 18:22:56 2026] GET /v2/schemas/image => generated 6083 bytes in 6 msecs (HTTP/1.1 200) 4 headers in 158 bytes (1 switches on core 0)
Aug 17 18:23:00.188478 np0000007571 devstack@g-api.service[100007]: DEBUG glance.api.middleware.version_negotiation [None req-41dea542-b6a0-4fd8-b425-69ade8d67304 tempest-VolumeImageDependencyTests-1145863095 tempest-VolumeImageDependencyTests-1145863095-project-member] Determining version of request: GET /v2/schemas/image Accept: */* {{(pid=100007) process_request /opt/stack/glance/glance/api/middleware/version_negotiation.py:44}}
Aug 17 18:23:00.189073 np0000007571 devstack@g-api.service[100007]: DEBUG glance.api.middleware.version_negotiation [None req-41dea542-b6a0-4fd8-b425-69ade8d67304 tempest-VolumeImageDependencyTests-1145863095 tempest-VolumeImageDependencyTests-1145863095-project-member] Using url versioning {{(pid=100007) process_request /opt/stack/glance/glance/api/middleware/version_negotiation.py:57}}
Aug 17 18:23:00.189073 np0000007571 devstack@g-api.service[100007]: DEBUG glance.api.middleware.version_negotiation [None req-41dea542-b6a0-4fd8-b425-69ade8d67304 tempest-VolumeImageDependencyTests-1145863095 tempest-VolumeImageDependencyTests-1145863095-project-member] Matched version: v2 {{(pid=100007) process_request /opt/stack/glance/glance/api/middleware/version_negotiation.py:69}}
Aug 17 18:23:00.189073 np0000007571 devstack@g-api.service[100007]: DEBUG glance.api.middleware.version_negotiation [None req-41dea542-b6a0-4fd8-b425-69ade8d67304 tempest-VolumeImageDependencyTests-1145863095 tempest-VolumeImageDependencyTests-1145863095-project-member] new path /v2/schemas/image {{(pid=100007) process_request /opt/stack/glance/glance/api/middleware/version_negotiation.py:70}}
Aug 17 18:23:00.193448 np0000007571 devstack@g-api.service[100007]: [pid: 100007|app: 0|req: 129/381] 127.0.0.1 () {44 vars in 1055 bytes} [Mon Aug 17 18:23:00 2026] GET /v2/schemas/image => generated 6083 bytes in 5 msecs (HTTP/1.1 200) 4 headers in 158 bytes (1 switches on core 0)
Aug 17 18:23:00.249418 np0000007571 devstack@g-api.service[100006]: DEBUG glance.api.middleware.version_negotiation [None req-502afb89-1087-4299-acb7-9c9cde4ba5f4 tempest-VolumesActionsTest-2028292586 tempest-VolumesActionsTest-2028292586-project-member] Determining version of request: POST /v2/images Accept: */* {{(pid=100006) process_request /opt/stack/glance/glance/api/middleware/version_negotiation.py:44}}
Aug 17 18:23:00.250440 np0000007571 devstack@g-api.service[100006]: DEBUG glance.api.middleware.version_negotiation [None req-502afb89-1087-4299-acb7-9c9cde4ba5f4 tempest-VolumesActionsTest-2028292586 tempest-VolumesActionsTest-2028292586-project-member] Using url versioning {{(pid=100006) process_request /opt/stack/glance/glance/api/middleware/version_negotiation.py:57}}
Aug 17 18:23:00.250440 np0000007571 devstack@g-api.service[100006]: DEBUG glance.api.middleware.version_negotiation [None req-502afb89-1087-4299-acb7-9c9cde4ba5f4 tempest-VolumesActionsTest-2028292586 tempest-VolumesActionsTest-2028292586-project-member] Matched version: v2 {{(pid=100006) process_request /opt/stack/glance/glance/api/middleware/version_negotiation.py:69}}
Aug 17 18:23:00.250440 np0000007571 devstack@g-api.service[100006]: DEBUG glance.api.middleware.version_negotiation [None req-502afb89-1087-4299-acb7-9c9cde4ba5f4 tempest-VolumesActionsTest-2028292586 tempest-VolumesActionsTest-2028292586-project-member] new path /v2/images {{(pid=100006) process_request /opt/stack/glance/glance/api/middleware/version_negotiation.py:70}}
Aug 17 18:23:00.989285 np0000007571 devstack@g-api.service[100006]: [pid: 100006|app: 0|req: 125/382] 127.0.0.1 () {46 vars in 1055 bytes} [Mon Aug 17 18:23:00 2026] POST /v2/images => generated 1358 bytes in 741 msecs (HTTP/1.1 201) 6 headers in 316 bytes (1 switches on core 0)
Aug 17 18:23:01.066017 np0000007571 devstack@g-api.service[100008]: DEBUG glance.api.middleware.version_negotiation [None req-502afb89-1087-4299-acb7-9c9cde4ba5f4 tempest-VolumesActionsTest-2028292586 tempest-VolumesActionsTest-2028292586-project-member] Determining version of request: GET /v2/images/674ad517-89b5-4047-8300-8fe7b73758a5 Accept: application/json {{(pid=100008) process_request /opt/stack/glance/glance/api/middleware/version_negotiation.py:44}}
Aug 17 18:23:01.066541 np0000007571 devstack@g-api.service[100008]: DEBUG glance.api.middleware.version_negotiation [None req-502afb89-1087-4299-acb7-9c9cde4ba5f4 tempest-VolumesActionsTest-2028292586 tempest-VolumesActionsTest-2028292586-project-member] Using url versioning {{(pid=100008) process_request /opt/stack/glance/glance/api/middleware/version_negotiation.py:57}}
Aug 17 18:23:01.066541 np0000007571 devstack@g-api.service[100008]: DEBUG glance.api.middleware.version_negotiation [None req-502afb89-1087-4299-acb7-9c9cde4ba5f4 tempest-VolumesActionsTest-2028292586 tempest-VolumesActionsTest-2028292586-project-member] Matched version: v2 {{(pid=100008) process_request /opt/stack/glance/glance/api/middleware/version_negotiation.py:69}}
Aug 17 18:23:01.066541 np0000007571 devstack@g-api.service[100008]: DEBUG glance.api.middleware.version_negotiation [None req-502afb89-1087-4299-acb7-9c9cde4ba5f4 tempest-VolumesActionsTest-2028292586 tempest-VolumesActionsTest-2028292586-project-member] new path /v2/images/674ad517-89b5-4047-8300-8fe7b73758a5 {{(pid=100008) process_request /opt/stack/glance/glance/api/middleware/version_negotiation.py:70}}
Aug 17 18:23:01.080556 np0000007571 devstack@g-api.service[100008]: [pid: 100008|app: 0|req: 129/383] 127.0.0.1 () {40 vars in 838 bytes} [Mon Aug 17 18:23:01 2026] GET /v2/images/674ad517-89b5-4047-8300-8fe7b73758a5 => generated 1358 bytes in 14 msecs (HTTP/1.1 200) 4 headers in 158 bytes (1 switches on core 0)
Aug 17 18:23:01.260379 np0000007571 devstack@g-api.service[100007]: DEBUG glance.api.middleware.version_negotiation [None req-77897b32-3c76-486e-9bc2-a8c1ed3d6de2 tempest-ServerBootFromVolumeStableRescueTest-419393970 tempest-ServerBootFromVolumeStableRescueTest-419393970-project-member] Determining version of request: GET /v2/images/674ad517-89b5-4047-8300-8fe7b73758a5 Accept: */* {{(pid=100007) process_request /opt/stack/glance/glance/api/middleware/version_negotiation.py:44}}
Aug 17 18:23:01.260783 np0000007571 devstack@g-api.service[100007]: DEBUG glance.api.middleware.version_negotiation [None req-77897b32-3c76-486e-9bc2-a8c1ed3d6de2 tempest-ServerBootFromVolumeStableRescueTest-419393970 tempest-ServerBootFromVolumeStableRescueTest-419393970-project-member] Using url versioning {{(pid=100007) process_request /opt/stack/glance/glance/api/middleware/version_negotiation.py:57}}
Aug 17 18:23:01.260783 np0000007571 devstack@g-api.service[100007]: DEBUG glance.api.middleware.version_negotiation [None req-77897b32-3c76-486e-9bc2-a8c1ed3d6de2 tempest-ServerBootFromVolumeStableRescueTest-419393970 tempest-ServerBootFromVolumeStableRescueTest-419393970-project-member] Matched version: v2 {{(pid=100007) process_request /opt/stack/glance/glance/api/middleware/version_negotiation.py:69}}
Aug 17 18:23:01.260783 np0000007571 devstack@g-api.service[100007]: DEBUG glance.api.middleware.version_negotiation [None req-77897b32-3c76-486e-9bc2-a8c1ed3d6de2 tempest-ServerBootFromVolumeStableRescueTest-419393970 tempest-ServerBootFromVolumeStableRescueTest-419393970-project-member] new path /v2/images/674ad517-89b5-4047-8300-8fe7b73758a5 {{(pid=100007) process_request /opt/stack/glance/glance/api/middleware/version_negotiation.py:70}}
Aug 17 18:23:01.272562 np0000007571 devstack@g-api.service[100007]: [pid: 100007|app: 0|req: 130/384] 127.0.0.1 () {44 vars in 1115 bytes} [Mon Aug 17 18:23:01 2026] GET /v2/images/674ad517-89b5-4047-8300-8fe7b73758a5 => generated 1358 bytes in 12 msecs (HTTP/1.1 200) 4 headers in 158 bytes (1 switches on core 0)
Aug 17 18:23:01.327930 np0000007571 devstack@g-api.service[100006]: DEBUG glance.api.middleware.version_negotiation [None req-77897b32-3c76-486e-9bc2-a8c1ed3d6de2 tempest-ServerBootFromVolumeStableRescueTest-419393970 tempest-ServerBootFromVolumeStableRescueTest-419393970-project-member] Determining version of request: GET /v2/schemas/image Accept: */* {{(pid=100006) process_request /opt/stack/glance/glance/api/middleware/version_negotiation.py:44}}
Aug 17 18:23:01.328414 np0000007571 devstack@g-api.service[100006]: DEBUG glance.api.middleware.version_negotiation [None req-77897b32-3c76-486e-9bc2-a8c1ed3d6de2 tempest-ServerBootFromVolumeStableRescueTest-419393970 tempest-ServerBootFromVolumeStableRescueTest-419393970-project-member] Using url versioning {{(pid=100006) process_request /opt/stack/glance/glance/api/middleware/version_negotiation.py:57}}
Aug 17 18:23:01.328816 np0000007571 devstack@g-api.service[100006]: DEBUG glance.api.middleware.version_negotiation [None req-77897b32-3c76-486e-9bc2-a8c1ed3d6de2 tempest-ServerBootFromVolumeStableRescueTest-419393970 tempest-ServerBootFromVolumeStableRescueTest-419393970-project-member] Matched version: v2 {{(pid=100006) process_request /opt/stack/glance/glance/api/middleware/version_negotiation.py:69}}
Aug 17 18:23:01.328816 np0000007571 devstack@g-api.service[100006]: DEBUG glance.api.middleware.version_negotiation [None req-77897b32-3c76-486e-9bc2-a8c1ed3d6de2 tempest-ServerBootFromVolumeStableRescueTest-419393970 tempest-ServerBootFromVolumeStableRescueTest-419393970-project-member] new path /v2/schemas/image {{(pid=100006) process_request /opt/stack/glance/glance/api/middleware/version_negotiation.py:70}}
Aug 17 18:23:01.336564 np0000007571 devstack@g-api.service[100006]: [pid: 100006|app: 0|req: 126/385] 127.0.0.1 () {44 vars in 1055 bytes} [Mon Aug 17 18:23:01 2026] GET /v2/schemas/image => generated 6083 bytes in 9 msecs (HTTP/1.1 200) 4 headers in 158 bytes (1 switches on core 0)
Aug 17 18:23:02.094820 np0000007571 devstack@g-api.service[100008]: DEBUG glance.api.middleware.version_negotiation [None req-e6f13b04-b2b5-463d-851b-6a25a41607d1 tempest-ServerBootFromVolumeStableRescueTest-419393970 tempest-ServerBootFromVolumeStableRescueTest-419393970-project-member] Determining version of request: GET /v2/images/674ad517-89b5-4047-8300-8fe7b73758a5 Accept: application/json {{(pid=100008) process_request /opt/stack/glance/glance/api/middleware/version_negotiation.py:44}}
Aug 17 18:23:02.095463 np0000007571 devstack@g-api.service[100008]: DEBUG glance.api.middleware.version_negotiation [None req-e6f13b04-b2b5-463d-851b-6a25a41607d1 tempest-ServerBootFromVolumeStableRescueTest-419393970 tempest-ServerBootFromVolumeStableRescueTest-419393970-project-member] Using url versioning {{(pid=100008) process_request /opt/stack/glance/glance/api/middleware/version_negotiation.py:57}}
Aug 17 18:23:02.095568 np0000007571 devstack@g-api.service[100008]: DEBUG glance.api.middleware.version_negotiation [None req-e6f13b04-b2b5-463d-851b-6a25a41607d1 tempest-ServerBootFromVolumeStableRescueTest-419393970 tempest-ServerBootFromVolumeStableRescueTest-419393970-project-member] Matched version: v2 {{(pid=100008) process_request /opt/stack/glance/glance/api/middleware/version_negotiation.py:69}}
Aug 17 18:23:02.095715 np0000007571 devstack@g-api.service[100008]: DEBUG glance.api.middleware.version_negotiation [None req-e6f13b04-b2b5-463d-851b-6a25a41607d1 tempest-ServerBootFromVolumeStableRescueTest-419393970 tempest-ServerBootFromVolumeStableRescueTest-419393970-project-member] new path /v2/images/674ad517-89b5-4047-8300-8fe7b73758a5 {{(pid=100008) process_request /opt/stack/glance/glance/api/middleware/version_negotiation.py:70}}
Aug 17 18:23:02.111793 np0000007571 devstack@g-api.service[100008]: [pid: 100008|app: 0|req: 130/386] 127.0.0.1 () {40 vars in 838 bytes} [Mon Aug 17 18:23:02 2026] GET /v2/images/674ad517-89b5-4047-8300-8fe7b73758a5 => generated 1358 bytes in 17 msecs (HTTP/1.1 200) 4 headers in 158 bytes (1 switches on core 0)
Aug 17 18:23:02.716978 np0000007571 devstack@g-api.service[100007]: DEBUG glance.api.middleware.version_negotiation [None req-77897b32-3c76-486e-9bc2-a8c1ed3d6de2 tempest-ServerBootFromVolumeStableRescueTest-419393970 tempest-ServerBootFromVolumeStableRescueTest-419393970-project-member] Determining version of request: GET /v2/images/674ad517-89b5-4047-8300-8fe7b73758a5 Accept: */* {{(pid=100007) process_request /opt/stack/glance/glance/api/middleware/version_negotiation.py:44}}
Aug 17 18:23:02.716978 np0000007571 devstack@g-api.service[100007]: DEBUG glance.api.middleware.version_negotiation [None req-77897b32-3c76-486e-9bc2-a8c1ed3d6de2 tempest-ServerBootFromVolumeStableRescueTest-419393970 tempest-ServerBootFromVolumeStableRescueTest-419393970-project-member] Using url versioning {{(pid=100007) process_request /opt/stack/glance/glance/api/middleware/version_negotiation.py:57}}
Aug 17 18:23:02.716978 np0000007571 devstack@g-api.service[100007]: DEBUG glance.api.middleware.version_negotiation [None req-77897b32-3c76-486e-9bc2-a8c1ed3d6de2 tempest-ServerBootFromVolumeStableRescueTest-419393970 tempest-ServerBootFromVolumeStableRescueTest-419393970-project-member] Matched version: v2 {{(pid=100007) process_request /opt/stack/glance/glance/api/middleware/version_negotiation.py:69}}
Aug 17 18:23:02.716978 np0000007571 devstack@g-api.service[100007]: DEBUG glance.api.middleware.version_negotiation [None req-77897b32-3c76-486e-9bc2-a8c1ed3d6de2 tempest-ServerBootFromVolumeStableRescueTest-419393970 tempest-ServerBootFromVolumeStableRescueTest-419393970-project-member] new path /v2/images/674ad517-89b5-4047-8300-8fe7b73758a5 {{(pid=100007) process_request /opt/stack/glance/glance/api/middleware/version_negotiation.py:70}}
Aug 17 18:23:02.742623 np0000007571 devstack@g-api.service[100007]: [pid: 100007|app: 0|req: 131/387] 127.0.0.1 () {44 vars in 1115 bytes} [Mon Aug 17 18:23:02 2026] GET /v2/images/674ad517-89b5-4047-8300-8fe7b73758a5 => generated 1358 bytes in 26 msecs (HTTP/1.1 200) 4 headers in 158 bytes (1 switches on core 0)
Aug 17 18:23:02.839548 np0000007571 devstack@g-api.service[100006]: DEBUG glance.api.middleware.version_negotiation [None req-77897b32-3c76-486e-9bc2-a8c1ed3d6de2 tempest-ServerBootFromVolumeStableRescueTest-419393970 tempest-ServerBootFromVolumeStableRescueTest-419393970-project-member] Determining version of request: GET /v2/schemas/image Accept: */* {{(pid=100006) process_request /opt/stack/glance/glance/api/middleware/version_negotiation.py:44}}
Aug 17 18:23:02.839548 np0000007571 devstack@g-api.service[100006]: DEBUG glance.api.middleware.version_negotiation [None req-77897b32-3c76-486e-9bc2-a8c1ed3d6de2 tempest-ServerBootFromVolumeStableRescueTest-419393970 tempest-ServerBootFromVolumeStableRescueTest-419393970-project-member] Using url versioning {{(pid=100006) process_request /opt/stack/glance/glance/api/middleware/version_negotiation.py:57}}
Aug 17 18:23:02.839548 np0000007571 devstack@g-api.service[100006]: DEBUG glance.api.middleware.version_negotiation [None req-77897b32-3c76-486e-9bc2-a8c1ed3d6de2 tempest-ServerBootFromVolumeStableRescueTest-419393970 tempest-ServerBootFromVolumeStableRescueTest-419393970-project-member] Matched version: v2 {{(pid=100006) process_request /opt/stack/glance/glance/api/middleware/version_negotiation.py:69}}
Aug 17 18:23:02.839548 np0000007571 devstack@g-api.service[100006]: DEBUG glance.api.middleware.version_negotiation [None req-77897b32-3c76-486e-9bc2-a8c1ed3d6de2 tempest-ServerBootFromVolumeStableRescueTest-419393970 tempest-ServerBootFromVolumeStableRescueTest-419393970-project-member] new path /v2/schemas/image {{(pid=100006) process_request /opt/stack/glance/glance/api/middleware/version_negotiation.py:70}}
Aug 17 18:23:02.849163 np0000007571 devstack@g-api.service[100006]: [pid: 100006|app: 0|req: 127/388] 127.0.0.1 () {44 vars in 1055 bytes} [Mon Aug 17 18:23:02 2026] GET /v2/schemas/image => generated 6083 bytes in 8 msecs (HTTP/1.1 200) 4 headers in 158 bytes (1 switches on core 0)
Aug 17 18:23:02.900947 np0000007571 devstack@g-api.service[100008]: DEBUG glance.api.middleware.version_negotiation [None req-9903557a-1534-40d0-b77b-65f54273cddd tempest-ServerBootFromVolumeStableRescueTest-419393970 tempest-ServerBootFromVolumeStableRescueTest-419393970-project-member] Determining version of request: GET /v2/schemas/image Accept: */* {{(pid=100008) process_request /opt/stack/glance/glance/api/middleware/version_negotiation.py:44}}
Aug 17 18:23:02.901176 np0000007571 devstack@g-api.service[100008]: DEBUG glance.api.middleware.version_negotiation [None req-9903557a-1534-40d0-b77b-65f54273cddd tempest-ServerBootFromVolumeStableRescueTest-419393970 tempest-ServerBootFromVolumeStableRescueTest-419393970-project-member] Using url versioning {{(pid=100008) process_request /opt/stack/glance/glance/api/middleware/version_negotiation.py:57}}
Aug 17 18:23:02.901323 np0000007571 devstack@g-api.service[100008]: DEBUG glance.api.middleware.version_negotiation [None req-9903557a-1534-40d0-b77b-65f54273cddd tempest-ServerBootFromVolumeStableRescueTest-419393970 tempest-ServerBootFromVolumeStableRescueTest-419393970-project-member] Matched version: v2 {{(pid=100008) process_request /opt/stack/glance/glance/api/middleware/version_negotiation.py:69}}
Aug 17 18:23:02.901626 np0000007571 devstack@g-api.service[100008]: DEBUG glance.api.middleware.version_negotiation [None req-9903557a-1534-40d0-b77b-65f54273cddd tempest-ServerBootFromVolumeStableRescueTest-419393970 tempest-ServerBootFromVolumeStableRescueTest-419393970-project-member] new path /v2/schemas/image {{(pid=100008) process_request /opt/stack/glance/glance/api/middleware/version_negotiation.py:70}}
Aug 17 18:23:02.906328 np0000007571 devstack@g-api.service[100008]: [pid: 100008|app: 0|req: 131/389] 127.0.0.1 () {44 vars in 1055 bytes} [Mon Aug 17 18:23:02 2026] GET /v2/schemas/image => generated 6083 bytes in 5 msecs (HTTP/1.1 200) 4 headers in 158 bytes (1 switches on core 0)
Aug 17 18:23:02.962290 np0000007571 devstack@g-api.service[100007]: DEBUG glance.api.middleware.version_negotiation [None req-77897b32-3c76-486e-9bc2-a8c1ed3d6de2 tempest-ServerBootFromVolumeStableRescueTest-419393970 tempest-ServerBootFromVolumeStableRescueTest-419393970-project-member] Determining version of request: PATCH /v2/images/674ad517-89b5-4047-8300-8fe7b73758a5 Accept: */* {{(pid=100007) process_request /opt/stack/glance/glance/api/middleware/version_negotiation.py:44}}
Aug 17 18:23:02.962517 np0000007571 devstack@g-api.service[100007]: DEBUG glance.api.middleware.version_negotiation [None req-77897b32-3c76-486e-9bc2-a8c1ed3d6de2 tempest-ServerBootFromVolumeStableRescueTest-419393970 tempest-ServerBootFromVolumeStableRescueTest-419393970-project-member] Using url versioning {{(pid=100007) process_request /opt/stack/glance/glance/api/middleware/version_negotiation.py:57}}
Aug 17 18:23:02.962639 np0000007571 devstack@g-api.service[100007]: DEBUG glance.api.middleware.version_negotiation [None req-77897b32-3c76-486e-9bc2-a8c1ed3d6de2 tempest-ServerBootFromVolumeStableRescueTest-419393970 tempest-ServerBootFromVolumeStableRescueTest-419393970-project-member] Matched version: v2 {{(pid=100007) process_request /opt/stack/glance/glance/api/middleware/version_negotiation.py:69}}
Aug 17 18:23:02.962748 np0000007571 devstack@g-api.service[100007]: DEBUG glance.api.middleware.version_negotiation [None req-77897b32-3c76-486e-9bc2-a8c1ed3d6de2 tempest-ServerBootFromVolumeStableRescueTest-419393970 tempest-ServerBootFromVolumeStableRescueTest-419393970-project-member] new path /v2/images/674ad517-89b5-4047-8300-8fe7b73758a5 {{(pid=100007) process_request /opt/stack/glance/glance/api/middleware/version_negotiation.py:70}}
Aug 17 18:23:03.125614 np0000007571 devstack@g-api.service[100006]: DEBUG glance.api.middleware.version_negotiation [None req-77897b32-3c76-486e-9bc2-a8c1ed3d6de2 tempest-ServerBootFromVolumeStableRescueTest-419393970 tempest-ServerBootFromVolumeStableRescueTest-419393970-project-member] Determining version of request: GET /v2/images/674ad517-89b5-4047-8300-8fe7b73758a5 Accept: application/json {{(pid=100006) process_request /opt/stack/glance/glance/api/middleware/version_negotiation.py:44}}
Aug 17 18:23:03.125865 np0000007571 devstack@g-api.service[100006]: DEBUG glance.api.middleware.version_negotiation [None req-77897b32-3c76-486e-9bc2-a8c1ed3d6de2 tempest-ServerBootFromVolumeStableRescueTest-419393970 tempest-ServerBootFromVolumeStableRescueTest-419393970-project-member] Using url versioning {{(pid=100006) process_request /opt/stack/glance/glance/api/middleware/version_negotiation.py:57}}
Aug 17 18:23:03.125986 np0000007571 devstack@g-api.service[100006]: DEBUG glance.api.middleware.version_negotiation [None req-77897b32-3c76-486e-9bc2-a8c1ed3d6de2 tempest-ServerBootFromVolumeStableRescueTest-419393970 tempest-ServerBootFromVolumeStableRescueTest-419393970-project-member] Matched version: v2 {{(pid=100006) process_request /opt/stack/glance/glance/api/middleware/version_negotiation.py:69}}
Aug 17 18:23:03.126979 np0000007571 devstack@g-api.service[100006]: DEBUG glance.api.middleware.version_negotiation [None req-77897b32-3c76-486e-9bc2-a8c1ed3d6de2 tempest-ServerBootFromVolumeStableRescueTest-419393970 tempest-ServerBootFromVolumeStableRescueTest-419393970-project-member] new path /v2/images/674ad517-89b5-4047-8300-8fe7b73758a5 {{(pid=100006) process_request /opt/stack/glance/glance/api/middleware/version_negotiation.py:70}}
Aug 17 18:23:03.149876 np0000007571 devstack@g-api.service[100006]: [pid: 100006|app: 0|req: 128/390] 127.0.0.1 () {40 vars in 838 bytes} [Mon Aug 17 18:23:03 2026] GET /v2/images/674ad517-89b5-4047-8300-8fe7b73758a5 => generated 1358 bytes in 24 msecs (HTTP/1.1 200) 4 headers in 158 bytes (1 switches on core 0)
Aug 17 18:23:03.177148 np0000007571 devstack@g-api.service[100007]: [pid: 100007|app: 0|req: 132/391] 127.0.0.1 () {46 vars in 1158 bytes} [Mon Aug 17 18:23:02 2026] PATCH /v2/images/674ad517-89b5-4047-8300-8fe7b73758a5 => generated 1469 bytes in 215 msecs (HTTP/1.1 200) 4 headers in 158 bytes (1 switches on core 0)
Aug 17 18:23:03.232560 np0000007571 devstack@g-api.service[100008]: DEBUG glance.api.middleware.version_negotiation [None req-77897b32-3c76-486e-9bc2-a8c1ed3d6de2 tempest-ServerBootFromVolumeStableRescueTest-419393970 tempest-ServerBootFromVolumeStableRescueTest-419393970-project-member] Determining version of request: GET /v2/images/674ad517-89b5-4047-8300-8fe7b73758a5 Accept: */* {{(pid=100008) process_request /opt/stack/glance/glance/api/middleware/version_negotiation.py:44}}
Aug 17 18:23:03.232560 np0000007571 devstack@g-api.service[100008]: DEBUG glance.api.middleware.version_negotiation [None req-77897b32-3c76-486e-9bc2-a8c1ed3d6de2 tempest-ServerBootFromVolumeStableRescueTest-419393970 tempest-ServerBootFromVolumeStableRescueTest-419393970-project-member] Using url versioning {{(pid=100008) process_request /opt/stack/glance/glance/api/middleware/version_negotiation.py:57}}
Aug 17 18:23:03.232560 np0000007571 devstack@g-api.service[100008]: DEBUG glance.api.middleware.version_negotiation [None req-77897b32-3c76-486e-9bc2-a8c1ed3d6de2 tempest-ServerBootFromVolumeStableRescueTest-419393970 tempest-ServerBootFromVolumeStableRescueTest-419393970-project-member] Matched version: v2 {{(pid=100008) process_request /opt/stack/glance/glance/api/middleware/version_negotiation.py:69}}
Aug 17 18:23:03.233167 np0000007571 devstack@g-api.service[100008]: DEBUG glance.api.middleware.version_negotiation [None req-77897b32-3c76-486e-9bc2-a8c1ed3d6de2 tempest-ServerBootFromVolumeStableRescueTest-419393970 tempest-ServerBootFromVolumeStableRescueTest-419393970-project-member] new path /v2/images/674ad517-89b5-4047-8300-8fe7b73758a5 {{(pid=100008) process_request /opt/stack/glance/glance/api/middleware/version_negotiation.py:70}}
Aug 17 18:23:03.259435 np0000007571 devstack@g-api.service[100008]: [pid: 100008|app: 0|req: 132/392] 127.0.0.1 () {44 vars in 1115 bytes} [Mon Aug 17 18:23:03 2026] GET /v2/images/674ad517-89b5-4047-8300-8fe7b73758a5 => generated 1469 bytes in 27 msecs (HTTP/1.1 200) 4 headers in 158 bytes (1 switches on core 0)
Aug 17 18:23:03.302652 np0000007571 devstack@g-api.service[100006]: DEBUG glance.api.middleware.version_negotiation [None req-e9d91754-196c-4af4-8088-bbf7ac95e51f tempest-ServerBootFromVolumeStableRescueTest-419393970 tempest-ServerBootFromVolumeStableRescueTest-419393970-project-member] Determining version of request: PUT /v2/images/674ad517-89b5-4047-8300-8fe7b73758a5/file Accept: */* {{(pid=100006) process_request /opt/stack/glance/glance/api/middleware/version_negotiation.py:44}}
Aug 17 18:23:03.302807 np0000007571 devstack@g-api.service[100006]: DEBUG glance.api.middleware.version_negotiation [None req-e9d91754-196c-4af4-8088-bbf7ac95e51f tempest-ServerBootFromVolumeStableRescueTest-419393970 tempest-ServerBootFromVolumeStableRescueTest-419393970-project-member] Using url versioning {{(pid=100006) process_request /opt/stack/glance/glance/api/middleware/version_negotiation.py:57}}
Aug 17 18:23:03.303443 np0000007571 devstack@g-api.service[100006]: DEBUG glance.api.middleware.version_negotiation [None req-e9d91754-196c-4af4-8088-bbf7ac95e51f tempest-ServerBootFromVolumeStableRescueTest-419393970 tempest-ServerBootFromVolumeStableRescueTest-419393970-project-member] Matched version: v2 {{(pid=100006) process_request /opt/stack/glance/glance/api/middleware/version_negotiation.py:69}}
Aug 17 18:23:03.303443 np0000007571 devstack@g-api.service[100006]: DEBUG glance.api.middleware.version_negotiation [None req-e9d91754-196c-4af4-8088-bbf7ac95e51f tempest-ServerBootFromVolumeStableRescueTest-419393970 tempest-ServerBootFromVolumeStableRescueTest-419393970-project-member] new path /v2/images/674ad517-89b5-4047-8300-8fe7b73758a5/file {{(pid=100006) process_request /opt/stack/glance/glance/api/middleware/version_negotiation.py:70}}
Aug 17 18:23:04.092669 np0000007571 devstack@g-api.service[100006]: INFO glance.api.v2.image_data [None req-77897b32-3c76-486e-9bc2-a8c1ed3d6de2 tempest-ServerBootFromVolumeStableRescueTest-419393970 tempest-ServerBootFromVolumeStableRescueTest-419393970-project-member] Unable to create trust: no such option collect_timing in group [keystone_authtoken] Use the existing user token.
Aug 17 18:23:04.163161 np0000007571 devstack@g-api.service[100007]: DEBUG glance.api.middleware.version_negotiation [None req-77897b32-3c76-486e-9bc2-a8c1ed3d6de2 tempest-ServerBootFromVolumeStableRescueTest-419393970 tempest-ServerBootFromVolumeStableRescueTest-419393970-project-member] Determining version of request: GET /v2/images/674ad517-89b5-4047-8300-8fe7b73758a5 Accept: application/json {{(pid=100007) process_request /opt/stack/glance/glance/api/middleware/version_negotiation.py:44}}
Aug 17 18:23:04.163703 np0000007571 devstack@g-api.service[100007]: DEBUG glance.api.middleware.version_negotiation [None req-77897b32-3c76-486e-9bc2-a8c1ed3d6de2 tempest-ServerBootFromVolumeStableRescueTest-419393970 tempest-ServerBootFromVolumeStableRescueTest-419393970-project-member] Using url versioning {{(pid=100007) process_request /opt/stack/glance/glance/api/middleware/version_negotiation.py:57}}
Aug 17 18:23:04.163703 np0000007571 devstack@g-api.service[100007]: DEBUG glance.api.middleware.version_negotiation [None req-77897b32-3c76-486e-9bc2-a8c1ed3d6de2 tempest-ServerBootFromVolumeStableRescueTest-419393970 tempest-ServerBootFromVolumeStableRescueTest-419393970-project-member] Matched version: v2 {{(pid=100007) process_request /opt/stack/glance/glance/api/middleware/version_negotiation.py:69}}
Aug 17 18:23:04.163797 np0000007571 devstack@g-api.service[100007]: DEBUG glance.api.middleware.version_negotiation [None req-77897b32-3c76-486e-9bc2-a8c1ed3d6de2 tempest-ServerBootFromVolumeStableRescueTest-419393970 tempest-ServerBootFromVolumeStableRescueTest-419393970-project-member] new path /v2/images/674ad517-89b5-4047-8300-8fe7b73758a5 {{(pid=100007) process_request /opt/stack/glance/glance/api/middleware/version_negotiation.py:70}}
Aug 17 18:23:04.179444 np0000007571 devstack@g-api.service[100007]: [pid: 100007|app: 0|req: 133/393] 127.0.0.1 () {40 vars in 838 bytes} [Mon Aug 17 18:23:04 2026] GET /v2/images/674ad517-89b5-4047-8300-8fe7b73758a5 => generated 1469 bytes in 17 msecs (HTTP/1.1 200) 4 headers in 158 bytes (1 switches on core 0)
Aug 17 18:23:04.727248 np0000007571 devstack@g-api.service[100006]: DEBUG glance.location [None req-77897b32-3c76-486e-9bc2-a8c1ed3d6de2 tempest-ServerBootFromVolumeStableRescueTest-419393970 tempest-ServerBootFromVolumeStableRescueTest-419393970-project-member] Enabling in-flight format inspection for qcow2 {{(pid=100006) set_data /opt/stack/glance/glance/location.py:596}}
Aug 17 18:23:04.727806 np0000007571 devstack@g-api.service[100006]: DEBUG glance_store.backend [None req-77897b32-3c76-486e-9bc2-a8c1ed3d6de2 tempest-ServerBootFromVolumeStableRescueTest-419393970 tempest-ServerBootFromVolumeStableRescueTest-419393970-project-member] Attempting to import store swift {{(pid=100006) _load_store /opt/stack/data/venv/lib/python3.12/site-packages/glance_store/backend.py:215}}
Aug 17 18:23:04.729798 np0000007571 devstack@g-api.service[100006]: DEBUG glance_store.capabilities [None req-77897b32-3c76-486e-9bc2-a8c1ed3d6de2 tempest-ServerBootFromVolumeStableRescueTest-419393970 tempest-ServerBootFromVolumeStableRescueTest-419393970-project-member] Store glance_store._drivers.swift.store.SingleTenantStore doesn't support updating dynamic storage capabilities. Please overwrite 'update_capabilities' method of the store to implement updating logics if needed. {{(pid=100006) update_capabilities /opt/stack/data/venv/lib/python3.12/site-packages/glance_store/capabilities.py:91}}
Aug 17 18:23:04.730106 np0000007571 devstack@g-api.service[100006]: DEBUG glance_store.driver [None req-77897b32-3c76-486e-9bc2-a8c1ed3d6de2 tempest-ServerBootFromVolumeStableRescueTest-419393970 tempest-ServerBootFromVolumeStableRescueTest-419393970-project-member] Late loading location class glance_store._drivers.swift.store.StoreLocation {{(pid=100006) get_store_location_class /opt/stack/data/venv/lib/python3.12/site-packages/glance_store/driver.py:134}}
Aug 17 18:23:04.730106 np0000007571 devstack@g-api.service[100006]: DEBUG glance_store.location [None req-77897b32-3c76-486e-9bc2-a8c1ed3d6de2 tempest-ServerBootFromVolumeStableRescueTest-419393970 tempest-ServerBootFromVolumeStableRescueTest-419393970-project-member] Registering scheme swift+https with {'store': , 'location_class': , 'store_entry': 'swift'} {{(pid=100006) register_scheme_map /opt/stack/data/venv/lib/python3.12/site-packages/glance_store/location.py:146}}
Aug 17 18:23:04.730261 np0000007571 devstack@g-api.service[100006]: DEBUG glance_store.location [None req-77897b32-3c76-486e-9bc2-a8c1ed3d6de2 tempest-ServerBootFromVolumeStableRescueTest-419393970 tempest-ServerBootFromVolumeStableRescueTest-419393970-project-member] Registering scheme swift+https with {'store': , 'location_class': , 'store_entry': 'swift'} {{(pid=100006) register_scheme_map /opt/stack/data/venv/lib/python3.12/site-packages/glance_store/location.py:146}}
Aug 17 18:23:04.730469 np0000007571 devstack@g-api.service[100006]: DEBUG glance_store.location [None req-77897b32-3c76-486e-9bc2-a8c1ed3d6de2 tempest-ServerBootFromVolumeStableRescueTest-419393970 tempest-ServerBootFromVolumeStableRescueTest-419393970-project-member] Registering scheme swift with {'store': , 'location_class': , 'store_entry': 'swift'} {{(pid=100006) register_scheme_map /opt/stack/data/venv/lib/python3.12/site-packages/glance_store/location.py:146}}
Aug 17 18:23:04.730469 np0000007571 devstack@g-api.service[100006]: DEBUG glance_store.location [None req-77897b32-3c76-486e-9bc2-a8c1ed3d6de2 tempest-ServerBootFromVolumeStableRescueTest-419393970 tempest-ServerBootFromVolumeStableRescueTest-419393970-project-member] Registering scheme swift+https with {'store': , 'location_class': , 'store_entry': 'swift'} {{(pid=100006) register_scheme_map /opt/stack/data/venv/lib/python3.12/site-packages/glance_store/location.py:146}}
Aug 17 18:23:04.730581 np0000007571 devstack@g-api.service[100006]: DEBUG glance_store.location [None req-77897b32-3c76-486e-9bc2-a8c1ed3d6de2 tempest-ServerBootFromVolumeStableRescueTest-419393970 tempest-ServerBootFromVolumeStableRescueTest-419393970-project-member] Registering scheme swift with {'store': , 'location_class': , 'store_entry': 'swift'} {{(pid=100006) register_scheme_map /opt/stack/data/venv/lib/python3.12/site-packages/glance_store/location.py:146}}
Aug 17 18:23:04.730736 np0000007571 devstack@g-api.service[100006]: DEBUG glance_store.location [None req-77897b32-3c76-486e-9bc2-a8c1ed3d6de2 tempest-ServerBootFromVolumeStableRescueTest-419393970 tempest-ServerBootFromVolumeStableRescueTest-419393970-project-member] Registering scheme swift+http with {'store': , 'location_class': , 'store_entry': 'swift'} {{(pid=100006) register_scheme_map /opt/stack/data/venv/lib/python3.12/site-packages/glance_store/location.py:146}}
Aug 17 18:23:04.730814 np0000007571 devstack@g-api.service[100006]: DEBUG glance_store.location [None req-77897b32-3c76-486e-9bc2-a8c1ed3d6de2 tempest-ServerBootFromVolumeStableRescueTest-419393970 tempest-ServerBootFromVolumeStableRescueTest-419393970-project-member] Registering scheme swift+https with {'store': , 'location_class': , 'store_entry': 'swift'} {{(pid=100006) register_scheme_map /opt/stack/data/venv/lib/python3.12/site-packages/glance_store/location.py:146}}
Aug 17 18:23:04.730869 np0000007571 devstack@g-api.service[100006]: DEBUG glance_store.location [None req-77897b32-3c76-486e-9bc2-a8c1ed3d6de2 tempest-ServerBootFromVolumeStableRescueTest-419393970 tempest-ServerBootFromVolumeStableRescueTest-419393970-project-member] Registering scheme swift with {'store': , 'location_class': , 'store_entry': 'swift'} {{(pid=100006) register_scheme_map /opt/stack/data/venv/lib/python3.12/site-packages/glance_store/location.py:146}}
Aug 17 18:23:04.731441 np0000007571 devstack@g-api.service[100006]: DEBUG glance_store.location [None req-77897b32-3c76-486e-9bc2-a8c1ed3d6de2 tempest-ServerBootFromVolumeStableRescueTest-419393970 tempest-ServerBootFromVolumeStableRescueTest-419393970-project-member] Registering scheme swift+http with {'store': , 'location_class': , 'store_entry': 'swift'} {{(pid=100006) register_scheme_map /opt/stack/data/venv/lib/python3.12/site-packages/glance_store/location.py:146}}
Aug 17 18:23:04.731441 np0000007571 devstack@g-api.service[100006]: DEBUG glance_store.location [None req-77897b32-3c76-486e-9bc2-a8c1ed3d6de2 tempest-ServerBootFromVolumeStableRescueTest-419393970 tempest-ServerBootFromVolumeStableRescueTest-419393970-project-member] Registering scheme swift+config with {'store': , 'location_class': , 'store_entry': 'swift'} {{(pid=100006) register_scheme_map /opt/stack/data/venv/lib/python3.12/site-packages/glance_store/location.py:146}}
Aug 17 18:23:05.067699 np0000007571 devstack@g-api.service[100006]: DEBUG swiftclient [None req-77897b32-3c76-486e-9bc2-a8c1ed3d6de2 tempest-ServerBootFromVolumeStableRescueTest-419393970 tempest-ServerBootFromVolumeStableRescueTest-419393970-project-member] REQ: curl -i https://10.4.3.122:8080/v1/AUTH_784b57afe3e84e459715ee6d3a4f3625/glance -I -H "X-Auth-Token: gAAAAABqg1GITVLO..." {{(pid=100006) http_log /opt/stack/data/venv/lib/python3.12/site-packages/swiftclient/client.py:160}}
Aug 17 18:23:05.067927 np0000007571 devstack@g-api.service[100006]: DEBUG swiftclient [None req-77897b32-3c76-486e-9bc2-a8c1ed3d6de2 tempest-ServerBootFromVolumeStableRescueTest-419393970 tempest-ServerBootFromVolumeStableRescueTest-419393970-project-member] RESP STATUS: 204 No Content {{(pid=100006) http_log /opt/stack/data/venv/lib/python3.12/site-packages/swiftclient/client.py:161}}
Aug 17 18:23:05.068220 np0000007571 devstack@g-api.service[100006]: DEBUG swiftclient [None req-77897b32-3c76-486e-9bc2-a8c1ed3d6de2 tempest-ServerBootFromVolumeStableRescueTest-419393970 tempest-ServerBootFromVolumeStableRescueTest-419393970-project-member] RESP HEADERS: {'Date': 'Mon, 17 Aug 2026 18:23:05 GMT', 'Server': 'Apache/2.4.58 (Ubuntu)', 'Content-Type': 'text/plain; charset=utf-8', 'X-Container-Object-Count': '3', 'X-Container-Bytes-Used': '64356352', 'X-Timestamp': '1786990548.79799', 'Last-Modified': 'Mon, 17 Aug 2026 18:15:49 GMT', 'Accept-Ranges': 'bytes', 'X-Storage-Policy': 'Policy-0', 'X-Container-Sharding': 'False', 'Vary': 'Accept', 'X-Trans-Id': 'tx403668c39c914bb498f4d-006a835188', 'X-Openstack-Request-Id': 'tx403668c39c914bb498f4d-006a835188', 'Connection': 'close'} {{(pid=100006) http_log /opt/stack/data/venv/lib/python3.12/site-packages/swiftclient/client.py:162}}
Aug 17 18:23:05.069533 np0000007571 devstack@g-api.service[100006]: DEBUG glance_store._drivers.swift.store [None req-77897b32-3c76-486e-9bc2-a8c1ed3d6de2 tempest-ServerBootFromVolumeStableRescueTest-419393970 tempest-ServerBootFromVolumeStableRescueTest-419393970-project-member] Adding image object '674ad517-89b5-4047-8300-8fe7b73758a5' to Swift {{(pid=100006) add /opt/stack/data/venv/lib/python3.12/site-packages/glance_store/_drivers/swift/store.py:970}}
Aug 17 18:23:05.069533 np0000007571 devstack@g-api.service[100006]: DEBUG glance_store._drivers.swift.store [None req-77897b32-3c76-486e-9bc2-a8c1ed3d6de2 tempest-ServerBootFromVolumeStableRescueTest-419393970 tempest-ServerBootFromVolumeStableRescueTest-419393970-project-member] Cannot determine image size because it is either not provided in the request or chunked-transfer encoding is used. Adding image as a segmented object to Swift. {{(pid=100006) add /opt/stack/data/venv/lib/python3.12/site-packages/glance_store/_drivers/swift/store.py:994}}
Aug 17 18:23:05.085340 np0000007571 devstack@g-api.service[100006]: DEBUG oslo_utils.imageutils.format_inspector [None req-77897b32-3c76-486e-9bc2-a8c1ed3d6de2 tempest-ServerBootFromVolumeStableRescueTest-419393970 tempest-ServerBootFromVolumeStableRescueTest-419393970-project-member] Format inspector for vmdk does not match, excluding from consideration (Signature KDMV not found: b'QFI\xfb') {{(pid=100006) _process_chunk /opt/stack/data/venv/lib/python3.12/site-packages/oslo_utils/imageutils/format_inspector.py:1758}}
Aug 17 18:23:05.091406 np0000007571 devstack@g-api.service[100006]: DEBUG oslo_utils.imageutils.format_inspector [None req-77897b32-3c76-486e-9bc2-a8c1ed3d6de2 tempest-ServerBootFromVolumeStableRescueTest-419393970 tempest-ServerBootFromVolumeStableRescueTest-419393970-project-member] Format inspector for vhdx does not match, excluding from consideration (Region signature not found at 30000) {{(pid=100006) _process_chunk /opt/stack/data/venv/lib/python3.12/site-packages/oslo_utils/imageutils/format_inspector.py:1758}}
Aug 17 18:23:05.189602 np0000007571 devstack@g-api.service[100008]: DEBUG glance.api.middleware.version_negotiation [None req-77897b32-3c76-486e-9bc2-a8c1ed3d6de2 tempest-ServerBootFromVolumeStableRescueTest-419393970 tempest-ServerBootFromVolumeStableRescueTest-419393970-project-member] Determining version of request: GET /v2/images/674ad517-89b5-4047-8300-8fe7b73758a5 Accept: application/json {{(pid=100008) process_request /opt/stack/glance/glance/api/middleware/version_negotiation.py:44}}
Aug 17 18:23:05.190075 np0000007571 devstack@g-api.service[100008]: DEBUG glance.api.middleware.version_negotiation [None req-77897b32-3c76-486e-9bc2-a8c1ed3d6de2 tempest-ServerBootFromVolumeStableRescueTest-419393970 tempest-ServerBootFromVolumeStableRescueTest-419393970-project-member] Using url versioning {{(pid=100008) process_request /opt/stack/glance/glance/api/middleware/version_negotiation.py:57}}
Aug 17 18:23:05.190075 np0000007571 devstack@g-api.service[100008]: DEBUG glance.api.middleware.version_negotiation [None req-77897b32-3c76-486e-9bc2-a8c1ed3d6de2 tempest-ServerBootFromVolumeStableRescueTest-419393970 tempest-ServerBootFromVolumeStableRescueTest-419393970-project-member] Matched version: v2 {{(pid=100008) process_request /opt/stack/glance/glance/api/middleware/version_negotiation.py:69}}
Aug 17 18:23:05.190075 np0000007571 devstack@g-api.service[100008]: DEBUG glance.api.middleware.version_negotiation [None req-77897b32-3c76-486e-9bc2-a8c1ed3d6de2 tempest-ServerBootFromVolumeStableRescueTest-419393970 tempest-ServerBootFromVolumeStableRescueTest-419393970-project-member] new path /v2/images/674ad517-89b5-4047-8300-8fe7b73758a5 {{(pid=100008) process_request /opt/stack/glance/glance/api/middleware/version_negotiation.py:70}}
Aug 17 18:23:05.211238 np0000007571 devstack@g-api.service[100008]: [pid: 100008|app: 0|req: 133/394] 127.0.0.1 () {40 vars in 838 bytes} [Mon Aug 17 18:23:05 2026] GET /v2/images/674ad517-89b5-4047-8300-8fe7b73758a5 => generated 1469 bytes in 20 msecs (HTTP/1.1 200) 4 headers in 158 bytes (1 switches on core 0)
Aug 17 18:23:05.463396 np0000007571 devstack@g-api.service[100006]: DEBUG swiftclient [None req-77897b32-3c76-486e-9bc2-a8c1ed3d6de2 tempest-ServerBootFromVolumeStableRescueTest-419393970 tempest-ServerBootFromVolumeStableRescueTest-419393970-project-member] REQ: curl -i https://10.4.3.122:8080/v1/AUTH_784b57afe3e84e459715ee6d3a4f3625/glance/674ad517-89b5-4047-8300-8fe7b73758a5-00001 -X PUT -H "X-Auth-Token: gAAAAABqg1GITVLO..." {{(pid=100006) http_log /opt/stack/data/venv/lib/python3.12/site-packages/swiftclient/client.py:160}}
Aug 17 18:23:05.463782 np0000007571 devstack@g-api.service[100006]: DEBUG swiftclient [None req-77897b32-3c76-486e-9bc2-a8c1ed3d6de2 tempest-ServerBootFromVolumeStableRescueTest-419393970 tempest-ServerBootFromVolumeStableRescueTest-419393970-project-member] RESP STATUS: 201 Created {{(pid=100006) http_log /opt/stack/data/venv/lib/python3.12/site-packages/swiftclient/client.py:161}}
Aug 17 18:23:05.464079 np0000007571 devstack@g-api.service[100006]: DEBUG swiftclient [None req-77897b32-3c76-486e-9bc2-a8c1ed3d6de2 tempest-ServerBootFromVolumeStableRescueTest-419393970 tempest-ServerBootFromVolumeStableRescueTest-419393970-project-member] RESP HEADERS: {'Date': 'Mon, 17 Aug 2026 18:23:05 GMT', 'Server': 'Apache/2.4.58 (Ubuntu)', 'Content-Type': 'text/html; charset=UTF-8', 'Content-Length': '0', 'Etag': '4fa343ee581d8d2e78533191fd1ac3e1', 'Last-Modified': 'Mon, 17 Aug 2026 18:23:06 GMT', 'X-Trans-Id': 'tx47a8892ad56047adb8415-006a835189', 'X-Openstack-Request-Id': 'tx47a8892ad56047adb8415-006a835189', 'Connection': 'close'} {{(pid=100006) http_log /opt/stack/data/venv/lib/python3.12/site-packages/swiftclient/client.py:162}}
Aug 17 18:23:05.464788 np0000007571 devstack@g-api.service[100006]: DEBUG glance_store._drivers.swift.store [None req-77897b32-3c76-486e-9bc2-a8c1ed3d6de2 tempest-ServerBootFromVolumeStableRescueTest-419393970 tempest-ServerBootFromVolumeStableRescueTest-419393970-project-member] Wrote chunk 674ad517-89b5-4047-8300-8fe7b73758a5-00001 (1/?) of length 23527424 to Swift returning MD5 of content: 4fa343ee581d8d2e78533191fd1ac3e1 {{(pid=100006) add /opt/stack/data/venv/lib/python3.12/site-packages/glance_store/_drivers/swift/store.py:1059}}
