Aug 17 18:15:19.958014 np0000007571 nova-scheduler[93709]: DEBUG cotyledon.oslo_config_glue [-] oslo_messaging_rabbit.rabbit_qos_prefetch_count = 0 {{(pid=93709) log_opt_values /opt/stack/data/venv/lib/python3.12/site-packages/oslo_config/cfg.py:3560}}
Aug 17 18:15:19.958014 np0000007571 nova-scheduler[93709]: DEBUG cotyledon.oslo_config_glue [-] oslo_messaging_rabbit.rabbit_quorum_delivery_limit = 0 {{(pid=93709) log_opt_values /opt/stack/data/venv/lib/python3.12/site-packages/oslo_config/cfg.py:3560}}
Aug 17 18:15:19.958014 np0000007571 nova-scheduler[93709]: DEBUG cotyledon.oslo_config_glue [-] oslo_messaging_rabbit.rabbit_quorum_max_memory_bytes = 0 {{(pid=93709) log_opt_values /opt/stack/data/venv/lib/python3.12/site-packages/oslo_config/cfg.py:3560}}
Aug 17 18:15:19.958177 np0000007571 nova-scheduler[93709]: DEBUG cotyledon.oslo_config_glue [-] oslo_messaging_rabbit.rabbit_quorum_max_memory_length = 0 {{(pid=93709) log_opt_values /opt/stack/data/venv/lib/python3.12/site-packages/oslo_config/cfg.py:3560}}
Aug 17 18:15:19.958177 np0000007571 nova-scheduler[93709]: DEBUG cotyledon.oslo_config_glue [-] oslo_messaging_rabbit.rabbit_quorum_queue = False {{(pid=93709) log_opt_values /opt/stack/data/venv/lib/python3.12/site-packages/oslo_config/cfg.py:3560}}
Aug 17 18:15:19.958177 np0000007571 nova-scheduler[93709]: DEBUG cotyledon.oslo_config_glue [-] oslo_messaging_rabbit.rabbit_retry_backoff = 2 {{(pid=93709) log_opt_values /opt/stack/data/venv/lib/python3.12/site-packages/oslo_config/cfg.py:3560}}
Aug 17 18:15:19.958177 np0000007571 nova-scheduler[93709]: DEBUG cotyledon.oslo_config_glue [-] oslo_messaging_rabbit.rabbit_retry_interval = 1 {{(pid=93709) log_opt_values /opt/stack/data/venv/lib/python3.12/site-packages/oslo_config/cfg.py:3560}}
Aug 17 18:15:19.958177 np0000007571 nova-scheduler[93709]: DEBUG cotyledon.oslo_config_glue [-] oslo_messaging_rabbit.rabbit_stream_fanout = False {{(pid=93709) log_opt_values /opt/stack/data/venv/lib/python3.12/site-packages/oslo_config/cfg.py:3560}}
Aug 17 18:15:19.958177 np0000007571 nova-scheduler[93709]: DEBUG cotyledon.oslo_config_glue [-] oslo_messaging_rabbit.rabbit_transient_queues_ttl = 1800 {{(pid=93709) log_opt_values /opt/stack/data/venv/lib/python3.12/site-packages/oslo_config/cfg.py:3560}}
Aug 17 18:15:19.958177 np0000007571 nova-scheduler[93709]: DEBUG cotyledon.oslo_config_glue [-] oslo_messaging_rabbit.rabbit_transient_quorum_queue = False {{(pid=93709) log_opt_values /opt/stack/data/venv/lib/python3.12/site-packages/oslo_config/cfg.py:3560}}
Aug 17 18:15:19.958177 np0000007571 nova-scheduler[93709]: DEBUG cotyledon.oslo_config_glue [-] oslo_messaging_rabbit.rpc_conn_pool_size = 30 {{(pid=93709) log_opt_values /opt/stack/data/venv/lib/python3.12/site-packages/oslo_config/cfg.py:3560}}
Aug 17 18:15:19.958177 np0000007571 nova-scheduler[93709]: DEBUG cotyledon.oslo_config_glue [-] oslo_messaging_rabbit.ssl = False {{(pid=93709) log_opt_values /opt/stack/data/venv/lib/python3.12/site-packages/oslo_config/cfg.py:3560}}
Aug 17 18:15:19.958356 np0000007571 nova-scheduler[93709]: DEBUG cotyledon.oslo_config_glue [-] oslo_messaging_rabbit.ssl_ca_file = {{(pid=93709) log_opt_values /opt/stack/data/venv/lib/python3.12/site-packages/oslo_config/cfg.py:3560}}
Aug 17 18:15:19.958356 np0000007571 nova-scheduler[93709]: DEBUG cotyledon.oslo_config_glue [-] oslo_messaging_rabbit.ssl_cert_file = {{(pid=93709) log_opt_values /opt/stack/data/venv/lib/python3.12/site-packages/oslo_config/cfg.py:3560}}
Aug 17 18:15:19.958356 np0000007571 nova-scheduler[93709]: DEBUG cotyledon.oslo_config_glue [-] oslo_messaging_rabbit.ssl_enforce_fips_mode = False {{(pid=93709) log_opt_values /opt/stack/data/venv/lib/python3.12/site-packages/oslo_config/cfg.py:3560}}
Aug 17 18:15:19.958356 np0000007571 nova-scheduler[93709]: DEBUG cotyledon.oslo_config_glue [-] oslo_messaging_rabbit.ssl_enforce_hostname_verification = True {{(pid=93709) log_opt_values /opt/stack/data/venv/lib/python3.12/site-packages/oslo_config/cfg.py:3560}}
Aug 17 18:15:19.958356 np0000007571 nova-scheduler[93709]: DEBUG cotyledon.oslo_config_glue [-] oslo_messaging_rabbit.ssl_key_file = {{(pid=93709) log_opt_values /opt/stack/data/venv/lib/python3.12/site-packages/oslo_config/cfg.py:3560}}
Aug 17 18:15:19.958356 np0000007571 nova-scheduler[93709]: DEBUG cotyledon.oslo_config_glue [-] oslo_messaging_rabbit.ssl_version = {{(pid=93709) log_opt_values /opt/stack/data/venv/lib/python3.12/site-packages/oslo_config/cfg.py:3560}}
Aug 17 18:15:19.958356 np0000007571 nova-scheduler[93709]: DEBUG cotyledon.oslo_config_glue [-] oslo_messaging_rabbit.use_queue_manager = False {{(pid=93709) log_opt_values /opt/stack/data/venv/lib/python3.12/site-packages/oslo_config/cfg.py:3560}}
Aug 17 18:15:19.958356 np0000007571 nova-scheduler[93709]: DEBUG cotyledon.oslo_config_glue [-] oslo_messaging_notifications.driver = ['messagingv2'] {{(pid=93709) log_opt_values /opt/stack/data/venv/lib/python3.12/site-packages/oslo_config/cfg.py:3560}}
Aug 17 18:15:19.958356 np0000007571 nova-scheduler[93709]: DEBUG cotyledon.oslo_config_glue [-] oslo_messaging_notifications.retry = -1 {{(pid=93709) log_opt_values /opt/stack/data/venv/lib/python3.12/site-packages/oslo_config/cfg.py:3560}}
Aug 17 18:15:19.958601 np0000007571 nova-scheduler[93709]: DEBUG cotyledon.oslo_config_glue [-] oslo_messaging_notifications.topics = ['notifications'] {{(pid=93709) log_opt_values /opt/stack/data/venv/lib/python3.12/site-packages/oslo_config/cfg.py:3560}}
Aug 17 18:15:19.958601 np0000007571 nova-scheduler[93709]: DEBUG cotyledon.oslo_config_glue [-] oslo_messaging_notifications.transport_url = **** {{(pid=93709) log_opt_values /opt/stack/data/venv/lib/python3.12/site-packages/oslo_config/cfg.py:3560}}
Aug 17 18:15:19.958601 np0000007571 nova-scheduler[93709]: DEBUG cotyledon.oslo_config_glue [-] oslo_limit.auth_section = None {{(pid=93709) log_opt_values /opt/stack/data/venv/lib/python3.12/site-packages/oslo_config/cfg.py:3560}}
Aug 17 18:15:19.958601 np0000007571 nova-scheduler[93709]: DEBUG cotyledon.oslo_config_glue [-] oslo_limit.auth_type = None {{(pid=93709) log_opt_values /opt/stack/data/venv/lib/python3.12/site-packages/oslo_config/cfg.py:3560}}
Aug 17 18:15:19.958601 np0000007571 nova-scheduler[93709]: DEBUG cotyledon.oslo_config_glue [-] oslo_limit.cafile = None {{(pid=93709) log_opt_values /opt/stack/data/venv/lib/python3.12/site-packages/oslo_config/cfg.py:3560}}
Aug 17 18:15:19.958601 np0000007571 nova-scheduler[93709]: DEBUG cotyledon.oslo_config_glue [-] oslo_limit.certfile = None {{(pid=93709) log_opt_values /opt/stack/data/venv/lib/python3.12/site-packages/oslo_config/cfg.py:3560}}
Aug 17 18:15:19.958601 np0000007571 nova-scheduler[93709]: DEBUG cotyledon.oslo_config_glue [-] oslo_limit.collect_timing = False {{(pid=93709) log_opt_values /opt/stack/data/venv/lib/python3.12/site-packages/oslo_config/cfg.py:3560}}
Aug 17 18:15:19.958601 np0000007571 nova-scheduler[93709]: DEBUG cotyledon.oslo_config_glue [-] oslo_limit.connect_retries = None {{(pid=93709) log_opt_values /opt/stack/data/venv/lib/python3.12/site-packages/oslo_config/cfg.py:3560}}
Aug 17 18:15:19.958601 np0000007571 nova-scheduler[93709]: DEBUG cotyledon.oslo_config_glue [-] oslo_limit.connect_retry_delay = None {{(pid=93709) log_opt_values /opt/stack/data/venv/lib/python3.12/site-packages/oslo_config/cfg.py:3560}}
Aug 17 18:15:19.958817 np0000007571 nova-scheduler[93709]: DEBUG cotyledon.oslo_config_glue [-] oslo_limit.endpoint_id = None {{(pid=93709) log_opt_values /opt/stack/data/venv/lib/python3.12/site-packages/oslo_config/cfg.py:3560}}
Aug 17 18:15:19.958817 np0000007571 nova-scheduler[93709]: DEBUG cotyledon.oslo_config_glue [-] oslo_limit.endpoint_interface = public {{(pid=93709) log_opt_values /opt/stack/data/venv/lib/python3.12/site-packages/oslo_config/cfg.py:3560}}
Aug 17 18:15:19.958817 np0000007571 nova-scheduler[93709]: DEBUG cotyledon.oslo_config_glue [-] oslo_limit.endpoint_override = None {{(pid=93709) log_opt_values /opt/stack/data/venv/lib/python3.12/site-packages/oslo_config/cfg.py:3560}}
Aug 17 18:15:19.958817 np0000007571 nova-scheduler[93709]: DEBUG cotyledon.oslo_config_glue [-] oslo_limit.endpoint_region_name = None {{(pid=93709) log_opt_values /opt/stack/data/venv/lib/python3.12/site-packages/oslo_config/cfg.py:3560}}
Aug 17 18:15:19.958817 np0000007571 nova-scheduler[93709]: DEBUG cotyledon.oslo_config_glue [-] oslo_limit.endpoint_service_name = None {{(pid=93709) log_opt_values /opt/stack/data/venv/lib/python3.12/site-packages/oslo_config/cfg.py:3560}}
Aug 17 18:15:19.958817 np0000007571 nova-scheduler[93709]: DEBUG cotyledon.oslo_config_glue [-] oslo_limit.endpoint_service_type = None {{(pid=93709) log_opt_values /opt/stack/data/venv/lib/python3.12/site-packages/oslo_config/cfg.py:3560}}
Aug 17 18:15:19.958817 np0000007571 nova-scheduler[93709]: DEBUG cotyledon.oslo_config_glue [-] oslo_limit.insecure = False {{(pid=93709) log_opt_values /opt/stack/data/venv/lib/python3.12/site-packages/oslo_config/cfg.py:3560}}
Aug 17 18:15:19.958817 np0000007571 nova-scheduler[93709]: DEBUG cotyledon.oslo_config_glue [-] oslo_limit.keyfile = None {{(pid=93709) log_opt_values /opt/stack/data/venv/lib/python3.12/site-packages/oslo_config/cfg.py:3560}}
Aug 17 18:15:19.958817 np0000007571 nova-scheduler[93709]: DEBUG cotyledon.oslo_config_glue [-] oslo_limit.max_version = None {{(pid=93709) log_opt_values /opt/stack/data/venv/lib/python3.12/site-packages/oslo_config/cfg.py:3560}}
Aug 17 18:15:19.958999 np0000007571 nova-scheduler[93709]: DEBUG cotyledon.oslo_config_glue [-] oslo_limit.min_version = None {{(pid=93709) log_opt_values /opt/stack/data/venv/lib/python3.12/site-packages/oslo_config/cfg.py:3560}}
Aug 17 18:15:19.958999 np0000007571 nova-scheduler[93709]: DEBUG cotyledon.oslo_config_glue [-] oslo_limit.region_name = None {{(pid=93709) log_opt_values /opt/stack/data/venv/lib/python3.12/site-packages/oslo_config/cfg.py:3560}}
Aug 17 18:15:19.958999 np0000007571 nova-scheduler[93709]: DEBUG cotyledon.oslo_config_glue [-] oslo_limit.retriable_status_codes = None {{(pid=93709) log_opt_values /opt/stack/data/venv/lib/python3.12/site-packages/oslo_config/cfg.py:3560}}
Aug 17 18:15:19.958999 np0000007571 nova-scheduler[93709]: DEBUG cotyledon.oslo_config_glue [-] oslo_limit.service_name = None {{(pid=93709) log_opt_values /opt/stack/data/venv/lib/python3.12/site-packages/oslo_config/cfg.py:3560}}
Aug 17 18:15:19.958999 np0000007571 nova-scheduler[93709]: DEBUG cotyledon.oslo_config_glue [-] oslo_limit.service_type = None {{(pid=93709) log_opt_values /opt/stack/data/venv/lib/python3.12/site-packages/oslo_config/cfg.py:3560}}
Aug 17 18:15:19.958999 np0000007571 nova-scheduler[93709]: DEBUG cotyledon.oslo_config_glue [-] oslo_limit.split_loggers = False {{(pid=93709) log_opt_values /opt/stack/data/venv/lib/python3.12/site-packages/oslo_config/cfg.py:3560}}
Aug 17 18:15:19.958999 np0000007571 nova-scheduler[93709]: DEBUG cotyledon.oslo_config_glue [-] oslo_limit.status_code_retries = None {{(pid=93709) log_opt_values /opt/stack/data/venv/lib/python3.12/site-packages/oslo_config/cfg.py:3560}}
Aug 17 18:15:19.958999 np0000007571 nova-scheduler[93709]: DEBUG cotyledon.oslo_config_glue [-] oslo_limit.status_code_retry_delay = None {{(pid=93709) log_opt_values /opt/stack/data/venv/lib/python3.12/site-packages/oslo_config/cfg.py:3560}}
Aug 17 18:15:19.958999 np0000007571 nova-scheduler[93709]: DEBUG cotyledon.oslo_config_glue [-] oslo_limit.timeout = None {{(pid=93709) log_opt_values /opt/stack/data/venv/lib/python3.12/site-packages/oslo_config/cfg.py:3560}}
Aug 17 18:15:19.959165 np0000007571 nova-scheduler[93709]: DEBUG cotyledon.oslo_config_glue [-] oslo_limit.valid_interfaces = None {{(pid=93709) log_opt_values /opt/stack/data/venv/lib/python3.12/site-packages/oslo_config/cfg.py:3560}}
Aug 17 18:15:19.959165 np0000007571 nova-scheduler[93709]: DEBUG cotyledon.oslo_config_glue [-] oslo_limit.version = None {{(pid=93709) log_opt_values /opt/stack/data/venv/lib/python3.12/site-packages/oslo_config/cfg.py:3560}}
Aug 17 18:15:19.959165 np0000007571 nova-scheduler[93709]: DEBUG cotyledon.oslo_config_glue [-] oslo_reports.file_event_handler = None {{(pid=93709) log_opt_values /opt/stack/data/venv/lib/python3.12/site-packages/oslo_config/cfg.py:3560}}
Aug 17 18:15:19.959165 np0000007571 nova-scheduler[93709]: DEBUG cotyledon.oslo_config_glue [-] oslo_reports.file_event_handler_interval = 1 {{(pid=93709) log_opt_values /opt/stack/data/venv/lib/python3.12/site-packages/oslo_config/cfg.py:3560}}
Aug 17 18:15:19.959165 np0000007571 nova-scheduler[93709]: DEBUG cotyledon.oslo_config_glue [-] oslo_reports.log_dir = None {{(pid=93709) log_opt_values /opt/stack/data/venv/lib/python3.12/site-packages/oslo_config/cfg.py:3560}}
Aug 17 18:15:19.959165 np0000007571 nova-scheduler[93709]: DEBUG cotyledon.oslo_config_glue [-] ******************************************************************************** {{(pid=93709) log_opt_values /opt/stack/data/venv/lib/python3.12/site-packages/oslo_config/cfg.py:3567}}
Aug 17 18:15:19.959165 np0000007571 nova-scheduler[93709]: DEBUG cotyledon._service_worker [-] Run service ServiceWrapper(2) [93709] {{(pid=93709) wait_forever /opt/stack/data/venv/lib/python3.12/site-packages/cotyledon/_service_worker.py:218}}
Aug 17 18:15:19.959165 np0000007571 nova-scheduler[93709]: INFO nova.service [-] Starting scheduler node (version 33.1.0)
Aug 17 18:15:19.962256 np0000007571 nova-scheduler[93709]: INFO dbcounter [None req-aa6fb5ca-a6a4-4a6f-a37c-e4cdb67b711e None None] Registered counter for database nova_cell0
Aug 17 18:15:19.965396 np0000007571 nova-scheduler[93705]: DEBUG nova.service [None req-0bfb46ce-6f34-4e8f-b17b-371f0986802e None None] Creating RPC server for service: nova-scheduler on topic: scheduler {{(pid=93705) start /opt/stack/nova/nova/service.py:262}}
Aug 17 18:15:19.982931 np0000007571 nova-scheduler[93707]: DEBUG oslo_db.sqlalchemy.engines [None req-5e13c1db-5070-45a2-8099-7d47b2cbd45e None None] MySQL server mode set to STRICT_TRANS_TABLES,STRICT_ALL_TABLES,NO_ZERO_IN_DATE,NO_ZERO_DATE,ERROR_FOR_DIVISION_BY_ZERO,TRADITIONAL,NO_ENGINE_SUBSTITUTION {{(pid=93707) _check_effective_sql_mode /opt/stack/data/venv/lib/python3.12/site-packages/oslo_db/sqlalchemy/engines.py:325}}
Aug 17 18:15:20.000513 np0000007571 nova-scheduler[93705]: DEBUG nova.service [None req-0bfb46ce-6f34-4e8f-b17b-371f0986802e None None] Join ServiceGroup membership for this service scheduler {{(pid=93705) start /opt/stack/nova/nova/service.py:288}}
Aug 17 18:15:20.000513 np0000007571 nova-scheduler[93705]: DEBUG nova.servicegroup.drivers.db [None req-0bfb46ce-6f34-4e8f-b17b-371f0986802e None None] DB_Driver: join new ServiceGroup member np0000007571 to the scheduler group, service = {{(pid=93705) join /opt/stack/nova/nova/servicegroup/drivers/db.py:44}}
Aug 17 18:15:20.000961 np0000007571 nova-scheduler[93709]: DEBUG oslo_db.sqlalchemy.engines [None req-aa6fb5ca-a6a4-4a6f-a37c-e4cdb67b711e None None] MySQL server mode set to STRICT_TRANS_TABLES,STRICT_ALL_TABLES,NO_ZERO_IN_DATE,NO_ZERO_DATE,ERROR_FOR_DIVISION_BY_ZERO,TRADITIONAL,NO_ENGINE_SUBSTITUTION {{(pid=93709) _check_effective_sql_mode /opt/stack/data/venv/lib/python3.12/site-packages/oslo_db/sqlalchemy/engines.py:325}}
Aug 17 18:15:20.002516 np0000007571 nova-scheduler[93707]: DEBUG dbcounter [-] [93707] Writer thread running {{(pid=93707) stat_writer /opt/stack/data/venv/lib/python3.12/site-packages/dbcounter.py:102}}
Aug 17 18:15:20.005533 np0000007571 nova-scheduler[93707]: DEBUG nova.service [None req-5e13c1db-5070-45a2-8099-7d47b2cbd45e None None] Creating RPC server for service: nova-scheduler on topic: scheduler {{(pid=93707) start /opt/stack/nova/nova/service.py:262}}
Aug 17 18:15:20.010591 np0000007571 nova-scheduler[93709]: DEBUG dbcounter [-] [93709] Writer thread running {{(pid=93709) stat_writer /opt/stack/data/venv/lib/python3.12/site-packages/dbcounter.py:102}}
Aug 17 18:15:20.013350 np0000007571 nova-scheduler[93709]: DEBUG nova.service [None req-aa6fb5ca-a6a4-4a6f-a37c-e4cdb67b711e None None] Creating RPC server for service: nova-scheduler on topic: scheduler {{(pid=93709) start /opt/stack/nova/nova/service.py:262}}
Aug 17 18:15:20.026298 np0000007571 nova-scheduler[93707]: DEBUG nova.service [None req-5e13c1db-5070-45a2-8099-7d47b2cbd45e None None] Join ServiceGroup membership for this service scheduler {{(pid=93707) start /opt/stack/nova/nova/service.py:288}}
Aug 17 18:15:20.026531 np0000007571 nova-scheduler[93707]: DEBUG nova.servicegroup.drivers.db [None req-5e13c1db-5070-45a2-8099-7d47b2cbd45e None None] DB_Driver: join new ServiceGroup member np0000007571 to the scheduler group, service = {{(pid=93707) join /opt/stack/nova/nova/servicegroup/drivers/db.py:44}}
Aug 17 18:15:20.030515 np0000007571 nova-scheduler[93709]: DEBUG nova.service [None req-aa6fb5ca-a6a4-4a6f-a37c-e4cdb67b711e None None] Join ServiceGroup membership for this service scheduler {{(pid=93709) start /opt/stack/nova/nova/service.py:288}}
Aug 17 18:15:20.030693 np0000007571 nova-scheduler[93709]: DEBUG nova.servicegroup.drivers.db [None req-aa6fb5ca-a6a4-4a6f-a37c-e4cdb67b711e None None] DB_Driver: join new ServiceGroup member np0000007571 to the scheduler group, service = {{(pid=93709) join /opt/stack/nova/nova/servicegroup/drivers/db.py:44}}
Aug 17 18:15:23.033124 np0000007571 nova-scheduler[93709]: DEBUG oslo.service.backend._threading.loopingcall [None req-9f560066-e5c0-4ad4-a736-7d919dedbb01 None None] Dynamic interval looping call 'nova.service.Service.periodic_tasks' sleeping for 60.00 seconds {{(pid=93709) _run_loop /opt/stack/data/venv/lib/python3.12/site-packages/oslo_service/backend/_threading/loopingcall.py:125}}
Aug 17 18:15:25.019700 np0000007571 nova-scheduler[93705]: DEBUG oslo.service.backend._threading.loopingcall [-] Fixed interval looping call 'nova.servicegroup.drivers.db.DbDriver._report_state' sleeping for 119.98 seconds {{(pid=93705) _run_loop /opt/stack/data/venv/lib/python3.12/site-packages/oslo_service/backend/_threading/loopingcall.py:125}}
Aug 17 18:15:25.038506 np0000007571 nova-scheduler[93707]: DEBUG oslo.service.backend._threading.loopingcall [-] Fixed interval looping call 'nova.servicegroup.drivers.db.DbDriver._report_state' sleeping for 119.99 seconds {{(pid=93707) _run_loop /opt/stack/data/venv/lib/python3.12/site-packages/oslo_service/backend/_threading/loopingcall.py:125}}
Aug 17 18:15:25.041071 np0000007571 nova-scheduler[93709]: DEBUG oslo.service.backend._threading.loopingcall [-] Fixed interval looping call 'nova.servicegroup.drivers.db.DbDriver._report_state' sleeping for 119.99 seconds {{(pid=93709) _run_loop /opt/stack/data/venv/lib/python3.12/site-packages/oslo_service/backend/_threading/loopingcall.py:125}}
Aug 17 18:15:28.606070 np0000007571 nova-scheduler[92498]: DEBUG dbcounter [-] [92498] Writing DB stats nova_api:SELECT=3 {{(pid=92498) stat_writer /opt/stack/data/venv/lib/python3.12/site-packages/dbcounter.py:115}}
Aug 17 18:15:28.731613 np0000007571 nova-scheduler[92498]: DEBUG dbcounter [-] [92498] Writing DB stats nova_cell0:SELECT=1 {{(pid=92498) stat_writer /opt/stack/data/venv/lib/python3.12/site-packages/dbcounter.py:115}}
Aug 17 18:15:28.735745 np0000007571 nova-scheduler[92498]: DEBUG dbcounter [-] [92498] Writing DB stats nova_cell1:SELECT=1 {{(pid=92498) stat_writer /opt/stack/data/venv/lib/python3.12/site-packages/dbcounter.py:115}}
Aug 17 18:15:35.011680 np0000007571 nova-scheduler[93705]: DEBUG dbcounter [-] [93705] Writing DB stats nova_cell0:SELECT=4,nova_cell0:INSERT=1,nova_cell0:UPDATE=1 {{(pid=93705) stat_writer /opt/stack/data/venv/lib/python3.12/site-packages/dbcounter.py:115}}
Aug 17 18:15:35.037262 np0000007571 nova-scheduler[93707]: DEBUG dbcounter [-] [93707] Writing DB stats nova_cell0:SELECT=3 {{(pid=93707) stat_writer /opt/stack/data/venv/lib/python3.12/site-packages/dbcounter.py:115}}
Aug 17 18:15:35.038241 np0000007571 nova-scheduler[93709]: DEBUG dbcounter [-] [93709] Writing DB stats nova_cell0:SELECT=3 {{(pid=93709) stat_writer /opt/stack/data/venv/lib/python3.12/site-packages/dbcounter.py:115}}
Aug 17 18:15:46.028577 np0000007571 nova-scheduler[93707]: DEBUG oslo.service.backend._threading.loopingcall [None req-4ef02837-a757-4a02-9e75-d7be716febc8 None None] Dynamic interval looping call 'nova.service.Service.periodic_tasks' sleeping for 60.00 seconds {{(pid=93707) _run_loop /opt/stack/data/venv/lib/python3.12/site-packages/oslo_service/backend/_threading/loopingcall.py:125}}
Aug 17 18:15:49.002020 np0000007571 nova-scheduler[93705]: DEBUG oslo.service.backend._threading.loopingcall [None req-3e29c4b2-fe31-4f21-85ed-e70426061119 None None] Dynamic interval looping call 'nova.service.Service.periodic_tasks' sleeping for 60.00 seconds {{(pid=93705) _run_loop /opt/stack/data/venv/lib/python3.12/site-packages/oslo_service/backend/_threading/loopingcall.py:125}}
Aug 17 18:16:23.033596 np0000007571 nova-scheduler[93709]: DEBUG oslo.service.backend._threading.loopingcall [None req-9f560066-e5c0-4ad4-a736-7d919dedbb01 None None] Dynamic interval looping call 'nova.service.Service.periodic_tasks' sleeping for 60.00 seconds {{(pid=93709) _run_loop /opt/stack/data/venv/lib/python3.12/site-packages/oslo_service/backend/_threading/loopingcall.py:125}}
Aug 17 18:16:46.029107 np0000007571 nova-scheduler[93707]: DEBUG oslo.service.backend._threading.loopingcall [None req-4ef02837-a757-4a02-9e75-d7be716febc8 None None] Dynamic interval looping call 'nova.service.Service.periodic_tasks' sleeping for 60.00 seconds {{(pid=93707) _run_loop /opt/stack/data/venv/lib/python3.12/site-packages/oslo_service/backend/_threading/loopingcall.py:125}}
Aug 17 18:16:49.002501 np0000007571 nova-scheduler[93705]: DEBUG oslo.service.backend._threading.loopingcall [None req-3e29c4b2-fe31-4f21-85ed-e70426061119 None None] Dynamic interval looping call 'nova.service.Service.periodic_tasks' sleeping for 60.00 seconds {{(pid=93705) _run_loop /opt/stack/data/venv/lib/python3.12/site-packages/oslo_service/backend/_threading/loopingcall.py:125}}
Aug 17 18:17:23.034108 np0000007571 nova-scheduler[93709]: DEBUG oslo.service.backend._threading.loopingcall [None req-9f560066-e5c0-4ad4-a736-7d919dedbb01 None None] Dynamic interval looping call 'nova.service.Service.periodic_tasks' sleeping for 60.00 seconds {{(pid=93709) _run_loop /opt/stack/data/venv/lib/python3.12/site-packages/oslo_service/backend/_threading/loopingcall.py:125}}
Aug 17 18:17:25.010340 np0000007571 nova-scheduler[93705]: DEBUG oslo.service.backend._threading.loopingcall [-] Fixed interval looping call 'nova.servicegroup.drivers.db.DbDriver._report_state' sleeping for 119.99 seconds {{(pid=93705) _run_loop /opt/stack/data/venv/lib/python3.12/site-packages/oslo_service/backend/_threading/loopingcall.py:125}}
Aug 17 18:17:25.035948 np0000007571 nova-scheduler[93707]: DEBUG oslo.service.backend._threading.loopingcall [-] Fixed interval looping call 'nova.servicegroup.drivers.db.DbDriver._report_state' sleeping for 119.99 seconds {{(pid=93707) _run_loop /opt/stack/data/venv/lib/python3.12/site-packages/oslo_service/backend/_threading/loopingcall.py:125}}
Aug 17 18:17:25.038528 np0000007571 nova-scheduler[93709]: DEBUG oslo.service.backend._threading.loopingcall [-] Fixed interval looping call 'nova.servicegroup.drivers.db.DbDriver._report_state' sleeping for 119.99 seconds {{(pid=93709) _run_loop /opt/stack/data/venv/lib/python3.12/site-packages/oslo_service/backend/_threading/loopingcall.py:125}}
Aug 17 18:17:35.005873 np0000007571 nova-scheduler[93705]: DEBUG dbcounter [-] [93705] Writing DB stats nova_cell0:SELECT=1,nova_cell0:UPDATE=1 {{(pid=93705) stat_writer /opt/stack/data/venv/lib/python3.12/site-packages/dbcounter.py:115}}
Aug 17 18:17:35.033888 np0000007571 nova-scheduler[93707]: DEBUG dbcounter [-] [93707] Writing DB stats nova_cell0:SELECT=1 {{(pid=93707) stat_writer /opt/stack/data/venv/lib/python3.12/site-packages/dbcounter.py:115}}
Aug 17 18:17:35.037269 np0000007571 nova-scheduler[93709]: DEBUG dbcounter [-] [93709] Writing DB stats nova_cell0:SELECT=1 {{(pid=93709) stat_writer /opt/stack/data/venv/lib/python3.12/site-packages/dbcounter.py:115}}
Aug 17 18:17:46.029673 np0000007571 nova-scheduler[93707]: DEBUG oslo.service.backend._threading.loopingcall [None req-4ef02837-a757-4a02-9e75-d7be716febc8 None None] Dynamic interval looping call 'nova.service.Service.periodic_tasks' sleeping for 60.00 seconds {{(pid=93707) _run_loop /opt/stack/data/venv/lib/python3.12/site-packages/oslo_service/backend/_threading/loopingcall.py:125}}
Aug 17 18:17:49.003064 np0000007571 nova-scheduler[93705]: DEBUG oslo.service.backend._threading.loopingcall [None req-3e29c4b2-fe31-4f21-85ed-e70426061119 None None] Dynamic interval looping call 'nova.service.Service.periodic_tasks' sleeping for 60.00 seconds {{(pid=93705) _run_loop /opt/stack/data/venv/lib/python3.12/site-packages/oslo_service/backend/_threading/loopingcall.py:125}}
Aug 17 18:17:57.036856 np0000007571 nova-scheduler[93705]: DEBUG nova.scheduler.manager [None req-198b5254-ddf1-4705-acea-344bf0c08396 tempest-ServersNegativeTestJSON-2059810219 tempest-ServersNegativeTestJSON-2059810219-project-member] Starting to schedule for instances: ['c1e5c8ca-7d8e-4fc4-8389-d4eefe14cecc'] {{(pid=93705) select_destinations /opt/stack/nova/nova/scheduler/manager.py:197}}
Aug 17 18:17:57.038467 np0000007571 nova-scheduler[93705]: DEBUG nova.scheduler.request_filter [None req-198b5254-ddf1-4705-acea-344bf0c08396 tempest-ServersNegativeTestJSON-2059810219 tempest-ServersNegativeTestJSON-2059810219-project-member] compute_status_filter request filter added forbidden trait COMPUTE_STATUS_DISABLED {{(pid=93705) compute_status_filter /opt/stack/nova/nova/scheduler/request_filter.py:253}}
Aug 17 18:17:57.038649 np0000007571 nova-scheduler[93705]: DEBUG nova.scheduler.request_filter [None req-198b5254-ddf1-4705-acea-344bf0c08396 tempest-ServersNegativeTestJSON-2059810219 tempest-ServersNegativeTestJSON-2059810219-project-member] Request filter 'compute_status_filter' took 0.0 seconds {{(pid=93705) wrapper /opt/stack/nova/nova/scheduler/request_filter.py:46}}
Aug 17 18:17:57.039027 np0000007571 nova-scheduler[93705]: DEBUG nova.scheduler.request_filter [None req-198b5254-ddf1-4705-acea-344bf0c08396 tempest-ServersNegativeTestJSON-2059810219 tempest-ServersNegativeTestJSON-2059810219-project-member] Request filter 'accelerators_filter' took 0.0 seconds {{(pid=93705) wrapper /opt/stack/nova/nova/scheduler/request_filter.py:46}}
Aug 17 18:17:57.039264 np0000007571 nova-scheduler[93705]: DEBUG nova.scheduler.request_filter [None req-198b5254-ddf1-4705-acea-344bf0c08396 tempest-ServersNegativeTestJSON-2059810219 tempest-ServersNegativeTestJSON-2059810219-project-member] Request filter 'packed_virtqueue_filter' took 0.0 seconds {{(pid=93705) wrapper /opt/stack/nova/nova/scheduler/request_filter.py:46}}
Aug 17 18:17:57.039588 np0000007571 nova-scheduler[93705]: DEBUG nova.scheduler.request_filter [None req-198b5254-ddf1-4705-acea-344bf0c08396 tempest-ServersNegativeTestJSON-2059810219 tempest-ServersNegativeTestJSON-2059810219-project-member] Request filter 'remote_managed_ports_filter' took 0.0 seconds {{(pid=93705) wrapper /opt/stack/nova/nova/scheduler/request_filter.py:46}}
Aug 17 18:17:57.040301 np0000007571 nova-scheduler[93705]: DEBUG nova.scheduler.request_filter [None req-198b5254-ddf1-4705-acea-344bf0c08396 tempest-ServersNegativeTestJSON-2059810219 tempest-ServersNegativeTestJSON-2059810219-project-member] ephemeral_encryption_filter skipped {{(pid=93705) ephemeral_encryption_filter /opt/stack/nova/nova/scheduler/request_filter.py:426}}
Aug 17 18:17:57.041365 np0000007571 nova-scheduler[93705]: DEBUG nova.scheduler.request_filter [None req-198b5254-ddf1-4705-acea-344bf0c08396 tempest-ServersNegativeTestJSON-2059810219 tempest-ServersNegativeTestJSON-2059810219-project-member] virtio_sound_filter skipped {{(pid=93705) virtio_sound_filter /opt/stack/nova/nova/scheduler/request_filter.py:460}}
Aug 17 18:17:57.041365 np0000007571 nova-scheduler[93705]: DEBUG nova.scheduler.request_filter [None req-198b5254-ddf1-4705-acea-344bf0c08396 tempest-ServersNegativeTestJSON-2059810219 tempest-ServersNegativeTestJSON-2059810219-project-member] tpm_secret_security_filter skipped {{(pid=93705) tpm_secret_security_filter /opt/stack/nova/nova/scheduler/request_filter.py:477}}
Aug 17 18:17:57.799161 np0000007571 nova-scheduler[93705]: INFO nova.utils [None req-198b5254-ddf1-4705-acea-344bf0c08396 tempest-ServersNegativeTestJSON-2059810219 tempest-ServersNegativeTestJSON-2059810219-project-member] The cell worker thread pool ForkProcess-1.cell_worker is initialized
Aug 17 18:17:57.799604 np0000007571 nova-scheduler[93705]: DEBUG oslo_concurrency.lockutils [None req-198b5254-ddf1-4705-acea-344bf0c08396 tempest-ServersNegativeTestJSON-2059810219 tempest-ServersNegativeTestJSON-2059810219-project-member] Acquiring lock "f5724ee7-db14-48d9-894c-092c0b007768" by "nova.context.set_target_cell..get_or_set_cached_cell_and_set_connections" {{(pid=93705) inner /opt/stack/data/venv/lib/python3.12/site-packages/oslo_concurrency/lockutils.py:512}}
Aug 17 18:17:57.800029 np0000007571 nova-scheduler[93705]: DEBUG oslo_concurrency.lockutils [None req-198b5254-ddf1-4705-acea-344bf0c08396 tempest-ServersNegativeTestJSON-2059810219 tempest-ServersNegativeTestJSON-2059810219-project-member] Lock "f5724ee7-db14-48d9-894c-092c0b007768" acquired by "nova.context.set_target_cell..get_or_set_cached_cell_and_set_connections" :: waited 0.000s {{(pid=93705) inner /opt/stack/data/venv/lib/python3.12/site-packages/oslo_concurrency/lockutils.py:525}}
Aug 17 18:17:57.801725 np0000007571 nova-scheduler[93705]: DEBUG oslo_concurrency.lockutils [None req-198b5254-ddf1-4705-acea-344bf0c08396 tempest-ServersNegativeTestJSON-2059810219 tempest-ServersNegativeTestJSON-2059810219-project-member] Lock "f5724ee7-db14-48d9-894c-092c0b007768" "released" by "nova.context.set_target_cell..get_or_set_cached_cell_and_set_connections" :: held 0.002s {{(pid=93705) inner /opt/stack/data/venv/lib/python3.12/site-packages/oslo_concurrency/lockutils.py:544}}
Aug 17 18:17:57.806064 np0000007571 nova-scheduler[93705]: INFO dbcounter [None req-198b5254-ddf1-4705-acea-344bf0c08396 tempest-ServersNegativeTestJSON-2059810219 tempest-ServersNegativeTestJSON-2059810219-project-member] Registered counter for database nova_cell1
Aug 17 18:17:57.856892 np0000007571 nova-scheduler[93705]: DEBUG oslo_db.sqlalchemy.engines [None req-198b5254-ddf1-4705-acea-344bf0c08396 tempest-ServersNegativeTestJSON-2059810219 tempest-ServersNegativeTestJSON-2059810219-project-member] MySQL server mode set to STRICT_TRANS_TABLES,STRICT_ALL_TABLES,NO_ZERO_IN_DATE,NO_ZERO_DATE,ERROR_FOR_DIVISION_BY_ZERO,TRADITIONAL,NO_ENGINE_SUBSTITUTION {{(pid=93705) _check_effective_sql_mode /opt/stack/data/venv/lib/python3.12/site-packages/oslo_db/sqlalchemy/engines.py:325}}
Aug 17 18:17:57.865236 np0000007571 nova-scheduler[93705]: DEBUG dbcounter [-] [93705] Writer thread running {{(pid=93705) stat_writer /opt/stack/data/venv/lib/python3.12/site-packages/dbcounter.py:102}}
Aug 17 18:17:57.881389 np0000007571 nova-scheduler[93705]: DEBUG oslo_db.sqlalchemy.engines [None req-198b5254-ddf1-4705-acea-344bf0c08396 tempest-ServersNegativeTestJSON-2059810219 tempest-ServersNegativeTestJSON-2059810219-project-member] Parent process 92498 forked (93705) with an open database connection, which is being discarded and recreated. {{(pid=93705) checkout /opt/stack/data/venv/lib/python3.12/site-packages/oslo_db/sqlalchemy/engines.py:402}}
Aug 17 18:17:57.944926 np0000007571 nova-scheduler[93705]: DEBUG dbcounter [-] [93705] Writer thread running {{(pid=93705) stat_writer /opt/stack/data/venv/lib/python3.12/site-packages/dbcounter.py:102}}
Aug 17 18:17:57.949149 np0000007571 nova-scheduler[93705]: DEBUG oslo_concurrency.lockutils [None req-198b5254-ddf1-4705-acea-344bf0c08396 tempest-ServersNegativeTestJSON-2059810219 tempest-ServersNegativeTestJSON-2059810219-project-member] Acquiring lock "f5724ee7-db14-48d9-894c-092c0b007768" by "nova.context.set_target_cell..get_or_set_cached_cell_and_set_connections" {{(pid=93705) inner /opt/stack/data/venv/lib/python3.12/site-packages/oslo_concurrency/lockutils.py:512}}
Aug 17 18:17:57.949338 np0000007571 nova-scheduler[93705]: DEBUG oslo_concurrency.lockutils [None req-198b5254-ddf1-4705-acea-344bf0c08396 tempest-ServersNegativeTestJSON-2059810219 tempest-ServersNegativeTestJSON-2059810219-project-member] Lock "f5724ee7-db14-48d9-894c-092c0b007768" acquired by "nova.context.set_target_cell..get_or_set_cached_cell_and_set_connections" :: waited 0.000s {{(pid=93705) inner /opt/stack/data/venv/lib/python3.12/site-packages/oslo_concurrency/lockutils.py:525}}
Aug 17 18:17:57.949571 np0000007571 nova-scheduler[93705]: DEBUG oslo_concurrency.lockutils [None req-198b5254-ddf1-4705-acea-344bf0c08396 tempest-ServersNegativeTestJSON-2059810219 tempest-ServersNegativeTestJSON-2059810219-project-member] Lock "f5724ee7-db14-48d9-894c-092c0b007768" "released" by "nova.context.set_target_cell..get_or_set_cached_cell_and_set_connections" :: held 0.000s {{(pid=93705) inner /opt/stack/data/venv/lib/python3.12/site-packages/oslo_concurrency/lockutils.py:544}}
Aug 17 18:17:57.954598 np0000007571 nova-scheduler[93705]: DEBUG oslo_concurrency.lockutils [None req-198b5254-ddf1-4705-acea-344bf0c08396 tempest-ServersNegativeTestJSON-2059810219 tempest-ServersNegativeTestJSON-2059810219-project-member] Acquiring lock "np0000007571-np0000007571" by "nova.scheduler.host_manager.HostState.update.._locked_update" {{(pid=93705) inner /opt/stack/data/venv/lib/python3.12/site-packages/oslo_concurrency/lockutils.py:512}}
Aug 17 18:17:57.954598 np0000007571 nova-scheduler[93705]: DEBUG oslo_concurrency.lockutils [None req-198b5254-ddf1-4705-acea-344bf0c08396 tempest-ServersNegativeTestJSON-2059810219 tempest-ServersNegativeTestJSON-2059810219-project-member] Lock "np0000007571-np0000007571" acquired by "nova.scheduler.host_manager.HostState.update.._locked_update" :: waited 0.000s {{(pid=93705) inner /opt/stack/data/venv/lib/python3.12/site-packages/oslo_concurrency/lockutils.py:525}}
Aug 17 18:17:57.955376 np0000007571 nova-scheduler[93705]: DEBUG nova.scheduler.host_manager [None req-198b5254-ddf1-4705-acea-344bf0c08396 tempest-ServersNegativeTestJSON-2059810219 tempest-ServersNegativeTestJSON-2059810219-project-member] Update host state from compute node: ComputeNode(cpu_allocation_ratio=4.0,cpu_info='{"arch": "x86_64", "model": "EPYC-Milan", "vendor": "AMD", "topology": {"cells": 1, "sockets": 16, "cores": 1, "threads": 1}, "maxphysaddr": {"mode": "emulate", "bits": 40}, "features": ["rdctl-no", "mtrr", "popcnt", "sse", "virt-ssbd", "pse36", "smep", "clzero", "movbe", "pku", "nrip-save", "lahf_lm", "syscall", "rdseed", "topoext", "mmx", "pge", "fpu", "perfctr_core", "tsc_adjust", "pae", "umip", "f16c", "msr", "bmi2", "flushbyasid", "mca", "pause-filter", "adx", "xsaves", "apic", "amd-ssbd", "cmp_legacy", "xsaveerptr", "mce", "smap", "invpcid", "bmi1", "sha-ni", "pclmuldq", "vmcb-clean", "lbrv", "osvw", "cx16", "tsc-scale", "hypervisor", "xsavec", "tsc", "ssse3", "rdtscp", "sse4a", "fsrm", "lfence-always-serializing", "null-sel-clr-base", "clflushopt", "pschange-mc-no", "cmov", "clflush", "amd-stibp", "wbnoinvd", "arch-capabilities", "spec-ctrl", "3dnowprefetch", "no-nested-data-bp", "abm", "x2apic", "pni", "pat", "vgif", "clwb", "skip-l1dfl-vmentry", "fxsr", "xsaveopt", "v-vmsave-vmload", "rdrand", "sse4.2", "gds-no", "cx8", "fxsr_opt", "avx2", "sse4.1", "rdpid", "vaes", "ssbd", "xgetbv1", "mds-no", "pcid", "ibrs", "tsc-deadline", "svm", "sse2", "vme", "erms", "npt", "arat", "stibp-always-on", "vpclmulqdq", "de", "ibpb", "aes", "cr8legacy", "mmxext", "misalignsse", "pdpe1gb", "pse", "stibp", "lm", "fma", "sep", "xsave", "fsgsbase", "amd-psfd", "svme-addr-chk", "pfthreshold", "avx", "nx"]}',created_at=2026-08-17T18:15:42Z,current_workload=0,deleted=False,deleted_at=None,disk_allocation_ratio=1.0,disk_available_least=73,free_disk_gb=95,free_ram_mb=62765,host='np0000007571',host_ip=10.4.3.122,hypervisor_hostname='np0000007571',hypervisor_type='QEMU',hypervisor_version=8002002,id=1,local_gb=95,local_gb_used=0,mapped=1,memory_mb=63277,memory_mb_used=512,metrics='[]',numa_topology='{"nova_object.name": "NUMATopology", "nova_object.namespace": "nova", "nova_object.version": "1.2", "nova_object.data": {"cells": [{"nova_object.name": "NUMACell", "nova_object.namespace": "nova", "nova_object.version": "1.5", "nova_object.data": {"id": 0, "cpuset": [0, 1, 2, 3, 4, 5, 6, 7, 8, 9, 10, 11, 12, 13, 14, 15], "pcpuset": [0, 1, 2, 3, 4, 5, 6, 7, 8, 9, 10, 11, 12, 13, 14, 15], "memory": 63277, "cpu_usage": 0, "memory_usage": 0, "pinned_cpus": [], "siblings": [[6], [12], [2], [15], [5], [11], [8], [14], [4], [1], [7], [10], [0], [13], [3], [9]], "mempages": [{"nova_object.name": "NUMAPagesTopology", "nova_object.namespace": "nova", "nova_object.version": "1.1", "nova_object.data": {"size_kb": 4, "total": 16177929, "used": 0, "reserved": 0}, "nova_object.changes": ["size_kb", "total", "used", "reserved"]}, {"nova_object.name": "NUMAPagesTopology", "nova_object.namespace": "nova", "nova_object.version": "1.1", "nova_object.data": {"size_kb": 2048, "total": 41, "used": 0, "reserved": 0}, "nova_object.changes": ["size_kb", "total", "used", "reserved"]}, {"nova_object.name": "NUMAPagesTopology", "nova_object.namespace": "nova", "nova_object.version": "1.1", "nova_object.data": {"size_kb": 1048576, "total": 0, "used": 0, "reserved": 0}, "nova_object.changes": ["size_kb", "total", "used", "reserved"]}], "network_metadata": {"nova_object.name": "NetworkMetadata", "nova_object.namespace": "nova", "nova_object.version": "1.0", "nova_object.data": {"physnets": [], "tunneled": false}, "nova_object.changes": ["physnets", "tunneled"]}, "socket": null}, "nova_object.changes": ["siblings", "memory", "socket", "pcpuset", "memory_usage", "network_metadata", "pinned_cpus", "id", "cpu_usage", "mempages", "cpuset"]}]}, "nova_object.changes": ["cells"]}',pci_device_pools=PciDevicePoolList,ram_allocation_ratio=1.0,running_vms=0,service_id=2,stats={failed_builds='0',uptime=' 18:17:30 up 14 min, 2 users, load average: 1.39, 1.36, 0.79
Aug 17 18:17:57.955376 np0000007571 nova-scheduler[93705]: '},supported_hv_specs=[HVSpec,HVSpec,HVSpec,HVSpec,HVSpec,HVSpec,HVSpec,HVSpec,HVSpec,HVSpec,HVSpec,HVSpec,HVSpec,HVSpec,HVSpec,HVSpec,HVSpec,HVSpec,HVSpec,HVSpec,HVSpec,HVSpec,HVSpec,HVSpec,HVSpec],updated_at=2026-08-17T18:17:30Z,uuid=f65b0616-5a53-4d34-b845-18e96322f1e3,vcpus=16,vcpus_used=0) {{(pid=93705) _locked_update /opt/stack/nova/nova/scheduler/host_manager.py:168}}
Aug 17 18:17:57.955989 np0000007571 nova-scheduler[93705]: DEBUG nova.scheduler.host_manager [None req-198b5254-ddf1-4705-acea-344bf0c08396 tempest-ServersNegativeTestJSON-2059810219 tempest-ServersNegativeTestJSON-2059810219-project-member] Update host state with aggregates: [] {{(pid=93705) _locked_update /opt/stack/nova/nova/scheduler/host_manager.py:171}}
Aug 17 18:17:57.956146 np0000007571 nova-scheduler[93705]: DEBUG nova.scheduler.host_manager [None req-198b5254-ddf1-4705-acea-344bf0c08396 tempest-ServersNegativeTestJSON-2059810219 tempest-ServersNegativeTestJSON-2059810219-project-member] Update host state with service dict: {'id': 2, 'uuid': '933089ff-006a-409c-a835-83c759a34338', 'host': 'np0000007571', 'binary': 'nova-compute', 'topic': 'compute', 'report_count': 2, 'disabled': False, 'disabled_reason': None, 'last_seen_up': datetime.datetime(2026, 8, 17, 18, 17, 48, tzinfo=datetime.timezone.utc), 'forced_down': False, 'version': 72, 'created_at': datetime.datetime(2026, 8, 17, 18, 15, 41, tzinfo=datetime.timezone.utc), 'updated_at': datetime.datetime(2026, 8, 17, 18, 17, 48, tzinfo=datetime.timezone.utc), 'deleted_at': None, 'deleted': False} {{(pid=93705) _locked_update /opt/stack/nova/nova/scheduler/host_manager.py:174}}
Aug 17 18:17:57.956146 np0000007571 nova-scheduler[93705]: DEBUG nova.scheduler.host_manager [None req-198b5254-ddf1-4705-acea-344bf0c08396 tempest-ServersNegativeTestJSON-2059810219 tempest-ServersNegativeTestJSON-2059810219-project-member] Update host state with instances: [] {{(pid=93705) _locked_update /opt/stack/nova/nova/scheduler/host_manager.py:177}}
Aug 17 18:17:57.956342 np0000007571 nova-scheduler[93705]: DEBUG oslo_concurrency.lockutils [None req-198b5254-ddf1-4705-acea-344bf0c08396 tempest-ServersNegativeTestJSON-2059810219 tempest-ServersNegativeTestJSON-2059810219-project-member] Lock "np0000007571-np0000007571" "released" by "nova.scheduler.host_manager.HostState.update.._locked_update" :: held 0.002s {{(pid=93705) inner /opt/stack/data/venv/lib/python3.12/site-packages/oslo_concurrency/lockutils.py:544}}
Aug 17 18:17:57.956691 np0000007571 nova-scheduler[93705]: DEBUG nova.filters [None req-198b5254-ddf1-4705-acea-344bf0c08396 tempest-ServersNegativeTestJSON-2059810219 tempest-ServersNegativeTestJSON-2059810219-project-member] Starting with 1 host(s) {{(pid=93705) get_filtered_objects /opt/stack/nova/nova/filters.py:70}}
Aug 17 18:17:57.956883 np0000007571 nova-scheduler[93705]: DEBUG nova.filters [None req-198b5254-ddf1-4705-acea-344bf0c08396 tempest-ServersNegativeTestJSON-2059810219 tempest-ServersNegativeTestJSON-2059810219-project-member] Filter ComputeFilter returned 1 host(s) {{(pid=93705) get_filtered_objects /opt/stack/nova/nova/filters.py:102}}
Aug 17 18:17:57.957034 np0000007571 nova-scheduler[93705]: DEBUG nova.filters [None req-198b5254-ddf1-4705-acea-344bf0c08396 tempest-ServersNegativeTestJSON-2059810219 tempest-ServersNegativeTestJSON-2059810219-project-member] Filter ComputeCapabilitiesFilter returned 1 host(s) {{(pid=93705) get_filtered_objects /opt/stack/nova/nova/filters.py:102}}
Aug 17 18:17:57.957239 np0000007571 nova-scheduler[93705]: DEBUG nova.filters [None req-198b5254-ddf1-4705-acea-344bf0c08396 tempest-ServersNegativeTestJSON-2059810219 tempest-ServersNegativeTestJSON-2059810219-project-member] Filter ImagePropertiesFilter returned 1 host(s) {{(pid=93705) get_filtered_objects /opt/stack/nova/nova/filters.py:102}}
Aug 17 18:17:57.957344 np0000007571 nova-scheduler[93705]: DEBUG nova.filters [None req-198b5254-ddf1-4705-acea-344bf0c08396 tempest-ServersNegativeTestJSON-2059810219 tempest-ServersNegativeTestJSON-2059810219-project-member] Filter ServerGroupAntiAffinityFilter returned 1 host(s) {{(pid=93705) get_filtered_objects /opt/stack/nova/nova/filters.py:102}}
Aug 17 18:17:57.957453 np0000007571 nova-scheduler[93705]: DEBUG nova.filters [None req-198b5254-ddf1-4705-acea-344bf0c08396 tempest-ServersNegativeTestJSON-2059810219 tempest-ServersNegativeTestJSON-2059810219-project-member] Filter ServerGroupAffinityFilter returned 1 host(s) {{(pid=93705) get_filtered_objects /opt/stack/nova/nova/filters.py:102}}
Aug 17 18:17:57.957684 np0000007571 nova-scheduler[93705]: DEBUG nova.filters [None req-198b5254-ddf1-4705-acea-344bf0c08396 tempest-ServersNegativeTestJSON-2059810219 tempest-ServersNegativeTestJSON-2059810219-project-member] Filter SameHostFilter returned 1 host(s) {{(pid=93705) get_filtered_objects /opt/stack/nova/nova/filters.py:102}}
Aug 17 18:17:57.957893 np0000007571 nova-scheduler[93705]: DEBUG nova.filters [None req-198b5254-ddf1-4705-acea-344bf0c08396 tempest-ServersNegativeTestJSON-2059810219 tempest-ServersNegativeTestJSON-2059810219-project-member] Filter DifferentHostFilter returned 1 host(s) {{(pid=93705) get_filtered_objects /opt/stack/nova/nova/filters.py:102}}
Aug 17 18:17:57.957893 np0000007571 nova-scheduler[93705]: DEBUG nova.scheduler.manager [None req-198b5254-ddf1-4705-acea-344bf0c08396 tempest-ServersNegativeTestJSON-2059810219 tempest-ServersNegativeTestJSON-2059810219-project-member] Filtered [(np0000007571, np0000007571) ram: 62765MB disk: 74752MB io_ops: 0 instances: 0, allocation_candidates: 1] {{(pid=93705) _get_sorted_hosts /opt/stack/nova/nova/scheduler/manager.py:730}}
Aug 17 18:17:57.958136 np0000007571 nova-scheduler[93705]: DEBUG nova.scheduler.manager [None req-198b5254-ddf1-4705-acea-344bf0c08396 tempest-ServersNegativeTestJSON-2059810219 tempest-ServersNegativeTestJSON-2059810219-project-member] Weighed [WeighedHost [host: (np0000007571, np0000007571) ram: 62765MB disk: 74752MB io_ops: 0 instances: 0, allocation_candidates: 1, weight: 0.0]] {{(pid=93705) _get_sorted_hosts /opt/stack/nova/nova/scheduler/manager.py:752}}
Aug 17 18:17:57.958316 np0000007571 nova-scheduler[93705]: DEBUG nova.scheduler.utils [None req-198b5254-ddf1-4705-acea-344bf0c08396 tempest-ServersNegativeTestJSON-2059810219 tempest-ServersNegativeTestJSON-2059810219-project-member] Attempting to claim resources in the placement API for instance c1e5c8ca-7d8e-4fc4-8389-d4eefe14cecc {{(pid=93705) claim_resources /opt/stack/nova/nova/scheduler/utils.py:1345}}
Aug 17 18:17:58.136464 np0000007571 nova-scheduler[93705]: DEBUG nova.scheduler.manager [None req-198b5254-ddf1-4705-acea-344bf0c08396 tempest-ServersNegativeTestJSON-2059810219 tempest-ServersNegativeTestJSON-2059810219-project-member] [instance: c1e5c8ca-7d8e-4fc4-8389-d4eefe14cecc] Selected host: (np0000007571, np0000007571) ram: 62765MB disk: 74752MB io_ops: 0 instances: 0, allocation_candidates: 1 {{(pid=93705) _consume_selected_host /opt/stack/nova/nova/scheduler/manager.py:612}}
Aug 17 18:17:58.137105 np0000007571 nova-scheduler[93705]: DEBUG oslo_concurrency.lockutils [None req-198b5254-ddf1-4705-acea-344bf0c08396 tempest-ServersNegativeTestJSON-2059810219 tempest-ServersNegativeTestJSON-2059810219-project-member] Acquiring lock "np0000007571-np0000007571" by "nova.scheduler.host_manager.HostState.consume_from_request.._locked" {{(pid=93705) inner /opt/stack/data/venv/lib/python3.12/site-packages/oslo_concurrency/lockutils.py:512}}
Aug 17 18:17:58.137105 np0000007571 nova-scheduler[93705]: DEBUG oslo_concurrency.lockutils [None req-198b5254-ddf1-4705-acea-344bf0c08396 tempest-ServersNegativeTestJSON-2059810219 tempest-ServersNegativeTestJSON-2059810219-project-member] Lock "np0000007571-np0000007571" acquired by "nova.scheduler.host_manager.HostState.consume_from_request.._locked" :: waited 0.000s {{(pid=93705) inner /opt/stack/data/venv/lib/python3.12/site-packages/oslo_concurrency/lockutils.py:525}}
Aug 17 18:17:58.137105 np0000007571 nova-scheduler[93705]: DEBUG oslo_concurrency.lockutils [None req-198b5254-ddf1-4705-acea-344bf0c08396 tempest-ServersNegativeTestJSON-2059810219 tempest-ServersNegativeTestJSON-2059810219-project-member] Lock "np0000007571-np0000007571" "released" by "nova.scheduler.host_manager.HostState.consume_from_request.._locked" :: held 0.000s {{(pid=93705) inner /opt/stack/data/venv/lib/python3.12/site-packages/oslo_concurrency/lockutils.py:544}}
Aug 17 18:18:02.642824 np0000007571 nova-scheduler[93707]: DEBUG nova.scheduler.manager [None req-d2b21c27-be4d-4a81-b2d9-7abd0add906d tempest-AttachVolumeNegativeTest-1086575589 tempest-AttachVolumeNegativeTest-1086575589-project-member] Starting to schedule for instances: ['5e26bf94-1329-4303-8a4b-014f197817e0'] {{(pid=93707) select_destinations /opt/stack/nova/nova/scheduler/manager.py:197}}
Aug 17 18:18:02.644140 np0000007571 nova-scheduler[93707]: DEBUG nova.scheduler.request_filter [None req-d2b21c27-be4d-4a81-b2d9-7abd0add906d tempest-AttachVolumeNegativeTest-1086575589 tempest-AttachVolumeNegativeTest-1086575589-project-member] compute_status_filter request filter added forbidden trait COMPUTE_STATUS_DISABLED {{(pid=93707) compute_status_filter /opt/stack/nova/nova/scheduler/request_filter.py:253}}
Aug 17 18:18:02.644419 np0000007571 nova-scheduler[93707]: DEBUG nova.scheduler.request_filter [None req-d2b21c27-be4d-4a81-b2d9-7abd0add906d tempest-AttachVolumeNegativeTest-1086575589 tempest-AttachVolumeNegativeTest-1086575589-project-member] Request filter 'compute_status_filter' took 0.0 seconds {{(pid=93707) wrapper /opt/stack/nova/nova/scheduler/request_filter.py:46}}
Aug 17 18:18:02.644701 np0000007571 nova-scheduler[93707]: DEBUG nova.scheduler.request_filter [None req-d2b21c27-be4d-4a81-b2d9-7abd0add906d tempest-AttachVolumeNegativeTest-1086575589 tempest-AttachVolumeNegativeTest-1086575589-project-member] Request filter 'accelerators_filter' took 0.0 seconds {{(pid=93707) wrapper /opt/stack/nova/nova/scheduler/request_filter.py:46}}
Aug 17 18:18:02.645020 np0000007571 nova-scheduler[93707]: DEBUG nova.scheduler.request_filter [None req-d2b21c27-be4d-4a81-b2d9-7abd0add906d tempest-AttachVolumeNegativeTest-1086575589 tempest-AttachVolumeNegativeTest-1086575589-project-member] Request filter 'packed_virtqueue_filter' took 0.0 seconds {{(pid=93707) wrapper /opt/stack/nova/nova/scheduler/request_filter.py:46}}
Aug 17 18:18:02.645438 np0000007571 nova-scheduler[93707]: DEBUG nova.scheduler.request_filter [None req-d2b21c27-be4d-4a81-b2d9-7abd0add906d tempest-AttachVolumeNegativeTest-1086575589 tempest-AttachVolumeNegativeTest-1086575589-project-member] Request filter 'remote_managed_ports_filter' took 0.0 seconds {{(pid=93707) wrapper /opt/stack/nova/nova/scheduler/request_filter.py:46}}
Aug 17 18:18:02.645711 np0000007571 nova-scheduler[93707]: DEBUG nova.scheduler.request_filter [None req-d2b21c27-be4d-4a81-b2d9-7abd0add906d tempest-AttachVolumeNegativeTest-1086575589 tempest-AttachVolumeNegativeTest-1086575589-project-member] ephemeral_encryption_filter skipped {{(pid=93707) ephemeral_encryption_filter /opt/stack/nova/nova/scheduler/request_filter.py:426}}
Aug 17 18:18:02.645869 np0000007571 nova-scheduler[93707]: DEBUG nova.scheduler.request_filter [None req-d2b21c27-be4d-4a81-b2d9-7abd0add906d tempest-AttachVolumeNegativeTest-1086575589 tempest-AttachVolumeNegativeTest-1086575589-project-member] virtio_sound_filter skipped {{(pid=93707) virtio_sound_filter /opt/stack/nova/nova/scheduler/request_filter.py:460}}
